[INFO] cloning repository https://github.com/Weirdgamer20/tradehive
[INFO] running `Command { std: "git" "-c" "credential.helper=" "-c" "credential.helper=/workspace/cargo-home/bin/git-credential-null" "clone" "--bare" "https://github.com/Weirdgamer20/tradehive" "/workspace/cache/git-repos/https%3A%2F%2Fgithub.com%2FWeirdgamer20%2Ftradehive", kill_on_drop: false }`
[INFO] [stderr] Cloning into bare repository '/workspace/cache/git-repos/https%3A%2F%2Fgithub.com%2FWeirdgamer20%2Ftradehive'...
[INFO] running `Command { std: "git" "rev-parse" "HEAD", kill_on_drop: false }`
[INFO] [stdout] 32ecb2527b96d08533745e8b9d8ffea9ce43440f
[INFO] checking Weirdgamer20/tradehive against 3154cc1a3e6424e44f438a95007d043ed5ceaaf6 for pr-133502-30
[INFO] running `Command { std: "git" "clone" "/workspace/cache/git-repos/https%3A%2F%2Fgithub.com%2FWeirdgamer20%2Ftradehive" "/workspace/builds/worker-4-tc2/source", kill_on_drop: false }`
[INFO] [stderr] Cloning into '/workspace/builds/worker-4-tc2/source'...
[INFO] [stderr] done.
[INFO] removed /workspace/builds/worker-4-tc2/source/rust-toolchain.toml
[INFO] started tweaking git repo https://github.com/Weirdgamer20/tradehive
[INFO] finished tweaking git repo https://github.com/Weirdgamer20/tradehive
[INFO] tweaked toml for git repo https://github.com/Weirdgamer20/tradehive written to /workspace/builds/worker-4-tc2/source/Cargo.toml
[INFO] validating manifest of git repo https://github.com/Weirdgamer20/tradehive on toolchain 3154cc1a3e6424e44f438a95007d043ed5ceaaf6
[INFO] running `Command { std: CARGO_HOME="/workspace/cargo-home" RUSTUP_HOME="/workspace/rustup-home" "/workspace/cargo-home/bin/cargo" "+3154cc1a3e6424e44f438a95007d043ed5ceaaf6" "metadata" "--manifest-path" "Cargo.toml" "--no-deps", kill_on_drop: false }`
[INFO] crate git repo https://github.com/Weirdgamer20/tradehive already has a lockfile, it will not be regenerated
[INFO] running `Command { std: CARGO_HOME="/workspace/cargo-home" RUSTUP_HOME="/workspace/rustup-home" "/workspace/cargo-home/bin/cargo" "+3154cc1a3e6424e44f438a95007d043ed5ceaaf6" "fetch" "--manifest-path" "Cargo.toml", kill_on_drop: false }`
[INFO] [stderr] warning: unused workspace dependency `getrandom`
[INFO] [stderr]   --> Cargo.toml:28:25
[INFO] [stderr]    |
[INFO] [stderr] 28 | [workspace.dependencies.getrandom]
[INFO] [stderr]    |                         ^^^^^^^^^
[INFO] [stderr]    |
[INFO] [stderr]    = note: `cargo::unused_workspace_dependencies` is set to `warn` by default
[INFO] [stderr] help: consider removing the workspace dependency `getrandom`
[INFO] [stderr] warning: unused field `authors` in `workspace.package`
[INFO] [stderr]   --> Cargo.toml:54:1
[INFO] [stderr]    |
[INFO] [stderr] 54 | authors = ["TradingHive"]
[INFO] [stderr]    | ^^^^^^^
[INFO] [stderr]    |
[INFO] [stderr]    = note: `cargo::unused_workspace_package_fields` is set to `warn` by default
[INFO] [stderr] help: consider removing the field `workspace.package.authors`
[INFO] [stderr] warning: workspace (manifest) generated 2 warnings
[INFO] running `Command { std: "docker" "create" "-v" "/var/lib/crater-agent-workspace/builds/worker-4-tc2/source:/opt/rustwide/workdir:ro,Z" "-v" "/var/lib/crater-agent-workspace/builds/worker-4-tc2/target:/opt/rustwide/target:rw,Z" "-v" "/var/lib/crater-agent-workspace/cargo-home:/opt/rustwide/cargo-home:ro,Z" "-v" "/var/lib/crater-agent-workspace/rustup-home:/opt/rustwide/rustup-home:ro,Z" "-m" "1610612736" "--network" "none" "ghcr.io/rust-lang/crates-build-env/linux@sha256:77db811e55d90add9212f6832c23229e3de5f1c1f9905e8cb07319ea15df73ac" "sleep" "infinity", kill_on_drop: false }`
[INFO] [stdout] 86b71077b57304a79e152d833f8802a03af091b64423c8c8e6bc1f2d78a3f752
[INFO] running `Command { std: "docker" "start" "86b71077b57304a79e152d833f8802a03af091b64423c8c8e6bc1f2d78a3f752", kill_on_drop: false }`
[INFO] running `Command { std: "docker" "inspect" "86b71077b57304a79e152d833f8802a03af091b64423c8c8e6bc1f2d78a3f752", kill_on_drop: false }`
[INFO] running `Command { std: "docker" "exec" "-e" "SOURCE_DIR=/opt/rustwide/workdir" "-e" "CARGO_HOME=/opt/rustwide/cargo-home" "-e" "RUSTUP_HOME=/opt/rustwide/rustup-home" "-e" "CARGO_TARGET_DIR=/opt/rustwide/target" "-w" "/opt/rustwide/workdir" "--user" "0:0" "86b71077b57304a79e152d833f8802a03af091b64423c8c8e6bc1f2d78a3f752" "/opt/rustwide/cargo-home/bin/cargo" "+3154cc1a3e6424e44f438a95007d043ed5ceaaf6" "metadata" "--no-deps" "--format-version=1", kill_on_drop: false }`
[INFO] running `Command { std: "docker" "inspect" "86b71077b57304a79e152d833f8802a03af091b64423c8c8e6bc1f2d78a3f752", kill_on_drop: false }`
[INFO] running `Command { std: "docker" "exec" "-e" "SOURCE_DIR=/opt/rustwide/workdir" "-e" "CARGO_HOME=/opt/rustwide/cargo-home" "-e" "RUSTUP_HOME=/opt/rustwide/rustup-home" "-e" "CARGO_TARGET_DIR=/opt/rustwide/target" "-e" "CARGO_INCREMENTAL=0" "-e" "RUST_BACKTRACE=full" "-e" "RUSTFLAGS=--cap-lints=forbid" "-e" "RUSTDOCFLAGS=--cap-lints=forbid" "-w" "/opt/rustwide/workdir" "--user" "0:0" "86b71077b57304a79e152d833f8802a03af091b64423c8c8e6bc1f2d78a3f752" "/opt/rustwide/cargo-home/bin/cargo" "+3154cc1a3e6424e44f438a95007d043ed5ceaaf6" "check" "--frozen" "--all" "--all-targets" "--message-format=json", kill_on_drop: false }`
[INFO] [stderr] warning: unused workspace dependency `getrandom`
[INFO] [stderr]   --> Cargo.toml:28:25
[INFO] [stderr]    |
[INFO] [stderr] 28 | [workspace.dependencies.getrandom]
[INFO] [stderr]    |                         ^^^^^^^^^
[INFO] [stderr]    |
[INFO] [stderr]    = note: `cargo::unused_workspace_dependencies` is set to `warn` by default
[INFO] [stderr] help: consider removing the workspace dependency `getrandom`
[INFO] [stderr] warning: unused field `authors` in `workspace.package`
[INFO] [stderr]   --> Cargo.toml:54:1
[INFO] [stderr]    |
[INFO] [stderr] 54 | authors = ["TradingHive"]
[INFO] [stderr]    | ^^^^^^^
[INFO] [stderr]    |
[INFO] [stderr]    = note: `cargo::unused_workspace_package_fields` is set to `warn` by default
[INFO] [stderr] help: consider removing the field `workspace.package.authors`
[INFO] [stderr] warning: workspace (manifest) generated 2 warnings
[INFO] [stderr]    Compiling chrono-tz v0.10.4
[INFO] [stderr]    Compiling syn v2.0.119
[INFO] [stderr]     Checking phf_shared v0.12.1
[INFO] [stderr]     Checking serde v1.0.229
[INFO] [stderr]     Checking uuid v1.26.0
[INFO] [stderr]     Checking tokio v1.53.1
[INFO] [stderr]     Checking serde_json v1.0.151
[INFO] [stderr]    Compiling libsqlite3-sys v0.30.1
[INFO] [stderr]     Checking ahash v0.8.12
[INFO] [stderr]     Checking sd-notify v0.5.0
[INFO] [stderr]    Compiling clap_derive v4.6.4
[INFO] [stderr]     Checking phf v0.12.1
[INFO] [stderr]     Checking hashbrown v0.14.5
[INFO] [stderr]     Checking chrono v0.4.45
[INFO] [stderr]     Checking serde_urlencoded v0.7.1
[INFO] [stderr]     Checking hashlink v0.9.1
[INFO] [stderr]     Checking clap v4.6.6
[INFO] [stderr]     Checking th-memory v0.9.0 (/opt/rustwide/workdir/crates/memory)
[INFO] [stderr]     Checking th-operations v0.9.0 (/opt/rustwide/workdir/crates/operations)
[INFO] [stderr]     Checking th-state v0.9.0 (/opt/rustwide/workdir/crates/state)
[INFO] [stderr]     Checking th-reconcile v0.9.0 (/opt/rustwide/workdir/crates/reconcile)
[INFO] [stderr]    Compiling synstructure v0.13.2
[INFO] [stderr]    Compiling zerofrom-derive v0.1.7
[INFO] [stderr]    Compiling yoke-derive v0.8.2
[INFO] [stderr]     Checking zerofrom v0.1.8
[INFO] [stderr]     Checking yoke v0.8.3
[INFO] [stderr]     Checking zerovec v0.11.8
[INFO] [stderr]     Checking zerotrie v0.2.5
[INFO] [stderr]     Checking hyper v1.11.1
[INFO] [stderr]     Checking tower v0.5.3
[INFO] [stderr]     Checking tokio-rustls v0.26.4
[INFO] [stderr]     Checking tinystr v0.8.4
[INFO] [stderr]     Checking potential_utf v0.1.6
[INFO] [stderr]     Checking icu_collections v2.3.0
[INFO] [stderr]     Checking icu_locale_core v2.3.0
[INFO] [stderr]     Checking hyper-util v0.1.20
[INFO] [stderr]     Checking icu_provider v2.3.1
[INFO] [stderr]     Checking icu_properties v2.3.0
[INFO] [stderr]     Checking icu_normalizer v2.3.0
[INFO] [stderr]     Checking hyper-rustls v0.27.9
[INFO] [stderr]     Checking idna_adapter v1.2.2
[INFO] [stderr]     Checking idna v1.1.0
[INFO] [stderr]     Checking url v2.5.8
[INFO] [stderr]     Checking tower-http v0.6.11
[INFO] [stderr]     Checking reqwest v0.12.28
[INFO] [stderr]     Checking th-domain v0.9.0 (/opt/rustwide/workdir/crates/domain)
[INFO] [stderr]     Checking rusqlite v0.32.1
[INFO] [stderr]     Checking th-strategy v0.9.0 (/opt/rustwide/workdir/crates/strategy)
[INFO] [stderr]     Checking th-deployment v0.9.0 (/opt/rustwide/workdir/crates/deployment)
[INFO] [stderr]     Checking th-options-data v0.9.0 (/opt/rustwide/workdir/crates/options-data)
[INFO] [stderr]     Checking th-risk v0.9.0 (/opt/rustwide/workdir/crates/risk)
[INFO] [stderr]     Checking th-intelligence v0.9.0 (/opt/rustwide/workdir/crates/intelligence)
[INFO] [stderr]     Checking th-market-data v0.9.0 (/opt/rustwide/workdir/crates/market-data)
[INFO] [stderr]     Checking th-sentinel v0.9.0 (/opt/rustwide/workdir/crates/sentinel)
[INFO] [stderr]     Checking th-storage v0.9.0 (/opt/rustwide/workdir/crates/storage)
[INFO] [stderr]     Checking th-execution v0.9.0 (/opt/rustwide/workdir/crates/execution)
[INFO] [stderr]     Checking th-backtest v0.9.0 (/opt/rustwide/workdir/crates/backtest)
[INFO] [stderr]     Checking th-hive v0.9.0 (/opt/rustwide/workdir/crates/hive)
[INFO] [stderr]     Checking th-research v0.9.0 (/opt/rustwide/workdir/crates/research)
[INFO] [stderr]     Checking th-bot v0.9.0 (/opt/rustwide/workdir/crates/bot)
[INFO] [stdout] error[E0061]: this function takes 0 arguments but 1 argument was supplied
[INFO] [stdout]    --> crates/bot/src/supervisor.rs:173:48
[INFO] [stdout]     |
[INFO] [stdout] 173 |                 if let Some((enabled, usec)) = sd_notify::watchdog_enabled(false) {
[INFO] [stdout]     |                                                ^^^^^^^^^^^^^^^^^^^^^^^^^^^ ----- unexpected argument of type `bool`
[INFO] [stdout]     |
[INFO] [stdout] note: function defined here
[INFO] [stdout]    --> /opt/rustwide/cargo-home/registry/src/index.crates.io-1949cf8c6b5b557f/sd-notify-0.5.0/src/lib.rs:489:8
[INFO] [stdout]     |
[INFO] [stdout] 489 | pub fn watchdog_enabled() -> Option<Duration> {
[INFO] [stdout]     |        ^^^^^^^^^^^^^^^^
[INFO] [stdout] help: remove the extra argument
[INFO] [stdout]     |
[INFO] [stdout] 173 -                 if let Some((enabled, usec)) = sd_notify::watchdog_enabled(false) {
[INFO] [stdout] 173 +                 if let Some((enabled, usec)) = sd_notify::watchdog_enabled() {
[INFO] [stdout]     |
[INFO] [stdout] 
[INFO] [stdout] 
[INFO] [stdout] error[E0308]: mismatched types
[INFO] [stdout]    --> crates/bot/src/supervisor.rs:173:29
[INFO] [stdout]     |
[INFO] [stdout] 173 |                 if let Some((enabled, usec)) = sd_notify::watchdog_enabled(false) {
[INFO] [stdout]     |                             ^^^^^^^^^^^^^^^    ---------------------------------- this expression has type `std::option::Option<Duration>`
[INFO] [stdout]     |                             |
[INFO] [stdout]     |                             expected `Duration`, found `(_, _)`
[INFO] [stdout]     |
[INFO] [stdout]     = note: expected struct `Duration`
[INFO] [stdout]                 found tuple `(_, _)`
[INFO] [stdout] 
[INFO] [stdout] 
[INFO] [stdout] error[E0061]: this function takes 1 argument but 2 arguments were supplied
[INFO] [stdout]    --> crates/bot/src/supervisor.rs:204:21
[INFO] [stdout]     |
[INFO] [stdout] 204 |             let _ = sd_notify::notify(
[INFO] [stdout]     |                     ^^^^^^^^^^^^^^^^^
[INFO] [stdout] 205 |                 false,
[INFO] [stdout]     |                 ----- unexpected argument #1 of type `bool`
[INFO] [stdout]     |
[INFO] [stdout] note: function defined here
[INFO] [stdout]    --> /opt/rustwide/cargo-home/registry/src/index.crates.io-1949cf8c6b5b557f/sd-notify-0.5.0/src/lib.rs:178:8
[INFO] [stdout]     |
[INFO] [stdout] 178 | pub fn notify(state: &[NotifyState]) -> io::Result<()> {
[INFO] [stdout]     |        ^^^^^^
[INFO] [stdout] help: remove the extra argument
[INFO] [stdout]     |
[INFO] [stdout] 205 -                 false,
[INFO] [stdout]     |
[INFO] [stdout] 
[INFO] [stdout] 
[INFO] [stdout] error[E0061]: this function takes 1 argument but 2 arguments were supplied
[INFO] [stdout]    --> crates/bot/src/supervisor.rs:221:20
[INFO] [stdout]     |
[INFO] [stdout] 221 |                 if sd_notify::notify(false, &[sd_notify::NotifyState::Watchdog]).is_ok() {
[INFO] [stdout]     |                    ^^^^^^^^^^^^^^^^^ ----- unexpected argument #1 of type `bool`
[INFO] [stdout]     |
[INFO] [stdout] note: function defined here
[INFO] [stdout]    --> /opt/rustwide/cargo-home/registry/src/index.crates.io-1949cf8c6b5b557f/sd-notify-0.5.0/src/lib.rs:178:8
[INFO] [stdout]     |
[INFO] [stdout] 178 | pub fn notify(state: &[NotifyState]) -> io::Result<()> {
[INFO] [stdout]     |        ^^^^^^
[INFO] [stdout] help: remove the extra argument
[INFO] [stdout]     |
[INFO] [stdout] 221 -                 if sd_notify::notify(false, &[sd_notify::NotifyState::Watchdog]).is_ok() {
[INFO] [stdout] 221 +                 if sd_notify::notify(&[sd_notify::NotifyState::Watchdog]).is_ok() {
[INFO] [stdout]     |
[INFO] [stdout] 
[INFO] [stdout] 
[INFO] [stdout] error[E0061]: this function takes 1 argument but 2 arguments were supplied
[INFO] [stdout]    --> crates/bot/src/supervisor.rs:234:21
[INFO] [stdout]     |
[INFO] [stdout] 234 |             let _ = sd_notify::notify(false, &[sd_notify::NotifyState::Stopping]);
[INFO] [stdout]     |                     ^^^^^^^^^^^^^^^^^ ----- unexpected argument #1 of type `bool`
[INFO] [stdout]     |
[INFO] [stdout] note: function defined here
[INFO] [stdout]    --> /opt/rustwide/cargo-home/registry/src/index.crates.io-1949cf8c6b5b557f/sd-notify-0.5.0/src/lib.rs:178:8
[INFO] [stdout]     |
[INFO] [stdout] 178 | pub fn notify(state: &[NotifyState]) -> io::Result<()> {
[INFO] [stdout]     |        ^^^^^^
[INFO] [stdout] help: remove the extra argument
[INFO] [stdout]     |
[INFO] [stdout] 234 -             let _ = sd_notify::notify(false, &[sd_notify::NotifyState::Stopping]);
[INFO] [stdout] 234 +             let _ = sd_notify::notify(&[sd_notify::NotifyState::Stopping]);
[INFO] [stdout]     |
[INFO] [stdout] 
[INFO] [stdout] 
[INFO] [stdout] error[E0061]: this function takes 1 argument but 2 arguments were supplied
[INFO] [stdout]    --> crates/bot/src/supervisor.rs:241:21
[INFO] [stdout]     |
[INFO] [stdout] 241 |             let _ = sd_notify::notify(false, &[sd_notify::NotifyState::Status(_msg)]);
[INFO] [stdout]     |                     ^^^^^^^^^^^^^^^^^ ----- unexpected argument #1 of type `bool`
[INFO] [stdout]     |
[INFO] [stdout] note: function defined here
[INFO] [stdout]    --> /opt/rustwide/cargo-home/registry/src/index.crates.io-1949cf8c6b5b557f/sd-notify-0.5.0/src/lib.rs:178:8
[INFO] [stdout]     |
[INFO] [stdout] 178 | pub fn notify(state: &[NotifyState]) -> io::Result<()> {
[INFO] [stdout]     |        ^^^^^^
[INFO] [stdout] help: remove the extra argument
[INFO] [stdout]     |
[INFO] [stdout] 241 -             let _ = sd_notify::notify(false, &[sd_notify::NotifyState::Status(_msg)]);
[INFO] [stdout] 241 +             let _ = sd_notify::notify(&[sd_notify::NotifyState::Status(_msg)]);
[INFO] [stdout]     |
[INFO] [stdout] 
[INFO] [stdout] 
[INFO] [stdout] error[E0061]: this function takes 0 arguments but 1 argument was supplied
[INFO] [stdout]    --> crates/bot/src/supervisor.rs:173:48
[INFO] [stdout]     |
[INFO] [stdout] 173 |                 if let Some((enabled, usec)) = sd_notify::watchdog_enabled(false) {
[INFO] [stdout]     |                                                ^^^^^^^^^^^^^^^^^^^^^^^^^^^ ----- unexpected argument of type `bool`
[INFO] [stdout]     |
[INFO] [stdout] note: function defined here
[INFO] [stdout]    --> /opt/rustwide/cargo-home/registry/src/index.crates.io-1949cf8c6b5b557f/sd-notify-0.5.0/src/lib.rs:489:8
[INFO] [stdout]     |
[INFO] [stdout] 489 | pub fn watchdog_enabled() -> Option<Duration> {
[INFO] [stdout]     |        ^^^^^^^^^^^^^^^^
[INFO] [stdout] help: remove the extra argument
[INFO] [stdout]     |
[INFO] [stdout] 173 -                 if let Some((enabled, usec)) = sd_notify::watchdog_enabled(false) {
[INFO] [stdout] 173 +                 if let Some((enabled, usec)) = sd_notify::watchdog_enabled() {
[INFO] [stdout]     |
[INFO] [stdout] 
[INFO] [stdout] 
[INFO] [stdout] error[E0308]: mismatched types
[INFO] [stdout]    --> crates/bot/src/supervisor.rs:173:29
[INFO] [stdout]     |
[INFO] [stdout] 173 |                 if let Some((enabled, usec)) = sd_notify::watchdog_enabled(false) {
[INFO] [stdout]     |                             ^^^^^^^^^^^^^^^    ---------------------------------- this expression has type `std::option::Option<Duration>`
[INFO] [stdout]     |                             |
[INFO] [stdout]     |                             expected `Duration`, found `(_, _)`
[INFO] [stdout]     |
[INFO] [stdout]     = note: expected struct `Duration`
[INFO] [stdout]                 found tuple `(_, _)`
[INFO] [stdout] 
[INFO] [stdout] 
[INFO] [stdout] error[E0061]: this function takes 1 argument but 2 arguments were supplied
[INFO] [stdout]    --> crates/bot/src/supervisor.rs:204:21
[INFO] [stdout]     |
[INFO] [stdout] 204 |             let _ = sd_notify::notify(
[INFO] [stdout]     |                     ^^^^^^^^^^^^^^^^^
[INFO] [stdout] 205 |                 false,
[INFO] [stdout]     |                 ----- unexpected argument #1 of type `bool`
[INFO] [stdout]     |
[INFO] [stdout] note: function defined here
[INFO] [stdout]    --> /opt/rustwide/cargo-home/registry/src/index.crates.io-1949cf8c6b5b557f/sd-notify-0.5.0/src/lib.rs:178:8
[INFO] [stdout]     |
[INFO] [stdout] 178 | pub fn notify(state: &[NotifyState]) -> io::Result<()> {
[INFO] [stdout]     |        ^^^^^^
[INFO] [stdout] help: remove the extra argument
[INFO] [stdout]     |
[INFO] [stdout] 205 -                 false,
[INFO] [stdout]     |
[INFO] [stdout] 
[INFO] [stdout] 
[INFO] [stdout] error[E0061]: this function takes 1 argument but 2 arguments were supplied
[INFO] [stdout]    --> crates/bot/src/supervisor.rs:221:20
[INFO] [stdout]     |
[INFO] [stdout] 221 |                 if sd_notify::notify(false, &[sd_notify::NotifyState::Watchdog]).is_ok() {
[INFO] [stdout]     |                    ^^^^^^^^^^^^^^^^^ ----- unexpected argument #1 of type `bool`
[INFO] [stdout]     |
[INFO] [stdout] note: function defined here
[INFO] [stdout]    --> /opt/rustwide/cargo-home/registry/src/index.crates.io-1949cf8c6b5b557f/sd-notify-0.5.0/src/lib.rs:178:8
[INFO] [stdout]     |
[INFO] [stdout] 178 | pub fn notify(state: &[NotifyState]) -> io::Result<()> {
[INFO] [stdout]     |        ^^^^^^
[INFO] [stdout] help: remove the extra argument
[INFO] [stdout]     |
[INFO] [stdout] 221 -                 if sd_notify::notify(false, &[sd_notify::NotifyState::Watchdog]).is_ok() {
[INFO] [stdout] 221 +                 if sd_notify::notify(&[sd_notify::NotifyState::Watchdog]).is_ok() {
[INFO] [stdout]     |
[INFO] [stdout] 
[INFO] [stdout] 
[INFO] [stdout] error[E0061]: this function takes 1 argument but 2 arguments were supplied
[INFO] [stdout]    --> crates/bot/src/supervisor.rs:234:21
[INFO] [stdout]     |
[INFO] [stdout] 234 |             let _ = sd_notify::notify(false, &[sd_notify::NotifyState::Stopping]);
[INFO] [stdout]     |                     ^^^^^^^^^^^^^^^^^ ----- unexpected argument #1 of type `bool`
[INFO] [stdout]     |
[INFO] [stdout] note: function defined here
[INFO] [stdout]    --> /opt/rustwide/cargo-home/registry/src/index.crates.io-1949cf8c6b5b557f/sd-notify-0.5.0/src/lib.rs:178:8
[INFO] [stdout]     |
[INFO] [stdout] 178 | pub fn notify(state: &[NotifyState]) -> io::Result<()> {
[INFO] [stdout]     |        ^^^^^^
[INFO] [stdout] help: remove the extra argument
[INFO] [stdout]     |
[INFO] [stdout] 234 -             let _ = sd_notify::notify(false, &[sd_notify::NotifyState::Stopping]);
[INFO] [stdout] 234 +             let _ = sd_notify::notify(&[sd_notify::NotifyState::Stopping]);
[INFO] [stdout]     |
[INFO] [stdout] 
[INFO] [stdout] 
[INFO] [stdout] error[E0061]: this function takes 1 argument but 2 arguments were supplied
[INFO] [stdout]    --> crates/bot/src/supervisor.rs:241:21
[INFO] [stdout]     |
[INFO] [stdout] 241 |             let _ = sd_notify::notify(false, &[sd_notify::NotifyState::Status(_msg)]);
[INFO] [stdout]     |                     ^^^^^^^^^^^^^^^^^ ----- unexpected argument #1 of type `bool`
[INFO] [stdout]     |
[INFO] [stdout] note: function defined here
[INFO] [stdout]    --> /opt/rustwide/cargo-home/registry/src/index.crates.io-1949cf8c6b5b557f/sd-notify-0.5.0/src/lib.rs:178:8
[INFO] [stdout]     |
[INFO] [stdout] 178 | pub fn notify(state: &[NotifyState]) -> io::Result<()> {
[INFO] [stdout]     |        ^^^^^^
[INFO] [stdout] help: remove the extra argument
[INFO] [stdout]     |
[INFO] [stdout] 241 -             let _ = sd_notify::notify(false, &[sd_notify::NotifyState::Status(_msg)]);
[INFO] [stdout] 241 +             let _ = sd_notify::notify(&[sd_notify::NotifyState::Status(_msg)]);
[INFO] [stdout]     |
[INFO] [stdout] 
[INFO] [stdout] 
[INFO] [stdout] Some errors have detailed explanations: E0061, E0308.
[INFO] [stdout] 
[INFO] [stdout] For more information about an error, try `rustc --explain E0061`.
[INFO] [stdout] 
[INFO] [stderr] error: could not compile `th-bot` (lib) due to 6 previous errors
[INFO] [stderr] warning: build failed, waiting for other jobs to finish...
[INFO] [stdout] Some errors have detailed explanations: E0061, E0308.
[INFO] [stdout] 
[INFO] [stdout] For more information about an error, try `rustc --explain E0061`.
[INFO] [stdout] 
[INFO] [stderr] error: could not compile `th-bot` (lib test) due to 6 previous errors
[INFO] [stderr] warning: unused dependency `th-operations`
[INFO] [stderr]   --> crates/bot/Cargo.toml:27:1
[INFO] [stderr]    |
[INFO] [stderr] 27 | th-operations={path="../operations"}
[INFO] [stderr]    | ^^^^^^^^^^^^^^^^^^^^^^^^^^^^^^^^^^^^
[INFO] [stderr]    |
[INFO] [stderr]    = note: `cargo::unused_dependencies` is set to `warn` by default
[INFO] [stderr] help: consider removing the dependency on `th-operations`
[INFO] [stderr] warning: unused dependency `th-reconcile`
[INFO] [stderr]   --> crates/bot/Cargo.toml:30:1
[INFO] [stderr]    |
[INFO] [stderr] 30 | th-reconcile={path="../reconcile"}
[INFO] [stderr]    | ^^^^^^^^^^^^^^^^^^^^^^^^^^^^^^^^^^
[INFO] [stderr]    |
[INFO] [stderr] help: consider removing the dependency on `th-reconcile`
[INFO] [stderr] warning: unused dependency `th-research`
[INFO] [stderr]   --> crates/bot/Cargo.toml:28:1
[INFO] [stderr]    |
[INFO] [stderr] 28 | th-research={path="../research"}
[INFO] [stderr]    | ^^^^^^^^^^^^^^^^^^^^^^^^^^^^^^^^
[INFO] [stderr]    |
[INFO] [stderr] help: consider removing the dependency on `th-research`
[INFO] [stderr] warning: unused dependency `th-sentinel`
[INFO] [stderr]   --> crates/bot/Cargo.toml:31:1
[INFO] [stderr]    |
[INFO] [stderr] 31 | th-sentinel={path="../sentinel"}
[INFO] [stderr]    | ^^^^^^^^^^^^^^^^^^^^^^^^^^^^^^^^
[INFO] [stderr]    |
[INFO] [stderr] help: consider removing the dependency on `th-sentinel`
[INFO] [stderr] warning: unused dependency `th-state`
[INFO] [stderr]   --> crates/bot/Cargo.toml:26:1
[INFO] [stderr]    |
[INFO] [stderr] 26 | th-state={path="../state"}
[INFO] [stderr]    | ^^^^^^^^^^^^^^^^^^^^^^^^^^
[INFO] [stderr]    |
[INFO] [stderr] help: consider removing the dependency on `th-state`
[INFO] [stderr] warning: `th-bot` (manifest) generated 5 warnings
[INFO] [stderr] warning: unused dependency `thiserror`
[INFO] [stderr]   --> crates/memory/Cargo.toml:10:1
[INFO] [stderr]    |
[INFO] [stderr] 10 | thiserror.workspace=true
[INFO] [stderr]    | ^^^^^^^^^
[INFO] [stderr]    |
[INFO] [stderr]    = note: `cargo::unused_dependencies` is set to `warn` by default
[INFO] [stderr] help: consider removing the dependency on `thiserror`
[INFO] [stderr] warning: `th-memory` (manifest) generated 1 warning
[INFO] [stderr] warning: unused dependency `th-hive`
[INFO] [stderr]   --> crates/research/Cargo.toml:12:1
[INFO] [stderr]    |
[INFO] [stderr] 12 | th-hive={path="../hive"}
[INFO] [stderr]    | ^^^^^^^^^^^^^^^^^^^^^^^^
[INFO] [stderr]    |
[INFO] [stderr]    = note: `cargo::unused_dependencies` is set to `warn` by default
[INFO] [stderr] help: consider removing the dependency on `th-hive`
[INFO] [stderr] warning: `th-research` (manifest) generated 1 warning
[INFO] running `Command { std: "docker" "inspect" "86b71077b57304a79e152d833f8802a03af091b64423c8c8e6bc1f2d78a3f752", kill_on_drop: false }`
[INFO] running `Command { std: "docker" "rm" "-f" "86b71077b57304a79e152d833f8802a03af091b64423c8c8e6bc1f2d78a3f752", kill_on_drop: false }`
[INFO] [stdout] 86b71077b57304a79e152d833f8802a03af091b64423c8c8e6bc1f2d78a3f752
