[INFO] cloning repository https://github.com/WSY-FA/voipswitch-ai
[INFO] running `Command { std: "git" "-c" "credential.helper=" "-c" "credential.helper=/workspace/cargo-home/bin/git-credential-null" "clone" "--bare" "https://github.com/WSY-FA/voipswitch-ai" "/workspace/cache/git-repos/https%3A%2F%2Fgithub.com%2FWSY-FA%2Fvoipswitch-ai", kill_on_drop: false }`
[INFO] [stderr] Cloning into bare repository '/workspace/cache/git-repos/https%3A%2F%2Fgithub.com%2FWSY-FA%2Fvoipswitch-ai'...
[INFO] running `Command { std: "git" "rev-parse" "HEAD", kill_on_drop: false }`
[INFO] [stdout] 1eaf57ba57c94529a17ece5969327a72e296e1ad
[INFO] checking WSY-FA/voipswitch-ai against 3154cc1a3e6424e44f438a95007d043ed5ceaaf6+rustflags=-Znext-solver=coherence for pr-133502-30
[INFO] running `Command { std: "git" "clone" "/workspace/cache/git-repos/https%3A%2F%2Fgithub.com%2FWSY-FA%2Fvoipswitch-ai" "/workspace/builds/worker-2-tc1/source", kill_on_drop: false }`
[INFO] [stderr] Cloning into '/workspace/builds/worker-2-tc1/source'...
[INFO] [stderr] done.
[INFO] started tweaking git repo https://github.com/WSY-FA/voipswitch-ai
[INFO] finished tweaking git repo https://github.com/WSY-FA/voipswitch-ai
[INFO] tweaked toml for git repo https://github.com/WSY-FA/voipswitch-ai written to /workspace/builds/worker-2-tc1/source/Cargo.toml
[INFO] validating manifest of git repo https://github.com/WSY-FA/voipswitch-ai on toolchain 3154cc1a3e6424e44f438a95007d043ed5ceaaf6
[INFO] running `Command { std: CARGO_HOME="/workspace/cargo-home" RUSTUP_HOME="/workspace/rustup-home" "/workspace/cargo-home/bin/cargo" "+3154cc1a3e6424e44f438a95007d043ed5ceaaf6" "metadata" "--manifest-path" "Cargo.toml" "--no-deps", kill_on_drop: false }`
[INFO] crate git repo https://github.com/WSY-FA/voipswitch-ai already has a lockfile, it will not be regenerated
[INFO] running `Command { std: CARGO_HOME="/workspace/cargo-home" RUSTUP_HOME="/workspace/rustup-home" "/workspace/cargo-home/bin/cargo" "+3154cc1a3e6424e44f438a95007d043ed5ceaaf6" "fetch" "--manifest-path" "Cargo.toml", kill_on_drop: false }`
[INFO] running `Command { std: "docker" "create" "-v" "/var/lib/crater-agent-workspace/builds/worker-2-tc1/source:/opt/rustwide/workdir:ro,Z" "-v" "/var/lib/crater-agent-workspace/builds/worker-2-tc1/target:/opt/rustwide/target:rw,Z" "-v" "/var/lib/crater-agent-workspace/cargo-home:/opt/rustwide/cargo-home:ro,Z" "-v" "/var/lib/crater-agent-workspace/rustup-home:/opt/rustwide/rustup-home:ro,Z" "-m" "1610612736" "--network" "none" "ghcr.io/rust-lang/crates-build-env/linux@sha256:77db811e55d90add9212f6832c23229e3de5f1c1f9905e8cb07319ea15df73ac" "sleep" "infinity", kill_on_drop: false }`
[INFO] [stdout] 26df37bb538e62231d022f43c4a839e5414fbf27b0c4515811b79483f83cff55
[INFO] running `Command { std: "docker" "start" "26df37bb538e62231d022f43c4a839e5414fbf27b0c4515811b79483f83cff55", kill_on_drop: false }`
[INFO] running `Command { std: "docker" "inspect" "26df37bb538e62231d022f43c4a839e5414fbf27b0c4515811b79483f83cff55", kill_on_drop: false }`
[INFO] running `Command { std: "docker" "exec" "-e" "SOURCE_DIR=/opt/rustwide/workdir" "-e" "CARGO_HOME=/opt/rustwide/cargo-home" "-e" "RUSTUP_HOME=/opt/rustwide/rustup-home" "-e" "CARGO_TARGET_DIR=/opt/rustwide/target" "-w" "/opt/rustwide/workdir" "--user" "0:0" "26df37bb538e62231d022f43c4a839e5414fbf27b0c4515811b79483f83cff55" "/opt/rustwide/cargo-home/bin/cargo" "+3154cc1a3e6424e44f438a95007d043ed5ceaaf6" "metadata" "--no-deps" "--format-version=1", kill_on_drop: false }`
[INFO] running `Command { std: "docker" "inspect" "26df37bb538e62231d022f43c4a839e5414fbf27b0c4515811b79483f83cff55", kill_on_drop: false }`
[INFO] running `Command { std: "docker" "exec" "-e" "SOURCE_DIR=/opt/rustwide/workdir" "-e" "CARGO_HOME=/opt/rustwide/cargo-home" "-e" "RUSTUP_HOME=/opt/rustwide/rustup-home" "-e" "CARGO_TARGET_DIR=/opt/rustwide/target" "-e" "CARGO_INCREMENTAL=0" "-e" "RUST_BACKTRACE=full" "-e" "RUSTFLAGS=--cap-lints=forbid -Znext-solver=coherence" "-e" "RUSTDOCFLAGS=--cap-lints=forbid" "-w" "/opt/rustwide/workdir" "--user" "0:0" "26df37bb538e62231d022f43c4a839e5414fbf27b0c4515811b79483f83cff55" "/opt/rustwide/cargo-home/bin/cargo" "+3154cc1a3e6424e44f438a95007d043ed5ceaaf6" "check" "--frozen" "--all" "--all-targets" "--message-format=json", kill_on_drop: false }`
[INFO] [stderr]     Checking smallvec v1.15.2
[INFO] [stderr]    Compiling syn v3.0.3
[INFO] [stderr]    Compiling syn v2.0.119
[INFO] [stderr]     Checking tracing-core v0.1.36
[INFO] [stderr]     Checking log v0.4.33
[INFO] [stderr]    Compiling ring v0.17.14
[INFO] [stderr]     Checking slab v0.4.12
[INFO] [stderr]     Checking crypto-common v0.1.7
[INFO] [stderr]    Compiling zerocopy v0.8.55
[INFO] [stderr]    Compiling serde_json v1.0.151
[INFO] [stderr]     Checking sync_wrapper v1.0.2
[INFO] [stderr]     Checking futures-channel v0.3.33
[INFO] [stderr]    Compiling rustls v0.23.43
[INFO] [stderr]     Checking ipnet v2.12.1
[INFO] [stderr]     Checking http-body-util v0.1.4
[INFO] [stderr]     Checking webpki-roots v1.0.9
[INFO] [stderr]    Compiling libsqlite3-sys v0.30.1
[INFO] [stderr]     Checking inout v0.1.4
[INFO] [stderr]     Checking cipher v0.4.4
[INFO] [stderr]     Checking digest v0.10.7
[INFO] [stderr]     Checking universal-hash v0.5.1
[INFO] [stderr]     Checking password-hash v0.5.0
[INFO] [stderr]     Checking blake2 v0.10.6
[INFO] [stderr]     Checking poly1305 v0.8.0
[INFO] [stderr]     Checking chacha20 v0.9.1
[INFO] [stderr]     Checking aead v0.5.2
[INFO] [stderr]    Compiling rustversion v1.0.23
[INFO] [stderr]     Checking regex-automata v0.4.18
[INFO] [stderr]     Checking chacha20poly1305 v0.10.1
[INFO] [stderr]     Checking argon2 v0.5.3
[INFO] [stderr]     Checking tracing-log v0.2.0
[INFO] [stderr]     Checking thread_local v1.1.10
[INFO] [stderr]     Checking time v0.3.55
[INFO] [stderr]     Checking rustix v1.1.4
[INFO] [stderr]     Checking matchers v0.2.0
[INFO] [stderr]     Checking clap_builder v4.6.5
[INFO] [stderr]     Checking getrandom v0.4.3
[INFO] [stderr]     Checking serde_path_to_error v0.1.20
[INFO] [stderr]     Checking matchit v0.7.3
[INFO] [stderr]     Checking symlink v0.1.0
[INFO] [stderr]     Checking tempfile v3.27.0
[INFO] [stderr]     Checking rustls-webpki v0.103.14
[INFO] [stderr]    Compiling synstructure v0.13.2
[INFO] [stderr]     Checking ahash v0.8.12
[INFO] [stderr]     Checking ppv-lite86 v0.2.21
[INFO] [stderr]    Compiling zerovec-derive v0.11.5
[INFO] [stderr]    Compiling displaydoc v0.2.7
[INFO] [stderr]    Compiling tokio-macros v2.7.2
[INFO] [stderr]    Compiling serde_derive v1.0.229
[INFO] [stderr]    Compiling async-trait v0.1.91
[INFO] [stderr]     Checking hashbrown v0.14.5
[INFO] [stderr]     Checking tokio v1.53.1
[INFO] [stderr]     Checking rand_chacha v0.3.1
[INFO] [stderr]     Checking hashlink v0.9.1
[INFO] [stderr]    Compiling thiserror-impl v2.0.19
[INFO] [stderr]    Compiling zerofrom-derive v0.1.7
[INFO] [stderr]    Compiling yoke-derive v0.8.2
[INFO] [stderr]    Compiling tracing-attributes v0.1.31
[INFO] [stderr]    Compiling futures-macro v0.3.33
[INFO] [stderr]     Checking rand v0.8.7
[INFO] [stderr]     Checking zerofrom v0.1.8
[INFO] [stderr]     Checking yoke v0.8.3
[INFO] [stderr]     Checking tracing v0.1.44
[INFO] [stderr]     Checking zerovec v0.11.8
[INFO] [stderr]     Checking zerotrie v0.2.5
[INFO] [stderr]     Checking tracing-subscriber v0.3.23
[INFO] [stderr]     Checking thiserror v2.0.19
[INFO] [stderr]     Checking futures-util v0.3.33
[INFO] [stderr]    Compiling clap_derive v4.6.4
[INFO] [stderr]     Checking tinystr v0.8.4
[INFO] [stderr]     Checking potential_utf v0.1.6
[INFO] [stderr]     Checking icu_locale_core v2.3.0
[INFO] [stderr]     Checking icu_collections v2.3.0
[INFO] [stderr]     Checking serde v1.0.229
[INFO] [stderr]     Checking icu_provider v2.3.0
[INFO] [stderr]     Checking serde_urlencoded v0.7.1
[INFO] [stderr]     Checking icu_normalizer v2.3.0
[INFO] [stderr]     Checking icu_properties v2.3.0
[INFO] [stderr]     Checking tracing-appender v0.2.5
[INFO] [stderr]     Checking clap v4.6.5
[INFO] [stderr]     Checking axum-core v0.4.5
[INFO] [stderr]     Checking hyper v1.11.0
[INFO] [stderr]     Checking tower v0.5.3
[INFO] [stderr]     Checking tokio-rustls v0.26.4
[INFO] [stderr]     Checking ai-protocol v0.1.0 (/opt/rustwide/workdir/crates/ai-protocol)
[INFO] [stderr]     Checking idna_adapter v1.2.2
[INFO] [stderr]     Checking idna v1.1.0
[INFO] [stderr]     Checking url v2.5.8
[INFO] [stderr]     Checking hyper-util v0.1.20
[INFO] [stderr]     Checking tower-http v0.6.11
[INFO] [stderr]     Checking hyper-rustls v0.27.9
[INFO] [stderr]     Checking axum v0.7.9
[INFO] [stderr]     Checking rusqlite v0.32.1
[INFO] [stderr]     Checking reqwest v0.12.28
[INFO] [stderr]     Checking ai-provider v0.1.0 (/opt/rustwide/workdir/crates/ai-provider)
[INFO] [stderr]     Checking ai-gateway v0.1.0 (/opt/rustwide/workdir/crates/ai-gateway)
[INFO] [stderr]     Checking vs_ai_gatewayd v0.1.0 (/opt/rustwide/workdir/crates/vs_ai_gatewayd)
[INFO] [stdout] error[E0432]: unresolved import `rusqlite`
[INFO] [stdout]  --> crates/vs_ai_gatewayd/src/web/mod.rs:5:5
[INFO] [stdout]   |
[INFO] [stdout] 5 | use rusqlite::Connection;
[INFO] [stdout]   |     ^^^^^^^^ use of unresolved module or unlinked crate `rusqlite`
[INFO] [stdout]   |
[INFO] [stdout]   = help: if you wanted to use a crate named `rusqlite`, use `cargo add rusqlite` to add it to your `Cargo.toml`
[INFO] [stdout] 
[INFO] [stdout] 
[INFO] [stdout] error[E0433]: cannot find module or crate `rusqlite` in this scope
[INFO] [stdout]    --> crates/vs_ai_gatewayd/src/web/handlers.rs:213:9
[INFO] [stdout]     |
[INFO] [stdout] 213 |         rusqlite::params![task_id, payload_text, created_at],
[INFO] [stdout]     |         ^^^^^^^^ use of unresolved module or unlinked crate `rusqlite`
[INFO] [stdout] 
[INFO] [stdout] 
[INFO] [stdout] error[E0433]: cannot find module or crate `rusqlite` in this scope
[INFO] [stdout]    --> crates/vs_ai_gatewayd/src/web/handlers.rs:204:9
[INFO] [stdout]     |
[INFO] [stdout] 204 |         rusqlite::params![task.to_string(), task_id],
[INFO] [stdout]     |         ^^^^^^^^ use of unresolved module or unlinked crate `rusqlite`
[INFO] [stdout] 
[INFO] [stdout] 
[INFO] [stdout] error[E0433]: cannot find module or crate `rusqlite` in this scope
[INFO] [stdout]    --> crates/vs_ai_gatewayd/src/web/handlers.rs:146:13
[INFO] [stdout]     |
[INFO] [stdout] 146 |             rusqlite::params![task_id],
[INFO] [stdout]     |             ^^^^^^^^ use of unresolved module or unlinked crate `rusqlite`
[INFO] [stdout] 
[INFO] [stdout] 
[INFO] [stdout] error[E0432]: unresolved import `rusqlite`
[INFO] [stdout]  --> crates/vs_ai_gatewayd/src/web/mod.rs:5:5
[INFO] [stdout]   |
[INFO] [stdout] 5 | use rusqlite::Connection;
[INFO] [stdout]   |     ^^^^^^^^ use of unresolved module or unlinked crate `rusqlite`
[INFO] [stdout]   |
[INFO] [stdout]   = help: if you wanted to use a crate named `rusqlite`, use `cargo add rusqlite` to add it to your `Cargo.toml`
[INFO] [stdout] 
[INFO] [stdout] 
[INFO] [stdout] error[E0433]: cannot find module or crate `rusqlite` in this scope
[INFO] [stdout]    --> crates/vs_ai_gatewayd/src/web/handlers.rs:213:9
[INFO] [stdout]     |
[INFO] [stdout] 213 |         rusqlite::params![task_id, payload_text, created_at],
[INFO] [stdout]     |         ^^^^^^^^ use of unresolved module or unlinked crate `rusqlite`
[INFO] [stdout] 
[INFO] [stdout] 
[INFO] [stdout] error[E0433]: cannot find module or crate `rusqlite` in this scope
[INFO] [stdout]    --> crates/vs_ai_gatewayd/src/web/handlers.rs:204:9
[INFO] [stdout]     |
[INFO] [stdout] 204 |         rusqlite::params![task.to_string(), task_id],
[INFO] [stdout]     |         ^^^^^^^^ use of unresolved module or unlinked crate `rusqlite`
[INFO] [stdout] 
[INFO] [stdout] 
[INFO] [stdout] error[E0433]: cannot find module or crate `rusqlite` in this scope
[INFO] [stdout]    --> crates/vs_ai_gatewayd/src/web/handlers.rs:146:13
[INFO] [stdout]     |
[INFO] [stdout] 146 |             rusqlite::params![task_id],
[INFO] [stdout]     |             ^^^^^^^^ use of unresolved module or unlinked crate `rusqlite`
[INFO] [stdout] 
[INFO] [stdout] 
[INFO] [stdout] error[E0277]: the size for values of type `str` cannot be known at compilation time
[INFO] [stdout]   --> crates/vs_ai_gatewayd/src/web/handlers.rs:77:21
[INFO] [stdout]    |
[INFO] [stdout] 77 |                 for row in rows.flatten() {
[INFO] [stdout]    |                     ^^^ doesn't have a size known at compile-time
[INFO] [stdout]    |
[INFO] [stdout]    = help: the trait `Sized` is not implemented for `str`
[INFO] [stdout]    = note: all local variables must have a statically known size
[INFO] [stdout] 
[INFO] [stdout] 
[INFO] [stdout] error[E0277]: the size for values of type `str` cannot be known at compilation time
[INFO] [stdout]   --> crates/vs_ai_gatewayd/src/web/handlers.rs:77:21
[INFO] [stdout]    |
[INFO] [stdout] 77 |                 for row in rows.flatten() {
[INFO] [stdout]    |                     ^^^ doesn't have a size known at compile-time
[INFO] [stdout]    |
[INFO] [stdout]    = help: the trait `Sized` is not implemented for `str`
[INFO] [stdout]    = note: all local variables must have a statically known size
[INFO] [stdout] 
[INFO] [stdout] 
[INFO] [stdout] error[E0277]: the size for values of type `str` cannot be known at compilation time
[INFO] [stdout]    --> crates/vs_ai_gatewayd/src/web/handlers.rs:150:20
[INFO] [stdout]     |
[INFO] [stdout] 150 |         .and_then(|s| serde_json::from_str::<serde_json::Value>(&s).ok());
[INFO] [stdout]     |                    ^ doesn't have a size known at compile-time
[INFO] [stdout]     |
[INFO] [stdout]     = help: the trait `Sized` is not implemented for `str`
[INFO] [stdout]     = note: all function arguments must have a statically known size
[INFO] [stdout]     = help: unsized fn params are gated as an unstable feature
[INFO] [stdout] 
[INFO] [stdout] 
[INFO] [stdout] error[E0277]: the size for values of type `str` cannot be known at compilation time
[INFO] [stdout]    --> crates/vs_ai_gatewayd/src/web/handlers.rs:150:20
[INFO] [stdout]     |
[INFO] [stdout] 150 |         .and_then(|s| serde_json::from_str::<serde_json::Value>(&s).ok());
[INFO] [stdout]     |                    ^ doesn't have a size known at compile-time
[INFO] [stdout]     |
[INFO] [stdout]     = help: the trait `Sized` is not implemented for `str`
[INFO] [stdout]     = note: all function arguments must have a statically known size
[INFO] [stdout]     = help: unsized fn params are gated as an unstable feature
[INFO] [stdout] 
[INFO] [stdout] 
[INFO] [stdout] Some errors have detailed explanations: E0277, E0432, E0433.
[INFO] [stdout] 
[INFO] [stdout] For more information about an error, try `rustc --explain E0277`.
[INFO] [stdout] 
[INFO] [stderr] error: could not compile `vs_ai_gatewayd` (lib) due to 6 previous errors
[INFO] [stderr] warning: build failed, waiting for other jobs to finish...
[INFO] [stdout] Some errors have detailed explanations: E0277, E0432, E0433.
[INFO] [stdout] 
[INFO] [stdout] For more information about an error, try `rustc --explain E0277`.
[INFO] [stdout] 
[INFO] [stderr] error: could not compile `vs_ai_gatewayd` (lib test) due to 6 previous errors
[INFO] running `Command { std: "docker" "inspect" "26df37bb538e62231d022f43c4a839e5414fbf27b0c4515811b79483f83cff55", kill_on_drop: false }`
[INFO] running `Command { std: "docker" "rm" "-f" "26df37bb538e62231d022f43c4a839e5414fbf27b0c4515811b79483f83cff55", kill_on_drop: false }`
[INFO] [stdout] 26df37bb538e62231d022f43c4a839e5414fbf27b0c4515811b79483f83cff55
