[INFO] cloning repository https://github.com/ViktorsRoze/FORGENTEX
[INFO] running `Command { std: "git" "-c" "credential.helper=" "-c" "credential.helper=/workspace/cargo-home/bin/git-credential-null" "clone" "--bare" "https://github.com/ViktorsRoze/FORGENTEX" "/workspace/cache/git-repos/https%3A%2F%2Fgithub.com%2FViktorsRoze%2FFORGENTEX", kill_on_drop: false }`
[INFO] [stderr] Cloning into bare repository '/workspace/cache/git-repos/https%3A%2F%2Fgithub.com%2FViktorsRoze%2FFORGENTEX'...
[INFO] running `Command { std: "git" "rev-parse" "HEAD", kill_on_drop: false }`
[INFO] [stdout] 62249866acdb9b1a99342345d5cc9cd61de482fb
[INFO] checking ViktorsRoze/FORGENTEX against 3154cc1a3e6424e44f438a95007d043ed5ceaaf6 for pr-133502-30
[INFO] running `Command { std: "git" "clone" "/workspace/cache/git-repos/https%3A%2F%2Fgithub.com%2FViktorsRoze%2FFORGENTEX" "/workspace/builds/worker-7-tc2/source", kill_on_drop: false }`
[INFO] [stderr] Cloning into '/workspace/builds/worker-7-tc2/source'...
[INFO] [stderr] done.
[INFO] started tweaking git repo https://github.com/ViktorsRoze/FORGENTEX
[INFO] finished tweaking git repo https://github.com/ViktorsRoze/FORGENTEX
[INFO] tweaked toml for git repo https://github.com/ViktorsRoze/FORGENTEX written to /workspace/builds/worker-7-tc2/source/Cargo.toml
[INFO] validating manifest of git repo https://github.com/ViktorsRoze/FORGENTEX on toolchain 3154cc1a3e6424e44f438a95007d043ed5ceaaf6
[INFO] running `Command { std: CARGO_HOME="/workspace/cargo-home" RUSTUP_HOME="/workspace/rustup-home" "/workspace/cargo-home/bin/cargo" "+3154cc1a3e6424e44f438a95007d043ed5ceaaf6" "metadata" "--manifest-path" "Cargo.toml" "--no-deps", kill_on_drop: false }`
[INFO] crate git repo https://github.com/ViktorsRoze/FORGENTEX already has a lockfile, it will not be regenerated
[INFO] running `Command { std: CARGO_HOME="/workspace/cargo-home" RUSTUP_HOME="/workspace/rustup-home" "/workspace/cargo-home/bin/cargo" "+3154cc1a3e6424e44f438a95007d043ed5ceaaf6" "fetch" "--manifest-path" "Cargo.toml", kill_on_drop: false }`
[INFO] running `Command { std: "docker" "create" "-v" "/var/lib/crater-agent-workspace/builds/worker-7-tc2/source:/opt/rustwide/workdir:ro,Z" "-v" "/var/lib/crater-agent-workspace/builds/worker-7-tc2/target:/opt/rustwide/target:rw,Z" "-v" "/var/lib/crater-agent-workspace/cargo-home:/opt/rustwide/cargo-home:ro,Z" "-v" "/var/lib/crater-agent-workspace/rustup-home:/opt/rustwide/rustup-home:ro,Z" "-m" "1610612736" "--network" "none" "ghcr.io/rust-lang/crates-build-env/linux@sha256:77db811e55d90add9212f6832c23229e3de5f1c1f9905e8cb07319ea15df73ac" "sleep" "infinity", kill_on_drop: false }`
[INFO] [stdout] 242e040ef536f7db0c146f4951e1cd0ea9b977cec1f1242668f5ae00718b00c7
[INFO] running `Command { std: "docker" "start" "242e040ef536f7db0c146f4951e1cd0ea9b977cec1f1242668f5ae00718b00c7", kill_on_drop: false }`
[INFO] running `Command { std: "docker" "inspect" "242e040ef536f7db0c146f4951e1cd0ea9b977cec1f1242668f5ae00718b00c7", kill_on_drop: false }`
[INFO] running `Command { std: "docker" "exec" "-e" "SOURCE_DIR=/opt/rustwide/workdir" "-e" "CARGO_HOME=/opt/rustwide/cargo-home" "-e" "RUSTUP_HOME=/opt/rustwide/rustup-home" "-e" "CARGO_TARGET_DIR=/opt/rustwide/target" "-w" "/opt/rustwide/workdir" "--user" "0:0" "242e040ef536f7db0c146f4951e1cd0ea9b977cec1f1242668f5ae00718b00c7" "/opt/rustwide/cargo-home/bin/cargo" "+3154cc1a3e6424e44f438a95007d043ed5ceaaf6" "metadata" "--no-deps" "--format-version=1", kill_on_drop: false }`
[INFO] running `Command { std: "docker" "inspect" "242e040ef536f7db0c146f4951e1cd0ea9b977cec1f1242668f5ae00718b00c7", kill_on_drop: false }`
[INFO] running `Command { std: "docker" "exec" "-e" "SOURCE_DIR=/opt/rustwide/workdir" "-e" "CARGO_HOME=/opt/rustwide/cargo-home" "-e" "RUSTUP_HOME=/opt/rustwide/rustup-home" "-e" "CARGO_TARGET_DIR=/opt/rustwide/target" "-e" "CARGO_INCREMENTAL=0" "-e" "RUST_BACKTRACE=full" "-e" "RUSTFLAGS=--cap-lints=forbid" "-e" "RUSTDOCFLAGS=--cap-lints=forbid" "-w" "/opt/rustwide/workdir" "--user" "0:0" "242e040ef536f7db0c146f4951e1cd0ea9b977cec1f1242668f5ae00718b00c7" "/opt/rustwide/cargo-home/bin/cargo" "+3154cc1a3e6424e44f438a95007d043ed5ceaaf6" "check" "--frozen" "--all" "--all-targets" "--message-format=json", kill_on_drop: false }`
[INFO] [stderr]     Checking forgentex v0.1.0 (/opt/rustwide/workdir)
[INFO] [stdout] error[E0425]: cannot find value `NATIVE_APPCONTAINER_NAME` in module `crate::native_build`
[INFO] [stdout]     --> src/ffi.rs:2201:43
[INFO] [stdout]      |
[INFO] [stdout] 2201 |             .then(|| crate::native_build::NATIVE_APPCONTAINER_NAME.to_string()),
[INFO] [stdout]      |                                           ^^^^^^^^^^^^^^^^^^^^^^^^ not found in `crate::native_build`
[INFO] [stdout]      |
[INFO] [stdout] note: found an item that was configured out
[INFO] [stdout]     --> src/native_build.rs:1118:18
[INFO] [stdout]      |
[INFO] [stdout] 1117 | #[cfg(windows)]
[INFO] [stdout]      |       ------- the item is gated here
[INFO] [stdout] 1118 | pub(crate) const NATIVE_APPCONTAINER_NAME: &str = "Forgentex.NativeRunner.0_1";
[INFO] [stdout]      |                  ^^^^^^^^^^^^^^^^^^^^^^^^
[INFO] [stdout] 
[INFO] [stdout] 
[INFO] [stdout] warning: unused import: `Write`
[INFO] [stdout]    --> src/foreign_debug.rs:154:35
[INFO] [stdout]     |
[INFO] [stdout] 154 | use std::io::{BufRead, BufReader, Write};
[INFO] [stdout]     |                                   ^^^^^
[INFO] [stdout]     |
[INFO] [stdout]     = note: `#[warn(unused_imports)]` (part of `#[warn(unused)]`) on by default
[INFO] [stdout] 
[INFO] [stdout] 
[INFO] [stdout] error[E0425]: cannot find value `NATIVE_APPCONTAINER_NAME` in module `crate::native_build`
[INFO] [stdout]     --> src/ffi.rs:2201:43
[INFO] [stdout]      |
[INFO] [stdout] 2201 |             .then(|| crate::native_build::NATIVE_APPCONTAINER_NAME.to_string()),
[INFO] [stdout]      |                                           ^^^^^^^^^^^^^^^^^^^^^^^^ not found in `crate::native_build`
[INFO] [stdout]      |
[INFO] [stdout] note: found an item that was configured out
[INFO] [stdout]     --> src/native_build.rs:1118:18
[INFO] [stdout]      |
[INFO] [stdout] 1117 | #[cfg(windows)]
[INFO] [stdout]      |       ------- the item is gated here
[INFO] [stdout] 1118 | pub(crate) const NATIVE_APPCONTAINER_NAME: &str = "Forgentex.NativeRunner.0_1";
[INFO] [stdout]      |                  ^^^^^^^^^^^^^^^^^^^^^^^^
[INFO] [stdout] 
[INFO] [stdout] 
[INFO] [stdout] error[E0425]: cannot find value `WINDOWS_JOB_UI_RESTRICTIONS` in module `crate::native_build`
[INFO] [stdout]    --> src/tests/ffi.rs:964:39
[INFO] [stdout]     |
[INFO] [stdout] 964 |             Some(crate::native_build::WINDOWS_JOB_UI_RESTRICTIONS)
[INFO] [stdout]     |                                       ^^^^^^^^^^^^^^^^^^^^^^^^^^^ not found in `crate::native_build`
[INFO] [stdout]     |
[INFO] [stdout] note: found an item that was configured out
[INFO] [stdout]    --> src/native_build.rs:95:18
[INFO] [stdout]     |
[INFO] [stdout]  94 | #[cfg(windows)]
[INFO] [stdout]     |       ------- the item is gated here
[INFO] [stdout]  95 | pub(crate) const WINDOWS_JOB_UI_RESTRICTIONS: u32 = 0x0000_00ff;
[INFO] [stdout]     |                  ^^^^^^^^^^^^^^^^^^^^^^^^^^^
[INFO] [stdout] 
[INFO] [stdout] 
[INFO] [stdout] error[E0425]: cannot find value `NATIVE_APPCONTAINER_NAME` in module `crate::native_build`
[INFO] [stdout]     --> src/tests/ffi.rs:974:39
[INFO] [stdout]      |
[INFO] [stdout]  974 |             Some(crate::native_build::NATIVE_APPCONTAINER_NAME)
[INFO] [stdout]      |                                       ^^^^^^^^^^^^^^^^^^^^^^^^ not found in `crate::native_build`
[INFO] [stdout]      |
[INFO] [stdout] note: found an item that was configured out
[INFO] [stdout]     --> src/native_build.rs:1118:18
[INFO] [stdout]      |
[INFO] [stdout] 1117 | #[cfg(windows)]
[INFO] [stdout]      |       ------- the item is gated here
[INFO] [stdout] 1118 | pub(crate) const NATIVE_APPCONTAINER_NAME: &str = "Forgentex.NativeRunner.0_1";
[INFO] [stdout]      |                  ^^^^^^^^^^^^^^^^^^^^^^^^
[INFO] [stdout] 
[INFO] [stdout] 
[INFO] [stdout] warning: unused import: `Write`
[INFO] [stdout]    --> src/foreign_debug.rs:154:35
[INFO] [stdout]     |
[INFO] [stdout] 154 | use std::io::{BufRead, BufReader, Write};
[INFO] [stdout]     |                                   ^^^^^
[INFO] [stdout]     |
[INFO] [stdout]     = note: `#[warn(unused_imports)]` (part of `#[warn(unused)]`) on by default
[INFO] [stdout] 
[INFO] [stdout] 
[INFO] [stdout] For more information about this error, try `rustc --explain E0425`.
[INFO] [stdout] 
[INFO] [stderr] error: could not compile `forgentex` (lib) due to 1 previous error; 1 warning emitted
[INFO] [stderr] warning: build failed, waiting for other jobs to finish...
[INFO] [stdout] For more information about this error, try `rustc --explain E0425`.
[INFO] [stdout] 
[INFO] [stderr] error: could not compile `forgentex` (lib test) due to 3 previous errors; 1 warning emitted
[INFO] running `Command { std: "docker" "inspect" "242e040ef536f7db0c146f4951e1cd0ea9b977cec1f1242668f5ae00718b00c7", kill_on_drop: false }`
[INFO] running `Command { std: "docker" "rm" "-f" "242e040ef536f7db0c146f4951e1cd0ea9b977cec1f1242668f5ae00718b00c7", kill_on_drop: false }`
[INFO] [stdout] 242e040ef536f7db0c146f4951e1cd0ea9b977cec1f1242668f5ae00718b00c7
