[INFO] cloning repository https://github.com/Udhayan27-Dev/bootx64
[INFO] running `Command { std: "git" "-c" "credential.helper=" "-c" "credential.helper=/workspace/cargo-home/bin/git-credential-null" "clone" "--bare" "https://github.com/Udhayan27-Dev/bootx64" "/workspace/cache/git-repos/https%3A%2F%2Fgithub.com%2FUdhayan27-Dev%2Fbootx64", kill_on_drop: false }`
[INFO] [stderr] Cloning into bare repository '/workspace/cache/git-repos/https%3A%2F%2Fgithub.com%2FUdhayan27-Dev%2Fbootx64'...
[INFO] running `Command { std: "git" "rev-parse" "HEAD", kill_on_drop: false }`
[INFO] [stdout] 7cf56ec86167b437f0a4e2288b5453ab8a8a8b5b
[INFO] checking Udhayan27-Dev/bootx64 against 3154cc1a3e6424e44f438a95007d043ed5ceaaf6 for pr-133502-30
[INFO] running `Command { std: "git" "clone" "/workspace/cache/git-repos/https%3A%2F%2Fgithub.com%2FUdhayan27-Dev%2Fbootx64" "/workspace/builds/worker-7-tc2/source", kill_on_drop: false }`
[INFO] [stderr] Cloning into '/workspace/builds/worker-7-tc2/source'...
[INFO] [stderr] done.
[INFO] removed /workspace/builds/worker-7-tc2/source/.cargo/config.toml
[INFO] started tweaking git repo https://github.com/Udhayan27-Dev/bootx64
[INFO] finished tweaking git repo https://github.com/Udhayan27-Dev/bootx64
[INFO] tweaked toml for git repo https://github.com/Udhayan27-Dev/bootx64 written to /workspace/builds/worker-7-tc2/source/Cargo.toml
[INFO] validating manifest of git repo https://github.com/Udhayan27-Dev/bootx64 on toolchain 3154cc1a3e6424e44f438a95007d043ed5ceaaf6
[INFO] running `Command { std: CARGO_HOME="/workspace/cargo-home" RUSTUP_HOME="/workspace/rustup-home" "/workspace/cargo-home/bin/cargo" "+3154cc1a3e6424e44f438a95007d043ed5ceaaf6" "metadata" "--manifest-path" "Cargo.toml" "--no-deps", kill_on_drop: false }`
[INFO] crate git repo https://github.com/Udhayan27-Dev/bootx64 already has a lockfile, it will not be regenerated
[INFO] running `Command { std: CARGO_HOME="/workspace/cargo-home" RUSTUP_HOME="/workspace/rustup-home" "/workspace/cargo-home/bin/cargo" "+3154cc1a3e6424e44f438a95007d043ed5ceaaf6" "fetch" "--manifest-path" "Cargo.toml", kill_on_drop: false }`
[INFO] running `Command { std: "docker" "create" "-v" "/var/lib/crater-agent-workspace/builds/worker-7-tc2/source:/opt/rustwide/workdir:ro,Z" "-v" "/var/lib/crater-agent-workspace/builds/worker-7-tc2/target:/opt/rustwide/target:rw,Z" "-v" "/var/lib/crater-agent-workspace/cargo-home:/opt/rustwide/cargo-home:ro,Z" "-v" "/var/lib/crater-agent-workspace/rustup-home:/opt/rustwide/rustup-home:ro,Z" "-m" "1610612736" "--network" "none" "ghcr.io/rust-lang/crates-build-env/linux@sha256:77db811e55d90add9212f6832c23229e3de5f1c1f9905e8cb07319ea15df73ac" "sleep" "infinity", kill_on_drop: false }`
[INFO] [stdout] ba0cc7ee47e974157270a0dd9dda997e473f27a1afde39da4f809242409b9613
[INFO] running `Command { std: "docker" "start" "ba0cc7ee47e974157270a0dd9dda997e473f27a1afde39da4f809242409b9613", kill_on_drop: false }`
[INFO] running `Command { std: "docker" "inspect" "ba0cc7ee47e974157270a0dd9dda997e473f27a1afde39da4f809242409b9613", kill_on_drop: false }`
[INFO] running `Command { std: "docker" "exec" "-e" "SOURCE_DIR=/opt/rustwide/workdir" "-e" "CARGO_HOME=/opt/rustwide/cargo-home" "-e" "RUSTUP_HOME=/opt/rustwide/rustup-home" "-e" "CARGO_TARGET_DIR=/opt/rustwide/target" "-w" "/opt/rustwide/workdir" "--user" "0:0" "ba0cc7ee47e974157270a0dd9dda997e473f27a1afde39da4f809242409b9613" "/opt/rustwide/cargo-home/bin/cargo" "+3154cc1a3e6424e44f438a95007d043ed5ceaaf6" "metadata" "--no-deps" "--format-version=1", kill_on_drop: false }`
[INFO] running `Command { std: "docker" "inspect" "ba0cc7ee47e974157270a0dd9dda997e473f27a1afde39da4f809242409b9613", kill_on_drop: false }`
[INFO] running `Command { std: "docker" "exec" "-e" "SOURCE_DIR=/opt/rustwide/workdir" "-e" "CARGO_HOME=/opt/rustwide/cargo-home" "-e" "RUSTUP_HOME=/opt/rustwide/rustup-home" "-e" "CARGO_TARGET_DIR=/opt/rustwide/target" "-e" "CARGO_INCREMENTAL=0" "-e" "RUST_BACKTRACE=full" "-e" "RUSTFLAGS=--cap-lints=forbid" "-e" "RUSTDOCFLAGS=--cap-lints=forbid" "-w" "/opt/rustwide/workdir" "--user" "0:0" "ba0cc7ee47e974157270a0dd9dda997e473f27a1afde39da4f809242409b9613" "/opt/rustwide/cargo-home/bin/cargo" "+3154cc1a3e6424e44f438a95007d043ed5ceaaf6" "check" "--frozen" "--all" "--all-targets" "--message-format=json", kill_on_drop: false }`
[INFO] [stderr]    Compiling proc-macro2 v1.0.107
[INFO] [stderr]    Compiling serde_core v1.0.229
[INFO] [stderr]     Checking bit_field v0.10.3
[INFO] [stderr]    Compiling serde v1.0.229
[INFO] [stderr]     Checking bitflags v2.13.1
[INFO] [stderr]    Compiling const_fn v0.4.12
[INFO] [stderr]    Compiling x86 v0.52.0
[INFO] [stderr]     Checking rand_core v0.6.4
[INFO] [stderr]    Compiling heapless v0.8.0
[INFO] [stderr]    Compiling bootloader_api v0.11.17
[INFO] [stderr]     Checking byteorder v1.5.0
[INFO] [stderr]     Checking uguid v2.2.1
[INFO] [stderr]     Checking raw-cpuid v10.7.0
[INFO] [stderr]     Checking volatile v0.4.6
[INFO] [stderr]     Checking log v0.4.34
[INFO] [stderr]     Checking conquer-util v0.3.0
[INFO] [stderr]     Checking zero v0.1.3
[INFO] [stderr]     Checking conquer-once v0.3.2
[INFO] [stderr]     Checking rand v0.8.7
[INFO] [stderr]     Checking rand_hc v0.3.2
[INFO] [stderr]     Checking hash32 v0.3.1
[INFO] [stderr]     Checking spinning_top v0.2.5
[INFO] [stderr]     Checking uefi-raw v0.15.1
[INFO] [stderr]     Checking noto-sans-mono-bitmap v0.2.0
[INFO] [stderr]     Checking usize_conversions v0.2.0
[INFO] [stderr]     Checking xmas-elf v0.8.0
[INFO] [stderr]     Checking ucs2 v0.3.3
[INFO] [stderr]     Checking x86_64 v0.15.5
[INFO] [stderr]    Compiling quote v1.0.47
[INFO] [stderr]    Compiling syn v3.0.3
[INFO] [stderr]    Compiling syn v2.0.119
[INFO] [stderr]     Checking uart_16550 v0.3.2
[INFO] [stderr]    Compiling serde_derive v1.0.229
[INFO] [stderr]    Compiling ptr_meta_derive v0.3.1
[INFO] [stderr]    Compiling uefi-macros v0.19.0
[INFO] [stderr]     Checking ptr_meta v0.3.1
[INFO] [stderr]     Checking uefi v0.39.0
[INFO] [stderr]     Checking bootloader-boot-config v0.11.17
[INFO] [stderr]     Checking bootloader-x86_64-common v0.11.17
[INFO] [stderr]     Checking serde-json-core v0.6.0
[INFO] [stderr]     Checking bootx64 v0.1.0 (/opt/rustwide/workdir)
[INFO] [stdout] error[E0255]: the name `init_logger` is defined multiple times
[INFO] [stdout]    --> src/main.rs:246:1
[INFO] [stdout]     |
[INFO] [stdout]  12 |     Kernel, RawFrameBufferInfo, SystemInfo, framebuffer, init_logger,
[INFO] [stdout]     |                                                          ----------- previous import of the value `init_logger` here
[INFO] [stdout] ...
[INFO] [stdout] 246 | fn init_logger(config: &BootConfig) -> Option<RawFrameBufferInfo> {
[INFO] [stdout]     | ^^^^^^^^^^^^^^^^^^^^^^^^^^^^^^^^^^^^^^^^^^^^^^^^^^^^^^^^^^^^^^^^^ `init_logger` redefined here
[INFO] [stdout]     |
[INFO] [stdout]     = note: `init_logger` must be defined only once in the value namespace of this module
[INFO] [stdout] help: you can use `as` to change the binding name of the import
[INFO] [stdout]     |
[INFO] [stdout]  12 |     Kernel, RawFrameBufferInfo, SystemInfo, framebuffer, init_logger as other_init_logger,
[INFO] [stdout]     |                                                                      ++++++++++++++++++++
[INFO] [stdout] 
[INFO] [stdout] 
[INFO] [stdout] error: cannot find macro `cstr8` in this scope
[INFO] [stdout]   --> src/main.rs:48:11
[INFO] [stdout]    |
[INFO] [stdout] 48 |     tftp: cstr8!("kernel-x86_64"),
[INFO] [stdout]    |           ^^^^^
[INFO] [stdout]    |
[INFO] [stdout] help: consider importing this macro
[INFO] [stdout]    |
[INFO] [stdout]  4 + use uefi::cstr8;
[INFO] [stdout]    |
[INFO] [stdout] 
[INFO] [stdout] 
[INFO] [stdout] error: cannot find macro `cstr8` in this scope
[INFO] [stdout]   --> src/main.rs:53:11
[INFO] [stdout]    |
[INFO] [stdout] 53 |     tftp: cstr8!("tftp.json"),
[INFO] [stdout]    |           ^^^^^
[INFO] [stdout]    |
[INFO] [stdout] help: consider importing this macro
[INFO] [stdout]    |
[INFO] [stdout]  4 + use uefi::cstr8;
[INFO] [stdout]    |
[INFO] [stdout] 
[INFO] [stdout] 
[INFO] [stdout] error: cannot find macro `cstr8` in this scope
[INFO] [stdout]   --> src/main.rs:58:11
[INFO] [stdout]    |
[INFO] [stdout] 58 |     tftp: cstr8!("ramdisk"),
[INFO] [stdout]    |           ^^^^^
[INFO] [stdout]    |
[INFO] [stdout] help: consider importing this macro
[INFO] [stdout]    |
[INFO] [stdout]  4 + use uefi::cstr8;
[INFO] [stdout]    |
[INFO] [stdout] 
[INFO] [stdout] 
[INFO] [stdout] error: cannot find attribute `entry` in this scope
[INFO] [stdout]   --> src/main.rs:61:3
[INFO] [stdout]    |
[INFO] [stdout] 61 | #[entry]
[INFO] [stdout]    |   ^^^^^
[INFO] [stdout]    |
[INFO] [stdout] help: consider importing this attribute macro
[INFO] [stdout]    |
[INFO] [stdout]  4 + use uefi::entry;
[INFO] [stdout]    |
[INFO] [stdout] 
[INFO] [stdout] 
[INFO] [stdout] error[E0425]: cannot find type `Status` in this scope
[INFO] [stdout]   --> src/main.rs:62:14
[INFO] [stdout]    |
[INFO] [stdout] 62 | fn main() -> Status {
[INFO] [stdout]    |              ^^^^^^ not found in this scope
[INFO] [stdout]    |
[INFO] [stdout] help: consider importing this struct
[INFO] [stdout]    |
[INFO] [stdout]  4 + use uefi::Status;
[INFO] [stdout]    |
[INFO] [stdout] 
[INFO] [stdout] 
[INFO] [stdout] error[E0433]: cannot find type `FileMode` in this scope
[INFO] [stdout]    --> src/main.rs:163:50
[INFO] [stdout]     |
[INFO] [stdout] 163 |     let file_handle_result = root.open(filename, FileMode::Read, FileAttribute::empty());
[INFO] [stdout]     |                                                  ^^^^^^^^ use of undeclared type `FileMode`
[INFO] [stdout]     |
[INFO] [stdout] help: consider importing this enum
[INFO] [stdout]     |
[INFO] [stdout]   4 + use uefi::proto::media::file::FileMode;
[INFO] [stdout]     |
[INFO] [stdout] 
[INFO] [stdout] 
[INFO] [stdout] warning: unused import: `IpAddr`
[INFO] [stdout]  --> src/main.rs:5:11
[INFO] [stdout]   |
[INFO] [stdout] 5 |     net::{IpAddr, Ipv4Addr},
[INFO] [stdout]   |           ^^^^^^
[INFO] [stdout]   |
[INFO] [stdout]   = note: `#[warn(unused_imports)]` (part of `#[warn(unused)]`) on by default
[INFO] [stdout] 
[INFO] [stdout] 
[INFO] [stdout] warning: unused imports: `SystemInfo`, `framebuffer`, and `init_logger`
[INFO] [stdout]   --> src/main.rs:12:33
[INFO] [stdout]    |
[INFO] [stdout] 12 |     Kernel, RawFrameBufferInfo, SystemInfo, framebuffer, init_logger,
[INFO] [stdout]    |                                 ^^^^^^^^^^  ^^^^^^^^^^^  ^^^^^^^^^^^
[INFO] [stdout] 
[INFO] [stdout] 
[INFO] [stdout] warning: unused imports: `FrameBuffer`, `ScopedProtocol`, `data_types::PhysicalAddress`, `hii::config`, and `self`
[INFO] [stdout]   --> src/main.rs:17:45
[INFO] [stdout]    |
[INFO] [stdout] 17 |     CStr8, CStr16, boot::{self, MemoryType, ScopedProtocol}, cstr16, data_types::PhysicalAddress, mem::memory_map::{MemoryMap, Memor...
[INFO] [stdout]    |                                             ^^^^^^^^^^^^^^           ^^^^^^^^^^^^^^^^^^^^^^^^^^^
[INFO] [stdout] 18 |         ProtocolPointer,
[INFO] [stdout] 19 |         console::gop::{self, FrameBuffer, GraphicsOutput, PixelFormat},
[INFO] [stdout]    |                        ^^^^  ^^^^^^^^^^^
[INFO] [stdout] 20 |         device_path::DevicePath,
[INFO] [stdout] 21 |         hii::config,
[INFO] [stdout]    |         ^^^^^^^^^^^
[INFO] [stdout] 
[INFO] [stdout] 
[INFO] [stdout] warning: unused imports: `FrameAllocator`, `OffsetPageTable`, `PageTable`, `PhysFrame`, `Size4KiB`, and `VirtAddr`
[INFO] [stdout]   --> src/main.rs:29:15
[INFO] [stdout]    |
[INFO] [stdout] 29 |     PhysAddr, VirtAddr,
[INFO] [stdout]    |               ^^^^^^^^
[INFO] [stdout] 30 |     structures::paging::{FrameAllocator, OffsetPageTable, PageTable, PhysFrame, Size4KiB},
[INFO] [stdout]    |                          ^^^^^^^^^^^^^^  ^^^^^^^^^^^^^^^  ^^^^^^^^^  ^^^^^^^^^  ^^^^^^^^
[INFO] [stdout] 
[INFO] [stdout] 
[INFO] [stdout] warning: use of deprecated module `core::usize`: all constants in this module replaced by associated constants on the type
[INFO] [stdout]  --> src/main.rs:6:17
[INFO] [stdout]   |
[INFO] [stdout] 6 |     ptr, slice, usize,
[INFO] [stdout]   |                 ^^^^^
[INFO] [stdout]   |
[INFO] [stdout]   = note: `#[warn(deprecated)]` on by default
[INFO] [stdout] 
[INFO] [stdout] 
[INFO] [stdout] error[E0255]: the name `init_logger` is defined multiple times
[INFO] [stdout]    --> src/main.rs:246:1
[INFO] [stdout]     |
[INFO] [stdout]  12 |     Kernel, RawFrameBufferInfo, SystemInfo, framebuffer, init_logger,
[INFO] [stdout]     |                                                          ----------- previous import of the value `init_logger` here
[INFO] [stdout] ...
[INFO] [stdout] 246 | fn init_logger(config: &BootConfig) -> Option<RawFrameBufferInfo> {
[INFO] [stdout]     | ^^^^^^^^^^^^^^^^^^^^^^^^^^^^^^^^^^^^^^^^^^^^^^^^^^^^^^^^^^^^^^^^^ `init_logger` redefined here
[INFO] [stdout]     |
[INFO] [stdout]     = note: `init_logger` must be defined only once in the value namespace of this module
[INFO] [stdout] help: you can use `as` to change the binding name of the import
[INFO] [stdout]     |
[INFO] [stdout]  12 |     Kernel, RawFrameBufferInfo, SystemInfo, framebuffer, init_logger as other_init_logger,
[INFO] [stdout]     |                                                                      ++++++++++++++++++++
[INFO] [stdout] 
[INFO] [stdout] 
[INFO] [stdout] warning: variable does not need to be mutable
[INFO] [stdout]    --> src/main.rs:190:9
[INFO] [stdout]     |
[INFO] [stdout] 190 |     let mut ptr = boot::allocate_pages(
[INFO] [stdout]     |         ----^^^
[INFO] [stdout]     |         |
[INFO] [stdout]     |         help: remove this `mut`
[INFO] [stdout]     |
[INFO] [stdout]     = note: `#[warn(unused_mut)]` (part of `#[warn(unused)]`) on by default
[INFO] [stdout] 
[INFO] [stdout] 
[INFO] [stdout] Some errors have detailed explanations: E0255, E0425, E0433.
[INFO] [stdout] 
[INFO] [stdout] For more information about an error, try `rustc --explain E0255`.
[INFO] [stdout] 
[INFO] [stdout] error: cannot find macro `cstr8` in this scope
[INFO] [stdout]   --> src/main.rs:48:11
[INFO] [stdout]    |
[INFO] [stdout] 48 |     tftp: cstr8!("kernel-x86_64"),
[INFO] [stdout]    |           ^^^^^
[INFO] [stdout]    |
[INFO] [stdout] help: consider importing this macro
[INFO] [stdout]    |
[INFO] [stdout]  4 + use uefi::cstr8;
[INFO] [stdout]    |
[INFO] [stdout] 
[INFO] [stdout] 
[INFO] [stderr] error: could not compile `bootx64` (bin "bootx64" test) due to 7 previous errors; 6 warnings emitted
[INFO] [stdout] error: cannot find macro `cstr8` in this scope
[INFO] [stdout]   --> src/main.rs:53:11
[INFO] [stdout]    |
[INFO] [stdout] 53 |     tftp: cstr8!("tftp.json"),
[INFO] [stdout]    |           ^^^^^
[INFO] [stdout]    |
[INFO] [stdout] help: consider importing this macro
[INFO] [stdout]    |
[INFO] [stdout]  4 + use uefi::cstr8;
[INFO] [stdout]    |
[INFO] [stdout] 
[INFO] [stdout] 
[INFO] [stderr] warning: build failed, waiting for other jobs to finish...
[INFO] [stdout] error: cannot find macro `cstr8` in this scope
[INFO] [stdout]   --> src/main.rs:58:11
[INFO] [stdout]    |
[INFO] [stdout] 58 |     tftp: cstr8!("ramdisk"),
[INFO] [stdout]    |           ^^^^^
[INFO] [stdout]    |
[INFO] [stdout] help: consider importing this macro
[INFO] [stdout]    |
[INFO] [stdout]  4 + use uefi::cstr8;
[INFO] [stdout]    |
[INFO] [stdout] 
[INFO] [stdout] 
[INFO] [stdout] error: cannot find attribute `entry` in this scope
[INFO] [stdout]   --> src/main.rs:61:3
[INFO] [stdout]    |
[INFO] [stdout] 61 | #[entry]
[INFO] [stdout]    |   ^^^^^
[INFO] [stdout]    |
[INFO] [stdout] help: consider importing this attribute macro
[INFO] [stdout]    |
[INFO] [stdout]  4 + use uefi::entry;
[INFO] [stdout]    |
[INFO] [stdout] 
[INFO] [stdout] 
[INFO] [stdout] error[E0425]: cannot find type `Status` in this scope
[INFO] [stdout]   --> src/main.rs:62:14
[INFO] [stdout]    |
[INFO] [stdout] 62 | fn main() -> Status {
[INFO] [stdout]    |              ^^^^^^ not found in this scope
[INFO] [stdout]    |
[INFO] [stdout] help: consider importing this struct
[INFO] [stdout]    |
[INFO] [stdout]  4 + use uefi::Status;
[INFO] [stdout]    |
[INFO] [stdout] 
[INFO] [stdout] 
[INFO] [stdout] error[E0433]: cannot find type `FileMode` in this scope
[INFO] [stdout]    --> src/main.rs:163:50
[INFO] [stdout]     |
[INFO] [stdout] 163 |     let file_handle_result = root.open(filename, FileMode::Read, FileAttribute::empty());
[INFO] [stdout]     |                                                  ^^^^^^^^ use of undeclared type `FileMode`
[INFO] [stdout]     |
[INFO] [stdout] help: consider importing this enum
[INFO] [stdout]     |
[INFO] [stdout]   4 + use uefi::proto::media::file::FileMode;
[INFO] [stdout]     |
[INFO] [stdout] 
[INFO] [stdout] 
[INFO] [stdout] warning: unused import: `IpAddr`
[INFO] [stdout]  --> src/main.rs:5:11
[INFO] [stdout]   |
[INFO] [stdout] 5 |     net::{IpAddr, Ipv4Addr},
[INFO] [stdout]   |           ^^^^^^
[INFO] [stdout]   |
[INFO] [stdout]   = note: `#[warn(unused_imports)]` (part of `#[warn(unused)]`) on by default
[INFO] [stdout] 
[INFO] [stdout] 
[INFO] [stdout] warning: unused imports: `SystemInfo`, `framebuffer`, and `init_logger`
[INFO] [stdout]   --> src/main.rs:12:33
[INFO] [stdout]    |
[INFO] [stdout] 12 |     Kernel, RawFrameBufferInfo, SystemInfo, framebuffer, init_logger,
[INFO] [stdout]    |                                 ^^^^^^^^^^  ^^^^^^^^^^^  ^^^^^^^^^^^
[INFO] [stdout] 
[INFO] [stdout] 
[INFO] [stdout] warning: unused imports: `FrameBuffer`, `ScopedProtocol`, `data_types::PhysicalAddress`, `hii::config`, and `self`
[INFO] [stdout]   --> src/main.rs:17:45
[INFO] [stdout]    |
[INFO] [stdout] 17 |     CStr8, CStr16, boot::{self, MemoryType, ScopedProtocol}, cstr16, data_types::PhysicalAddress, mem::memory_map::{MemoryMap, Memor...
[INFO] [stdout]    |                                             ^^^^^^^^^^^^^^           ^^^^^^^^^^^^^^^^^^^^^^^^^^^
[INFO] [stdout] 18 |         ProtocolPointer,
[INFO] [stdout] 19 |         console::gop::{self, FrameBuffer, GraphicsOutput, PixelFormat},
[INFO] [stdout]    |                        ^^^^  ^^^^^^^^^^^
[INFO] [stdout] 20 |         device_path::DevicePath,
[INFO] [stdout] 21 |         hii::config,
[INFO] [stdout]    |         ^^^^^^^^^^^
[INFO] [stdout] 
[INFO] [stdout] 
[INFO] [stdout] warning: unused imports: `FrameAllocator`, `OffsetPageTable`, `PageTable`, `PhysFrame`, `Size4KiB`, and `VirtAddr`
[INFO] [stdout]   --> src/main.rs:29:15
[INFO] [stdout]    |
[INFO] [stdout] 29 |     PhysAddr, VirtAddr,
[INFO] [stdout]    |               ^^^^^^^^
[INFO] [stdout] 30 |     structures::paging::{FrameAllocator, OffsetPageTable, PageTable, PhysFrame, Size4KiB},
[INFO] [stdout]    |                          ^^^^^^^^^^^^^^  ^^^^^^^^^^^^^^^  ^^^^^^^^^  ^^^^^^^^^  ^^^^^^^^
[INFO] [stdout] 
[INFO] [stdout] 
[INFO] [stdout] error: `#[panic_handler]` function required, but not found
[INFO] [stdout] 
[INFO] [stdout] 
[INFO] [stdout] error: unwinding panics are not supported without std
[INFO] [stdout]   |
[INFO] [stdout]   = help: using nightly cargo, use -Zbuild-std with panic="abort" to avoid unwinding
[INFO] [stdout]   = note: since the core library is usually precompiled with panic="unwind", rebuilding your crate with panic="abort" may not be enough to fix the problem
[INFO] [stdout] 
[INFO] [stdout] 
[INFO] [stdout] warning: use of deprecated module `core::usize`: all constants in this module replaced by associated constants on the type
[INFO] [stdout]  --> src/main.rs:6:17
[INFO] [stdout]   |
[INFO] [stdout] 6 |     ptr, slice, usize,
[INFO] [stdout]   |                 ^^^^^
[INFO] [stdout]   |
[INFO] [stdout]   = note: `#[warn(deprecated)]` on by default
[INFO] [stdout] 
[INFO] [stdout] 
[INFO] [stdout] warning: variable does not need to be mutable
[INFO] [stdout]    --> src/main.rs:190:9
[INFO] [stdout]     |
[INFO] [stdout] 190 |     let mut ptr = boot::allocate_pages(
[INFO] [stdout]     |         ----^^^
[INFO] [stdout]     |         |
[INFO] [stdout]     |         help: remove this `mut`
[INFO] [stdout]     |
[INFO] [stdout]     = note: `#[warn(unused_mut)]` (part of `#[warn(unused)]`) on by default
[INFO] [stdout] 
[INFO] [stdout] 
[INFO] [stdout] Some errors have detailed explanations: E0255, E0425, E0433.
[INFO] [stdout] 
[INFO] [stdout] For more information about an error, try `rustc --explain E0255`.
[INFO] [stdout] 
[INFO] [stderr] error: could not compile `bootx64` (bin "bootx64") due to 9 previous errors; 6 warnings emitted
[INFO] running `Command { std: "docker" "inspect" "ba0cc7ee47e974157270a0dd9dda997e473f27a1afde39da4f809242409b9613", kill_on_drop: false }`
[INFO] running `Command { std: "docker" "rm" "-f" "ba0cc7ee47e974157270a0dd9dda997e473f27a1afde39da4f809242409b9613", kill_on_drop: false }`
[INFO] [stdout] ba0cc7ee47e974157270a0dd9dda997e473f27a1afde39da4f809242409b9613
