[INFO] cloning repository https://github.com/UOR-Foundation/PrismPM
[INFO] running `Command { std: "git" "-c" "credential.helper=" "-c" "credential.helper=/workspace/cargo-home/bin/git-credential-null" "clone" "--bare" "https://github.com/UOR-Foundation/PrismPM" "/workspace/cache/git-repos/https%3A%2F%2Fgithub.com%2FUOR-Foundation%2FPrismPM", kill_on_drop: false }`
[INFO] [stderr] Cloning into bare repository '/workspace/cache/git-repos/https%3A%2F%2Fgithub.com%2FUOR-Foundation%2FPrismPM'...
[INFO] running `Command { std: "git" "rev-parse" "HEAD", kill_on_drop: false }`
[INFO] [stdout] 09f8b916023cbb7db945b8e8267eebba25965f26
[INFO] checking UOR-Foundation/PrismPM against 3154cc1a3e6424e44f438a95007d043ed5ceaaf6 for pr-133502-30
[INFO] running `Command { std: "git" "clone" "/workspace/cache/git-repos/https%3A%2F%2Fgithub.com%2FUOR-Foundation%2FPrismPM" "/workspace/builds/worker-0-tc2/source", kill_on_drop: false }`
[INFO] [stderr] Cloning into '/workspace/builds/worker-0-tc2/source'...
[INFO] [stderr] done.
[INFO] [stderr] Updating files:  74% (7523/10124)
Updating files:  75% (7593/10124)
Updating files:  76% (7695/10124)
Updating files:  77% (7796/10124)
Updating files:  78% (7897/10124)
Updating files:  79% (7998/10124)
Updating files:  80% (8100/10124)
Updating files:  81% (8201/10124)
Updating files:  82% (8302/10124)
Updating files:  83% (8403/10124)
Updating files:  84% (8505/10124)
Updating files:  85% (8606/10124)
Updating files:  86% (8707/10124)
Updating files:  87% (8808/10124)
Updating files:  88% (8910/10124)
Updating files:  89% (9011/10124)
Updating files:  90% (9112/10124)
Updating files:  91% (9213/10124)
Updating files:  92% (9315/10124)
Updating files:  93% (9416/10124)
Updating files:  94% (9517/10124)
Updating files:  95% (9618/10124)
Updating files:  96% (9720/10124)
Updating files:  97% (9821/10124)
Updating files:  98% (9922/10124)
Updating files:  99% (10023/10124)
Updating files: 100% (10124/10124)
Updating files: 100% (10124/10124), done.
[INFO] removed /workspace/builds/worker-0-tc2/source/.cargo/config.toml
[INFO] removed /workspace/builds/worker-0-tc2/source/rust-toolchain.toml
[INFO] started tweaking git repo https://github.com/UOR-Foundation/PrismPM
[INFO] finished tweaking git repo https://github.com/UOR-Foundation/PrismPM
[INFO] tweaked toml for git repo https://github.com/UOR-Foundation/PrismPM written to /workspace/builds/worker-0-tc2/source/Cargo.toml
[INFO] validating manifest of git repo https://github.com/UOR-Foundation/PrismPM on toolchain 3154cc1a3e6424e44f438a95007d043ed5ceaaf6
[INFO] running `Command { std: CARGO_HOME="/workspace/cargo-home" RUSTUP_HOME="/workspace/rustup-home" "/workspace/cargo-home/bin/cargo" "+3154cc1a3e6424e44f438a95007d043ed5ceaaf6" "metadata" "--manifest-path" "Cargo.toml" "--no-deps", kill_on_drop: false }`
[INFO] crate git repo https://github.com/UOR-Foundation/PrismPM already has a lockfile, it will not be regenerated
[INFO] running `Command { std: CARGO_HOME="/workspace/cargo-home" RUSTUP_HOME="/workspace/rustup-home" "/workspace/cargo-home/bin/cargo" "+3154cc1a3e6424e44f438a95007d043ed5ceaaf6" "fetch" "--manifest-path" "Cargo.toml", kill_on_drop: false }`
[INFO] [stderr] warning: unused workspace dependency `nom`
[INFO] [stderr]   --> Cargo.toml:65:25
[INFO] [stderr]    |
[INFO] [stderr] 65 | [workspace.dependencies.nom]
[INFO] [stderr]    |                         ^^^
[INFO] [stderr]    |
[INFO] [stderr]    = note: `cargo::unused_workspace_dependencies` is set to `warn` by default
[INFO] [stderr] help: consider removing the workspace dependency `nom`
[INFO] [stderr] warning: unused workspace dependency `thiserror`
[INFO] [stderr]   --> Cargo.toml:43:1
[INFO] [stderr]    |
[INFO] [stderr] 43 | thiserror = "2"
[INFO] [stderr]    | ^^^^^^^^^
[INFO] [stderr]    |
[INFO] [stderr] help: consider removing the workspace dependency `thiserror`
[INFO] [stderr] warning: workspace (manifest) generated 2 warnings
[INFO] [stderr] warning: `package.homepage` is redundant with `package.repository`
[INFO] [stderr]  --> crates/model/Cargo.toml:6:12
[INFO] [stderr]   |
[INFO] [stderr] 5 | repository = "https://github.com/UOR-Foundation/PrismPM"
[INFO] [stderr]   |              -------------------------------------------
[INFO] [stderr] 6 | homepage = "https://github.com/UOR-Foundation/PrismPM"
[INFO] [stderr]   |            ^^^^^^^^^^^^^^^^^^^^^^^^^^^^^^^^^^^^^^^^^^^
[INFO] [stderr]   |
[INFO] [stderr]   = note: `cargo::redundant_homepage` is set to `warn` by default
[INFO] [stderr] help: consider removing `package.homepage`
[INFO] [stderr] warning: `repo-model` (manifest) generated 1 warning
[INFO] [stderr] warning: `package.homepage` is redundant with `package.repository`
[INFO] [stderr]  --> crates/prismpm/Cargo.toml:5:12
[INFO] [stderr]   |
[INFO] [stderr] 4 | repository = "https://github.com/UOR-Foundation/PrismPM"
[INFO] [stderr]   |              -------------------------------------------
[INFO] [stderr] 5 | homepage = "https://github.com/UOR-Foundation/PrismPM"
[INFO] [stderr]   |            ^^^^^^^^^^^^^^^^^^^^^^^^^^^^^^^^^^^^^^^^^^^
[INFO] [stderr]   |
[INFO] [stderr]   = note: `cargo::redundant_homepage` is set to `warn` by default
[INFO] [stderr] help: consider removing `package.homepage`
[INFO] [stderr] warning: `prismpm` (manifest) generated 1 warning
[INFO] running `Command { std: "docker" "create" "-v" "/var/lib/crater-agent-workspace/builds/worker-0-tc2/source:/opt/rustwide/workdir:ro,Z" "-v" "/var/lib/crater-agent-workspace/builds/worker-0-tc2/target:/opt/rustwide/target:rw,Z" "-v" "/var/lib/crater-agent-workspace/cargo-home:/opt/rustwide/cargo-home:ro,Z" "-v" "/var/lib/crater-agent-workspace/rustup-home:/opt/rustwide/rustup-home:ro,Z" "-m" "1610612736" "--network" "none" "ghcr.io/rust-lang/crates-build-env/linux@sha256:77db811e55d90add9212f6832c23229e3de5f1c1f9905e8cb07319ea15df73ac" "sleep" "infinity", kill_on_drop: false }`
[INFO] [stdout] 9ea50c403c73274981d8dcc514adfa722c47c7c25c115f7b90a684406d7a01a3
[INFO] running `Command { std: "docker" "start" "9ea50c403c73274981d8dcc514adfa722c47c7c25c115f7b90a684406d7a01a3", kill_on_drop: false }`
[INFO] running `Command { std: "docker" "inspect" "9ea50c403c73274981d8dcc514adfa722c47c7c25c115f7b90a684406d7a01a3", kill_on_drop: false }`
[INFO] running `Command { std: "docker" "exec" "-e" "SOURCE_DIR=/opt/rustwide/workdir" "-e" "CARGO_HOME=/opt/rustwide/cargo-home" "-e" "RUSTUP_HOME=/opt/rustwide/rustup-home" "-e" "CARGO_TARGET_DIR=/opt/rustwide/target" "-w" "/opt/rustwide/workdir" "--user" "0:0" "9ea50c403c73274981d8dcc514adfa722c47c7c25c115f7b90a684406d7a01a3" "/opt/rustwide/cargo-home/bin/cargo" "+3154cc1a3e6424e44f438a95007d043ed5ceaaf6" "metadata" "--no-deps" "--format-version=1", kill_on_drop: false }`
[INFO] running `Command { std: "docker" "inspect" "9ea50c403c73274981d8dcc514adfa722c47c7c25c115f7b90a684406d7a01a3", kill_on_drop: false }`
[INFO] running `Command { std: "docker" "exec" "-e" "SOURCE_DIR=/opt/rustwide/workdir" "-e" "CARGO_HOME=/opt/rustwide/cargo-home" "-e" "RUSTUP_HOME=/opt/rustwide/rustup-home" "-e" "CARGO_TARGET_DIR=/opt/rustwide/target" "-e" "CARGO_INCREMENTAL=0" "-e" "RUST_BACKTRACE=full" "-e" "RUSTFLAGS=--cap-lints=forbid" "-e" "RUSTDOCFLAGS=--cap-lints=forbid" "-w" "/opt/rustwide/workdir" "--user" "0:0" "9ea50c403c73274981d8dcc514adfa722c47c7c25c115f7b90a684406d7a01a3" "/opt/rustwide/cargo-home/bin/cargo" "+3154cc1a3e6424e44f438a95007d043ed5ceaaf6" "check" "--frozen" "--all" "--all-targets" "--message-format=json", kill_on_drop: false }`
[INFO] [stderr] warning: unused workspace dependency `nom`
[INFO] [stderr]   --> Cargo.toml:65:25
[INFO] [stderr]    |
[INFO] [stderr] 65 | [workspace.dependencies.nom]
[INFO] [stderr]    |                         ^^^
[INFO] [stderr]    |
[INFO] [stderr]    = note: `cargo::unused_workspace_dependencies` is set to `warn` by default
[INFO] [stderr] help: consider removing the workspace dependency `nom`
[INFO] [stderr] warning: unused workspace dependency `thiserror`
[INFO] [stderr]   --> Cargo.toml:43:1
[INFO] [stderr]    |
[INFO] [stderr] 43 | thiserror = "2"
[INFO] [stderr]    | ^^^^^^^^^
[INFO] [stderr]    |
[INFO] [stderr] help: consider removing the workspace dependency `thiserror`
[INFO] [stderr] warning: workspace (manifest) generated 2 warnings
[INFO] [stderr] warning: `package.homepage` is redundant with `package.repository`
[INFO] [stderr]  --> crates/model/Cargo.toml:6:12
[INFO] [stderr]   |
[INFO] [stderr] 5 | repository = "https://github.com/UOR-Foundation/PrismPM"
[INFO] [stderr]   |              -------------------------------------------
[INFO] [stderr] 6 | homepage = "https://github.com/UOR-Foundation/PrismPM"
[INFO] [stderr]   |            ^^^^^^^^^^^^^^^^^^^^^^^^^^^^^^^^^^^^^^^^^^^
[INFO] [stderr]   |
[INFO] [stderr]   = note: `cargo::redundant_homepage` is set to `warn` by default
[INFO] [stderr] help: consider removing `package.homepage`
[INFO] [stderr] warning: `repo-model` (manifest) generated 1 warning
[INFO] [stderr] warning: `package.homepage` is redundant with `package.repository`
[INFO] [stderr]  --> crates/prismpm/Cargo.toml:5:12
[INFO] [stderr]   |
[INFO] [stderr] 4 | repository = "https://github.com/UOR-Foundation/PrismPM"
[INFO] [stderr]   |              -------------------------------------------
[INFO] [stderr] 5 | homepage = "https://github.com/UOR-Foundation/PrismPM"
[INFO] [stderr]   |            ^^^^^^^^^^^^^^^^^^^^^^^^^^^^^^^^^^^^^^^^^^^
[INFO] [stderr]   |
[INFO] [stderr]   = note: `cargo::redundant_homepage` is set to `warn` by default
[INFO] [stderr] help: consider removing `package.homepage`
[INFO] [stderr] warning: `prismpm` (manifest) generated 1 warning
[INFO] [stderr]    Compiling getrandom v0.3.4
[INFO] [stderr]    Compiling num-traits v0.2.19
[INFO] [stderr]     Checking once_cell v1.21.4
[INFO] [stderr]    Compiling serde_json v1.0.151
[INFO] [stderr]     Checking smallvec v1.15.2
[INFO] [stderr]     Checking bitflags v2.13.1
[INFO] [stderr]    Compiling syn v3.0.4
[INFO] [stderr]    Compiling syn v2.0.119
[INFO] [stderr]    Compiling rustix v1.1.4
[INFO] [stderr]     Checking regex-syntax v0.8.11
[INFO] [stderr]    Compiling ahash v0.8.12
[INFO] [stderr]    Compiling ref-cast v1.0.27
[INFO] [stderr]     Checking typenum v1.20.1
[INFO] [stderr]     Checking linux-raw-sys v0.12.1
[INFO] [stderr]     Checking nom v7.1.3
[INFO] [stderr]     Checking indexmap v2.14.1
[INFO] [stderr]     Checking aho-corasick v1.1.5
[INFO] [stderr]     Checking bit-vec v0.8.0
[INFO] [stderr]     Checking borrow-or-share v0.2.4
[INFO] [stderr]     Checking parking_lot_core v0.9.12
[INFO] [stderr]     Checking toml_write v0.1.2
[INFO] [stderr]    Compiling unicode-general-category v1.1.0
[INFO] [stderr]     Checking winnow v0.7.15
[INFO] [stderr]     Checking parking_lot v0.12.5
[INFO] [stderr]     Checking bit-set v0.8.0
[INFO] [stderr]     Checking micromap v0.3.0
[INFO] [stderr]     Checking num-cmp v0.1.0
[INFO] [stderr]     Checking bytecount v0.6.9
[INFO] [stderr]     Checking outref v0.5.2
[INFO] [stderr]     Checking vsimd v0.8.0
[INFO] [stderr]     Checking fastrand v2.5.0
[INFO] [stderr]    Compiling cc v1.4.4
[INFO] [stderr]    Compiling nix v0.31.3
[INFO] [stderr]    Compiling camino v1.2.5
[INFO] [stderr]     Checking tinyvec v1.12.0
[INFO] [stderr]    Compiling lexlean v0.3.0 (/opt/rustwide/workdir/vendor/lexlean)
[INFO] [stderr]     Checking num-integer v0.1.47
[INFO] [stderr]     Checking num-complex v0.4.6
[INFO] [stderr]     Checking uuid-simd v0.8.0
[INFO] [stderr]     Checking num-bigint v0.4.8
[INFO] [stderr]     Checking num-iter v0.1.46
[INFO] [stderr]     Checking unicode-normalization v0.1.25
[INFO] [stderr]     Checking filetime v0.2.29
[INFO] [stderr]     Checking arrayref v0.3.9
[INFO] [stderr]     Checking semver v1.0.28
[INFO] [stderr]     Checking constant_time_eq v0.3.1
[INFO] [stderr]     Checking prism-stdlib v0.2.0 (/opt/rustwide/workdir/stdlib/generated/package)
[INFO] [stderr]     Checking rand_core v0.9.5
[INFO] [stderr]     Checking ppv-lite86 v0.2.21
[INFO] [stderr]     Checking wait-timeout v0.2.1
[INFO] [stderr]     Checking quick-error v1.2.3
[INFO] [stderr]     Checking rand_xorshift v0.4.0
[INFO] [stderr]     Checking rand v0.9.5
[INFO] [stderr]     Checking unarray v0.1.4
[INFO] [stderr]     Checking rand_chacha v0.9.0
[INFO] [stderr]     Checking ctrlc v3.5.2
[INFO] [stderr]    Compiling blake3 v1.5.5
[INFO] [stderr]     Checking generic-array v0.14.7
[INFO] [stderr]     Checking rusticata-macros v4.1.0
[INFO] [stderr]     Checking regex-automata v0.4.18
[INFO] [stderr]     Checking jsonschema-regex v0.50.1
[INFO] [stderr]     Checking crypto-common v0.1.7
[INFO] [stderr]     Checking block-buffer v0.10.4
[INFO] [stderr]     Checking digest v0.10.7
[INFO] [stderr]     Checking sha2 v0.10.9
[INFO] [stderr]     Checking sha1 v0.10.7
[INFO] [stderr]     Checking num-rational v0.4.2
[INFO] [stderr]    Compiling serde_derive v1.0.229
[INFO] [stderr]    Compiling displaydoc v0.2.7
[INFO] [stderr]    Compiling zerovec-derive v0.11.6
[INFO] [stderr]    Compiling ref-cast-impl v1.0.27
[INFO] [stderr]    Compiling thiserror-impl v2.0.20
[INFO] [stderr]    Compiling clap_derive v4.6.4
[INFO] [stderr]     Checking num v0.4.3
[INFO] [stderr]     Checking fraction v0.16.0
[INFO] [stderr]     Checking tempfile v3.27.0
[INFO] [stderr]     Checking xattr v1.6.1
[INFO] [stderr]     Checking fs4 v0.13.1
[INFO] [stderr]     Checking tar v0.4.46
[INFO] [stderr]     Checking rusty-fork v0.3.1
[INFO] [stderr]     Checking proptest v1.11.0
[INFO] [stderr]     Checking thiserror v2.0.20
[INFO] [stderr]    Compiling synstructure v0.13.2
[INFO] [stderr]     Checking clap v4.6.6
[INFO] [stderr]    Compiling strum_macros v0.28.0
[INFO] [stderr]    Compiling asn1-rs-impl v0.2.0
[INFO] [stderr]    Compiling zerofrom-derive v0.1.7
[INFO] [stderr]    Compiling yoke-derive v0.8.2
[INFO] [stderr]    Compiling asn1-rs-derive v0.6.0
[INFO] [stderr]     Checking regex v1.13.1
[INFO] [stderr]     Checking fancy-regex v0.19.0
[INFO] [stderr]     Checking asn1-rs v0.7.2
[INFO] [stderr]     Checking zerofrom v0.1.8
[INFO] [stderr]     Checking strum v0.28.0
[INFO] [stderr]     Checking yoke v0.8.3
[INFO] [stderr]     Checking serde v1.0.229
[INFO] [stderr]     Checking zerovec v0.11.8
[INFO] [stderr]     Checking zerotrie v0.2.5
[INFO] [stderr]     Checking serde_spanned v0.6.9
[INFO] [stderr]     Checking toml_datetime v0.6.11
[INFO] [stderr]     Checking fluent-uri v0.4.1
[INFO] [stderr]     Checking email_address v0.2.9
[INFO] [stderr]     Checking prod-ir v0.1.0 (/opt/rustwide/workdir/vendor/lean4-prod/rust/prod-ir)
[INFO] [stderr]     Checking serde_yaml v0.9.34+deprecated
[INFO] [stderr]     Checking oid-registry v0.8.1
[INFO] [stderr]     Checking der-parser v10.0.0
[INFO] [stderr]     Checking tinystr v0.8.4
[INFO] [stderr]     Checking potential_utf v0.1.6
[INFO] [stderr]     Checking toml_edit v0.22.27
[INFO] [stderr]     Checking icu_collections v2.3.0
[INFO] [stderr]     Checking icu_locale_core v2.3.0
[INFO] [stderr]     Checking jsonschema-value v0.50.1
[INFO] [stderr]     Checking referencing v0.50.1
[INFO] [stderr]     Checking x509-parser v0.18.0
[INFO] [stderr]     Checking prod-codegen v0.1.0 (/opt/rustwide/workdir/vendor/lean4-prod/rust/prod-codegen)
[INFO] [stderr]     Checking icu_provider v2.3.1
[INFO] [stderr]     Checking icu_normalizer v2.3.0
[INFO] [stderr]     Checking icu_properties v2.3.0
[INFO] [stderr]     Checking toml v0.8.23
[INFO] [stderr]     Checking idna_adapter v1.2.2
[INFO] [stderr]     Checking idna v1.1.0
[INFO] [stderr]     Checking jsonschema v0.50.1
[INFO] [stderr]     Checking repo-model v0.3.0 (/opt/rustwide/workdir/crates/model)
[INFO] [stderr]     Checking prismpm v0.3.0 (/opt/rustwide/workdir/crates/prismpm)
[INFO] [stdout] error[E0428]: the name `osv_policy_fixture` is defined multiple times
[INFO] [stdout]     --> crates/prismpm/src/supply_chain.rs:4398:5
[INFO] [stdout]      |
[INFO] [stdout] 4173 |     fn osv_policy_fixture() -> (tempfile::TempDir, serde_json::Value, serde_json::Value) {
[INFO] [stdout]      |     ------------------------------------------------------------------------------------ previous definition of the value `osv_policy_fixture` here
[INFO] [stdout] ...
[INFO] [stdout] 4398 |     fn osv_policy_fixture() -> (tempfile::TempDir, serde_json::Value, serde_json::Value) {
[INFO] [stdout]      |     ^^^^^^^^^^^^^^^^^^^^^^^^^^^^^^^^^^^^^^^^^^^^^^^^^^^^^^^^^^^^^^^^^^^^^^^^^^^^^^^^^^^^ `osv_policy_fixture` redefined here
[INFO] [stdout]      |
[INFO] [stdout]      = note: `osv_policy_fixture` must be defined only once in the value namespace of this module
[INFO] [stdout] 
[INFO] [stdout] 
[INFO] [stdout] error: couldn't read `crates/prismpm/src/../standards/corpora/slsa-verifier-2.7.1/binary-linux-amd64-workflow_dispatch`: No such file or directory (os error 2)
[INFO] [stdout]     --> crates/prismpm/src/authority.rs:2622:17
[INFO] [stdout]      |
[INFO] [stdout] 2622 | /                 include_bytes!(
[INFO] [stdout] 2623 | |                     "../standards/corpora/slsa-verifier-2.7.1/binary-linux-amd64-workflow_dispatch"
[INFO] [stdout] 2624 | |                 )
[INFO] [stdout]      | |_________________^
[INFO] [stdout] 
[INFO] [stdout] 
[INFO] [stdout] error: couldn't read `crates/prismpm/src/../standards/corpora/slsa-verifier-2.7.1/binary-linux-amd64-workflow_dispatch`: No such file or directory (os error 2)
[INFO] [stdout]     --> crates/prismpm/src/authority.rs:3338:13
[INFO] [stdout]      |
[INFO] [stdout] 3338 | /             include_bytes!(
[INFO] [stdout] 3339 | |                 "../standards/corpora/slsa-verifier-2.7.1/binary-linux-amd64-workflow_dispatch"
[INFO] [stdout] 3340 | |             ),
[INFO] [stdout]      | |_____________^
[INFO] [stdout] 
[INFO] [stdout] 
[INFO] [stdout] error[E0428]: the name `osv_policy_binds_oldest_of_all_five_source_times_and_exact_expiry_boundary` is defined multiple times
[INFO] [stdout]     --> crates/prismpm/src/supply_chain.rs:4409:5
[INFO] [stdout]      |
[INFO] [stdout] 4184 |     fn osv_policy_binds_oldest_of_all_five_source_times_and_exact_expiry_boundary() {
[INFO] [stdout]      |     ------------------------------------------------------------------------------- previous definition of the value `osv_policy_binds_oldest_of_all_five_source_times_and_exact_expiry_boundary` here
[INFO] [stdout] ...
[INFO] [stdout] 4409 |     fn osv_policy_binds_oldest_of_all_five_source_times_and_exact_expiry_boundary() {
[INFO] [stdout]      |     ^^^^^^^^^^^^^^^^^^^^^^^^^^^^^^^^^^^^^^^^^^^^^^^^^^^^^^^^^^^^^^^^^^^^^^^^^^^^^^^ `osv_policy_binds_oldest_of_all_five_source_times_and_exact_expiry_boundary` redefined here
[INFO] [stdout]      |
[INFO] [stdout]      = note: `osv_policy_binds_oldest_of_all_five_source_times_and_exact_expiry_boundary` must be defined only once in the value namespace of this module
[INFO] [stdout] 
[INFO] [stdout] 
[INFO] [stdout] error[E0428]: the name `osv_policy_rejects_every_missing_duplicated_or_substituted_database` is defined multiple times
[INFO] [stdout]     --> crates/prismpm/src/supply_chain.rs:4456:5
[INFO] [stdout]      |
[INFO] [stdout] 4231 |     fn osv_policy_rejects_every_missing_duplicated_or_substituted_database() {
[INFO] [stdout]      |     ------------------------------------------------------------------------ previous definition of the value `osv_policy_rejects_every_missing_duplicated_or_substituted_database` here
[INFO] [stdout] ...
[INFO] [stdout] 4456 |     fn osv_policy_rejects_every_missing_duplicated_or_substituted_database() {
[INFO] [stdout]      |     ^^^^^^^^^^^^^^^^^^^^^^^^^^^^^^^^^^^^^^^^^^^^^^^^^^^^^^^^^^^^^^^^^^^^^^^^ `osv_policy_rejects_every_missing_duplicated_or_substituted_database` redefined here
[INFO] [stdout]      |
[INFO] [stdout]      = note: `osv_policy_rejects_every_missing_duplicated_or_substituted_database` must be defined only once in the value namespace of this module
[INFO] [stdout] 
[INFO] [stdout] 
[INFO] [stdout] error[E0428]: the name `osv_scan_and_image_acquisition_enforce_reviewed_identity_before_execution` is defined multiple times
[INFO] [stdout]     --> crates/prismpm/src/supply_chain.rs:4503:5
[INFO] [stdout]      |
[INFO] [stdout] 4278 |     fn osv_scan_and_image_acquisition_enforce_reviewed_identity_before_execution() {
[INFO] [stdout]      |     ------------------------------------------------------------------------------ previous definition of the value `osv_scan_and_image_acquisition_enforce_reviewed_identity_before_execution` here
[INFO] [stdout] ...
[INFO] [stdout] 4503 |     fn osv_scan_and_image_acquisition_enforce_reviewed_identity_before_execution() {
[INFO] [stdout]      |     ^^^^^^^^^^^^^^^^^^^^^^^^^^^^^^^^^^^^^^^^^^^^^^^^^^^^^^^^^^^^^^^^^^^^^^^^^^^^^^ `osv_scan_and_image_acquisition_enforce_reviewed_identity_before_execution` redefined here
[INFO] [stdout]      |
[INFO] [stdout]      = note: `osv_scan_and_image_acquisition_enforce_reviewed_identity_before_execution` must be defined only once in the value namespace of this module
[INFO] [stdout] 
[INFO] [stdout] 
[INFO] [stderr]     Checking repo-conformance v0.3.0 (/opt/rustwide/workdir/crates/conformance)
[INFO] [stdout] error: this file contains an unclosed delimiter
[INFO] [stdout]    --> crates/conformance/src/cases/scheduling.rs:198:3
[INFO] [stdout]     |
[INFO] [stdout]  83 | mod tests {
[INFO] [stdout]     |           - unclosed delimiter
[INFO] [stdout] ...
[INFO] [stdout] 143 |         ] {
[INFO] [stdout]     |           - this delimiter might not be properly closed...
[INFO] [stdout] ...
[INFO] [stdout] 152 |     }
[INFO] [stdout]     |     - ...as it matches this but it has different indentation
[INFO] [stdout] ...
[INFO] [stdout] 198 | }
[INFO] [stdout]     |  ^
[INFO] [stdout] 
[INFO] [stdout] 
[INFO] [stderr] error: could not compile `repo-conformance` (lib) due to 1 previous error
[INFO] [stderr] warning: build failed, waiting for other jobs to finish...
[INFO] [stdout] For more information about this error, try `rustc --explain E0428`.
[INFO] [stdout] 
[INFO] [stderr] error: could not compile `prismpm` (lib test) due to 6 previous errors
[INFO] running `Command { std: "docker" "inspect" "9ea50c403c73274981d8dcc514adfa722c47c7c25c115f7b90a684406d7a01a3", kill_on_drop: false }`
[INFO] running `Command { std: "docker" "rm" "-f" "9ea50c403c73274981d8dcc514adfa722c47c7c25c115f7b90a684406d7a01a3", kill_on_drop: false }`
[INFO] [stdout] 9ea50c403c73274981d8dcc514adfa722c47c7c25c115f7b90a684406d7a01a3
