[INFO] cloning repository https://github.com/Tylerr-D/lath
[INFO] running `Command { std: "git" "-c" "credential.helper=" "-c" "credential.helper=/workspace/cargo-home/bin/git-credential-null" "clone" "--bare" "https://github.com/Tylerr-D/lath" "/workspace/cache/git-repos/https%3A%2F%2Fgithub.com%2FTylerr-D%2Flath", kill_on_drop: false }`
[INFO] [stderr] Cloning into bare repository '/workspace/cache/git-repos/https%3A%2F%2Fgithub.com%2FTylerr-D%2Flath'...
[INFO] running `Command { std: "git" "rev-parse" "HEAD", kill_on_drop: false }`
[INFO] [stdout] 1e2b07770b5d3e74675fec9ec53ac0a04fe08c03
[INFO] checking Tylerr-D/lath against 3154cc1a3e6424e44f438a95007d043ed5ceaaf6 for pr-133502-30
[INFO] running `Command { std: "git" "clone" "/workspace/cache/git-repos/https%3A%2F%2Fgithub.com%2FTylerr-D%2Flath" "/workspace/builds/worker-1-tc2/source", kill_on_drop: false }`
[INFO] [stderr] Cloning into '/workspace/builds/worker-1-tc2/source'...
[INFO] [stderr] done.
[INFO] started tweaking git repo https://github.com/Tylerr-D/lath
[INFO] finished tweaking git repo https://github.com/Tylerr-D/lath
[INFO] tweaked toml for git repo https://github.com/Tylerr-D/lath written to /workspace/builds/worker-1-tc2/source/Cargo.toml
[INFO] validating manifest of git repo https://github.com/Tylerr-D/lath on toolchain 3154cc1a3e6424e44f438a95007d043ed5ceaaf6
[INFO] running `Command { std: CARGO_HOME="/workspace/cargo-home" RUSTUP_HOME="/workspace/rustup-home" "/workspace/cargo-home/bin/cargo" "+3154cc1a3e6424e44f438a95007d043ed5ceaaf6" "metadata" "--manifest-path" "Cargo.toml" "--no-deps", kill_on_drop: false }`
[INFO] crate git repo https://github.com/Tylerr-D/lath already has a lockfile, it will not be regenerated
[INFO] running `Command { std: CARGO_HOME="/workspace/cargo-home" RUSTUP_HOME="/workspace/rustup-home" "/workspace/cargo-home/bin/cargo" "+3154cc1a3e6424e44f438a95007d043ed5ceaaf6" "fetch" "--manifest-path" "Cargo.toml", kill_on_drop: false }`
[INFO] running `Command { std: "docker" "create" "-v" "/var/lib/crater-agent-workspace/builds/worker-1-tc2/source:/opt/rustwide/workdir:ro,Z" "-v" "/var/lib/crater-agent-workspace/builds/worker-1-tc2/target:/opt/rustwide/target:rw,Z" "-v" "/var/lib/crater-agent-workspace/cargo-home:/opt/rustwide/cargo-home:ro,Z" "-v" "/var/lib/crater-agent-workspace/rustup-home:/opt/rustwide/rustup-home:ro,Z" "-m" "1610612736" "--network" "none" "ghcr.io/rust-lang/crates-build-env/linux@sha256:77db811e55d90add9212f6832c23229e3de5f1c1f9905e8cb07319ea15df73ac" "sleep" "infinity", kill_on_drop: false }`
[INFO] [stdout] bbfca9dc682b816442f8648e268ca84ea5847da9d209881d8a5eae444e3a003d
[INFO] running `Command { std: "docker" "start" "bbfca9dc682b816442f8648e268ca84ea5847da9d209881d8a5eae444e3a003d", kill_on_drop: false }`
[INFO] running `Command { std: "docker" "inspect" "bbfca9dc682b816442f8648e268ca84ea5847da9d209881d8a5eae444e3a003d", kill_on_drop: false }`
[INFO] running `Command { std: "docker" "exec" "-e" "SOURCE_DIR=/opt/rustwide/workdir" "-e" "CARGO_HOME=/opt/rustwide/cargo-home" "-e" "RUSTUP_HOME=/opt/rustwide/rustup-home" "-e" "CARGO_TARGET_DIR=/opt/rustwide/target" "-w" "/opt/rustwide/workdir" "--user" "0:0" "bbfca9dc682b816442f8648e268ca84ea5847da9d209881d8a5eae444e3a003d" "/opt/rustwide/cargo-home/bin/cargo" "+3154cc1a3e6424e44f438a95007d043ed5ceaaf6" "metadata" "--no-deps" "--format-version=1", kill_on_drop: false }`
[INFO] running `Command { std: "docker" "inspect" "bbfca9dc682b816442f8648e268ca84ea5847da9d209881d8a5eae444e3a003d", kill_on_drop: false }`
[INFO] running `Command { std: "docker" "exec" "-e" "SOURCE_DIR=/opt/rustwide/workdir" "-e" "CARGO_HOME=/opt/rustwide/cargo-home" "-e" "RUSTUP_HOME=/opt/rustwide/rustup-home" "-e" "CARGO_TARGET_DIR=/opt/rustwide/target" "-e" "CARGO_INCREMENTAL=0" "-e" "RUST_BACKTRACE=full" "-e" "RUSTFLAGS=--cap-lints=forbid" "-e" "RUSTDOCFLAGS=--cap-lints=forbid" "-w" "/opt/rustwide/workdir" "--user" "0:0" "bbfca9dc682b816442f8648e268ca84ea5847da9d209881d8a5eae444e3a003d" "/opt/rustwide/cargo-home/bin/cargo" "+3154cc1a3e6424e44f438a95007d043ed5ceaaf6" "check" "--frozen" "--all" "--all-targets" "--message-format=json", kill_on_drop: false }`
[INFO] [stderr]    Compiling ucd-trie v0.1.7
[INFO] [stderr]    Compiling syn v2.0.119
[INFO] [stderr]     Checking pest v2.9.0
[INFO] [stderr]    Compiling pest_meta v2.9.0
[INFO] [stderr]    Compiling pest_generator v2.9.0
[INFO] [stderr]    Compiling pest_derive v2.9.0
[INFO] [stderr]     Checking lath v0.1.0 (/opt/rustwide/workdir)
[INFO] [stdout] error: expected `,` following `match` arm
[INFO] [stdout]    --> src/ast.rs:146:66
[INFO] [stdout]     |
[INFO] [stdout] 146 |                 Rule::Let => ast.push(build_binding(inner, true))
[INFO] [stdout]     |                                                                  ^
[INFO] [stdout]     |
[INFO] [stdout] help: missing a comma here to end this `match` arm
[INFO] [stdout]     |
[INFO] [stdout] 146 |                 Rule::Let => ast.push(build_binding(inner, true)),
[INFO] [stdout]     |                                                                  +
[INFO] [stdout] 
[INFO] [stdout] 
[INFO] [stdout] error: invalid `struct` delimiters or `fn` call arguments
[INFO] [stdout]    --> src/ast.rs:169:9
[INFO] [stdout]     |
[INFO] [stdout] 169 |         Node::Let (name, value: Box::new(value))
[INFO] [stdout]     |         ^^^^^^^^^^^^^^^^^^^^^^^^^^^^^^^^^^^^^^^^
[INFO] [stdout]     |
[INFO] [stdout] help: if `Node::Let` is a struct, use braces as delimiters
[INFO] [stdout]     |
[INFO] [stdout] 169 -         Node::Let (name, value: Box::new(value))
[INFO] [stdout] 169 +         Node::Let  { name, value: Box::new(value) }
[INFO] [stdout]     |
[INFO] [stdout] help: if `Node::Let` is a function, use the arguments directly
[INFO] [stdout]     |
[INFO] [stdout] 169 -         Node::Let (name, value: Box::new(value))
[INFO] [stdout] 169 +         Node::Let (name, Box::new(value))
[INFO] [stdout]     |
[INFO] [stdout] 
[INFO] [stdout] 
[INFO] [stdout] error[E0425]: cannot find value `slot` in this scope
[INFO] [stdout]   --> src/compiler/vm/opcode.rs:27:52
[INFO] [stdout]    |
[INFO] [stdout] 27 | OpCode::OpLoad(sloat) => make_three_bytes_op(0x07, slot),
[INFO] [stdout]    |                                                    ^^^^ not found in this scope
[INFO] [stdout]    |
[INFO] [stdout] help: a local variable with a similar name exists
[INFO] [stdout]    |
[INFO] [stdout] 27 | OpCode::OpLoad(sloat) => make_three_bytes_op(0x07, sloat),
[INFO] [stdout]    |                                                       +
[INFO] [stdout] 
[INFO] [stdout] 
[INFO] [stdout] error[E0425]: cannot find value `slot` in this scope
[INFO] [stdout]   --> src/compiler/vm/opcode.rs:28:53
[INFO] [stdout]    |
[INFO] [stdout] 28 | OpCode::OpStore(sloat) => make_three_bytes_op(0x08, slot),
[INFO] [stdout]    |                                                     ^^^^ not found in this scope
[INFO] [stdout]    |
[INFO] [stdout] help: a local variable with a similar name exists
[INFO] [stdout]    |
[INFO] [stdout] 28 | OpCode::OpStore(sloat) => make_three_bytes_op(0x08, sloat),
[INFO] [stdout]    |                                                        +
[INFO] [stdout] 
[INFO] [stdout] 
[INFO] [stdout] error[E0063]: missing field `identifiers` in initializer of `Bytecode`
[INFO] [stdout]   --> src/compiler/vm/opcode.rs:51:5
[INFO] [stdout]    |
[INFO] [stdout] 51 |     Bytecode {
[INFO] [stdout]    |     ^^^^^^^^ missing `identifiers`
[INFO] [stdout] 
[INFO] [stdout] 
[INFO] [stdout] error: expected `,` following `match` arm
[INFO] [stdout]    --> src/ast.rs:146:66
[INFO] [stdout]     |
[INFO] [stdout] 146 |                 Rule::Let => ast.push(build_binding(inner, true))
[INFO] [stdout]     |                                                                  ^
[INFO] [stdout]     |
[INFO] [stdout] help: missing a comma here to end this `match` arm
[INFO] [stdout]     |
[INFO] [stdout] 146 |                 Rule::Let => ast.push(build_binding(inner, true)),
[INFO] [stdout]     |                                                                  +
[INFO] [stdout] 
[INFO] [stdout] 
[INFO] [stdout] error: invalid `struct` delimiters or `fn` call arguments
[INFO] [stdout]    --> src/ast.rs:169:9
[INFO] [stdout]     |
[INFO] [stdout] 169 |         Node::Let (name, value: Box::new(value))
[INFO] [stdout]     |         ^^^^^^^^^^^^^^^^^^^^^^^^^^^^^^^^^^^^^^^^
[INFO] [stdout]     |
[INFO] [stdout] help: if `Node::Let` is a struct, use braces as delimiters
[INFO] [stdout]     |
[INFO] [stdout] 169 -         Node::Let (name, value: Box::new(value))
[INFO] [stdout] 169 +         Node::Let  { name, value: Box::new(value) }
[INFO] [stdout]     |
[INFO] [stdout] help: if `Node::Let` is a function, use the arguments directly
[INFO] [stdout]     |
[INFO] [stdout] 169 -         Node::Let (name, value: Box::new(value))
[INFO] [stdout] 169 +         Node::Let (name, Box::new(value))
[INFO] [stdout]     |
[INFO] [stdout] 
[INFO] [stdout] 
[INFO] [stdout] error[E0004]: non-exhaustive patterns: `Node::Ident(_)`, `Node::Let { .. }` and `Node::Assign { .. }` not covered
[INFO] [stdout]    --> src/compiler/vm/opcode.rs:91:15
[INFO] [stdout]     |
[INFO] [stdout]  91 |         match node {
[INFO] [stdout]     |               ^^^^ patterns `Node::Ident(_)`, `Node::Let { .. }` and `Node::Assign { .. }` not covered
[INFO] [stdout]     |
[INFO] [stdout] note: `Node` defined here
[INFO] [stdout]    --> src/ast.rs:20:10
[INFO] [stdout]     |
[INFO] [stdout]  20 | pub enum Node {
[INFO] [stdout]     |          ^^^^
[INFO] [stdout]  21 |
[INFO] [stdout]  22 |     Ident(String),
[INFO] [stdout]     |     ----- not covered
[INFO] [stdout]  23 |
[INFO] [stdout]  24 |     Let {
[INFO] [stdout]     |     --- not covered
[INFO] [stdout] ...
[INFO] [stdout]  29 |     Assign {
[INFO] [stdout]     |     ------ not covered
[INFO] [stdout]     = note: the matched value is of type `Node`
[INFO] [stdout] help: ensure that all possible cases are being handled by adding a match arm with a wildcard pattern, a match arm with multiple or-patterns as shown, or multiple match arms
[INFO] [stdout]     |
[INFO] [stdout] 145 ~             },
[INFO] [stdout] 146 +             Node::Ident(_) | Node::Let { .. } | Node::Assign { .. } => todo!()
[INFO] [stdout]     |
[INFO] [stdout] 
[INFO] [stdout] 
[INFO] [stdout] Some errors have detailed explanations: E0004, E0063, E0425.
[INFO] [stdout] 
[INFO] [stdout] For more information about an error, try `rustc --explain E0004`.
[INFO] [stdout] 
[INFO] [stderr] error: could not compile `lath` (bin "lath") due to 6 previous errors
[INFO] [stderr] warning: build failed, waiting for other jobs to finish...
[INFO] [stdout] error[E0425]: cannot find value `slot` in this scope
[INFO] [stdout]   --> src/compiler/vm/opcode.rs:27:52
[INFO] [stdout]    |
[INFO] [stdout] 27 | OpCode::OpLoad(sloat) => make_three_bytes_op(0x07, slot),
[INFO] [stdout]    |                                                    ^^^^ not found in this scope
[INFO] [stdout]    |
[INFO] [stdout] help: a local variable with a similar name exists
[INFO] [stdout]    |
[INFO] [stdout] 27 | OpCode::OpLoad(sloat) => make_three_bytes_op(0x07, sloat),
[INFO] [stdout]    |                                                       +
[INFO] [stdout] 
[INFO] [stdout] 
[INFO] [stdout] error[E0425]: cannot find value `slot` in this scope
[INFO] [stdout]   --> src/compiler/vm/opcode.rs:28:53
[INFO] [stdout]    |
[INFO] [stdout] 28 | OpCode::OpStore(sloat) => make_three_bytes_op(0x08, slot),
[INFO] [stdout]    |                                                     ^^^^ not found in this scope
[INFO] [stdout]    |
[INFO] [stdout] help: a local variable with a similar name exists
[INFO] [stdout]    |
[INFO] [stdout] 28 | OpCode::OpStore(sloat) => make_three_bytes_op(0x08, sloat),
[INFO] [stdout]    |                                                        +
[INFO] [stdout] 
[INFO] [stdout] 
[INFO] [stdout] error[E0063]: missing field `identifiers` in initializer of `Bytecode`
[INFO] [stdout]   --> src/compiler/vm/opcode.rs:51:5
[INFO] [stdout]    |
[INFO] [stdout] 51 |     Bytecode {
[INFO] [stdout]    |     ^^^^^^^^ missing `identifiers`
[INFO] [stdout] 
[INFO] [stdout] 
[INFO] [stdout] error[E0004]: non-exhaustive patterns: `Node::Ident(_)`, `Node::Let { .. }` and `Node::Assign { .. }` not covered
[INFO] [stdout]    --> src/compiler/vm/opcode.rs:91:15
[INFO] [stdout]     |
[INFO] [stdout]  91 |         match node {
[INFO] [stdout]     |               ^^^^ patterns `Node::Ident(_)`, `Node::Let { .. }` and `Node::Assign { .. }` not covered
[INFO] [stdout]     |
[INFO] [stdout] note: `Node` defined here
[INFO] [stdout]    --> src/ast.rs:20:10
[INFO] [stdout]     |
[INFO] [stdout]  20 | pub enum Node {
[INFO] [stdout]     |          ^^^^
[INFO] [stdout]  21 |
[INFO] [stdout]  22 |     Ident(String),
[INFO] [stdout]     |     ----- not covered
[INFO] [stdout]  23 |
[INFO] [stdout]  24 |     Let {
[INFO] [stdout]     |     --- not covered
[INFO] [stdout] ...
[INFO] [stdout]  29 |     Assign {
[INFO] [stdout]     |     ------ not covered
[INFO] [stdout]     = note: the matched value is of type `Node`
[INFO] [stdout] help: ensure that all possible cases are being handled by adding a match arm with a wildcard pattern, a match arm with multiple or-patterns as shown, or multiple match arms
[INFO] [stdout]     |
[INFO] [stdout] 145 ~             },
[INFO] [stdout] 146 +             Node::Ident(_) | Node::Let { .. } | Node::Assign { .. } => todo!()
[INFO] [stdout]     |
[INFO] [stdout] 
[INFO] [stdout] 
[INFO] [stdout] Some errors have detailed explanations: E0004, E0063, E0425.
[INFO] [stdout] 
[INFO] [stdout] For more information about an error, try `rustc --explain E0004`.
[INFO] [stdout] 
[INFO] [stderr] error: could not compile `lath` (bin "lath" test) due to 6 previous errors
[INFO] running `Command { std: "docker" "inspect" "bbfca9dc682b816442f8648e268ca84ea5847da9d209881d8a5eae444e3a003d", kill_on_drop: false }`
[INFO] running `Command { std: "docker" "rm" "-f" "bbfca9dc682b816442f8648e268ca84ea5847da9d209881d8a5eae444e3a003d", kill_on_drop: false }`
[INFO] [stdout] bbfca9dc682b816442f8648e268ca84ea5847da9d209881d8a5eae444e3a003d
