[INFO] cloning repository https://github.com/Tydwdh/tpi
[INFO] running `Command { std: "git" "-c" "credential.helper=" "-c" "credential.helper=/workspace/cargo-home/bin/git-credential-null" "clone" "--bare" "https://github.com/Tydwdh/tpi" "/workspace/cache/git-repos/https%3A%2F%2Fgithub.com%2FTydwdh%2Ftpi", kill_on_drop: false }`
[INFO] [stderr] Cloning into bare repository '/workspace/cache/git-repos/https%3A%2F%2Fgithub.com%2FTydwdh%2Ftpi'...
[INFO] running `Command { std: "git" "rev-parse" "HEAD", kill_on_drop: false }`
[INFO] [stdout] 05f3d6eef09caa8b091fb070c31b4cb5eb2c290e
[INFO] checking Tydwdh/tpi against 3154cc1a3e6424e44f438a95007d043ed5ceaaf6+rustflags=-Znext-solver=coherence for pr-133502-30
[INFO] running `Command { std: "git" "clone" "/workspace/cache/git-repos/https%3A%2F%2Fgithub.com%2FTydwdh%2Ftpi" "/workspace/builds/worker-1-tc1/source", kill_on_drop: false }`
[INFO] [stderr] Cloning into '/workspace/builds/worker-1-tc1/source'...
[INFO] [stderr] done.
[INFO] removed /workspace/builds/worker-1-tc1/source/rust-toolchain.toml
[INFO] started tweaking git repo https://github.com/Tydwdh/tpi
[INFO] finished tweaking git repo https://github.com/Tydwdh/tpi
[INFO] tweaked toml for git repo https://github.com/Tydwdh/tpi written to /workspace/builds/worker-1-tc1/source/Cargo.toml
[INFO] validating manifest of git repo https://github.com/Tydwdh/tpi on toolchain 3154cc1a3e6424e44f438a95007d043ed5ceaaf6
[INFO] running `Command { std: CARGO_HOME="/workspace/cargo-home" RUSTUP_HOME="/workspace/rustup-home" "/workspace/cargo-home/bin/cargo" "+3154cc1a3e6424e44f438a95007d043ed5ceaaf6" "metadata" "--manifest-path" "Cargo.toml" "--no-deps", kill_on_drop: false }`
[INFO] crate git repo https://github.com/Tydwdh/tpi already has a lockfile, it will not be regenerated
[INFO] running `Command { std: CARGO_HOME="/workspace/cargo-home" RUSTUP_HOME="/workspace/rustup-home" "/workspace/cargo-home/bin/cargo" "+3154cc1a3e6424e44f438a95007d043ed5ceaaf6" "fetch" "--manifest-path" "Cargo.toml", kill_on_drop: false }`
[INFO] [stderr]     Updating crates.io index
[INFO] [stderr]  Downloading crates ...
[INFO] [stderr]   Downloaded zbus-secret-service-keyring-store v1.0.0
[INFO] [stderr]   Downloaded keyring v4.1.6
[INFO] [stderr]   Downloaded secret-service v5.1.0
[INFO] [stderr]   Downloaded russh-sftp v2.4.0
[INFO] [stderr]   Downloaded russh-config v0.58.0
[INFO] [stderr]   Downloaded ssh-encoding v0.3.0
[INFO] [stderr]   Downloaded ssh-key v0.7.0-rc.11
[INFO] [stderr]   Downloaded russh v0.62.6
[INFO] [stderr]   Downloaded ssh-cipher v0.3.0
[INFO] [stderr]   Downloaded des v0.9.0
[INFO] [stderr]   Downloaded two-face v0.5.2+bat-0.26.1
[INFO] [stderr]   Downloaded rsa v0.10.0-rc.18
[INFO] [stderr]   Downloaded pkcs5 v0.8.1
[INFO] [stderr]   Downloaded crypto-primes v0.7.2
[INFO] [stderr]   Downloaded p521 v0.14.0
[INFO] [stderr]   Downloaded blowfish v0.10.0
[INFO] [stderr]   Downloaded bcrypt-pbkdf v0.11.0
[INFO] [stderr]   Downloaded pageant v0.2.1
[INFO] [stderr]   Downloaded russh-cryptovec v0.62.0
[INFO] [stderr]   Downloaded keccak v0.2.1
[INFO] [stderr]   Downloaded ml-kem v0.3.2
[INFO] [stderr]   Downloaded generic-array v1.4.4
[INFO] [stderr]   Downloaded ignore v0.4.33
[INFO] [stderr]   Downloaded line-clipping v0.3.8
[INFO] [stderr]   Downloaded darling v0.24.0
[INFO] [stderr]   Downloaded darling_core v0.24.0
[INFO] [stderr]   Downloaded darling_macro v0.24.0
[INFO] [stderr]   Downloaded instability v0.3.13
[INFO] [stderr]   Downloaded termion v4.0.6
[INFO] [stderr]   Downloaded numtoa v0.2.4
[INFO] [stderr]   Downloaded ratatui-termion v0.1.2
[INFO] [stderr]   Downloaded tokio-tungstenite v0.30.0
[INFO] [stderr]   Downloaded tungstenite v0.30.0
[INFO] running `Command { std: "docker" "create" "-v" "/var/lib/crater-agent-workspace/builds/worker-1-tc1/source:/opt/rustwide/workdir:ro,Z" "-v" "/var/lib/crater-agent-workspace/builds/worker-1-tc1/target:/opt/rustwide/target:rw,Z" "-v" "/var/lib/crater-agent-workspace/cargo-home:/opt/rustwide/cargo-home:ro,Z" "-v" "/var/lib/crater-agent-workspace/rustup-home:/opt/rustwide/rustup-home:ro,Z" "-m" "1610612736" "--network" "none" "ghcr.io/rust-lang/crates-build-env/linux@sha256:77db811e55d90add9212f6832c23229e3de5f1c1f9905e8cb07319ea15df73ac" "sleep" "infinity", kill_on_drop: false }`
[INFO] [stdout] 364e3b9002f3b794e29fac774f99e87523df982db70d06d93bac596701290bac
[INFO] running `Command { std: "docker" "start" "364e3b9002f3b794e29fac774f99e87523df982db70d06d93bac596701290bac", kill_on_drop: false }`
[INFO] running `Command { std: "docker" "inspect" "364e3b9002f3b794e29fac774f99e87523df982db70d06d93bac596701290bac", kill_on_drop: false }`
[INFO] running `Command { std: "docker" "exec" "-e" "SOURCE_DIR=/opt/rustwide/workdir" "-e" "CARGO_HOME=/opt/rustwide/cargo-home" "-e" "RUSTUP_HOME=/opt/rustwide/rustup-home" "-e" "CARGO_TARGET_DIR=/opt/rustwide/target" "-w" "/opt/rustwide/workdir" "--user" "0:0" "364e3b9002f3b794e29fac774f99e87523df982db70d06d93bac596701290bac" "/opt/rustwide/cargo-home/bin/cargo" "+3154cc1a3e6424e44f438a95007d043ed5ceaaf6" "metadata" "--no-deps" "--format-version=1", kill_on_drop: false }`
[INFO] running `Command { std: "docker" "inspect" "364e3b9002f3b794e29fac774f99e87523df982db70d06d93bac596701290bac", kill_on_drop: false }`
[INFO] running `Command { std: "docker" "exec" "-e" "SOURCE_DIR=/opt/rustwide/workdir" "-e" "CARGO_HOME=/opt/rustwide/cargo-home" "-e" "RUSTUP_HOME=/opt/rustwide/rustup-home" "-e" "CARGO_TARGET_DIR=/opt/rustwide/target" "-e" "CARGO_INCREMENTAL=0" "-e" "RUST_BACKTRACE=full" "-e" "RUSTFLAGS=--cap-lints=forbid -Znext-solver=coherence" "-e" "RUSTDOCFLAGS=--cap-lints=forbid" "-w" "/opt/rustwide/workdir" "--user" "0:0" "364e3b9002f3b794e29fac774f99e87523df982db70d06d93bac596701290bac" "/opt/rustwide/cargo-home/bin/cargo" "+3154cc1a3e6424e44f438a95007d043ed5ceaaf6" "check" "--frozen" "--all" "--all-targets" "--message-format=json", kill_on_drop: false }`
[INFO] [stderr]    Compiling proc-macro2 v1.0.107
[INFO] [stderr]    Compiling getrandom v0.4.3
[INFO] [stderr]    Compiling serde_core v1.0.229
[INFO] [stderr]     Checking hybrid-array v0.4.14
[INFO] [stderr]     Checking smallvec v1.15.2
[INFO] [stderr]     Checking cpubits v0.1.1
[INFO] [stderr]     Checking mio v1.2.2
[INFO] [stderr]    Compiling rustix v1.1.4
[INFO] [stderr]     Checking pem-rfc7468 v1.0.0
[INFO] [stderr]    Compiling cc v1.4.2
[INFO] [stderr]     Checking linux-raw-sys v0.12.1
[INFO] [stderr]     Checking winnow v1.0.4
[INFO] [stderr]    Compiling aws-lc-rs v1.18.0
[INFO] [stderr]    Compiling toml_edit v0.25.13+spec-1.1.0
[INFO] [stderr]     Checking num-integer v0.1.46
[INFO] [stderr]     Checking ff v0.14.0
[INFO] [stderr]    Compiling ref-cast v1.0.26
[INFO] [stderr]     Checking der v0.8.1
[INFO] [stderr]     Checking parking_lot_core v0.9.12
[INFO] [stderr]     Checking inotify-sys v0.1.8
[INFO] [stderr]     Checking digest v0.10.7
[INFO] [stderr]     Checking instant v0.1.13
[INFO] [stderr]     Checking notify-types v1.0.1
[INFO] [stderr]     Checking inotify v0.10.2
[INFO] [stderr]     Checking time v0.3.55
[INFO] [stderr]     Checking parking_lot v0.12.5
[INFO] [stderr]     Checking group v0.14.0
[INFO] [stderr]     Checking base16ct v1.0.0
[INFO] [stderr]     Checking num-bigint v0.4.8
[INFO] [stderr]    Compiling rustls v0.23.43
[INFO] [stderr]     Checking regex-automata v0.4.18
[INFO] [stderr]     Checking block-padding v0.3.3
[INFO] [stderr]    Compiling endi v1.1.1
[INFO] [stderr]    Compiling proc-macro-crate v3.5.0
[INFO] [stderr]    Compiling quote v1.0.47
[INFO] [stderr]     Checking notify v7.0.0
[INFO] [stderr]     Checking phf_shared v0.13.1
[INFO] [stderr]    Compiling syn v2.0.119
[INFO] [stderr]    Compiling syn v3.0.3
[INFO] [stderr]    Compiling string_cache_codegen v0.6.1
[INFO] [stderr]     Checking inout v0.1.4
[INFO] [stderr]     Checking signal-hook v0.3.18
[INFO] [stderr]     Checking async-channel v2.5.0
[INFO] [stderr]     Checking ipnet v2.12.1
[INFO] [stderr]    Compiling camino v1.2.5
[INFO] [stderr]    Compiling curve25519-dalek v5.0.0
[INFO] [stderr]     Checking cipher v0.4.4
[INFO] [stderr]     Checking signal-hook-mio v0.2.5
[INFO] [stderr]     Checking http-body-util v0.1.4
[INFO] [stderr]    Compiling cmake v0.1.58
[INFO] [stderr]     Checking string_cache v0.9.0
[INFO] [stderr]     Checking miniz_oxide v0.8.9
[INFO] [stderr]    Compiling nix v0.31.3
[INFO] [stderr]     Checking crypto-common v0.2.2
[INFO] [stderr]     Checking block-buffer v0.12.1
[INFO] [stderr]     Checking block-padding v0.4.2
[INFO] [stderr]     Checking crypto-bigint v0.7.5
[INFO] [stderr]     Checking wnaf v0.14.0
[INFO] [stderr]     Checking inout v0.2.2
[INFO] [stderr]    Compiling web_atoms v0.2.5
[INFO] [stderr]     Checking spki v0.8.0
[INFO] [stderr]     Checking sec1 v0.8.1
[INFO] [stderr]     Checking toml_parser v1.1.3+spec-1.1.0
[INFO] [stderr]     Checking blocking v1.6.2
[INFO] [stderr]     Checking phf v0.13.1
[INFO] [stderr]     Checking async-executor v1.14.0
[INFO] [stderr]     Checking hmac v0.12.1
[INFO] [stderr]     Checking num-iter v0.1.46
[INFO] [stderr]     Checking num-complex v0.4.6
[INFO] [stderr]     Checking num-rational v0.4.2
[INFO] [stderr]     Checking ordered-stream v0.2.0
[INFO] [stderr]     Checking keccak v0.2.1
[INFO] [stderr]    Compiling nix v0.28.0
[INFO] [stderr]     Checking flate2 v1.1.9
[INFO] [stderr]     Checking hkdf v0.12.4
[INFO] [stderr]    Compiling aws-lc-sys v0.44.0
[INFO] [stderr]    Compiling blake3 v1.8.6
[INFO] [stderr]     Checking pkcs1 v0.8.0-rc.4
[INFO] [stderr]     Checking aes v0.8.4
[INFO] [stderr]     Checking num v0.4.3
[INFO] [stderr]     Checking cbc v0.1.2
[INFO] [stderr]     Checking tendril v0.5.1
[INFO] [stderr]     Checking sha2 v0.10.9
[INFO] [stderr]     Checking getrandom v0.2.17
[INFO] [stderr]     Checking digest v0.11.3
[INFO] [stderr]     Checking cipher v0.5.2
[INFO] [stderr]     Checking universal-hash v0.6.1
[INFO] [stderr]     Checking aead v0.6.1
[INFO] [stderr]     Checking hmac v0.13.0
[INFO] [stderr]     Checking polyval v0.7.3
[INFO] [stderr]     Checking sha2 v0.11.0
[INFO] [stderr]     Checking signature v3.0.0
[INFO] [stderr]     Checking sha1 v0.11.0
[INFO] [stderr]     Checking pbkdf2 v0.13.0
[INFO] [stderr]     Checking ghash v0.6.0
[INFO] [stderr]     Checking hkdf v0.13.0
[INFO] [stderr]     Checking poly1305 v0.9.1
[INFO] [stderr]     Checking blake2 v0.11.0-rc.6
[INFO] [stderr]     Checking aes v0.9.2
[INFO] [stderr]     Checking ctr v0.10.1
[INFO] [stderr]     Checking salsa20 v0.11.0
[INFO] [stderr]     Checking cbc v0.2.1
[INFO] [stderr]     Checking chacha20 v0.10.1
[INFO] [stderr]     Checking blowfish v0.10.0
[INFO] [stderr]     Checking argon2 v0.6.0-rc.8
[INFO] [stderr]     Checking bitflags v2.13.1
[INFO] [stderr]     Checking serde_json v1.0.151
[INFO] [stderr]     Checking uuid v1.24.0
[INFO] [stderr]     Checking aes-gcm v0.11.0
[INFO] [stderr]     Checking serde_spanned v1.1.1
[INFO] [stderr]     Checking toml_datetime v1.1.1+spec-1.1.0
[INFO] [stderr]     Checking rand v0.10.2
[INFO] [stderr]     Checking sha3 v0.11.0
[INFO] [stderr]     Checking globset v0.4.20
[INFO] [stderr]     Checking toml v1.1.4+spec-1.1.0
[INFO] [stderr]     Checking kem v0.3.0
[INFO] [stderr]     Checking markup5ever v0.39.0
[INFO] [stderr]     Checking scrypt v0.12.0
[INFO] [stderr]     Checking bcrypt-pbkdf v0.11.0
[INFO] [stderr]     Checking module-lattice v0.2.3
[INFO] [stderr]     Checking keyring-core v1.0.0
[INFO] [stderr]     Checking sponge-cursor v0.1.0
[INFO] [stderr]     Checking dashmap v6.2.1
[INFO] [stderr]     Checking pkcs5 v0.8.1
[INFO] [stderr]     Checking html5ever v0.39.0
[INFO] [stderr]     Checking sha3 v0.12.0
[INFO] [stderr]     Checking serde_bytes v0.11.19
[INFO] [stderr]     Checking generic-array v1.4.4
[INFO] [stderr]     Checking pkcs8 v0.11.0
[INFO] [stderr]     Checking serial2 v0.2.38
[INFO] [stderr]     Checking ml-kem v0.3.2
[INFO] [stderr]     Checking hex-literal v1.1.0
[INFO] [stderr]     Checking internal-russh-num-bigint v0.5.0
[INFO] [stderr]     Checking ed25519 v3.0.0
[INFO] [stderr]     Checking md5 v0.8.1
[INFO] [stderr]     Checking whoami v1.6.1
[INFO] [stderr]     Checking ignore v0.4.33
[INFO] [stderr]     Checking similar v2.7.0
[INFO] [stderr]     Checking nom v7.1.3
[INFO] [stderr]     Checking rand_chacha v0.9.0
[INFO] [stderr]     Checking either v1.17.0
[INFO] [stderr]     Checking castaway v0.2.4
[INFO] [stderr]    Compiling instability v0.3.13
[INFO] [stderr]     Checking compact_str v0.9.1
[INFO] [stderr]    Compiling onig_sys v69.9.3
[INFO] [stderr]     Checking itertools v0.14.0
[INFO] [stderr]     Checking rand v0.9.5
[INFO] [stderr]     Checking lru v0.18.2
[INFO] [stderr]    Compiling indoc v2.0.7
[INFO] [stderr]     Checking critical-section v1.2.0
[INFO] [stderr]     Checking sha1 v0.10.7
[INFO] [stderr]     Checking line-clipping v0.3.8
[INFO] [stderr]     Checking linked-hash-map v0.5.6
[INFO] [stderr]     Checking serde_path_to_error v0.1.20
[INFO] [stderr]     Checking yaml-rust v0.4.5
[INFO] [stderr]    Compiling pulldown-cmark v0.13.4
[INFO] [stderr]     Checking pulldown-cmark-escape v0.11.0
[INFO] [stderr]     Checking unicase v2.9.0
[INFO] [stderr]     Checking matchers v0.2.0
[INFO] [stderr]     Checking regex v1.13.1
[INFO] [stderr]     Checking clap_builder v4.6.6
[INFO] [stderr]     Checking elliptic-curve v0.14.1
[INFO] [stderr]     Checking primefield v0.14.0
[INFO] [stderr]     Checking rfc6979 v0.6.0
[INFO] [stderr]     Checking ssh-encoding v0.3.0
[INFO] [stderr]     Checking crypto-primes v0.7.2
[INFO] [stderr]     Checking primeorder v0.14.0
[INFO] [stderr]     Checking ecdsa v0.17.0
[INFO] [stderr]     Checking ssh-cipher v0.3.0
[INFO] [stderr]     Checking russh-cryptovec v0.62.0
[INFO] [stderr]     Checking unicode-truncate v2.0.1
[INFO] [stderr]     Checking p521 v0.14.0
[INFO] [stderr]     Checking p384 v0.14.0
[INFO] [stderr]     Checking p256 v0.14.0
[INFO] [stderr]     Checking eventsource-stream v0.2.3
[INFO] [stderr]    Compiling serde_derive_internals v0.30.0
[INFO] [stderr]    Compiling darling_core v0.24.0
[INFO] [stderr]     Checking rsa v0.10.0-rc.18
[INFO] [stderr]    Compiling serde_derive v1.0.229
[INFO] [stderr]    Compiling synstructure v0.13.2
[INFO] [stderr]    Compiling thiserror-impl v2.0.20
[INFO] [stderr]    Compiling tokio-macros v2.7.2
[INFO] [stderr]    Compiling displaydoc v0.2.7
[INFO] [stderr]    Compiling ref-cast-impl v1.0.26
[INFO] [stderr]    Compiling schemars_derive v1.2.2
[INFO] [stderr]    Compiling async-trait v0.1.92
[INFO] [stderr]    Compiling serde_repr v0.1.21
[INFO] [stderr]    Compiling clap_derive v4.6.4
[INFO] [stderr]     Checking tokio v1.53.1
[INFO] [stderr]    Compiling tracing-attributes v0.1.31
[INFO] [stderr]    Compiling futures-macro v0.3.33
[INFO] [stderr]    Compiling zerofrom-derive v0.1.7
[INFO] [stderr]    Compiling yoke-derive v0.8.2
[INFO] [stderr]    Compiling zerovec-derive v0.11.3
[INFO] [stderr]    Compiling enumflags2_derive v0.7.12
[INFO] [stderr]    Compiling derive_more-impl v2.1.1
[INFO] [stderr]     Checking futures-util v0.3.33
[INFO] [stderr]     Checking polling v3.11.0
[INFO] [stderr]     Checking thiserror v2.0.20
[INFO] [stderr]    Compiling async-recursion v1.1.1
[INFO] [stderr]     Checking async-io v2.6.0
[INFO] [stderr]    Compiling curve25519-dalek-derive v0.1.1
[INFO] [stderr]     Checking zerofrom v0.1.8
[INFO] [stderr]    Compiling thiserror-impl v1.0.69
[INFO] [stderr]     Checking yoke v0.8.3
[INFO] [stderr]    Compiling delegate v0.13.5
[INFO] [stderr]     Checking tracing v0.1.44
[INFO] [stderr]     Checking async-signal v0.2.14
[INFO] [stderr]     Checking zerovec v0.11.6
[INFO] [stderr]     Checking zerotrie v0.2.4
[INFO] [stderr]    Compiling enum_dispatch v0.3.13
[INFO] [stderr]     Checking derive_more v2.1.1
[INFO] [stderr]     Checking async-process v2.5.0
[INFO] [stderr]     Checking crossterm v0.29.0
[INFO] [stderr]     Checking html2text v0.17.1
[INFO] [stderr]     Checking tempfile v3.27.0
[INFO] [stderr]    Compiling strum_macros v0.28.0
[INFO] [stderr]     Checking kasuari v0.4.12
[INFO] [stderr]     Checking tpi-ui-types v0.1.0 (/opt/rustwide/workdir/crates/tpi-ui-types)
[INFO] [stderr]     Checking tungstenite v0.29.0
[INFO] [stderr]     Checking ed25519-dalek v3.0.0
[INFO] [stderr]     Checking onig v6.5.3
[INFO] [stderr]     Checking thiserror v1.0.69
[INFO] [stderr]     Checking axum-core v0.5.6
[INFO] [stderr]     Checking rusty-fork v0.3.1
[INFO] [stderr]     Checking tracing-subscriber v0.3.23
[INFO] [stderr]     Checking tinystr v0.8.3
[INFO] [stderr]     Checking potential_utf v0.1.5
[INFO] [stderr]     Checking filedescriptor v0.8.3
[INFO] [stderr]     Checking icu_collections v2.2.0
[INFO] [stderr]     Checking clap v4.6.6
[INFO] [stderr]     Checking portable-pty v0.9.0
[INFO] [stderr]     Checking icu_locale_core v2.2.0
[INFO] [stderr]    Compiling serial_test_derive v3.5.0
[INFO] [stderr]     Checking proptest v1.11.0
[INFO] [stderr]     Checking tungstenite v0.30.0
[INFO] [stderr]     Checking serde v1.0.229
[INFO] [stderr]    Compiling darling_macro v0.24.0
[INFO] [stderr]    Compiling darling v0.24.0
[INFO] [stderr]     Checking icu_provider v2.2.0
[INFO] [stderr]     Checking schemars v1.2.2
[INFO] [stderr]     Checking zvariant_utils v3.5.0
[INFO] [stderr]     Checking enumflags2 v0.7.12
[INFO] [stderr]     Checking icu_normalizer v2.2.0
[INFO] [stderr]     Checking icu_properties v2.2.0
[INFO] [stderr]     Checking plist v1.10.0
[INFO] [stderr]     Checking bincode v1.3.3
[INFO] [stderr]     Checking serde_urlencoded v0.7.1
[INFO] [stderr]     Checking tracing-appender v0.2.5
[INFO] [stderr]    Compiling zvariant_derive v5.13.1
[INFO] [stderr]     Checking futures-executor v0.3.33
[INFO] [stderr]     Checking ssh-key v0.7.0-rc.11
[INFO] [stderr]     Checking strum v0.28.0
[INFO] [stderr]     Checking futures v0.3.33
[INFO] [stderr]     Checking tpi-core v0.1.0 (/opt/rustwide/workdir/crates/tpi-core)
[INFO] [stderr]     Checking ratatui-core v0.1.2
[INFO] [stderr]     Checking serial_test v3.5.0
[INFO] [stderr]     Checking syntect v5.3.0
[INFO] [stderr]     Checking idna_adapter v1.2.2
[INFO] [stderr]     Checking idna v1.1.0
[INFO] [stderr]    Compiling zvariant v5.13.1
[INFO] [stderr]     Checking url v2.5.8
[INFO] [stderr]     Checking ratatui-widgets v0.3.2
[INFO] [stderr]     Checking ratatui-crossterm v0.1.2
[INFO] [stderr]     Checking tokio-util v0.7.19
[INFO] [stderr]     Checking tower v0.5.3
[INFO] [stderr]     Checking russh-util v0.52.0
[INFO] [stderr]     Checking russh-config v0.58.0
[INFO] [stderr]     Checking tokio-tungstenite v0.29.0
[INFO] [stderr]     Checking tokio-tungstenite v0.30.0
[INFO] [stderr]     Checking tpi-session v0.1.0 (/opt/rustwide/workdir/crates/tpi-session)
[INFO] [stderr]     Checking tpi-protocol v0.1.0 (/opt/rustwide/workdir/crates/tpi-protocol)
[INFO] [stderr]     Checking tower-http v0.6.11
[INFO] [stderr]     Checking two-face v0.5.2+bat-0.26.1
[INFO] [stderr]     Checking h2 v0.4.15
[INFO] [stderr]     Checking russh-sftp v2.4.0
[INFO] [stderr]     Checking zbus_names v4.3.4
[INFO] [stderr]     Checking ratatui-macros v0.7.2
[INFO] [stderr]     Checking ratatui v0.30.2
[INFO] [stderr]    Compiling zbus_macros v5.18.0
[INFO] [stderr]     Checking zbus v5.18.0
[INFO] [stderr]     Checking hyper v1.11.0
[INFO] [stderr]     Checking hyper-util v0.1.20
[INFO] [stderr]     Checking axum v0.8.9
[INFO] [stderr]     Checking rustls-webpki v0.103.13
[INFO] [stderr]     Checking russh v0.62.6
[INFO] [stderr]     Checking secret-service v5.1.0
[INFO] [stderr]     Checking zbus-secret-service-keyring-store v1.0.0
[INFO] [stderr]     Checking keyring v4.1.6
[INFO] [stderr]     Checking tokio-rustls v0.26.4
[INFO] [stderr]     Checking rustls-platform-verifier v0.7.0
[INFO] [stderr]     Checking hyper-rustls v0.27.9
[INFO] [stderr]     Checking reqwest v0.13.4
[INFO] [stderr]     Checking tpi-config v0.1.0 (/opt/rustwide/workdir/crates/tpi-config)
[INFO] [stderr]     Checking tpi-capabilities v0.1.0 (/opt/rustwide/workdir/crates/tpi-capabilities)
[INFO] [stdout] error[E0599]: no method named `creation_flags` found for mutable reference `&mut tokio::process::Command` in the current scope
[INFO] [stdout]    --> crates/tpi-capabilities/src/process/managed.rs:593:10
[INFO] [stdout]     |
[INFO] [stdout] 588 |     let mut host = tokio::process::Command::new(&exe)
[INFO] [stdout] 589 |         .arg("__process-host")
[INFO] [stdout] 590 |         .stdin(std::process::Stdio::piped())
[INFO] [stdout] 591 |         .stdout(std::process::Stdio::piped())
[INFO] [stdout] 592 |         .stderr(std::process::Stdio::piped())
[INFO] [stdout] 593 |         .creation_flags(super::create_no_window_flag())
[INFO] [stdout]     |          ^^^^^^^^^^^^^^ method not found in `&mut tokio::process::Command`
[INFO] [stdout] 
[INFO] [stdout] 
[INFO] [stdout] error[E0599]: no method named `creation_flags` found for mutable reference `&mut tokio::process::Command` in the current scope
[INFO] [stdout]    --> crates/tpi-capabilities/src/process/managed.rs:593:10
[INFO] [stdout]     |
[INFO] [stdout] 588 |     let mut host = tokio::process::Command::new(&exe)
[INFO] [stdout] 589 |         .arg("__process-host")
[INFO] [stdout] 590 |         .stdin(std::process::Stdio::piped())
[INFO] [stdout] 591 |         .stdout(std::process::Stdio::piped())
[INFO] [stdout] 592 |         .stderr(std::process::Stdio::piped())
[INFO] [stdout] 593 |         .creation_flags(super::create_no_window_flag())
[INFO] [stdout]     |          ^^^^^^^^^^^^^^ method not found in `&mut tokio::process::Command`
[INFO] [stdout] 
[INFO] [stdout] 
[INFO] [stdout] error[E0599]: no method named `creation_flags` found for mutable reference `&mut tokio::process::Command` in the current scope
[INFO] [stdout]    --> crates/tpi-capabilities/src/process/mod.rs:154:10
[INFO] [stdout]     |
[INFO] [stdout] 147 |     let mut host = Command::new(&exe)
[INFO] [stdout] 148 |         .arg("__process-host")
[INFO] [stdout] 149 |         .stdin(std::process::Stdio::piped())
[INFO] [stdout] 150 |         .stdout(std::process::Stdio::piped())
[INFO] [stdout] 151 |         // §PointerHit 12：host 诊断不 inherit（TUI 下会污染终端）——
[INFO] [stdout] 152 |         // 改 piped 由下方 pump 转发到 tracing 日志（§19.2）。
[INFO] [stdout] 153 |         .stderr(std::process::Stdio::piped())
[INFO] [stdout] 154 |         .creation_flags(create_no_window_flag())
[INFO] [stdout]     |          ^^^^^^^^^^^^^^ method not found in `&mut tokio::process::Command`
[INFO] [stdout] 
[INFO] [stdout] 
[INFO] [stdout] error[E0599]: no method named `creation_flags` found for mutable reference `&mut tokio::process::Command` in the current scope
[INFO] [stdout]    --> crates/tpi-capabilities/src/process/mod.rs:154:10
[INFO] [stdout]     |
[INFO] [stdout] 147 |     let mut host = Command::new(&exe)
[INFO] [stdout] 148 |         .arg("__process-host")
[INFO] [stdout] 149 |         .stdin(std::process::Stdio::piped())
[INFO] [stdout] 150 |         .stdout(std::process::Stdio::piped())
[INFO] [stdout] 151 |         // §PointerHit 12：host 诊断不 inherit（TUI 下会污染终端）——
[INFO] [stdout] 152 |         // 改 piped 由下方 pump 转发到 tracing 日志（§19.2）。
[INFO] [stdout] 153 |         .stderr(std::process::Stdio::piped())
[INFO] [stdout] 154 |         .creation_flags(create_no_window_flag())
[INFO] [stdout]     |          ^^^^^^^^^^^^^^ method not found in `&mut tokio::process::Command`
[INFO] [stdout] 
[INFO] [stdout] 
[INFO] [stdout] warning: variable does not need to be mutable
[INFO] [stdout]    --> crates/tpi-capabilities/src/terminal.rs:160:13
[INFO] [stdout]     |
[INFO] [stdout] 160 |         let mut writer = pair
[INFO] [stdout]     |             ----^^^^^^
[INFO] [stdout]     |             |
[INFO] [stdout]     |             help: remove this `mut`
[INFO] [stdout]     |
[INFO] [stdout]     = note: `#[warn(unused_mut)]` (part of `#[warn(unused)]`) on by default
[INFO] [stdout] 
[INFO] [stdout] 
[INFO] [stdout] warning: variable does not need to be mutable
[INFO] [stdout]    --> crates/tpi-capabilities/src/terminal.rs:160:13
[INFO] [stdout]     |
[INFO] [stdout] 160 |         let mut writer = pair
[INFO] [stdout]     |             ----^^^^^^
[INFO] [stdout]     |             |
[INFO] [stdout]     |             help: remove this `mut`
[INFO] [stdout]     |
[INFO] [stdout]     = note: `#[warn(unused_mut)]` (part of `#[warn(unused)]`) on by default
[INFO] [stdout] 
[INFO] [stdout] 
[INFO] [stdout] For more information about this error, try `rustc --explain E0599`.
[INFO] [stdout] 
[INFO] [stderr] error: could not compile `tpi-capabilities` (lib) due to 2 previous errors; 1 warning emitted
[INFO] [stderr] warning: build failed, waiting for other jobs to finish...
[INFO] [stdout] warning: unused variable: `mixed`
[INFO] [stdout]     --> crates/tpi-capabilities/src/tool/mod.rs:1472:13
[INFO] [stdout]      |
[INFO] [stdout] 1472 |         let mixed = resolve_lock_path(&root, "SRC/Main.Rs", true);
[INFO] [stdout]      |             ^^^^^ help: if this is intentional, prefix it with an underscore: `_mixed`
[INFO] [stdout]      |
[INFO] [stdout]      = note: `#[warn(unused_variables)]` (part of `#[warn(unused)]`) on by default
[INFO] [stdout] 
[INFO] [stdout] 
[INFO] [stdout] For more information about this error, try `rustc --explain E0599`.
[INFO] [stdout] 
[INFO] [stderr] error: could not compile `tpi-capabilities` (lib test) due to 2 previous errors; 2 warnings emitted
[INFO] running `Command { std: "docker" "inspect" "364e3b9002f3b794e29fac774f99e87523df982db70d06d93bac596701290bac", kill_on_drop: false }`
[INFO] running `Command { std: "docker" "rm" "-f" "364e3b9002f3b794e29fac774f99e87523df982db70d06d93bac596701290bac", kill_on_drop: false }`
[INFO] [stdout] 364e3b9002f3b794e29fac774f99e87523df982db70d06d93bac596701290bac
