[INFO] cloning repository https://github.com/Tushar27-git/KeyConfig
[INFO] running `Command { std: "git" "-c" "credential.helper=" "-c" "credential.helper=/workspace/cargo-home/bin/git-credential-null" "clone" "--bare" "https://github.com/Tushar27-git/KeyConfig" "/workspace/cache/git-repos/https%3A%2F%2Fgithub.com%2FTushar27-git%2FKeyConfig", kill_on_drop: false }`
[INFO] [stderr] Cloning into bare repository '/workspace/cache/git-repos/https%3A%2F%2Fgithub.com%2FTushar27-git%2FKeyConfig'...
[INFO] running `Command { std: "git" "rev-parse" "HEAD", kill_on_drop: false }`
[INFO] [stdout] 75ebf3b57b01200768279b940919b45365e84650
[INFO] checking Tushar27-git/KeyConfig against 3154cc1a3e6424e44f438a95007d043ed5ceaaf6+rustflags=-Znext-solver=coherence for pr-133502-30
[INFO] running `Command { std: "git" "clone" "/workspace/cache/git-repos/https%3A%2F%2Fgithub.com%2FTushar27-git%2FKeyConfig" "/workspace/builds/worker-1-tc1/source", kill_on_drop: false }`
[INFO] [stderr] Cloning into '/workspace/builds/worker-1-tc1/source'...
[INFO] [stderr] done.
[INFO] started tweaking git repo https://github.com/Tushar27-git/KeyConfig
[INFO] finished tweaking git repo https://github.com/Tushar27-git/KeyConfig
[INFO] tweaked toml for git repo https://github.com/Tushar27-git/KeyConfig written to /workspace/builds/worker-1-tc1/source/Cargo.toml
[INFO] validating manifest of git repo https://github.com/Tushar27-git/KeyConfig on toolchain 3154cc1a3e6424e44f438a95007d043ed5ceaaf6
[INFO] running `Command { std: CARGO_HOME="/workspace/cargo-home" RUSTUP_HOME="/workspace/rustup-home" "/workspace/cargo-home/bin/cargo" "+3154cc1a3e6424e44f438a95007d043ed5ceaaf6" "metadata" "--manifest-path" "Cargo.toml" "--no-deps", kill_on_drop: false }`
[INFO] crate git repo https://github.com/Tushar27-git/KeyConfig already has a lockfile, it will not be regenerated
[INFO] running `Command { std: CARGO_HOME="/workspace/cargo-home" RUSTUP_HOME="/workspace/rustup-home" "/workspace/cargo-home/bin/cargo" "+3154cc1a3e6424e44f438a95007d043ed5ceaaf6" "fetch" "--manifest-path" "Cargo.toml", kill_on_drop: false }`
[INFO] [stderr]     Updating crates.io index
[INFO] [stderr]  Downloading crates ...
[INFO] [stderr]   Downloaded windows-numerics v0.1.1
[INFO] [stderr]   Downloaded windows-core v0.60.1
[INFO] [stderr]   Downloaded windows-strings v0.3.1
[INFO] [stderr]   Downloaded windows-implement v0.59.0
[INFO] [stderr]   Downloaded windows-future v0.1.1
[INFO] [stderr]   Downloaded windows-collections v0.1.1
[INFO] [stderr]   Downloaded hidapi v2.6.7
[INFO] [stderr]   Downloaded immutable-chunkmap v2.1.3
[INFO] [stderr]   Downloaded windows v0.60.0
[INFO] running `Command { std: "docker" "create" "-v" "/var/lib/crater-agent-workspace/builds/worker-1-tc1/source:/opt/rustwide/workdir:ro,Z" "-v" "/var/lib/crater-agent-workspace/builds/worker-1-tc1/target:/opt/rustwide/target:rw,Z" "-v" "/var/lib/crater-agent-workspace/cargo-home:/opt/rustwide/cargo-home:ro,Z" "-v" "/var/lib/crater-agent-workspace/rustup-home:/opt/rustwide/rustup-home:ro,Z" "-m" "1610612736" "--network" "none" "ghcr.io/rust-lang/crates-build-env/linux@sha256:77db811e55d90add9212f6832c23229e3de5f1c1f9905e8cb07319ea15df73ac" "sleep" "infinity", kill_on_drop: false }`
[INFO] [stdout] 1ab0270bcecf28ae81ed1e525e08183fa1e31c9ec6f353e208af07daa2a1b9e6
[INFO] running `Command { std: "docker" "start" "1ab0270bcecf28ae81ed1e525e08183fa1e31c9ec6f353e208af07daa2a1b9e6", kill_on_drop: false }`
[INFO] running `Command { std: "docker" "inspect" "1ab0270bcecf28ae81ed1e525e08183fa1e31c9ec6f353e208af07daa2a1b9e6", kill_on_drop: false }`
[INFO] running `Command { std: "docker" "exec" "-e" "SOURCE_DIR=/opt/rustwide/workdir" "-e" "CARGO_HOME=/opt/rustwide/cargo-home" "-e" "RUSTUP_HOME=/opt/rustwide/rustup-home" "-e" "CARGO_TARGET_DIR=/opt/rustwide/target" "-w" "/opt/rustwide/workdir" "--user" "0:0" "1ab0270bcecf28ae81ed1e525e08183fa1e31c9ec6f353e208af07daa2a1b9e6" "/opt/rustwide/cargo-home/bin/cargo" "+3154cc1a3e6424e44f438a95007d043ed5ceaaf6" "metadata" "--no-deps" "--format-version=1", kill_on_drop: false }`
[INFO] running `Command { std: "docker" "inspect" "1ab0270bcecf28ae81ed1e525e08183fa1e31c9ec6f353e208af07daa2a1b9e6", kill_on_drop: false }`
[INFO] running `Command { std: "docker" "exec" "-e" "SOURCE_DIR=/opt/rustwide/workdir" "-e" "CARGO_HOME=/opt/rustwide/cargo-home" "-e" "RUSTUP_HOME=/opt/rustwide/rustup-home" "-e" "CARGO_TARGET_DIR=/opt/rustwide/target" "-e" "CARGO_INCREMENTAL=0" "-e" "RUST_BACKTRACE=full" "-e" "RUSTFLAGS=--cap-lints=forbid -Znext-solver=coherence" "-e" "RUSTDOCFLAGS=--cap-lints=forbid" "-w" "/opt/rustwide/workdir" "--user" "0:0" "1ab0270bcecf28ae81ed1e525e08183fa1e31c9ec6f353e208af07daa2a1b9e6" "/opt/rustwide/cargo-home/bin/cargo" "+3154cc1a3e6424e44f438a95007d043ed5ceaaf6" "check" "--frozen" "--all" "--all-targets" "--message-format=json", kill_on_drop: false }`
[INFO] [stderr]     Checking bitflags v2.13.1
[INFO] [stderr]    Compiling libc v0.2.189
[INFO] [stderr]    Compiling rustix v1.1.4
[INFO] [stderr]     Checking linux-raw-sys v0.12.1
[INFO] [stderr]     Checking smallvec v1.16.0
[INFO] [stderr]    Compiling pkg-config v0.3.34
[INFO] [stderr]     Checking libloading v0.8.9
[INFO] [stderr]    Compiling find-msvc-tools v0.1.12
[INFO] [stderr]    Compiling winnow v1.0.4
[INFO] [stderr]    Compiling toml_datetime v1.1.1+spec-1.1.0
[INFO] [stderr]    Compiling cfg_aliases v0.2.2
[INFO] [stderr]    Compiling syn v2.0.119
[INFO] [stderr]    Compiling syn v3.0.5
[INFO] [stderr]    Compiling wayland-client v0.31.15
[INFO] [stderr]    Compiling wayland-scanner v0.31.11
[INFO] [stderr]    Compiling serde_core v1.0.229
[INFO] [stderr]     Checking fastrand v2.5.0
[INFO] [stderr]    Compiling cc v1.4.5
[INFO] [stderr]     Checking dlib v0.5.3
[INFO] [stderr]     Checking event-listener-strategy v0.5.4
[INFO] [stderr]     Checking concurrent-queue v2.5.0
[INFO] [stderr]     Checking endi v1.1.1
[INFO] [stderr]    Compiling nix v0.29.0
[INFO] [stderr]     Checking futures-lite v2.6.1
[INFO] [stderr]     Checking piper v0.2.5
[INFO] [stderr]    Compiling async-io v2.6.0
[INFO] [stderr]     Checking async-lock v3.4.2
[INFO] [stderr]     Checking digest v0.10.7
[INFO] [stderr]     Checking async-channel v2.5.0
[INFO] [stderr]     Checking arrayvec v0.7.8
[INFO] [stderr]     Checking async-broadcast v0.7.2
[INFO] [stderr]     Checking ordered-stream v0.2.0
[INFO] [stderr]     Checking sha1 v0.10.7
[INFO] [stderr]    Compiling xml-rs v0.8.29
[INFO] [stderr]     Checking xcursor v0.3.11
[INFO] [stderr]     Checking ab_glyph v0.2.32
[INFO] [stderr]    Compiling wayland-sys v0.31.11
[INFO] [stderr]    Compiling x11-dl v2.21.0
[INFO] [stderr]     Checking blocking v1.7.0
[INFO] [stderr]     Checking async-executor v1.14.0
[INFO] [stderr]     Checking rustix v0.38.44
[INFO] [stderr]     Checking simd-adler32 v0.3.10
[INFO] [stderr]    Compiling num-traits v0.2.19
[INFO] [stderr]     Checking async-fs v2.2.0
[INFO] [stderr]    Compiling crc32fast v1.5.1
[INFO] [stderr]     Checking accesskit v0.17.1
[INFO] [stderr]     Checking windows-link v0.1.3
[INFO] [stderr]     Checking miniz_oxide v0.9.1
[INFO] [stderr]     Checking immutable-chunkmap v2.1.3
[INFO] [stderr]    Compiling winit v0.30.13
[INFO] [stderr]     Checking windows-strings v0.3.1
[INFO] [stderr]     Checking windows-result v0.3.4
[INFO] [stderr]    Compiling toml_parser v1.1.3+spec-1.1.0
[INFO] [stderr]    Compiling gl_generator v0.14.0
[INFO] [stderr]     Checking miniz_oxide v0.8.9
[INFO] [stderr]     Checking flate2 v1.1.10
[INFO] [stderr]     Checking accesskit_consumer v0.26.0
[INFO] [stderr]     Checking fdeflate v0.3.7
[INFO] [stderr]     Checking xkbcommon-dl v0.4.2
[INFO] [stderr]    Compiling smithay-client-toolkit v0.20.0
[INFO] [stderr]     Checking profiling v1.0.18
[INFO] [stderr]     Checking epaint_default_fonts v0.31.1
[INFO] [stderr]     Checking pxfm v0.1.30
[INFO] [stderr]    Compiling glutin v0.32.3
[INFO] [stderr]    Compiling glutin-winit v0.5.0
[INFO] [stderr]    Compiling litrs v1.0.0
[INFO] [stderr]     Checking serde_json v1.0.151
[INFO] [stderr]    Compiling toml_edit v0.25.13+spec-1.1.0
[INFO] [stderr]    Compiling wayland-backend v0.3.17
[INFO] [stderr]     Checking png v0.18.1
[INFO] [stderr]    Compiling hidapi v2.6.7
[INFO] [stderr]     Checking crossbeam-channel v0.5.17
[INFO] [stderr]    Compiling glutin_egl_sys v0.7.1
[INFO] [stderr]    Compiling glutin_glx_sys v0.6.1
[INFO] [stderr]    Compiling document-features v0.2.12
[INFO] [stderr]     Checking getrandom v0.2.17
[INFO] [stderr]     Checking xdg-home v1.3.0
[INFO] [stderr]     Checking getrandom v0.3.4
[INFO] [stderr]     Checking memmap2 v0.9.11
[INFO] [stderr]     Checking parking_lot_core v0.9.12
[INFO] [stderr]    Compiling proc-macro-crate v3.5.0
[INFO] [stderr]     Checking rand_core v0.6.4
[INFO] [stderr]     Checking parking_lot v0.12.5
[INFO] [stderr]     Checking ahash v0.8.12
[INFO] [stderr]     Checking rand_chacha v0.3.1
[INFO] [stderr]     Checking rand v0.8.8
[INFO] [stderr]     Checking moxcms v0.8.1
[INFO] [stderr]    Compiling zvariant_utils v2.1.0
[INFO] [stderr]    Compiling synstructure v0.13.2
[INFO] [stderr]    Compiling serde_derive v1.0.229
[INFO] [stderr]    Compiling bytemuck_derive v1.12.0
[INFO] [stderr]    Compiling zerovec-derive v0.11.6
[INFO] [stderr]    Compiling displaydoc v0.2.7
[INFO] [stderr]    Compiling futures-macro v0.3.34
[INFO] [stderr]    Compiling serde_repr v0.1.21
[INFO] [stderr]    Compiling async-trait v0.1.92
[INFO] [stderr]    Compiling thiserror-impl v2.0.20
[INFO] [stderr]    Compiling enumflags2_derive v0.7.12
[INFO] [stderr]    Compiling zvariant_derive v4.2.0
[INFO] [stderr]    Compiling tracing-attributes v0.1.31
[INFO] [stderr]    Compiling zerofrom-derive v0.1.7
[INFO] [stderr]    Compiling yoke-derive v0.8.2
[INFO] [stderr]    Compiling thiserror-impl v1.0.69
[INFO] [stderr]     Checking futures-util v0.3.34
[INFO] [stderr]    Compiling zbus_macros v4.4.0
[INFO] [stderr]    Compiling windows-interface v0.59.3
[INFO] [stderr]    Compiling windows-implement v0.59.0
[INFO] [stderr]     Checking polling v3.11.0
[INFO] [stderr]     Checking bytemuck v1.25.2
[INFO] [stderr]     Checking gethostname v1.1.0
[INFO] [stderr]     Checking x11rb v0.13.2
[INFO] [stderr]     Checking thiserror v2.0.20
[INFO] [stderr]     Checking windows-core v0.60.1
[INFO] [stderr]     Checking zerofrom v0.1.8
[INFO] [stderr]     Checking tiny-skia-path v0.11.4
[INFO] [stderr]     Checking emath v0.31.1
[INFO] [stderr]     Checking thiserror v1.0.69
[INFO] [stderr]     Checking calloop v0.13.0
[INFO] [stderr]     Checking yoke v0.8.3
[INFO] [stderr]     Checking tracing v0.1.44
[INFO] [stderr]     Checking windows-numerics v0.1.1
[INFO] [stderr]     Checking windows-future v0.1.1
[INFO] [stderr]     Checking windows-collections v0.1.1
[INFO] [stderr]     Checking zerovec v0.11.8
[INFO] [stderr]     Checking zerotrie v0.2.5
[INFO] [stderr]     Checking calloop v0.14.4
[INFO] [stderr]     Checking tracing-subscriber v0.3.23
[INFO] [stderr]     Checking ecolor v0.31.1
[INFO] [stderr]     Checking epaint v0.31.1
[INFO] [stderr]     Checking windows v0.60.0
[INFO] [stderr]     Checking tiny-skia v0.11.4
[INFO] [stderr]     Checking wayland-csd-frame v0.3.0
[INFO] [stderr]     Checking tinystr v0.8.4
[INFO] [stderr]     Checking potential_utf v0.1.6
[INFO] [stderr]     Checking icu_collections v2.3.0
[INFO] [stderr]     Checking icu_locale_core v2.3.0
[INFO] [stderr]     Checking serde v1.0.229
[INFO] [stderr]     Checking egui v0.31.1
[INFO] [stderr]     Checking image v0.25.10
[INFO] [stderr]     Checking enumflags2 v0.7.12
[INFO] [stderr]     Checking quick-xml v0.30.0
[INFO] [stderr]     Checking chrono v0.4.45
[INFO] [stderr]     Checking zvariant v4.2.0
[INFO] [stderr]     Checking icu_provider v2.3.1
[INFO] [stderr]     Checking icu_normalizer v2.3.0
[INFO] [stderr]     Checking icu_properties v2.3.0
[INFO] [stderr]     Checking wayland-protocols v0.32.13
[INFO] [stderr]     Checking wayland-cursor v0.31.14
[INFO] [stderr]     Checking calloop-wayland-source v0.3.0
[INFO] [stderr]     Checking calloop-wayland-source v0.4.1
[INFO] [stderr]     Checking arboard v3.6.1
[INFO] [stderr]     Checking idna_adapter v1.2.2
[INFO] [stderr]     Checking idna v1.1.0
[INFO] [stderr]     Checking url v2.5.8
[INFO] [stderr]     Checking zbus_names v3.0.0
[INFO] [stderr]     Checking webbrowser v1.2.4
[INFO] [stderr]     Checking zbus_xml v4.0.0
[INFO] [stderr]     Checking zbus v4.4.0
[INFO] [stderr]     Checking zbus-lockstep v0.4.4
[INFO] [stderr]     Checking egui_glow v0.31.1
[INFO] [stderr]    Compiling zbus-lockstep-macros v0.4.4
[INFO] [stderr]     Checking wayland-protocols-wlr v0.3.12
[INFO] [stderr]     Checking wayland-protocols-plasma v0.3.12
[INFO] [stderr]     Checking wayland-protocols-experimental v20250721.0.1
[INFO] [stderr]     Checking wayland-protocols-misc v0.3.12
[INFO] [stderr]     Checking smithay-client-toolkit v0.19.2
[INFO] [stderr]     Checking atspi-common v0.6.0
[INFO] [stderr]     Checking sctk-adwaita v0.10.1
[INFO] [stderr]     Checking smithay-clipboard v0.7.3
[INFO] [stderr]     Checking atspi-proxies v0.6.0
[INFO] [stderr]     Checking accesskit_atspi_common v0.10.1
[INFO] [stderr]     Checking atspi-connection v0.6.0
[INFO] [stderr]     Checking atspi v0.22.0
[INFO] [stderr]     Checking accesskit_unix v0.13.1
[INFO] [stderr]     Checking accesskit_winit v0.23.1
[INFO] [stderr]     Checking egui-winit v0.31.1
[INFO] [stderr]     Checking eframe v0.31.1
[INFO] [stderr]     Checking theasus v0.1.0 (/opt/rustwide/workdir)
[INFO] [stdout] error[E0433]: cannot find `Win32` in `windows`
[INFO] [stdout]  --> src/device/identity.rs:2:14
[INFO] [stdout]   |
[INFO] [stdout] 2 | use windows::Win32::Foundation::HANDLE;
[INFO] [stdout]   |              ^^^^^ could not find `Win32` in `windows`
[INFO] [stdout] 
[INFO] [stdout] 
[INFO] [stdout] error[E0433]: cannot find `Win32` in `windows`
[INFO] [stdout]  --> src/device/identity.rs:3:14
[INFO] [stdout]   |
[INFO] [stdout] 3 | use windows::Win32::UI::Input::*;
[INFO] [stdout]   |              ^^^^^ could not find `Win32` in `windows`
[INFO] [stdout] 
[INFO] [stdout] 
[INFO] [stdout] error[E0433]: cannot find `Win32` in `windows`
[INFO] [stdout]   --> src/input/hook.rs:11:14
[INFO] [stdout]    |
[INFO] [stdout] 11 | use windows::Win32::Foundation::{HINSTANCE, LPARAM, LRESULT, WPARAM};
[INFO] [stdout]    |              ^^^^^ could not find `Win32` in `windows`
[INFO] [stdout] 
[INFO] [stdout] 
[INFO] [stdout] error[E0433]: cannot find `Win32` in `windows`
[INFO] [stdout]   --> src/input/hook.rs:12:14
[INFO] [stdout]    |
[INFO] [stdout] 12 | use windows::Win32::System::LibraryLoader::GetModuleHandleW;
[INFO] [stdout]    |              ^^^^^ could not find `Win32` in `windows`
[INFO] [stdout] 
[INFO] [stdout] 
[INFO] [stdout] error[E0433]: cannot find `Win32` in `windows`
[INFO] [stdout]   --> src/input/hook.rs:13:14
[INFO] [stdout]    |
[INFO] [stdout] 13 | use windows::Win32::UI::WindowsAndMessaging::{
[INFO] [stdout]    |              ^^^^^ could not find `Win32` in `windows`
[INFO] [stdout] 
[INFO] [stdout] 
[INFO] [stdout] error[E0433]: cannot find `Win32` in `windows`
[INFO] [stdout]  --> src/input/injector.rs:3:14
[INFO] [stdout]   |
[INFO] [stdout] 3 | use windows::Win32::UI::Input::KeyboardAndMouse::{
[INFO] [stdout]   |              ^^^^^ could not find `Win32` in `windows`
[INFO] [stdout] 
[INFO] [stdout] 
[INFO] [stdout] error[E0433]: cannot find `Win32` in `windows`
[INFO] [stdout]  --> src/device/identity.rs:2:14
[INFO] [stdout]   |
[INFO] [stdout] 2 | use windows::Win32::Foundation::HANDLE;
[INFO] [stdout]   |              ^^^^^ could not find `Win32` in `windows`
[INFO] [stdout] 
[INFO] [stdout] 
[INFO] [stdout] error[E0433]: cannot find `Win32` in `windows`
[INFO] [stdout]  --> src/device/identity.rs:3:14
[INFO] [stdout]   |
[INFO] [stdout] 3 | use windows::Win32::UI::Input::*;
[INFO] [stdout]   |              ^^^^^ could not find `Win32` in `windows`
[INFO] [stdout] 
[INFO] [stdout] 
[INFO] [stdout] error[E0433]: cannot find `Win32` in `windows`
[INFO] [stdout]   --> src/input/hook.rs:11:14
[INFO] [stdout]    |
[INFO] [stdout] 11 | use windows::Win32::Foundation::{HINSTANCE, LPARAM, LRESULT, WPARAM};
[INFO] [stdout]    |              ^^^^^ could not find `Win32` in `windows`
[INFO] [stdout] 
[INFO] [stdout] 
[INFO] [stdout] error[E0433]: cannot find `Win32` in `windows`
[INFO] [stdout]   --> src/input/hook.rs:12:14
[INFO] [stdout]    |
[INFO] [stdout] 12 | use windows::Win32::System::LibraryLoader::GetModuleHandleW;
[INFO] [stdout]    |              ^^^^^ could not find `Win32` in `windows`
[INFO] [stdout] 
[INFO] [stdout] 
[INFO] [stdout] error[E0433]: cannot find `Win32` in `windows`
[INFO] [stdout]   --> src/input/hook.rs:13:14
[INFO] [stdout]    |
[INFO] [stdout] 13 | use windows::Win32::UI::WindowsAndMessaging::{
[INFO] [stdout]    |              ^^^^^ could not find `Win32` in `windows`
[INFO] [stdout] 
[INFO] [stdout] 
[INFO] [stdout] error[E0433]: cannot find `Win32` in `windows`
[INFO] [stdout]  --> src/input/injector.rs:3:14
[INFO] [stdout]   |
[INFO] [stdout] 3 | use windows::Win32::UI::Input::KeyboardAndMouse::{
[INFO] [stdout]   |              ^^^^^ could not find `Win32` in `windows`
[INFO] [stdout] 
[INFO] [stdout] 
[INFO] [stdout] error[E0433]: cannot find `Win32` in `windows`
[INFO] [stdout]  --> src/input/raw_input.rs:5:14
[INFO] [stdout]   |
[INFO] [stdout] 5 | use windows::Win32::Foundation::{HWND, LPARAM, LRESULT, WPARAM};
[INFO] [stdout]   |              ^^^^^ could not find `Win32` in `windows`
[INFO] [stdout] 
[INFO] [stdout] 
[INFO] [stdout] error[E0433]: cannot find `Win32` in `windows`
[INFO] [stdout]  --> src/input/raw_input.rs:6:14
[INFO] [stdout]   |
[INFO] [stdout] 6 | use windows::Win32::Graphics::Gdi::HBRUSH;
[INFO] [stdout]   |              ^^^^^ could not find `Win32` in `windows`
[INFO] [stdout] 
[INFO] [stdout] 
[INFO] [stdout] error[E0433]: cannot find `Win32` in `windows`
[INFO] [stdout]  --> src/input/raw_input.rs:7:14
[INFO] [stdout]   |
[INFO] [stdout] 7 | use windows::Win32::UI::Input::{
[INFO] [stdout]   |              ^^^^^ could not find `Win32` in `windows`
[INFO] [stdout] 
[INFO] [stdout] 
[INFO] [stdout] error[E0433]: cannot find `Win32` in `windows`
[INFO] [stdout]   --> src/input/raw_input.rs:11:14
[INFO] [stdout]    |
[INFO] [stdout] 11 | use windows::Win32::UI::WindowsAndMessaging::{
[INFO] [stdout]    |              ^^^^^ could not find `Win32` in `windows`
[INFO] [stdout] 
[INFO] [stdout] 
[INFO] [stdout] error[E0432]: unresolved import `windows::core`
[INFO] [stdout]  --> src/input/raw_input.rs:4:14
[INFO] [stdout]   |
[INFO] [stdout] 4 | use windows::core::w;
[INFO] [stdout]   |              ^^^^ could not find `core` in `windows`
[INFO] [stdout] 
[INFO] [stdout] 
[INFO] [stdout] error[E0433]: cannot find `Win32` in `windows`
[INFO] [stdout]  --> src/startup/manager.rs:4:14
[INFO] [stdout]   |
[INFO] [stdout] 4 | use windows::Win32::Foundation::{ERROR_FILE_NOT_FOUND, ERROR_SUCCESS};
[INFO] [stdout]   |              ^^^^^ could not find `Win32` in `windows`
[INFO] [stdout] 
[INFO] [stdout] 
[INFO] [stdout] error[E0433]: cannot find `Win32` in `windows`
[INFO] [stdout]  --> src/startup/manager.rs:5:14
[INFO] [stdout]   |
[INFO] [stdout] 5 | use windows::Win32::System::Registry::{
[INFO] [stdout]   |              ^^^^^ could not find `Win32` in `windows`
[INFO] [stdout] 
[INFO] [stdout] 
[INFO] [stdout] error[E0433]: cannot find `windows` in `os`
[INFO] [stdout]  --> src/startup/shortcut.rs:2:14
[INFO] [stdout]   |
[INFO] [stdout] 2 | use std::os::windows::process::CommandExt;
[INFO] [stdout]   |              ^^^^^^^ could not find `windows` in `os`
[INFO] [stdout]   |
[INFO] [stdout] note: found an item that was configured out
[INFO] [stdout]  --> /rustc/3154cc1a3e6424e44f438a95007d043ed5ceaaf6/library/std/src/os/mod.rs:62:4
[INFO] [stdout]   |
[INFO] [stdout]   = note: the item is gated behind the `windows` feature
[INFO] [stdout] 
[INFO] [stdout] 
[INFO] [stdout] error[E0432]: unresolved import `windows::core`
[INFO] [stdout]  --> src/startup/manager.rs:3:14
[INFO] [stdout]   |
[INFO] [stdout] 3 | use windows::core::{w, PCWSTR};
[INFO] [stdout]   |              ^^^^ could not find `core` in `windows`
[INFO] [stdout] 
[INFO] [stdout] 
[INFO] [stdout] error[E0433]: cannot find `Win32` in `windows`
[INFO] [stdout]  --> src/input/raw_input.rs:5:14
[INFO] [stdout]   |
[INFO] [stdout] 5 | use windows::Win32::Foundation::{HWND, LPARAM, LRESULT, WPARAM};
[INFO] [stdout]   |              ^^^^^ could not find `Win32` in `windows`
[INFO] [stdout] 
[INFO] [stdout] 
[INFO] [stdout] error[E0433]: cannot find `Win32` in `windows`
[INFO] [stdout]  --> src/input/raw_input.rs:6:14
[INFO] [stdout]   |
[INFO] [stdout] 6 | use windows::Win32::Graphics::Gdi::HBRUSH;
[INFO] [stdout]   |              ^^^^^ could not find `Win32` in `windows`
[INFO] [stdout] 
[INFO] [stdout] 
[INFO] [stdout] error[E0433]: cannot find `Win32` in `windows`
[INFO] [stdout]  --> src/input/raw_input.rs:7:14
[INFO] [stdout]   |
[INFO] [stdout] 7 | use windows::Win32::UI::Input::{
[INFO] [stdout]   |              ^^^^^ could not find `Win32` in `windows`
[INFO] [stdout] 
[INFO] [stdout] 
[INFO] [stdout] error[E0433]: cannot find `Win32` in `windows`
[INFO] [stdout]   --> src/input/raw_input.rs:11:14
[INFO] [stdout]    |
[INFO] [stdout] 11 | use windows::Win32::UI::WindowsAndMessaging::{
[INFO] [stdout]    |              ^^^^^ could not find `Win32` in `windows`
[INFO] [stdout] 
[INFO] [stdout] 
[INFO] [stdout] error[E0432]: unresolved import `windows::core`
[INFO] [stdout]  --> src/input/raw_input.rs:4:14
[INFO] [stdout]   |
[INFO] [stdout] 4 | use windows::core::w;
[INFO] [stdout]   |              ^^^^ could not find `core` in `windows`
[INFO] [stdout] 
[INFO] [stdout] 
[INFO] [stdout] error[E0433]: cannot find `Win32` in `windows`
[INFO] [stdout]  --> src/startup/manager.rs:4:14
[INFO] [stdout]   |
[INFO] [stdout] 4 | use windows::Win32::Foundation::{ERROR_FILE_NOT_FOUND, ERROR_SUCCESS};
[INFO] [stdout]   |              ^^^^^ could not find `Win32` in `windows`
[INFO] [stdout] 
[INFO] [stdout] 
[INFO] [stdout] error[E0433]: cannot find `Win32` in `windows`
[INFO] [stdout]  --> src/startup/manager.rs:5:14
[INFO] [stdout]   |
[INFO] [stdout] 5 | use windows::Win32::System::Registry::{
[INFO] [stdout]   |              ^^^^^ could not find `Win32` in `windows`
[INFO] [stdout] 
[INFO] [stdout] 
[INFO] [stdout] error[E0433]: cannot find `windows` in `os`
[INFO] [stdout]  --> src/startup/shortcut.rs:2:14
[INFO] [stdout]   |
[INFO] [stdout] 2 | use std::os::windows::process::CommandExt;
[INFO] [stdout]   |              ^^^^^^^ could not find `windows` in `os`
[INFO] [stdout]   |
[INFO] [stdout] note: found an item that was configured out
[INFO] [stdout]  --> /rustc/3154cc1a3e6424e44f438a95007d043ed5ceaaf6/library/std/src/os/mod.rs:62:4
[INFO] [stdout]   |
[INFO] [stdout]   = note: the item is gated behind the `windows` feature
[INFO] [stdout] 
[INFO] [stdout] 
[INFO] [stdout] error[E0432]: unresolved import `windows::core`
[INFO] [stdout]  --> src/startup/manager.rs:3:14
[INFO] [stdout]   |
[INFO] [stdout] 3 | use windows::core::{w, PCWSTR};
[INFO] [stdout]   |              ^^^^ could not find `core` in `windows`
[INFO] [stdout] 
[INFO] [stdout] 
[INFO] [stdout] error[E0433]: cannot find `Win32` in `windows`
[INFO] [stdout]   --> src/input/hook.rs:47:51
[INFO] [stdout]    |
[INFO] [stdout] 47 |                 let thread_id = unsafe { windows::Win32::System::Threading::GetCurrentThreadId() };
[INFO] [stdout]    |                                                   ^^^^^ could not find `Win32` in `windows`
[INFO] [stdout] 
[INFO] [stdout] 
[INFO] [stdout] error[E0433]: cannot find `Win32` in `windows`
[INFO] [stdout]   --> src/input/hook.rs:47:51
[INFO] [stdout]    |
[INFO] [stdout] 47 |                 let thread_id = unsafe { windows::Win32::System::Threading::GetCurrentThreadId() };
[INFO] [stdout]    |                                                   ^^^^^ could not find `Win32` in `windows`
[INFO] [stdout] 
[INFO] [stdout] 
[INFO] [stdout] error[E0433]: cannot find `Win32` in `windows`
[INFO] [stdout]   --> src/input/raw_input.rs:38:51
[INFO] [stdout]    |
[INFO] [stdout] 38 |                 let thread_id = unsafe { windows::Win32::System::Threading::GetCurrentThreadId() };
[INFO] [stdout]    |                                                   ^^^^^ could not find `Win32` in `windows`
[INFO] [stdout] 
[INFO] [stdout] 
[INFO] [stdout] error[E0433]: cannot find `Win32` in `windows`
[INFO] [stdout]   --> src/input/raw_input.rs:38:51
[INFO] [stdout]    |
[INFO] [stdout] 38 |                 let thread_id = unsafe { windows::Win32::System::Threading::GetCurrentThreadId() };
[INFO] [stdout]    |                                                   ^^^^^ could not find `Win32` in `windows`
[INFO] [stdout] 
[INFO] [stdout] 
[INFO] [stdout] error[E0433]: cannot find `Win32` in `windows`
[INFO] [stdout]   --> src/input/raw_input.rs:60:34
[INFO] [stdout]    |
[INFO] [stdout] 60 |                         windows::Win32::UI::WindowsAndMessaging::WINDOW_STYLE(0),
[INFO] [stdout]    |                                  ^^^^^ could not find `Win32` in `windows`
[INFO] [stdout] 
[INFO] [stdout] 
[INFO] [stdout] error[E0433]: cannot find `Win32` in `windows`
[INFO] [stdout]   --> src/input/raw_input.rs:60:34
[INFO] [stdout]    |
[INFO] [stdout] 60 |                         windows::Win32::UI::WindowsAndMessaging::WINDOW_STYLE(0),
[INFO] [stdout]    |                                  ^^^^^ could not find `Win32` in `windows`
[INFO] [stdout] 
[INFO] [stdout] 
[INFO] [stdout] error[E0425]: cannot find value `RIDI_DEVICENAME` in this scope
[INFO] [stdout]   --> src/device/identity.rs:50:17
[INFO] [stdout]    |
[INFO] [stdout] 50 |                 RIDI_DEVICENAME,
[INFO] [stdout]    |                 ^^^^^^^^^^^^^^^ not found in this scope
[INFO] [stdout] 
[INFO] [stdout] 
[INFO] [stdout] error[E0425]: cannot find value `RIDI_DEVICENAME` in this scope
[INFO] [stdout]   --> src/device/identity.rs:62:17
[INFO] [stdout]    |
[INFO] [stdout] 62 |                 RIDI_DEVICENAME,
[INFO] [stdout]    |                 ^^^^^^^^^^^^^^^ not found in this scope
[INFO] [stdout] 
[INFO] [stdout] 
[INFO] [stdout] error[E0425]: cannot find value `RIDI_DEVICENAME` in this scope
[INFO] [stdout]   --> src/device/identity.rs:50:17
[INFO] [stdout]    |
[INFO] [stdout] 50 |                 RIDI_DEVICENAME,
[INFO] [stdout]    |                 ^^^^^^^^^^^^^^^ not found in this scope
[INFO] [stdout] 
[INFO] [stdout] 
[INFO] [stdout] error[E0425]: cannot find value `RIDI_DEVICENAME` in this scope
[INFO] [stdout]   --> src/device/identity.rs:62:17
[INFO] [stdout]    |
[INFO] [stdout] 62 |                 RIDI_DEVICENAME,
[INFO] [stdout]    |                 ^^^^^^^^^^^^^^^ not found in this scope
[INFO] [stdout] 
[INFO] [stdout] 
[INFO] [stdout] error[E0425]: cannot find function, tuple struct or tuple variant `GetRawInputDeviceInfoW` in this scope
[INFO] [stdout]   --> src/device/identity.rs:48:23
[INFO] [stdout]    |
[INFO] [stdout] 48 |             let res = GetRawInputDeviceInfoW(
[INFO] [stdout]    |                       ^^^^^^^^^^^^^^^^^^^^^^ not found in this scope
[INFO] [stdout] 
[INFO] [stdout] 
[INFO] [stdout] error[E0425]: cannot find function, tuple struct or tuple variant `GetRawInputDeviceInfoW` in this scope
[INFO] [stdout]   --> src/device/identity.rs:48:23
[INFO] [stdout]    |
[INFO] [stdout] 48 |             let res = GetRawInputDeviceInfoW(
[INFO] [stdout]    |                       ^^^^^^^^^^^^^^^^^^^^^^ not found in this scope
[INFO] [stdout] 
[INFO] [stdout] 
[INFO] [stdout] error[E0425]: cannot find function, tuple struct or tuple variant `GetRawInputDeviceInfoW` in this scope
[INFO] [stdout]   --> src/device/identity.rs:60:24
[INFO] [stdout]    |
[INFO] [stdout] 60 |             let res2 = GetRawInputDeviceInfoW(
[INFO] [stdout]    |                        ^^^^^^^^^^^^^^^^^^^^^^ not found in this scope
[INFO] [stdout] 
[INFO] [stdout] 
[INFO] [stdout] error[E0425]: cannot find function, tuple struct or tuple variant `GetRawInputDeviceInfoW` in this scope
[INFO] [stdout]   --> src/device/identity.rs:60:24
[INFO] [stdout]    |
[INFO] [stdout] 60 |             let res2 = GetRawInputDeviceInfoW(
[INFO] [stdout]    |                        ^^^^^^^^^^^^^^^^^^^^^^ not found in this scope
[INFO] [stdout] 
[INFO] [stdout] 
[INFO] [stdout] error[E0599]: no method named `creation_flags` found for mutable reference `&mut Command` in the current scope
[INFO] [stdout]   --> src/startup/shortcut.rs:72:14
[INFO] [stdout]    |
[INFO] [stdout] 66 |         let output = Command::new("powershell")
[INFO] [stdout] 67 |             .arg("-NoProfile")
[INFO] [stdout] 68 |             .arg("-ExecutionPolicy")
[INFO] [stdout] 69 |             .arg("Bypass")
[INFO] [stdout] 70 |             .arg("-Command")
[INFO] [stdout] 71 |             .arg(&ps_script)
[INFO] [stdout] 72 |             .creation_flags(CREATE_NO_WINDOW)
[INFO] [stdout]    |              ^^^^^^^^^^^^^^ method not found in `&mut Command`
[INFO] [stdout] 
[INFO] [stdout] 
[INFO] [stdout] error[E0599]: no method named `creation_flags` found for mutable reference `&mut Command` in the current scope
[INFO] [stdout]   --> src/startup/shortcut.rs:72:14
[INFO] [stdout]    |
[INFO] [stdout] 66 |         let output = Command::new("powershell")
[INFO] [stdout] 67 |             .arg("-NoProfile")
[INFO] [stdout] 68 |             .arg("-ExecutionPolicy")
[INFO] [stdout] 69 |             .arg("Bypass")
[INFO] [stdout] 70 |             .arg("-Command")
[INFO] [stdout] 71 |             .arg(&ps_script)
[INFO] [stdout] 72 |             .creation_flags(CREATE_NO_WINDOW)
[INFO] [stdout]    |              ^^^^^^^^^^^^^^ method not found in `&mut Command`
[INFO] [stdout] 
[INFO] [stdout] 
[INFO] [stdout] error[E0599]: no method named `creation_flags` found for mutable reference `&mut Command` in the current scope
[INFO] [stdout]    --> src/startup/shortcut.rs:105:14
[INFO] [stdout]     |
[INFO] [stdout]  96 |         let _ = Command::new("reg")
[INFO] [stdout]  97 |             .arg("add")
[INFO] [stdout]  98 |             .arg(&key)
[INFO] [stdout]  99 |             .arg("/ve")
[INFO] [stdout] 100 |             .arg("/t")
[INFO] [stdout] 101 |             .arg("REG_SZ")
[INFO] [stdout] 102 |             .arg("/d")
[INFO] [stdout] 103 |             .arg(&*exe_str)
[INFO] [stdout] 104 |             .arg("/f")
[INFO] [stdout] 105 |             .creation_flags(CREATE_NO_WINDOW)
[INFO] [stdout]     |              ^^^^^^^^^^^^^^ method not found in `&mut Command`
[INFO] [stdout] 
[INFO] [stdout] 
[INFO] [stdout] error[E0599]: no method named `creation_flags` found for mutable reference `&mut Command` in the current scope
[INFO] [stdout]    --> src/startup/shortcut.rs:105:14
[INFO] [stdout]     |
[INFO] [stdout]  96 |         let _ = Command::new("reg")
[INFO] [stdout]  97 |             .arg("add")
[INFO] [stdout]  98 |             .arg(&key)
[INFO] [stdout]  99 |             .arg("/ve")
[INFO] [stdout] 100 |             .arg("/t")
[INFO] [stdout] 101 |             .arg("REG_SZ")
[INFO] [stdout] 102 |             .arg("/d")
[INFO] [stdout] 103 |             .arg(&*exe_str)
[INFO] [stdout] 104 |             .arg("/f")
[INFO] [stdout] 105 |             .creation_flags(CREATE_NO_WINDOW)
[INFO] [stdout]     |              ^^^^^^^^^^^^^^ method not found in `&mut Command`
[INFO] [stdout] 
[INFO] [stdout] 
[INFO] [stdout] error[E0599]: no method named `creation_flags` found for mutable reference `&mut Command` in the current scope
[INFO] [stdout]    --> src/startup/shortcut.rs:118:14
[INFO] [stdout]     |
[INFO] [stdout] 108 |         let _ = Command::new("reg")
[INFO] [stdout] 109 |             .arg("add")
[INFO] [stdout] 110 |             .arg(&key)
[INFO] [stdout] 111 |             .arg("/v")
[INFO] [stdout] 112 |             .arg("Path")
[INFO] [stdout] 113 |             .arg("/t")
[INFO] [stdout] 114 |             .arg("REG_SZ")
[INFO] [stdout] 115 |             .arg("/d")
[INFO] [stdout] 116 |             .arg(&*work_str)
[INFO] [stdout] 117 |             .arg("/f")
[INFO] [stdout] 118 |             .creation_flags(CREATE_NO_WINDOW)
[INFO] [stdout]     |              ^^^^^^^^^^^^^^ method not found in `&mut Command`
[INFO] [stdout] 
[INFO] [stdout] 
[INFO] [stdout] error[E0599]: no method named `creation_flags` found for mutable reference `&mut Command` in the current scope
[INFO] [stdout]    --> src/startup/shortcut.rs:118:14
[INFO] [stdout]     |
[INFO] [stdout] 108 |         let _ = Command::new("reg")
[INFO] [stdout] 109 |             .arg("add")
[INFO] [stdout] 110 |             .arg(&key)
[INFO] [stdout] 111 |             .arg("/v")
[INFO] [stdout] 112 |             .arg("Path")
[INFO] [stdout] 113 |             .arg("/t")
[INFO] [stdout] 114 |             .arg("REG_SZ")
[INFO] [stdout] 115 |             .arg("/d")
[INFO] [stdout] 116 |             .arg(&*work_str)
[INFO] [stdout] 117 |             .arg("/f")
[INFO] [stdout] 118 |             .creation_flags(CREATE_NO_WINDOW)
[INFO] [stdout]     |              ^^^^^^^^^^^^^^ method not found in `&mut Command`
[INFO] [stdout] 
[INFO] [stdout] 
[INFO] [stdout] error[E0599]: no method named `creation_flags` found for mutable reference `&mut Command` in the current scope
[INFO] [stdout]    --> src/startup/shortcut.rs:141:14
[INFO] [stdout]     |
[INFO] [stdout] 137 |         let _ = Command::new("reg")
[INFO] [stdout] 138 |             .arg("delete")
[INFO] [stdout] 139 |             .arg(r"HKCU\Software\Microsoft\Windows\CurrentVersion\App Paths\theasus.exe")
[INFO] [stdout] 140 |             .arg("/f")
[INFO] [stdout] 141 |             .creation_flags(CREATE_NO_WINDOW)
[INFO] [stdout]     |              ^^^^^^^^^^^^^^ method not found in `&mut Command`
[INFO] [stdout] 
[INFO] [stdout] 
[INFO] [stdout] error[E0599]: no method named `creation_flags` found for mutable reference `&mut Command` in the current scope
[INFO] [stdout]    --> src/startup/shortcut.rs:141:14
[INFO] [stdout]     |
[INFO] [stdout] 137 |         let _ = Command::new("reg")
[INFO] [stdout] 138 |             .arg("delete")
[INFO] [stdout] 139 |             .arg(r"HKCU\Software\Microsoft\Windows\CurrentVersion\App Paths\theasus.exe")
[INFO] [stdout] 140 |             .arg("/f")
[INFO] [stdout] 141 |             .creation_flags(CREATE_NO_WINDOW)
[INFO] [stdout]     |              ^^^^^^^^^^^^^^ method not found in `&mut Command`
[INFO] [stdout] 
[INFO] [stdout] 
[INFO] [stdout] error[E0599]: no method named `creation_flags` found for mutable reference `&mut Command` in the current scope
[INFO] [stdout]    --> src/startup/shortcut.rs:148:14
[INFO] [stdout]     |
[INFO] [stdout] 144 |         let _ = Command::new("reg")
[INFO] [stdout] 145 |             .arg("delete")
[INFO] [stdout] 146 |             .arg(r"HKCU\Software\Microsoft\Windows\CurrentVersion\App Paths\thesus.exe")
[INFO] [stdout] 147 |             .arg("/f")
[INFO] [stdout] 148 |             .creation_flags(CREATE_NO_WINDOW)
[INFO] [stdout]     |              ^^^^^^^^^^^^^^ method not found in `&mut Command`
[INFO] [stdout] 
[INFO] [stdout] 
[INFO] [stdout] error[E0599]: no method named `creation_flags` found for mutable reference `&mut Command` in the current scope
[INFO] [stdout]    --> src/startup/shortcut.rs:148:14
[INFO] [stdout]     |
[INFO] [stdout] 144 |         let _ = Command::new("reg")
[INFO] [stdout] 145 |             .arg("delete")
[INFO] [stdout] 146 |             .arg(r"HKCU\Software\Microsoft\Windows\CurrentVersion\App Paths\thesus.exe")
[INFO] [stdout] 147 |             .arg("/f")
[INFO] [stdout] 148 |             .creation_flags(CREATE_NO_WINDOW)
[INFO] [stdout]     |              ^^^^^^^^^^^^^^ method not found in `&mut Command`
[INFO] [stdout] 
[INFO] [stdout] 
[INFO] [stdout] Some errors have detailed explanations: E0425, E0432, E0433, E0599.
[INFO] [stdout] 
[INFO] [stdout] For more information about an error, try `rustc --explain E0425`.
[INFO] [stdout] 
[INFO] [stderr] error: could not compile `theasus` (lib) due to 27 previous errors
[INFO] [stderr] warning: build failed, waiting for other jobs to finish...
[INFO] [stdout] Some errors have detailed explanations: E0425, E0432, E0433, E0599.
[INFO] [stdout] 
[INFO] [stdout] For more information about an error, try `rustc --explain E0425`.
[INFO] [stdout] 
[INFO] [stderr] error: could not compile `theasus` (lib test) due to 27 previous errors
[INFO] running `Command { std: "docker" "inspect" "1ab0270bcecf28ae81ed1e525e08183fa1e31c9ec6f353e208af07daa2a1b9e6", kill_on_drop: false }`
[INFO] running `Command { std: "docker" "rm" "-f" "1ab0270bcecf28ae81ed1e525e08183fa1e31c9ec6f353e208af07daa2a1b9e6", kill_on_drop: false }`
[INFO] [stdout] 1ab0270bcecf28ae81ed1e525e08183fa1e31c9ec6f353e208af07daa2a1b9e6
