[INFO] cloning repository https://github.com/Troy-LL/ramjob
[INFO] running `Command { std: "git" "-c" "credential.helper=" "-c" "credential.helper=/workspace/cargo-home/bin/git-credential-null" "clone" "--bare" "https://github.com/Troy-LL/ramjob" "/workspace/cache/git-repos/https%3A%2F%2Fgithub.com%2FTroy-LL%2Framjob", kill_on_drop: false }`
[INFO] [stderr] Cloning into bare repository '/workspace/cache/git-repos/https%3A%2F%2Fgithub.com%2FTroy-LL%2Framjob'...
[INFO] running `Command { std: "git" "rev-parse" "HEAD", kill_on_drop: false }`
[INFO] [stdout] 94edd0470041f585e83ba1e4dd8322db996fda57
[INFO] checking Troy-LL/ramjob against 3154cc1a3e6424e44f438a95007d043ed5ceaaf6 for pr-133502-30
[INFO] running `Command { std: "git" "clone" "/workspace/cache/git-repos/https%3A%2F%2Fgithub.com%2FTroy-LL%2Framjob" "/workspace/builds/worker-7-tc2/source", kill_on_drop: false }`
[INFO] [stderr] Cloning into '/workspace/builds/worker-7-tc2/source'...
[INFO] [stderr] done.
[INFO] started tweaking git repo https://github.com/Troy-LL/ramjob
[INFO] finished tweaking git repo https://github.com/Troy-LL/ramjob
[INFO] tweaked toml for git repo https://github.com/Troy-LL/ramjob written to /workspace/builds/worker-7-tc2/source/Cargo.toml
[INFO] validating manifest of git repo https://github.com/Troy-LL/ramjob on toolchain 3154cc1a3e6424e44f438a95007d043ed5ceaaf6
[INFO] running `Command { std: CARGO_HOME="/workspace/cargo-home" RUSTUP_HOME="/workspace/rustup-home" "/workspace/cargo-home/bin/cargo" "+3154cc1a3e6424e44f438a95007d043ed5ceaaf6" "metadata" "--manifest-path" "Cargo.toml" "--no-deps", kill_on_drop: false }`
[INFO] crate git repo https://github.com/Troy-LL/ramjob already has a lockfile, it will not be regenerated
[INFO] running `Command { std: CARGO_HOME="/workspace/cargo-home" RUSTUP_HOME="/workspace/rustup-home" "/workspace/cargo-home/bin/cargo" "+3154cc1a3e6424e44f438a95007d043ed5ceaaf6" "fetch" "--manifest-path" "Cargo.toml", kill_on_drop: false }`
[INFO] running `Command { std: "docker" "create" "-v" "/var/lib/crater-agent-workspace/builds/worker-7-tc2/source:/opt/rustwide/workdir:ro,Z" "-v" "/var/lib/crater-agent-workspace/builds/worker-7-tc2/target:/opt/rustwide/target:rw,Z" "-v" "/var/lib/crater-agent-workspace/cargo-home:/opt/rustwide/cargo-home:ro,Z" "-v" "/var/lib/crater-agent-workspace/rustup-home:/opt/rustwide/rustup-home:ro,Z" "-m" "1610612736" "--network" "none" "ghcr.io/rust-lang/crates-build-env/linux@sha256:77db811e55d90add9212f6832c23229e3de5f1c1f9905e8cb07319ea15df73ac" "sleep" "infinity", kill_on_drop: false }`
[INFO] [stdout] 2a22e349774aa329051f65c10be103049b0259ff934b85e72877d8204bb2a74c
[INFO] running `Command { std: "docker" "start" "2a22e349774aa329051f65c10be103049b0259ff934b85e72877d8204bb2a74c", kill_on_drop: false }`
[INFO] running `Command { std: "docker" "inspect" "2a22e349774aa329051f65c10be103049b0259ff934b85e72877d8204bb2a74c", kill_on_drop: false }`
[INFO] running `Command { std: "docker" "exec" "-e" "SOURCE_DIR=/opt/rustwide/workdir" "-e" "CARGO_HOME=/opt/rustwide/cargo-home" "-e" "RUSTUP_HOME=/opt/rustwide/rustup-home" "-e" "CARGO_TARGET_DIR=/opt/rustwide/target" "-w" "/opt/rustwide/workdir" "--user" "0:0" "2a22e349774aa329051f65c10be103049b0259ff934b85e72877d8204bb2a74c" "/opt/rustwide/cargo-home/bin/cargo" "+3154cc1a3e6424e44f438a95007d043ed5ceaaf6" "metadata" "--no-deps" "--format-version=1", kill_on_drop: false }`
[INFO] running `Command { std: "docker" "inspect" "2a22e349774aa329051f65c10be103049b0259ff934b85e72877d8204bb2a74c", kill_on_drop: false }`
[INFO] running `Command { std: "docker" "exec" "-e" "SOURCE_DIR=/opt/rustwide/workdir" "-e" "CARGO_HOME=/opt/rustwide/cargo-home" "-e" "RUSTUP_HOME=/opt/rustwide/rustup-home" "-e" "CARGO_TARGET_DIR=/opt/rustwide/target" "-e" "CARGO_INCREMENTAL=0" "-e" "RUST_BACKTRACE=full" "-e" "RUSTFLAGS=--cap-lints=forbid" "-e" "RUSTDOCFLAGS=--cap-lints=forbid" "-w" "/opt/rustwide/workdir" "--user" "0:0" "2a22e349774aa329051f65c10be103049b0259ff934b85e72877d8204bb2a74c" "/opt/rustwide/cargo-home/bin/cargo" "+3154cc1a3e6424e44f438a95007d043ed5ceaaf6" "check" "--frozen" "--all" "--all-targets" "--message-format=json", kill_on_drop: false }`
[INFO] [stderr]    Compiling syn v3.0.3
[INFO] [stderr]     Checking futures-core v0.3.33
[INFO] [stderr]    Compiling zerovec-derive v0.11.3
[INFO] [stderr]    Compiling displaydoc v0.2.6
[INFO] [stderr]    Compiling futures-macro v0.3.33
[INFO] [stderr]    Compiling web_atoms v0.2.5
[INFO] [stderr]    Compiling toml_parser v1.1.2+spec-1.1.0
[INFO] [stderr]    Compiling serde_with_macros v3.21.0
[INFO] [stderr]    Compiling windows_x86_64_gnu v0.52.6
[INFO] [stderr]    Compiling uuid v1.24.0
[INFO] [stderr]    Compiling aho-corasick v1.1.4
[INFO] [stderr]    Compiling camino v1.2.4
[INFO] [stderr]    Compiling cssparser v0.36.0
[INFO] [stderr]    Compiling time v0.3.54
[INFO] [stderr]    Compiling http v1.4.2
[INFO] [stderr]    Compiling windows-interface v0.58.0
[INFO] [stderr]     Checking futures-channel v0.3.33
[INFO] [stderr]     Checking windows-targets v0.52.6
[INFO] [stderr]     Checking windows-result v0.2.0
[INFO] [stderr]     Checking windows-strings v0.1.0
[INFO] [stderr]    Compiling windows-implement v0.58.0
[INFO] [stderr]    Compiling cfb v0.7.3
[INFO] [stderr]    Compiling zerotrie v0.2.4
[INFO] [stderr]     Checking futures-util v0.3.33
[INFO] [stderr]    Compiling toml v1.1.3+spec-1.1.0
[INFO] [stderr]    Compiling selectors v0.36.1
[INFO] [stderr]    Compiling toml v0.9.12+spec-1.1.0
[INFO] [stderr]     Checking windows-core v0.58.0
[INFO] [stderr]     Checking regex-automata v0.4.16
[INFO] [stderr]    Compiling serde_with v3.21.0
[INFO] [stderr]    Compiling infer v0.19.0
[INFO] [stderr]    Compiling zerovec v0.11.6
[INFO] [stderr]    Compiling markup5ever v0.38.0
[INFO] [stderr]     Checking windows v0.58.0
[INFO] [stderr]    Compiling html5ever v0.38.0
[INFO] [stderr]    Compiling embed-resource v3.0.11
[INFO] [stderr]     Checking tinystr v0.8.3
[INFO] [stderr]     Checking potential_utf v0.1.5
[INFO] [stderr]     Checking icu_locale_core v2.2.0
[INFO] [stderr]     Checking icu_collections v2.2.0
[INFO] [stderr]    Compiling tauri-winres v0.3.6
[INFO] [stderr]    Compiling dom_query v0.27.0
[INFO] [stderr]     Checking cookie v0.18.1
[INFO] [stderr]     Checking libloading v0.7.4
[INFO] [stderr]     Checking dbus v0.9.12
[INFO] [stderr]    Compiling ico v0.5.0
[INFO] [stderr]     Checking png v0.18.1
[INFO] [stderr]     Checking ramjob-hog v0.1.0 (/opt/rustwide/workdir/crates/ramjob-hog)
[INFO] [stderr]     Checking icu_provider v2.2.0
[INFO] [stderr]    Compiling serde_derive v1.0.229
[INFO] [stderr]    Compiling thiserror-impl v2.0.19
[INFO] [stderr]    Compiling serde_repr v0.1.21
[INFO] [stderr]     Checking icu_normalizer v2.2.0
[INFO] [stderr]     Checking icu_properties v2.2.0
[INFO] [stderr]     Checking regex v1.13.1
[INFO] [stderr]     Checking futures-executor v0.3.33
[INFO] [stderr]    Compiling thiserror v2.0.19
[INFO] [stderr]     Checking idna_adapter v1.2.2
[INFO] [stderr]     Checking idna v1.1.0
[INFO] [stderr]    Compiling serde v1.0.229
[INFO] [stderr]     Checking serde_spanned v0.6.9
[INFO] [stderr]     Checking toml_datetime v0.6.11
[INFO] [stderr]     Checking dpi v0.1.2
[INFO] [stderr]     Checking url v2.5.8
[INFO] [stderr]     Checking jsonptr v0.6.3
[INFO] [stderr]     Checking plist v1.10.0
[INFO] [stderr]     Checking keyboard-types v0.7.0
[INFO] [stderr]     Checking serialize-to-javascript v0.1.2
[INFO] [stderr]     Checking json-patch v3.0.1
[INFO] [stderr]     Checking toml_edit v0.22.27
[INFO] [stderr]    Compiling cargo-platform v0.1.9
[INFO] [stderr]    Compiling indexmap v1.9.3
[INFO] [stderr]    Compiling cargo_toml v0.22.3
[INFO] [stderr]    Compiling toml_edit v0.20.7
[INFO] [stderr]    Compiling toml_edit v0.19.15
[INFO] [stderr]    Compiling cargo_metadata v0.19.2
[INFO] [stderr]     Checking urlpattern v0.3.0
[INFO] [stderr]    Compiling schemars v0.8.22
[INFO] [stderr]     Checking tauri-utils v2.9.3
[INFO] [stderr]     Checking toml v0.8.23
[INFO] [stderr]     Checking ramjob-core v0.1.0 (/opt/rustwide/workdir/crates/ramjob-core)
[INFO] [stdout] error[E0433]: cannot find `Win32` in `windows`
[INFO] [stdout]  --> crates/ramjob-core/src/autostart.rs:6:14
[INFO] [stdout]   |
[INFO] [stdout] 6 | use windows::Win32::Foundation::ERROR_FILE_NOT_FOUND;
[INFO] [stdout]   |              ^^^^^ could not find `Win32` in `windows`
[INFO] [stdout] 
[INFO] [stdout] 
[INFO] [stdout] error[E0433]: cannot find `Win32` in `windows`
[INFO] [stdout]  --> crates/ramjob-core/src/autostart.rs:7:14
[INFO] [stdout]   |
[INFO] [stdout] 7 | use windows::Win32::System::Registry::{
[INFO] [stdout]   |              ^^^^^ could not find `Win32` in `windows`
[INFO] [stdout] 
[INFO] [stdout] 
[INFO] [stdout] error[E0433]: cannot find `Win32` in `windows`
[INFO] [stdout]  --> crates/ramjob-core/src/autostart.rs:6:14
[INFO] [stdout]   |
[INFO] [stdout] 6 | use windows::Win32::Foundation::ERROR_FILE_NOT_FOUND;
[INFO] [stdout]   |              ^^^^^ could not find `Win32` in `windows`
[INFO] [stdout] 
[INFO] [stdout] 
[INFO] [stdout] error[E0433]: cannot find `Win32` in `windows`
[INFO] [stdout]  --> crates/ramjob-core/src/autostart.rs:7:14
[INFO] [stdout]   |
[INFO] [stdout] 7 | use windows::Win32::System::Registry::{
[INFO] [stdout]   |              ^^^^^ could not find `Win32` in `windows`
[INFO] [stdout] 
[INFO] [stdout] 
[INFO] [stdout] error[E0432]: unresolved import `windows::core`
[INFO] [stdout]  --> crates/ramjob-core/src/autostart.rs:5:14
[INFO] [stdout]   |
[INFO] [stdout] 5 | use windows::core::PCWSTR;
[INFO] [stdout]   |              ^^^^ could not find `core` in `windows`
[INFO] [stdout] 
[INFO] [stdout] 
[INFO] [stdout] error[E0433]: cannot find `Win32` in `windows`
[INFO] [stdout]  --> crates/ramjob-core/src/budget.rs:3:14
[INFO] [stdout]   |
[INFO] [stdout] 3 | use windows::Win32::System::ProcessStatus::{GetProcessMemoryInfo, PROCESS_MEMORY_COUNTERS_EX};
[INFO] [stdout]   |              ^^^^^ could not find `Win32` in `windows`
[INFO] [stdout] 
[INFO] [stdout] 
[INFO] [stdout] error[E0433]: cannot find `Win32` in `windows`
[INFO] [stdout]  --> crates/ramjob-core/src/budget.rs:4:14
[INFO] [stdout]   |
[INFO] [stdout] 4 | use windows::Win32::System::Threading::GetCurrentProcess;
[INFO] [stdout]   |              ^^^^^ could not find `Win32` in `windows`
[INFO] [stdout] 
[INFO] [stdout] 
[INFO] [stdout] error[E0433]: cannot find `Win32` in `windows`
[INFO] [stdout]  --> crates/ramjob-core/src/job_backstop/mock.rs:6:14
[INFO] [stdout]   |
[INFO] [stdout] 6 | use windows::Win32::Foundation::HANDLE;
[INFO] [stdout]   |              ^^^^^ could not find `Win32` in `windows`
[INFO] [stdout] 
[INFO] [stdout] 
[INFO] [stdout] error[E0433]: cannot find `Win32` in `windows`
[INFO] [stdout]  --> crates/ramjob-core/src/job_backstop/mock.rs:7:14
[INFO] [stdout]   |
[INFO] [stdout] 7 | use windows::Win32::System::JobObjects::JOB_OBJECT_LIMIT_JOB_MEMORY;
[INFO] [stdout]   |              ^^^^^ could not find `Win32` in `windows`
[INFO] [stdout] 
[INFO] [stdout] 
[INFO] [stdout] error[E0433]: cannot find `Win32` in `windows`
[INFO] [stdout]   --> crates/ramjob-core/src/job_backstop.rs:10:14
[INFO] [stdout]    |
[INFO] [stdout] 10 | use windows::Win32::Foundation::{CloseHandle, HANDLE};
[INFO] [stdout]    |              ^^^^^ could not find `Win32` in `windows`
[INFO] [stdout] 
[INFO] [stdout] 
[INFO] [stdout] error[E0433]: cannot find `Win32` in `windows`
[INFO] [stdout]   --> crates/ramjob-core/src/job_backstop.rs:11:14
[INFO] [stdout]    |
[INFO] [stdout] 11 | use windows::Win32::System::JobObjects::{
[INFO] [stdout]    |              ^^^^^ could not find `Win32` in `windows`
[INFO] [stdout] 
[INFO] [stdout] 
[INFO] [stdout] error[E0433]: cannot find `Win32` in `windows`
[INFO] [stdout]   --> crates/ramjob-core/src/job_backstop.rs:17:14
[INFO] [stdout]    |
[INFO] [stdout] 17 | use windows::Win32::System::Threading::{
[INFO] [stdout]    |              ^^^^^ could not find `Win32` in `windows`
[INFO] [stdout] 
[INFO] [stdout] 
[INFO] [stdout] error[E0432]: unresolved import `crate::win_reg`
[INFO] [stdout]   --> crates/ramjob-core/src/autostart.rs:12:12
[INFO] [stdout]    |
[INFO] [stdout] 12 | use crate::win_reg::{query_value_buf, query_value_size, reg_status, wide, RegKey};
[INFO] [stdout]    |            ^^^^^^^ could not find `win_reg` in the crate root
[INFO] [stdout]    |
[INFO] [stdout] note: found an item that was configured out
[INFO] [stdout]   --> crates/ramjob-core/src/lib.rs:26:16
[INFO] [stdout]    |
[INFO] [stdout] 25 | #[cfg(windows)]
[INFO] [stdout]    |       ------- the item is gated here
[INFO] [stdout] 26 | pub(crate) mod win_reg;
[INFO] [stdout]    |                ^^^^^^^
[INFO] [stdout] 
[INFO] [stdout] 
[INFO] [stdout] error[E0433]: cannot find `Win32` in `windows`
[INFO] [stdout]   --> crates/ramjob-core/src/discovery/etw.rs:14:14
[INFO] [stdout]    |
[INFO] [stdout] 14 | use windows::Win32::Foundation::{ERROR_ALREADY_EXISTS, ERROR_SUCCESS};
[INFO] [stdout]    |              ^^^^^ could not find `Win32` in `windows`
[INFO] [stdout] 
[INFO] [stdout] 
[INFO] [stdout] error[E0433]: cannot find `Win32` in `windows`
[INFO] [stdout]   --> crates/ramjob-core/src/discovery/etw.rs:15:14
[INFO] [stdout]    |
[INFO] [stdout] 15 | use windows::Win32::System::Diagnostics::Etw::{
[INFO] [stdout]    |              ^^^^^ could not find `Win32` in `windows`
[INFO] [stdout] 
[INFO] [stdout] 
[INFO] [stdout] error[E0433]: cannot find `Win32` in `windows`
[INFO] [stdout]   --> crates/ramjob-core/src/discovery/etw.rs:22:14
[INFO] [stdout]    |
[INFO] [stdout] 22 | use windows::Win32::System::Diagnostics::Etw::{EVENT_RECORD, EVENT_TRACE_LOGFILEW};
[INFO] [stdout]    |              ^^^^^ could not find `Win32` in `windows`
[INFO] [stdout] 
[INFO] [stdout] 
[INFO] [stdout] error[E0433]: cannot find `Win32` in `windows`
[INFO] [stdout]   --> crates/ramjob-core/src/discovery/etw.rs:23:14
[INFO] [stdout]    |
[INFO] [stdout] 23 | use windows::Win32::System::Threading::GetCurrentProcessId;
[INFO] [stdout]    |              ^^^^^ could not find `Win32` in `windows`
[INFO] [stdout] 
[INFO] [stdout] 
[INFO] [stdout] error[E0432]: unresolved import `windows::core`
[INFO] [stdout]   --> crates/ramjob-core/src/discovery/etw.rs:13:14
[INFO] [stdout]    |
[INFO] [stdout] 13 | use windows::core::GUID;
[INFO] [stdout]    |              ^^^^ could not find `core` in `windows`
[INFO] [stdout] 
[INFO] [stdout] 
[INFO] [stdout] error[E0433]: cannot find `Win32` in `windows`
[INFO] [stdout]   --> crates/ramjob-core/src/discovery/wmi.rs:15:14
[INFO] [stdout]    |
[INFO] [stdout] 15 | use windows::Win32::Foundation::{S_FALSE, S_OK};
[INFO] [stdout]    |              ^^^^^ could not find `Win32` in `windows`
[INFO] [stdout] 
[INFO] [stdout] 
[INFO] [stdout] error[E0433]: cannot find `Win32` in `windows`
[INFO] [stdout]   --> crates/ramjob-core/src/discovery/wmi.rs:16:14
[INFO] [stdout]    |
[INFO] [stdout] 16 | use windows::Win32::System::Com::{
[INFO] [stdout]    |              ^^^^^ could not find `Win32` in `windows`
[INFO] [stdout] 
[INFO] [stdout] 
[INFO] [stdout] error[E0433]: cannot find `Win32` in `windows`
[INFO] [stdout]   --> crates/ramjob-core/src/discovery/wmi.rs:19:14
[INFO] [stdout]    |
[INFO] [stdout] 19 | use windows::Win32::System::Wmi::{
[INFO] [stdout]    |              ^^^^^ could not find `Win32` in `windows`
[INFO] [stdout] 
[INFO] [stdout] 
[INFO] [stdout] error[E0433]: cannot find `Win32` in `windows`
[INFO] [stdout]  --> crates/ramjob-core/src/enforcer.rs:7:14
[INFO] [stdout]   |
[INFO] [stdout] 7 | use windows::Win32::Foundation::{CloseHandle, BOOL, HWND, LPARAM};
[INFO] [stdout]   |              ^^^^^ could not find `Win32` in `windows`
[INFO] [stdout] 
[INFO] [stdout] 
[INFO] [stdout] error[E0433]: cannot find `Win32` in `windows`
[INFO] [stdout]  --> crates/ramjob-core/src/enforcer.rs:8:14
[INFO] [stdout]   |
[INFO] [stdout] 8 | use windows::Win32::System::Memory::{
[INFO] [stdout]   |              ^^^^^ could not find `Win32` in `windows`
[INFO] [stdout] 
[INFO] [stdout] 
[INFO] [stdout] error[E0433]: cannot find `Win32` in `windows`
[INFO] [stdout]   --> crates/ramjob-core/src/enforcer.rs:11:14
[INFO] [stdout]    |
[INFO] [stdout] 11 | use windows::Win32::System::ProcessStatus::EmptyWorkingSet;
[INFO] [stdout]    |              ^^^^^ could not find `Win32` in `windows`
[INFO] [stdout] 
[INFO] [stdout] 
[INFO] [stdout] error[E0433]: cannot find `Win32` in `windows`
[INFO] [stdout]   --> crates/ramjob-core/src/enforcer.rs:12:14
[INFO] [stdout]    |
[INFO] [stdout] 12 | use windows::Win32::System::Threading::{
[INFO] [stdout]    |              ^^^^^ could not find `Win32` in `windows`
[INFO] [stdout] 
[INFO] [stdout] 
[INFO] [stdout] error[E0433]: cannot find `Win32` in `windows`
[INFO] [stdout]   --> crates/ramjob-core/src/enforcer.rs:15:14
[INFO] [stdout]    |
[INFO] [stdout] 15 | use windows::Win32::UI::WindowsAndMessaging::{
[INFO] [stdout]    |              ^^^^^ could not find `Win32` in `windows`
[INFO] [stdout] 
[INFO] [stdout] 
[INFO] [stdout] error[E0433]: cannot find `Win32` in `windows`
[INFO] [stdout]  --> crates/ramjob-core/src/gate.rs:6:14
[INFO] [stdout]   |
[INFO] [stdout] 6 | use windows::Win32::System::SystemInformation::{GlobalMemoryStatusEx, MEMORYSTATUSEX};
[INFO] [stdout]   |              ^^^^^ could not find `Win32` in `windows`
[INFO] [stdout] 
[INFO] [stdout] 
[INFO] [stdout] error[E0433]: cannot find `Win32` in `windows`
[INFO] [stdout]   --> crates/ramjob-core/src/pressure.rs:49:22
[INFO] [stdout]    |
[INFO] [stdout] 49 |         use windows::Win32::System::Memory::{
[INFO] [stdout]    |                      ^^^^^ could not find `Win32` in `windows`
[INFO] [stdout] 
[INFO] [stdout] 
[INFO] [stdout] error[E0433]: cannot find `Win32` in `windows`
[INFO] [stdout]   --> crates/ramjob-core/src/pressure.rs:69:22
[INFO] [stdout]    |
[INFO] [stdout] 69 |         use windows::Win32::Foundation::BOOL;
[INFO] [stdout]    |                      ^^^^^ could not find `Win32` in `windows`
[INFO] [stdout] 
[INFO] [stdout] 
[INFO] [stdout] error[E0433]: cannot find `Win32` in `windows`
[INFO] [stdout]   --> crates/ramjob-core/src/pressure.rs:70:22
[INFO] [stdout]    |
[INFO] [stdout] 70 |         use windows::Win32::System::Memory::QueryMemoryResourceNotification;
[INFO] [stdout]    |                      ^^^^^ could not find `Win32` in `windows`
[INFO] [stdout] 
[INFO] [stdout] 
[INFO] [stdout] error[E0433]: cannot find `Wdk` in `windows`
[INFO] [stdout]  --> crates/ramjob-core/src/scanner.rs:6:14
[INFO] [stdout]   |
[INFO] [stdout] 6 | use windows::Wdk::System::SystemInformation::{
[INFO] [stdout]   |              ^^^ could not find `Wdk` in `windows`
[INFO] [stdout] 
[INFO] [stdout] 
[INFO] [stdout] error[E0433]: cannot find `Win32` in `windows`
[INFO] [stdout]  --> crates/ramjob-core/src/scanner.rs:9:14
[INFO] [stdout]   |
[INFO] [stdout] 9 | use windows::Win32::Foundation::{
[INFO] [stdout]   |              ^^^^^ could not find `Win32` in `windows`
[INFO] [stdout] 
[INFO] [stdout] 
[INFO] [stdout] error[E0433]: cannot find `Win32` in `windows`
[INFO] [stdout]   --> crates/ramjob-core/src/scanner.rs:13:14
[INFO] [stdout]    |
[INFO] [stdout] 13 | use windows::Win32::System::Threading::{
[INFO] [stdout]    |              ^^^^^ could not find `Win32` in `windows`
[INFO] [stdout] 
[INFO] [stdout] 
[INFO] [stdout] error[E0432]: unresolved import `windows::core`
[INFO] [stdout]   --> crates/ramjob-core/src/discovery/wmi.rs:14:14
[INFO] [stdout]    |
[INFO] [stdout] 14 | use windows::core::{BSTR, HRESULT, IUnknown, Interface, VARIANT};
[INFO] [stdout]    |              ^^^^ could not find `core` in `windows`
[INFO] [stdout] 
[INFO] [stdout] 
[INFO] [stdout] error[E0432]: unresolved import `windows::core`
[INFO] [stdout]  --> crates/ramjob-core/src/autostart.rs:5:14
[INFO] [stdout]   |
[INFO] [stdout] 5 | use windows::core::PCWSTR;
[INFO] [stdout]   |              ^^^^ could not find `core` in `windows`
[INFO] [stdout] 
[INFO] [stdout] 
[INFO] [stdout] error[E0433]: cannot find `Win32` in `windows`
[INFO] [stdout]  --> crates/ramjob-core/src/budget.rs:3:14
[INFO] [stdout]   |
[INFO] [stdout] 3 | use windows::Win32::System::ProcessStatus::{GetProcessMemoryInfo, PROCESS_MEMORY_COUNTERS_EX};
[INFO] [stdout]   |              ^^^^^ could not find `Win32` in `windows`
[INFO] [stdout] 
[INFO] [stdout] 
[INFO] [stdout] error[E0433]: cannot find `Win32` in `windows`
[INFO] [stdout]  --> crates/ramjob-core/src/budget.rs:4:14
[INFO] [stdout]   |
[INFO] [stdout] 4 | use windows::Win32::System::Threading::GetCurrentProcess;
[INFO] [stdout]   |              ^^^^^ could not find `Win32` in `windows`
[INFO] [stdout] 
[INFO] [stdout] 
[INFO] [stdout] error[E0433]: cannot find `Win32` in `windows`
[INFO] [stdout]  --> crates/ramjob-core/src/job_backstop/mock.rs:6:14
[INFO] [stdout]   |
[INFO] [stdout] 6 | use windows::Win32::Foundation::HANDLE;
[INFO] [stdout]   |              ^^^^^ could not find `Win32` in `windows`
[INFO] [stdout] 
[INFO] [stdout] 
[INFO] [stdout] error[E0433]: cannot find `Win32` in `windows`
[INFO] [stdout]  --> crates/ramjob-core/src/job_backstop/mock.rs:7:14
[INFO] [stdout]   |
[INFO] [stdout] 7 | use windows::Win32::System::JobObjects::JOB_OBJECT_LIMIT_JOB_MEMORY;
[INFO] [stdout]   |              ^^^^^ could not find `Win32` in `windows`
[INFO] [stdout] 
[INFO] [stdout] 
[INFO] [stdout] error[E0433]: cannot find `Win32` in `windows`
[INFO] [stdout]   --> crates/ramjob-core/src/job_backstop.rs:10:14
[INFO] [stdout]    |
[INFO] [stdout] 10 | use windows::Win32::Foundation::{CloseHandle, HANDLE};
[INFO] [stdout]    |              ^^^^^ could not find `Win32` in `windows`
[INFO] [stdout] 
[INFO] [stdout] 
[INFO] [stdout] error[E0433]: cannot find `Win32` in `windows`
[INFO] [stdout]   --> crates/ramjob-core/src/job_backstop.rs:11:14
[INFO] [stdout]    |
[INFO] [stdout] 11 | use windows::Win32::System::JobObjects::{
[INFO] [stdout]    |              ^^^^^ could not find `Win32` in `windows`
[INFO] [stdout] 
[INFO] [stdout] 
[INFO] [stdout] error[E0433]: cannot find `Win32` in `windows`
[INFO] [stdout]   --> crates/ramjob-core/src/job_backstop.rs:17:14
[INFO] [stdout]    |
[INFO] [stdout] 17 | use windows::Win32::System::Threading::{
[INFO] [stdout]    |              ^^^^^ could not find `Win32` in `windows`
[INFO] [stdout] 
[INFO] [stdout] 
[INFO] [stdout] error[E0432]: unresolved import `crate::win_reg`
[INFO] [stdout]   --> crates/ramjob-core/src/autostart.rs:12:12
[INFO] [stdout]    |
[INFO] [stdout] 12 | use crate::win_reg::{query_value_buf, query_value_size, reg_status, wide, RegKey};
[INFO] [stdout]    |            ^^^^^^^ could not find `win_reg` in the crate root
[INFO] [stdout]    |
[INFO] [stdout] note: found an item that was configured out
[INFO] [stdout]   --> crates/ramjob-core/src/lib.rs:26:16
[INFO] [stdout]    |
[INFO] [stdout] 25 | #[cfg(windows)]
[INFO] [stdout]    |       ------- the item is gated here
[INFO] [stdout] 26 | pub(crate) mod win_reg;
[INFO] [stdout]    |                ^^^^^^^
[INFO] [stdout] 
[INFO] [stdout] 
[INFO] [stdout] error[E0433]: cannot find `Win32` in `windows`
[INFO] [stdout]   --> crates/ramjob-core/src/discovery/etw.rs:14:14
[INFO] [stdout]    |
[INFO] [stdout] 14 | use windows::Win32::Foundation::{ERROR_ALREADY_EXISTS, ERROR_SUCCESS};
[INFO] [stdout]    |              ^^^^^ could not find `Win32` in `windows`
[INFO] [stdout] 
[INFO] [stdout] 
[INFO] [stdout] error[E0433]: cannot find `Win32` in `windows`
[INFO] [stdout]   --> crates/ramjob-core/src/discovery/etw.rs:15:14
[INFO] [stdout]    |
[INFO] [stdout] 15 | use windows::Win32::System::Diagnostics::Etw::{
[INFO] [stdout]    |              ^^^^^ could not find `Win32` in `windows`
[INFO] [stdout] 
[INFO] [stdout] 
[INFO] [stdout] error[E0433]: cannot find `Win32` in `windows`
[INFO] [stdout]   --> crates/ramjob-core/src/discovery/etw.rs:22:14
[INFO] [stdout]    |
[INFO] [stdout] 22 | use windows::Win32::System::Diagnostics::Etw::{EVENT_RECORD, EVENT_TRACE_LOGFILEW};
[INFO] [stdout]    |              ^^^^^ could not find `Win32` in `windows`
[INFO] [stdout] 
[INFO] [stdout] 
[INFO] [stdout] error[E0433]: cannot find `Win32` in `windows`
[INFO] [stdout]   --> crates/ramjob-core/src/discovery/etw.rs:23:14
[INFO] [stdout]    |
[INFO] [stdout] 23 | use windows::Win32::System::Threading::GetCurrentProcessId;
[INFO] [stdout]    |              ^^^^^ could not find `Win32` in `windows`
[INFO] [stdout] 
[INFO] [stdout] 
[INFO] [stdout] error[E0433]: cannot find `Win32` in `windows`
[INFO] [stdout]    --> crates/ramjob-core/src/discovery/etw.rs:369:18
[INFO] [stdout]     |
[INFO] [stdout] 369 |     use windows::Win32::System::Diagnostics::Etw::EVENT_HEADER;
[INFO] [stdout]     |                  ^^^^^ could not find `Win32` in `windows`
[INFO] [stdout] 
[INFO] [stdout] 
[INFO] [stdout] error[E0432]: unresolved import `windows::core`
[INFO] [stdout]   --> crates/ramjob-core/src/discovery/etw.rs:13:14
[INFO] [stdout]    |
[INFO] [stdout] 13 | use windows::core::GUID;
[INFO] [stdout]    |              ^^^^ could not find `core` in `windows`
[INFO] [stdout] 
[INFO] [stdout] 
[INFO] [stdout] error[E0433]: cannot find `Win32` in `windows`
[INFO] [stdout]   --> crates/ramjob-core/src/discovery/wmi.rs:15:14
[INFO] [stdout]    |
[INFO] [stdout] 15 | use windows::Win32::Foundation::{S_FALSE, S_OK};
[INFO] [stdout]    |              ^^^^^ could not find `Win32` in `windows`
[INFO] [stdout] 
[INFO] [stdout] 
[INFO] [stdout] error[E0433]: cannot find `Win32` in `windows`
[INFO] [stdout]   --> crates/ramjob-core/src/discovery/wmi.rs:16:14
[INFO] [stdout]    |
[INFO] [stdout] 16 | use windows::Win32::System::Com::{
[INFO] [stdout]    |              ^^^^^ could not find `Win32` in `windows`
[INFO] [stdout] 
[INFO] [stdout] 
[INFO] [stdout] error[E0433]: cannot find `Win32` in `windows`
[INFO] [stdout]   --> crates/ramjob-core/src/discovery/wmi.rs:19:14
[INFO] [stdout]    |
[INFO] [stdout] 19 | use windows::Win32::System::Wmi::{
[INFO] [stdout]    |              ^^^^^ could not find `Win32` in `windows`
[INFO] [stdout] 
[INFO] [stdout] 
[INFO] [stdout] error[E0433]: cannot find `Win32` in `windows`
[INFO] [stdout]  --> crates/ramjob-core/src/enforcer.rs:7:14
[INFO] [stdout]   |
[INFO] [stdout] 7 | use windows::Win32::Foundation::{CloseHandle, BOOL, HWND, LPARAM};
[INFO] [stdout]   |              ^^^^^ could not find `Win32` in `windows`
[INFO] [stdout] 
[INFO] [stdout] 
[INFO] [stdout] error[E0433]: cannot find `Win32` in `windows`
[INFO] [stdout]  --> crates/ramjob-core/src/enforcer.rs:8:14
[INFO] [stdout]   |
[INFO] [stdout] 8 | use windows::Win32::System::Memory::{
[INFO] [stdout]   |              ^^^^^ could not find `Win32` in `windows`
[INFO] [stdout] 
[INFO] [stdout] 
[INFO] [stdout] error[E0433]: cannot find `Win32` in `windows`
[INFO] [stdout]   --> crates/ramjob-core/src/enforcer.rs:11:14
[INFO] [stdout]    |
[INFO] [stdout] 11 | use windows::Win32::System::ProcessStatus::EmptyWorkingSet;
[INFO] [stdout]    |              ^^^^^ could not find `Win32` in `windows`
[INFO] [stdout] 
[INFO] [stdout] 
[INFO] [stdout] error[E0433]: cannot find `Win32` in `windows`
[INFO] [stdout]   --> crates/ramjob-core/src/enforcer.rs:12:14
[INFO] [stdout]    |
[INFO] [stdout] 12 | use windows::Win32::System::Threading::{
[INFO] [stdout]    |              ^^^^^ could not find `Win32` in `windows`
[INFO] [stdout] 
[INFO] [stdout] 
[INFO] [stdout] error[E0433]: cannot find `Win32` in `windows`
[INFO] [stdout]   --> crates/ramjob-core/src/enforcer.rs:15:14
[INFO] [stdout]    |
[INFO] [stdout] 15 | use windows::Win32::UI::WindowsAndMessaging::{
[INFO] [stdout]    |              ^^^^^ could not find `Win32` in `windows`
[INFO] [stdout] 
[INFO] [stdout] 
[INFO] [stdout] error[E0433]: cannot find `Win32` in `windows`
[INFO] [stdout]  --> crates/ramjob-core/src/gate.rs:6:14
[INFO] [stdout]   |
[INFO] [stdout] 6 | use windows::Win32::System::SystemInformation::{GlobalMemoryStatusEx, MEMORYSTATUSEX};
[INFO] [stdout]   |              ^^^^^ could not find `Win32` in `windows`
[INFO] [stdout] 
[INFO] [stdout] 
[INFO] [stdout] error[E0433]: cannot find `Win32` in `windows`
[INFO] [stdout]   --> crates/ramjob-core/src/pressure.rs:49:22
[INFO] [stdout]    |
[INFO] [stdout] 49 |         use windows::Win32::System::Memory::{
[INFO] [stdout]    |                      ^^^^^ could not find `Win32` in `windows`
[INFO] [stdout] 
[INFO] [stdout] 
[INFO] [stdout] error[E0433]: cannot find `Win32` in `windows`
[INFO] [stdout]   --> crates/ramjob-core/src/pressure.rs:69:22
[INFO] [stdout]    |
[INFO] [stdout] 69 |         use windows::Win32::Foundation::BOOL;
[INFO] [stdout]    |                      ^^^^^ could not find `Win32` in `windows`
[INFO] [stdout] 
[INFO] [stdout] 
[INFO] [stdout] error[E0433]: cannot find `Win32` in `windows`
[INFO] [stdout]   --> crates/ramjob-core/src/pressure.rs:70:22
[INFO] [stdout]    |
[INFO] [stdout] 70 |         use windows::Win32::System::Memory::QueryMemoryResourceNotification;
[INFO] [stdout]    |                      ^^^^^ could not find `Win32` in `windows`
[INFO] [stdout] 
[INFO] [stdout] 
[INFO] [stdout] error[E0433]: cannot find `Wdk` in `windows`
[INFO] [stdout]  --> crates/ramjob-core/src/scanner.rs:6:14
[INFO] [stdout]   |
[INFO] [stdout] 6 | use windows::Wdk::System::SystemInformation::{
[INFO] [stdout]   |              ^^^ could not find `Wdk` in `windows`
[INFO] [stdout] 
[INFO] [stdout] 
[INFO] [stdout] error[E0433]: cannot find `Win32` in `windows`
[INFO] [stdout]  --> crates/ramjob-core/src/scanner.rs:9:14
[INFO] [stdout]   |
[INFO] [stdout] 9 | use windows::Win32::Foundation::{
[INFO] [stdout]   |              ^^^^^ could not find `Win32` in `windows`
[INFO] [stdout] 
[INFO] [stdout] 
[INFO] [stdout] error[E0433]: cannot find `Win32` in `windows`
[INFO] [stdout]   --> crates/ramjob-core/src/scanner.rs:13:14
[INFO] [stdout]    |
[INFO] [stdout] 13 | use windows::Win32::System::Threading::{
[INFO] [stdout]    |              ^^^^^ could not find `Win32` in `windows`
[INFO] [stdout] 
[INFO] [stdout] 
[INFO] [stdout] error[E0433]: cannot find `Win32` in `windows`
[INFO] [stdout]    --> crates/ramjob-core/src/scanner.rs:219:18
[INFO] [stdout]     |
[INFO] [stdout] 219 |     use windows::Win32::System::Threading::GetCurrentProcessId;
[INFO] [stdout]     |                  ^^^^^ could not find `Win32` in `windows`
[INFO] [stdout] 
[INFO] [stdout] 
[INFO] [stdout] error[E0432]: unresolved import `windows::core`
[INFO] [stdout]   --> crates/ramjob-core/src/discovery/wmi.rs:14:14
[INFO] [stdout]    |
[INFO] [stdout] 14 | use windows::core::{BSTR, HRESULT, IUnknown, Interface, VARIANT};
[INFO] [stdout]    |              ^^^^ could not find `core` in `windows`
[INFO] [stdout] 
[INFO] [stdout] 
[INFO] [stdout] error[E0433]: cannot find `Win32` in `windows`
[INFO] [stdout]    --> crates/ramjob-core/src/autostart.rs:125:22
[INFO] [stdout]     |
[INFO] [stdout] 125 |     access: windows::Win32::System::Registry::REG_SAM_FLAGS,
[INFO] [stdout]     |                      ^^^^^ could not find `Win32` in `windows`
[INFO] [stdout]     |
[INFO] [stdout] help: there is an enum variant `crate::autostart::AutostartError::Registry`; try using the variant's enum
[INFO] [stdout]     |
[INFO] [stdout] 125 -     access: windows::Win32::System::Registry::REG_SAM_FLAGS,
[INFO] [stdout] 125 +     access: crate::autostart::AutostartError::REG_SAM_FLAGS,
[INFO] [stdout]     |
[INFO] [stdout] 
[INFO] [stdout] 
[INFO] [stdout] error[E0433]: cannot find `Win32` in `windows`
[INFO] [stdout]    --> crates/ramjob-core/src/autostart.rs:202:22
[INFO] [stdout]     |
[INFO] [stdout] 202 |     status: windows::Win32::Foundation::WIN32_ERROR,
[INFO] [stdout]     |                      ^^^^^ could not find `Win32` in `windows`
[INFO] [stdout] 
[INFO] [stdout] 
[INFO] [stdout] error[E0433]: cannot find `Win32` in `windows`
[INFO] [stdout]    --> crates/ramjob-core/src/autostart.rs:125:22
[INFO] [stdout]     |
[INFO] [stdout] 125 |     access: windows::Win32::System::Registry::REG_SAM_FLAGS,
[INFO] [stdout]     |                      ^^^^^ could not find `Win32` in `windows`
[INFO] [stdout]     |
[INFO] [stdout] help: there is an enum variant `crate::autostart::AutostartError::Registry`; try using the variant's enum
[INFO] [stdout]     |
[INFO] [stdout] 125 -     access: windows::Win32::System::Registry::REG_SAM_FLAGS,
[INFO] [stdout] 125 +     access: crate::autostart::AutostartError::REG_SAM_FLAGS,
[INFO] [stdout]     |
[INFO] [stdout] 
[INFO] [stdout] 
[INFO] [stdout] error[E0433]: cannot find `core` in `windows`
[INFO] [stdout]   --> crates/ramjob-core/src/budget.rs:16:51
[INFO] [stdout]    |
[INFO] [stdout] 16 | pub fn sample_own_working_set_bytes() -> windows::core::Result<u64> {
[INFO] [stdout]    |                                                   ^^^^ could not find `core` in `windows`
[INFO] [stdout] 
[INFO] [stdout] 
[INFO] [stdout] error[E0433]: cannot find `Win32` in `windows`
[INFO] [stdout]    --> crates/ramjob-core/src/autostart.rs:202:22
[INFO] [stdout]     |
[INFO] [stdout] 202 |     status: windows::Win32::Foundation::WIN32_ERROR,
[INFO] [stdout]     |                      ^^^^^ could not find `Win32` in `windows`
[INFO] [stdout] 
[INFO] [stdout] 
[INFO] [stdout] error[E0433]: cannot find `core` in `windows`
[INFO] [stdout]    --> crates/ramjob-core/src/job_backstop.rs:228:45
[INFO] [stdout]     |
[INFO] [stdout] 228 |             CreateJobObjectW(None, windows::core::PCWSTR::null())
[INFO] [stdout]     |                                             ^^^^ could not find `core` in `windows`
[INFO] [stdout] 
[INFO] [stdout] 
[INFO] [stdout] error[E0433]: cannot find `core` in `windows`
[INFO] [stdout]   --> crates/ramjob-core/src/budget.rs:16:51
[INFO] [stdout]    |
[INFO] [stdout] 16 | pub fn sample_own_working_set_bytes() -> windows::core::Result<u64> {
[INFO] [stdout]    |                                                   ^^^^ could not find `core` in `windows`
[INFO] [stdout] 
[INFO] [stdout] 
[INFO] [stdout] error[E0433]: cannot find `core` in `windows`
[INFO] [stdout]   --> crates/ramjob-core/src/discovery/etw.rs:83:26
[INFO] [stdout]    |
[INFO] [stdout] 83 |                 windows::core::PCWSTR(self.logger_name.as_ptr()),
[INFO] [stdout]    |                          ^^^^ could not find `core` in `windows`
[INFO] [stdout] 
[INFO] [stdout] 
[INFO] [stdout] error[E0433]: cannot find `core` in `windows`
[INFO] [stdout]    --> crates/ramjob-core/src/discovery/etw.rs:170:22
[INFO] [stdout]     |
[INFO] [stdout] 170 |             windows::core::PCWSTR(name_ptr),
[INFO] [stdout]     |                      ^^^^ could not find `core` in `windows`
[INFO] [stdout] 
[INFO] [stdout] 
[INFO] [stdout] error[E0433]: cannot find `core` in `windows`
[INFO] [stdout]    --> crates/ramjob-core/src/job_backstop.rs:228:45
[INFO] [stdout]     |
[INFO] [stdout] 228 |             CreateJobObjectW(None, windows::core::PCWSTR::null())
[INFO] [stdout]     |                                             ^^^^ could not find `core` in `windows`
[INFO] [stdout] 
[INFO] [stdout] 
[INFO] [stdout] error[E0433]: cannot find `core` in `windows`
[INFO] [stdout]    --> crates/ramjob-core/src/discovery/etw.rs:177:26
[INFO] [stdout]     |
[INFO] [stdout] 177 |                 windows::core::PCWSTR(name_ptr),
[INFO] [stdout]     |                          ^^^^ could not find `core` in `windows`
[INFO] [stdout] 
[INFO] [stdout] 
[INFO] [stdout] error[E0433]: cannot find `core` in `windows`
[INFO] [stdout]    --> crates/ramjob-core/src/discovery/etw.rs:181:65
[INFO] [stdout]     |
[INFO] [stdout] 181 |             let retry = StartTraceW(&mut trace_handle, windows::core::PCWSTR(name_ptr), properties);
[INFO] [stdout]     |                                                                 ^^^^ could not find `core` in `windows`
[INFO] [stdout] 
[INFO] [stdout] 
[INFO] [stdout] error[E0433]: cannot find `core` in `windows`
[INFO] [stdout]    --> crates/ramjob-core/src/discovery/etw.rs:208:26
[INFO] [stdout]     |
[INFO] [stdout] 208 |                 windows::core::PCWSTR(name_ptr),
[INFO] [stdout]     |                          ^^^^ could not find `core` in `windows`
[INFO] [stdout] 
[INFO] [stdout] 
[INFO] [stdout] error[E0433]: cannot find `core` in `windows`
[INFO] [stdout]    --> crates/ramjob-core/src/discovery/etw.rs:268:39
[INFO] [stdout]     |
[INFO] [stdout] 268 |         logfile.LoggerName = windows::core::PWSTR(logger_name.as_ptr() as *mut u16);
[INFO] [stdout]     |                                       ^^^^ could not find `core` in `windows`
[INFO] [stdout] 
[INFO] [stdout] 
[INFO] [stdout] error[E0433]: cannot find `Win32` in `windows`
[INFO] [stdout]    --> crates/ramjob-core/src/discovery/etw.rs:278:32
[INFO] [stdout]     |
[INFO] [stdout] 278 |                 code: windows::Win32::Foundation::GetLastError().0,
[INFO] [stdout]     |                                ^^^^^ could not find `Win32` in `windows`
[INFO] [stdout] 
[INFO] [stdout] 
[INFO] [stdout] error[E0433]: cannot find `Win32` in `windows`
[INFO] [stdout]    --> crates/ramjob-core/src/discovery/wmi.rs:332:22
[INFO] [stdout]     |
[INFO] [stdout] 332 |     props: &windows::Win32::System::Wmi::ISWbemPropertySet,
[INFO] [stdout]     |                      ^^^^^ could not find `Win32` in `windows`
[INFO] [stdout]     |
[INFO] [stdout] help: there is an enum variant `crate::discovery::DiscoveryMode::Wmi`; try using the variant's enum
[INFO] [stdout]     |
[INFO] [stdout] 332 -     props: &windows::Win32::System::Wmi::ISWbemPropertySet,
[INFO] [stdout] 332 +     props: &crate::discovery::DiscoveryMode::ISWbemPropertySet,
[INFO] [stdout]     |
[INFO] [stdout] 
[INFO] [stdout] 
[INFO] [stdout] error[E0433]: cannot find `core` in `windows`
[INFO] [stdout]   --> crates/ramjob-core/src/discovery/etw.rs:83:26
[INFO] [stdout]    |
[INFO] [stdout] 83 |                 windows::core::PCWSTR(self.logger_name.as_ptr()),
[INFO] [stdout]    |                          ^^^^ could not find `core` in `windows`
[INFO] [stdout] 
[INFO] [stdout] 
[INFO] [stdout] error[E0433]: cannot find `core` in `windows`
[INFO] [stdout]    --> crates/ramjob-core/src/discovery/etw.rs:170:22
[INFO] [stdout]     |
[INFO] [stdout] 170 |             windows::core::PCWSTR(name_ptr),
[INFO] [stdout]     |                      ^^^^ could not find `core` in `windows`
[INFO] [stdout] 
[INFO] [stdout] 
[INFO] [stdout] error[E0433]: cannot find `Win32` in `windows`
[INFO] [stdout]    --> crates/ramjob-core/src/discovery/wmi.rs:342:42
[INFO] [stdout]     |
[INFO] [stdout] 342 | fn property_create_time(props: &windows::Win32::System::Wmi::ISWbemPropertySet) -> Option<i64> {
[INFO] [stdout]     |                                          ^^^^^ could not find `Win32` in `windows`
[INFO] [stdout]     |
[INFO] [stdout] help: there is an enum variant `crate::discovery::DiscoveryMode::Wmi`; try using the variant's enum
[INFO] [stdout]     |
[INFO] [stdout] 342 - fn property_create_time(props: &windows::Win32::System::Wmi::ISWbemPropertySet) -> Option<i64> {
[INFO] [stdout] 342 + fn property_create_time(props: &crate::discovery::DiscoveryMode::ISWbemPropertySet) -> Option<i64> {
[INFO] [stdout]     |
[INFO] [stdout] 
[INFO] [stdout] 
[INFO] [stdout] error[E0433]: cannot find `core` in `windows`
[INFO] [stdout]    --> crates/ramjob-core/src/discovery/etw.rs:177:26
[INFO] [stdout]     |
[INFO] [stdout] 177 |                 windows::core::PCWSTR(name_ptr),
[INFO] [stdout]     |                          ^^^^ could not find `core` in `windows`
[INFO] [stdout] 
[INFO] [stdout] 
[INFO] [stdout] error[E0433]: cannot find `core` in `windows`
[INFO] [stdout]    --> crates/ramjob-core/src/discovery/etw.rs:181:65
[INFO] [stdout]     |
[INFO] [stdout] 181 |             let retry = StartTraceW(&mut trace_handle, windows::core::PCWSTR(name_ptr), properties);
[INFO] [stdout]     |                                                                 ^^^^ could not find `core` in `windows`
[INFO] [stdout] 
[INFO] [stdout] 
[INFO] [stdout] error[E0433]: cannot find `core` in `windows`
[INFO] [stdout]    --> crates/ramjob-core/src/discovery/etw.rs:208:26
[INFO] [stdout]     |
[INFO] [stdout] 208 |                 windows::core::PCWSTR(name_ptr),
[INFO] [stdout]     |                          ^^^^ could not find `core` in `windows`
[INFO] [stdout] 
[INFO] [stdout] 
[INFO] [stdout] error[E0433]: cannot find `core` in `windows`
[INFO] [stdout]    --> crates/ramjob-core/src/discovery/etw.rs:268:39
[INFO] [stdout]     |
[INFO] [stdout] 268 |         logfile.LoggerName = windows::core::PWSTR(logger_name.as_ptr() as *mut u16);
[INFO] [stdout]     |                                       ^^^^ could not find `core` in `windows`
[INFO] [stdout] 
[INFO] [stdout] 
[INFO] [stdout] error[E0433]: cannot find `Win32` in `windows`
[INFO] [stdout]    --> crates/ramjob-core/src/discovery/etw.rs:278:32
[INFO] [stdout]     |
[INFO] [stdout] 278 |                 code: windows::Win32::Foundation::GetLastError().0,
[INFO] [stdout]     |                                ^^^^^ could not find `Win32` in `windows`
[INFO] [stdout] 
[INFO] [stdout] 
[INFO] [stdout] error[E0433]: cannot find `Win32` in `windows`
[INFO] [stdout]    --> crates/ramjob-core/src/discovery/etw.rs:379:39
[INFO] [stdout]     |
[INFO] [stdout] 379 |             EventDescriptor: windows::Win32::System::Diagnostics::Etw::EVENT_DESCRIPTOR {
[INFO] [stdout]     |                                       ^^^^^ could not find `Win32` in `windows`
[INFO] [stdout]     |
[INFO] [stdout] help: there is an enum variant `crate::runtime::tests::DiscoveryMode::Etw`; try using the variant's enum
[INFO] [stdout]     |
[INFO] [stdout] 379 -             EventDescriptor: windows::Win32::System::Diagnostics::Etw::EVENT_DESCRIPTOR {
[INFO] [stdout] 379 +             EventDescriptor: crate::runtime::tests::DiscoveryMode::EVENT_DESCRIPTOR {
[INFO] [stdout]     |
[INFO] [stdout] 
[INFO] [stdout] 
[INFO] [stdout] error[E0433]: cannot find `Win32` in `windows`
[INFO] [stdout]   --> crates/ramjob-core/src/pressure.rs:35:19
[INFO] [stdout]    |
[INFO] [stdout] 35 |     low: windows::Win32::Foundation::HANDLE,
[INFO] [stdout]    |                   ^^^^^ could not find `Win32` in `windows`
[INFO] [stdout] 
[INFO] [stdout] 
[INFO] [stdout] error[E0433]: cannot find `Win32` in `windows`
[INFO] [stdout]    --> crates/ramjob-core/src/discovery/wmi.rs:332:22
[INFO] [stdout]     |
[INFO] [stdout] 332 |     props: &windows::Win32::System::Wmi::ISWbemPropertySet,
[INFO] [stdout]     |                      ^^^^^ could not find `Win32` in `windows`
[INFO] [stdout]     |
[INFO] [stdout] help: there is an enum variant `crate::runtime::tests::DiscoveryMode::Wmi`; try using the variant's enum
[INFO] [stdout]     |
[INFO] [stdout] 332 -     props: &windows::Win32::System::Wmi::ISWbemPropertySet,
[INFO] [stdout] 332 +     props: &crate::runtime::tests::DiscoveryMode::ISWbemPropertySet,
[INFO] [stdout]     |
[INFO] [stdout] 
[INFO] [stdout] 
[INFO] [stdout] error[E0433]: cannot find `Win32` in `windows`
[INFO] [stdout]    --> crates/ramjob-core/src/discovery/wmi.rs:342:42
[INFO] [stdout]     |
[INFO] [stdout] 342 | fn property_create_time(props: &windows::Win32::System::Wmi::ISWbemPropertySet) -> Option<i64> {
[INFO] [stdout]     |                                          ^^^^^ could not find `Win32` in `windows`
[INFO] [stdout]     |
[INFO] [stdout] help: there is an enum variant `crate::runtime::tests::DiscoveryMode::Wmi`; try using the variant's enum
[INFO] [stdout]     |
[INFO] [stdout] 342 - fn property_create_time(props: &windows::Win32::System::Wmi::ISWbemPropertySet) -> Option<i64> {
[INFO] [stdout] 342 + fn property_create_time(props: &crate::runtime::tests::DiscoveryMode::ISWbemPropertySet) -> Option<i64> {
[INFO] [stdout]     |
[INFO] [stdout] 
[INFO] [stdout] 
[INFO] [stdout] error[E0433]: cannot find `Win32` in `windows`
[INFO] [stdout]   --> crates/ramjob-core/src/pressure.rs:35:19
[INFO] [stdout]    |
[INFO] [stdout] 35 |     low: windows::Win32::Foundation::HANDLE,
[INFO] [stdout]    |                   ^^^^^ could not find `Win32` in `windows`
[INFO] [stdout] 
[INFO] [stdout] 
[INFO] [stdout] error[E0433]: cannot find `Win32` in `windows`
[INFO] [stdout]   --> crates/ramjob-core/src/pressure.rs:36:20
[INFO] [stdout]    |
[INFO] [stdout] 36 |     high: windows::Win32::Foundation::HANDLE,
[INFO] [stdout]    |                    ^^^^^ could not find `Win32` in `windows`
[INFO] [stdout] 
[INFO] [stdout] 
[INFO] [stdout] error[E0433]: cannot find `Win32` in `windows`
[INFO] [stdout]   --> crates/ramjob-core/src/pressure.rs:36:20
[INFO] [stdout]    |
[INFO] [stdout] 36 |     high: windows::Win32::Foundation::HANDLE,
[INFO] [stdout]    |                    ^^^^^ could not find `Win32` in `windows`
[INFO] [stdout] 
[INFO] [stdout] 
[INFO] [stdout] error[E0433]: cannot find `core` in `windows`
[INFO] [stdout]    --> crates/ramjob-core/src/scanner.rs:147:79
[INFO] [stdout]     |
[INFO] [stdout] 147 |         match QueryFullProcessImageNameW(handle, PROCESS_NAME_WIN32, windows::core::PWSTR(buf.as_mut_ptr()), &mut needed)
[INFO] [stdout]     |                                                                               ^^^^ could not find `core` in `windows`
[INFO] [stdout] 
[INFO] [stdout] 
[INFO] [stdout] error[E0433]: cannot find `core` in `windows`
[INFO] [stdout]    --> crates/ramjob-core/src/scanner.rs:147:79
[INFO] [stdout]     |
[INFO] [stdout] 147 |         match QueryFullProcessImageNameW(handle, PROCESS_NAME_WIN32, windows::core::PWSTR(buf.as_mut_ptr()), &mut needed)
[INFO] [stdout]     |                                                                               ^^^^ could not find `core` in `windows`
[INFO] [stdout] 
[INFO] [stdout] 
[INFO] [stderr]    Compiling proc-macro-crate v1.3.1
[INFO] [stdout] Some errors have detailed explanations: E0432, E0433.
[INFO] [stdout] 
[INFO] [stdout] For more information about an error, try `rustc --explain E0432`.
[INFO] [stdout] 
[INFO] [stderr] error: could not compile `ramjob-core` (lib) due to 48 previous errors
[INFO] [stderr] warning: build failed, waiting for other jobs to finish...
[INFO] [stdout] Some errors have detailed explanations: E0432, E0433.
[INFO] [stdout] 
[INFO] [stdout] For more information about an error, try `rustc --explain E0432`.
[INFO] [stdout] 
[INFO] [stderr] error: could not compile `ramjob-core` (lib test) due to 51 previous errors
[INFO] running `Command { std: "docker" "inspect" "2a22e349774aa329051f65c10be103049b0259ff934b85e72877d8204bb2a74c", kill_on_drop: false }`
[INFO] running `Command { std: "docker" "rm" "-f" "2a22e349774aa329051f65c10be103049b0259ff934b85e72877d8204bb2a74c", kill_on_drop: false }`
[INFO] [stdout] 2a22e349774aa329051f65c10be103049b0259ff934b85e72877d8204bb2a74c
