[INFO] cloning repository https://github.com/TritonVM/tasm-lang
[INFO] running `Command { std: "git" "-c" "credential.helper=" "-c" "credential.helper=/workspace/cargo-home/bin/git-credential-null" "clone" "--bare" "https://github.com/TritonVM/tasm-lang" "/workspace/cache/git-repos/https%3A%2F%2Fgithub.com%2FTritonVM%2Ftasm-lang", kill_on_drop: false }`
[INFO] [stderr] Cloning into bare repository '/workspace/cache/git-repos/https%3A%2F%2Fgithub.com%2FTritonVM%2Ftasm-lang'...
[INFO] running `Command { std: "git" "rev-parse" "HEAD", kill_on_drop: false }`
[INFO] [stdout] 0a197190280db47b9d6baa807744d0ebcc422e72
[INFO] checking TritonVM/tasm-lang against 3154cc1a3e6424e44f438a95007d043ed5ceaaf6 for pr-133502-30
[INFO] running `Command { std: "git" "clone" "/workspace/cache/git-repos/https%3A%2F%2Fgithub.com%2FTritonVM%2Ftasm-lang" "/workspace/builds/worker-4-tc2/source", kill_on_drop: false }`
[INFO] [stderr] Cloning into '/workspace/builds/worker-4-tc2/source'...
[INFO] [stderr] done.
[INFO] removed /workspace/builds/worker-4-tc2/source/.cargo/config.toml
[INFO] removed /workspace/builds/worker-4-tc2/source/rust-toolchain.toml
[INFO] started tweaking git repo https://github.com/TritonVM/tasm-lang
[INFO] finished tweaking git repo https://github.com/TritonVM/tasm-lang
[INFO] tweaked toml for git repo https://github.com/TritonVM/tasm-lang written to /workspace/builds/worker-4-tc2/source/Cargo.toml
[INFO] validating manifest of git repo https://github.com/TritonVM/tasm-lang on toolchain 3154cc1a3e6424e44f438a95007d043ed5ceaaf6
[INFO] running `Command { std: CARGO_HOME="/workspace/cargo-home" RUSTUP_HOME="/workspace/rustup-home" "/workspace/cargo-home/bin/cargo" "+3154cc1a3e6424e44f438a95007d043ed5ceaaf6" "metadata" "--manifest-path" "Cargo.toml" "--no-deps", kill_on_drop: false }`
[INFO] crate git repo https://github.com/TritonVM/tasm-lang already has a lockfile, it will not be regenerated
[INFO] running `Command { std: CARGO_HOME="/workspace/cargo-home" RUSTUP_HOME="/workspace/rustup-home" "/workspace/cargo-home/bin/cargo" "+3154cc1a3e6424e44f438a95007d043ed5ceaaf6" "fetch" "--manifest-path" "Cargo.toml", kill_on_drop: false }`
[INFO] running `Command { std: "docker" "create" "-v" "/var/lib/crater-agent-workspace/builds/worker-4-tc2/source:/opt/rustwide/workdir:ro,Z" "-v" "/var/lib/crater-agent-workspace/builds/worker-4-tc2/target:/opt/rustwide/target:rw,Z" "-v" "/var/lib/crater-agent-workspace/cargo-home:/opt/rustwide/cargo-home:ro,Z" "-v" "/var/lib/crater-agent-workspace/rustup-home:/opt/rustwide/rustup-home:ro,Z" "-m" "1610612736" "--network" "none" "ghcr.io/rust-lang/crates-build-env/linux@sha256:77db811e55d90add9212f6832c23229e3de5f1c1f9905e8cb07319ea15df73ac" "sleep" "infinity", kill_on_drop: false }`
[INFO] [stdout] f291a296b9a37a6220e8e4b355ca3ca2ae5a473a962c84d0227228ff5fc99a2c
[INFO] running `Command { std: "docker" "start" "f291a296b9a37a6220e8e4b355ca3ca2ae5a473a962c84d0227228ff5fc99a2c", kill_on_drop: false }`
[INFO] running `Command { std: "docker" "inspect" "f291a296b9a37a6220e8e4b355ca3ca2ae5a473a962c84d0227228ff5fc99a2c", kill_on_drop: false }`
[INFO] running `Command { std: "docker" "exec" "-e" "SOURCE_DIR=/opt/rustwide/workdir" "-e" "CARGO_HOME=/opt/rustwide/cargo-home" "-e" "RUSTUP_HOME=/opt/rustwide/rustup-home" "-e" "CARGO_TARGET_DIR=/opt/rustwide/target" "-w" "/opt/rustwide/workdir" "--user" "0:0" "f291a296b9a37a6220e8e4b355ca3ca2ae5a473a962c84d0227228ff5fc99a2c" "/opt/rustwide/cargo-home/bin/cargo" "+3154cc1a3e6424e44f438a95007d043ed5ceaaf6" "metadata" "--no-deps" "--format-version=1", kill_on_drop: false }`
[INFO] running `Command { std: "docker" "inspect" "f291a296b9a37a6220e8e4b355ca3ca2ae5a473a962c84d0227228ff5fc99a2c", kill_on_drop: false }`
[INFO] running `Command { std: "docker" "exec" "-e" "SOURCE_DIR=/opt/rustwide/workdir" "-e" "CARGO_HOME=/opt/rustwide/cargo-home" "-e" "RUSTUP_HOME=/opt/rustwide/rustup-home" "-e" "CARGO_TARGET_DIR=/opt/rustwide/target" "-e" "CARGO_INCREMENTAL=0" "-e" "RUST_BACKTRACE=full" "-e" "RUSTFLAGS=--cap-lints=forbid" "-e" "RUSTDOCFLAGS=--cap-lints=forbid" "-w" "/opt/rustwide/workdir" "--user" "0:0" "f291a296b9a37a6220e8e4b355ca3ca2ae5a473a962c84d0227228ff5fc99a2c" "/opt/rustwide/cargo-home/bin/cargo" "+3154cc1a3e6424e44f438a95007d043ed5ceaaf6" "check" "--frozen" "--all" "--all-targets" "--message-format=json", kill_on_drop: false }`
[INFO] [stderr]    Compiling libc v0.2.158
[INFO] [stderr]    Compiling crossbeam-utils v0.8.20
[INFO] [stderr]    Compiling serde v1.0.209
[INFO] [stderr]    Compiling proc-macro2 v1.0.107
[INFO] [stderr]    Compiling smallvec v1.13.2
[INFO] [stderr]    Compiling zerocopy v0.8.17
[INFO] [stderr]    Compiling num-traits v0.2.19
[INFO] [stderr]    Compiling interpolator v0.5.0
[INFO] [stderr]    Compiling collection_literals v1.0.1
[INFO] [stderr]    Compiling phf_shared v0.13.1
[INFO] [stderr]    Compiling fastrand v2.1.1
[INFO] [stderr]    Compiling thiserror v2.0.11
[INFO] [stderr]    Compiling serde_json v1.0.127
[INFO] [stderr]    Compiling matrixmultiply v0.3.9
[INFO] [stderr]    Compiling phf_generator v0.13.1
[INFO] [stderr]    Compiling quote v1.0.37
[INFO] [stderr]     Checking crossbeam-epoch v0.9.18
[INFO] [stderr]    Compiling byteorder v1.5.0
[INFO] [stderr]     Checking crossbeam-deque v0.8.5
[INFO] [stderr]    Compiling syn v2.0.87
[INFO] [stderr]    Compiling proc-macro-utils v0.10.0
[INFO] [stderr]     Checking rayon-core v1.12.1
[INFO] [stderr]     Checking num-integer v0.1.46
[INFO] [stderr]    Compiling either v1.13.0
[INFO] [stderr]     Checking rayon v1.10.0
[INFO] [stderr]     Checking once_cell v1.19.0
[INFO] [stderr]    Compiling manyhow-macros v0.11.4
[INFO] [stderr]    Compiling getrandom v0.3.1
[INFO] [stderr]    Compiling digest v0.10.7
[INFO] [stderr]    Compiling itoa v1.0.11
[INFO] [stderr]     Checking unicode-ident v1.0.12
[INFO] [stderr]     Checking pin-project-lite v0.2.14
[INFO] [stderr]     Checking bytes v1.7.1
[INFO] [stderr]    Compiling sha3 v0.10.8
[INFO] [stderr]    Compiling itertools v0.14.0
[INFO] [stderr]    Compiling prettyplease v0.2.22
[INFO] [stderr]    Compiling rawpointer v0.2.1
[INFO] [stderr]    Compiling rand_core v0.9.0
[INFO] [stderr]    Compiling cc v1.1.14
[INFO] [stderr]    Compiling num-complex v0.4.6
[INFO] [stderr]    Compiling nom v8.0.0
[INFO] [stderr]    Compiling slab v0.4.9
[INFO] [stderr]    Compiling pkg-config v0.3.30
[INFO] [stderr]     Checking mio v1.0.2
[INFO] [stderr]    Compiling openssl-sys v0.9.103
[INFO] [stderr]     Checking indexmap v2.14.0
[INFO] [stderr]     Checking socket2 v0.5.7
[INFO] [stderr]    Compiling lazy_static v1.5.0
[INFO] [stderr]     Checking tokio v1.39.3
[INFO] [stderr]     Checking ndarray v0.17.2
[INFO] [stderr]    Compiling manyhow v0.11.4
[INFO] [stderr]     Checking http v1.1.0
[INFO] [stderr]     Checking futures-io v0.3.34
[INFO] [stderr]     Checking futures-util v0.3.34
[INFO] [stderr]    Compiling zerocopy-derive v0.7.35
[INFO] [stderr]    Compiling serde_derive v1.0.209
[INFO] [stderr]    Compiling quote-use-macros v0.8.4
[INFO] [stderr]    Compiling derive-where v1.2.7
[INFO] [stderr]    Compiling quote-use v0.8.4
[INFO] [stderr]    Compiling attribute-derive-macro v0.10.3
[INFO] [stderr]    Compiling derive_arbitrary v1.3.2
[INFO] [stderr]    Compiling thiserror-impl v2.0.11
[INFO] [stderr]    Compiling zeroize_derive v1.5.0
[INFO] [stderr]    Compiling phf_macros v0.13.1
[INFO] [stderr]     Checking zerocopy v0.7.35
[INFO] [stderr]    Compiling bfieldcodec_derive v0.7.0
[INFO] [stderr]    Compiling strum_macros v0.27.0
[INFO] [stderr]    Compiling attribute-derive v0.10.3
[INFO] [stderr]     Checking ppv-lite86 v0.2.20
[INFO] [stderr]    Compiling phf v0.13.1
[INFO] [stderr]    Compiling arbitrary v1.3.2
[INFO] [stderr]    Compiling zeroize v1.8.1
[INFO] [stderr]     Checking rand_chacha v0.9.0
[INFO] [stderr]    Compiling get-size-derive2 v0.7.4
[INFO] [stderr]     Checking rand v0.9.5
[INFO] [stderr]    Compiling get-size2 v0.7.4
[INFO] [stderr]    Compiling nom-language v0.1.0
[INFO] [stderr]     Checking tracing-core v0.1.32
[INFO] [stderr]     Checking getrandom v0.2.15
[INFO] [stderr]     Checking regex-syntax v0.8.4
[INFO] [stderr]    Compiling rustix v0.38.34
[INFO] [stderr]    Compiling httparse v1.9.4
[INFO] [stderr]    Compiling openssl v0.10.66
[INFO] [stderr]     Checking tracing v0.1.40
[INFO] [stderr]     Checking anstyle-parse v0.2.5
[INFO] [stderr]    Compiling strum v0.27.0
[INFO] [stderr]     Checking rand_core v0.6.4
[INFO] [stderr]     Checking tokio-util v0.7.11
[INFO] [stderr]    Compiling openssl-macros v0.1.1
[INFO] [stderr]    Compiling pin-project-internal v1.1.5
[INFO] [stderr]     Checking http-body v1.0.1
[INFO] [stderr]     Checking anstyle-query v1.1.1
[INFO] [stderr]     Checking anstyle v1.0.8
[INFO] [stderr]    Compiling anyhow v1.0.86
[INFO] [stderr]    Compiling unicode-xid v0.2.5
[INFO] [stderr]     Checking colorchoice v1.0.2
[INFO] [stderr]    Compiling native-tls v0.2.12
[INFO] [stderr]     Checking anstream v0.6.15
[INFO] [stderr]    Compiling const_format_proc_macros v0.2.32
[INFO] [stderr]     Checking h2 v0.4.6
[INFO] [stderr]     Checking pin-project v1.1.5
[INFO] [stderr]     Checking tinyvec v1.8.0
[INFO] [stderr]     Checking futures-channel v0.3.30
[INFO] [stderr]     Checking num-iter v0.1.45
[INFO] [stderr]     Checking memory-stats v1.2.0
[INFO] [stderr]     Checking colored v3.0.0
[INFO] [stderr]     Checking clap_lex v0.7.2
[INFO] [stderr]     Checking unicode-width v0.2.0
[INFO] [stderr]     Checking clap_builder v4.5.15
[INFO] [stderr]     Checking unicode-normalization v0.1.23
[INFO] [stderr]    Compiling syn v1.0.109
[INFO] [stderr]     Checking tower v0.4.13
[INFO] [stderr]     Checking num-bigint v0.4.6
[INFO] [stderr]     Checking serde-big-array v0.5.1
[INFO] [stderr]     Checking tempfile v3.12.0
[INFO] [stderr]     Checking regex-automata v0.4.7
[INFO] [stderr]     Checking const_format v0.2.32
[INFO] [stderr]     Checking twenty-first v1.1.0
[INFO] [stderr]     Checking num-rational v0.4.2
[INFO] [stderr]     Checking hyper v1.4.1
[INFO] [stderr]     Checking num v0.4.3
[INFO] [stderr]     Checking rand_chacha v0.3.1
[INFO] [stderr]    Compiling tasm-object-derive v8.0.0
[INFO] [stderr]     Checking wait-timeout v0.2.0
[INFO] [stderr]     Checking unicode-bidi v0.3.15
[INFO] [stderr]     Checking quick-error v1.2.3
[INFO] [stderr]     Checking iana-time-zone v0.1.60
[INFO] [stderr]    Compiling tasm-lang v0.0.0 (/opt/rustwide/workdir)
[INFO] [stderr]     Checking bit-vec v0.6.3
[INFO] [stderr]     Checking idna v0.5.0
[INFO] [stderr]     Checking bit-set v0.5.3
[INFO] [stderr]     Checking regex v1.10.6
[INFO] [stderr]     Checking chrono v0.4.38
[INFO] [stderr]     Checking hyper-util v0.1.8
[INFO] [stderr]     Checking rusty-fork v0.3.0
[INFO] [stderr]     Checking tokio-native-tls v0.3.1
[INFO] [stderr]     Checking rand v0.8.5
[INFO] [stderr]     Checking clap v4.5.16
[INFO] [stderr]     Checking http-body-util v0.1.2
[INFO] [stderr]     Checking rand_xorshift v0.3.0
[INFO] [stderr]    Compiling structmeta-derive v0.3.0
[INFO] [stderr]     Checking inflections v1.1.1
[INFO] [stderr]     Checking unarray v0.1.4
[INFO] [stderr]    Compiling cargo-husky v1.5.0
[INFO] [stderr]     Checking rustls-pki-types v1.8.0
[INFO] [stderr]     Checking proptest v1.5.0
[INFO] [stderr]     Checking url v2.5.2
[INFO] [stderr]     Checking rustls-pemfile v2.1.3
[INFO] [stderr]     Checking hyper-tls v0.6.0
[INFO] [stderr]     Checking triton-isa v8.0.0
[INFO] [stderr]     Checking triton-constraint-circuit v8.0.0
[INFO] [stderr]     Checking serde_urlencoded v0.7.1
[INFO] [stderr]     Checking sync_wrapper v1.0.1
[INFO] [stderr]    Compiling structmeta v0.3.0
[INFO] [stderr]     Checking encoding_rs v0.8.34
[INFO] [stderr]     Checking ipnet v2.9.0
[INFO] [stderr]    Compiling test-strategy v0.4.0
[INFO] [stderr]     Checking reqwest v0.12.7
[INFO] [stderr]     Checking triton-air v8.0.0
[INFO] [stderr]     Checking triton-constraint-builder v8.0.0
[INFO] [stderr]     Checking proptest-arbitrary-interop v0.1.0
[INFO] [stderr]    Compiling triton-vm v8.0.0
[INFO] [stderr]     Checking tasm-lib v8.0.0
[INFO] [stdout] error[E0463]: can't find crate for `rustc_ast`
[INFO] [stdout]  --> src/lib.rs:3:1
[INFO] [stdout]   |
[INFO] [stdout] 3 | extern crate rustc_ast;
[INFO] [stdout]   | ^^^^^^^^^^^^^^^^^^^^^^^ can't find crate
[INFO] [stdout]   |
[INFO] [stdout]   = help: maybe you need to install the missing components with: `rustup component add rust-src rustc-dev llvm-tools-preview`
[INFO] [stdout] 
[INFO] [stdout] 
[INFO] [stdout] error[E0463]: can't find crate for `rustc_driver`
[INFO] [stdout]  --> src/lib.rs:4:1
[INFO] [stdout]   |
[INFO] [stdout] 4 | extern crate rustc_driver;
[INFO] [stdout]   | ^^^^^^^^^^^^^^^^^^^^^^^^^^ can't find crate
[INFO] [stdout]   |
[INFO] [stdout]   = help: maybe you need to install the missing components with: `rustup component add rust-src rustc-dev llvm-tools-preview`
[INFO] [stdout] 
[INFO] [stdout] 
[INFO] [stdout] error[E0463]: can't find crate for `rustc_hir`
[INFO] [stdout]  --> src/lib.rs:5:1
[INFO] [stdout]   |
[INFO] [stdout] 5 | extern crate rustc_hir;
[INFO] [stdout]   | ^^^^^^^^^^^^^^^^^^^^^^^ can't find crate
[INFO] [stdout]   |
[INFO] [stdout]   = help: maybe you need to install the missing components with: `rustup component add rust-src rustc-dev llvm-tools-preview`
[INFO] [stdout] 
[INFO] [stdout] 
[INFO] [stdout] error[E0463]: can't find crate for `rustc_hir_analysis`
[INFO] [stdout]  --> src/lib.rs:6:1
[INFO] [stdout]   |
[INFO] [stdout] 6 | extern crate rustc_hir_analysis;
[INFO] [stdout]   | ^^^^^^^^^^^^^^^^^^^^^^^^^^^^^^^^ can't find crate
[INFO] [stdout]   |
[INFO] [stdout]   = help: maybe you need to install the missing components with: `rustup component add rust-src rustc-dev llvm-tools-preview`
[INFO] [stdout] 
[INFO] [stdout] 
[INFO] [stdout] error[E0463]: can't find crate for `rustc_interface`
[INFO] [stdout]  --> src/lib.rs:7:1
[INFO] [stdout]   |
[INFO] [stdout] 7 | extern crate rustc_interface;
[INFO] [stdout]   | ^^^^^^^^^^^^^^^^^^^^^^^^^^^^^ can't find crate
[INFO] [stdout]   |
[INFO] [stdout]   = help: maybe you need to install the missing components with: `rustup component add rust-src rustc-dev llvm-tools-preview`
[INFO] [stdout] 
[INFO] [stdout] 
[INFO] [stdout] error[E0463]: can't find crate for `rustc_middle`
[INFO] [stdout]  --> src/lib.rs:8:1
[INFO] [stdout]   |
[INFO] [stdout] 8 | extern crate rustc_middle;
[INFO] [stdout]   | ^^^^^^^^^^^^^^^^^^^^^^^^^^ can't find crate
[INFO] [stdout]   |
[INFO] [stdout]   = help: maybe you need to install the missing components with: `rustup component add rust-src rustc-dev llvm-tools-preview`
[INFO] [stdout] 
[INFO] [stdout] 
[INFO] [stdout] error[E0463]: can't find crate for `rustc_session`
[INFO] [stdout]  --> src/lib.rs:9:1
[INFO] [stdout]   |
[INFO] [stdout] 9 | extern crate rustc_session;
[INFO] [stdout]   | ^^^^^^^^^^^^^^^^^^^^^^^^^^^ can't find crate
[INFO] [stdout]   |
[INFO] [stdout]   = help: maybe you need to install the missing components with: `rustup component add rust-src rustc-dev llvm-tools-preview`
[INFO] [stdout] 
[INFO] [stdout] 
[INFO] [stdout] error[E0463]: can't find crate for `rustc_span`
[INFO] [stdout]   --> src/lib.rs:10:1
[INFO] [stdout]    |
[INFO] [stdout] 10 | extern crate rustc_span;
[INFO] [stdout]    | ^^^^^^^^^^^^^^^^^^^^^^^^ can't find crate
[INFO] [stdout]    |
[INFO] [stdout]    = help: maybe you need to install the missing components with: `rustup component add rust-src rustc-dev llvm-tools-preview`
[INFO] [stdout] 
[INFO] [stdout] 
[INFO] [stdout] error[E0463]: can't find crate for `rustc_ast`
[INFO] [stdout]  --> src/lib.rs:3:1
[INFO] [stdout]   |
[INFO] [stdout] 3 | extern crate rustc_ast;
[INFO] [stdout]   | ^^^^^^^^^^^^^^^^^^^^^^^ can't find crate
[INFO] [stdout]   |
[INFO] [stdout]   = help: maybe you need to install the missing components with: `rustup component add rust-src rustc-dev llvm-tools-preview`
[INFO] [stdout] 
[INFO] [stdout] 
[INFO] [stdout] error[E0463]: can't find crate for `rustc_driver`
[INFO] [stdout]  --> src/lib.rs:4:1
[INFO] [stdout]   |
[INFO] [stdout] 4 | extern crate rustc_driver;
[INFO] [stdout]   | ^^^^^^^^^^^^^^^^^^^^^^^^^^ can't find crate
[INFO] [stdout]   |
[INFO] [stdout]   = help: maybe you need to install the missing components with: `rustup component add rust-src rustc-dev llvm-tools-preview`
[INFO] [stdout] 
[INFO] [stdout] 
[INFO] [stdout] error[E0463]: can't find crate for `rustc_hir`
[INFO] [stdout]  --> src/lib.rs:5:1
[INFO] [stdout]   |
[INFO] [stdout] 5 | extern crate rustc_hir;
[INFO] [stdout]   | ^^^^^^^^^^^^^^^^^^^^^^^ can't find crate
[INFO] [stdout]   |
[INFO] [stdout]   = help: maybe you need to install the missing components with: `rustup component add rust-src rustc-dev llvm-tools-preview`
[INFO] [stdout] 
[INFO] [stdout] 
[INFO] [stdout] error[E0463]: can't find crate for `rustc_hir_analysis`
[INFO] [stdout]  --> src/lib.rs:6:1
[INFO] [stdout]   |
[INFO] [stdout] 6 | extern crate rustc_hir_analysis;
[INFO] [stdout]   | ^^^^^^^^^^^^^^^^^^^^^^^^^^^^^^^^ can't find crate
[INFO] [stdout]   |
[INFO] [stdout]   = help: maybe you need to install the missing components with: `rustup component add rust-src rustc-dev llvm-tools-preview`
[INFO] [stdout] 
[INFO] [stdout] 
[INFO] [stdout] error[E0463]: can't find crate for `rustc_interface`
[INFO] [stdout]  --> src/lib.rs:7:1
[INFO] [stdout]   |
[INFO] [stdout] 7 | extern crate rustc_interface;
[INFO] [stdout]   | ^^^^^^^^^^^^^^^^^^^^^^^^^^^^^ can't find crate
[INFO] [stdout]   |
[INFO] [stdout]   = help: maybe you need to install the missing components with: `rustup component add rust-src rustc-dev llvm-tools-preview`
[INFO] [stdout] 
[INFO] [stdout] 
[INFO] [stdout] error[E0463]: can't find crate for `rustc_middle`
[INFO] [stdout]  --> src/lib.rs:8:1
[INFO] [stdout]   |
[INFO] [stdout] 8 | extern crate rustc_middle;
[INFO] [stdout]   | ^^^^^^^^^^^^^^^^^^^^^^^^^^ can't find crate
[INFO] [stdout]   |
[INFO] [stdout]   = help: maybe you need to install the missing components with: `rustup component add rust-src rustc-dev llvm-tools-preview`
[INFO] [stdout] 
[INFO] [stdout] 
[INFO] [stdout] error[E0463]: can't find crate for `rustc_session`
[INFO] [stdout]  --> src/lib.rs:9:1
[INFO] [stdout]   |
[INFO] [stdout] 9 | extern crate rustc_session;
[INFO] [stdout]   | ^^^^^^^^^^^^^^^^^^^^^^^^^^^ can't find crate
[INFO] [stdout]   |
[INFO] [stdout]   = help: maybe you need to install the missing components with: `rustup component add rust-src rustc-dev llvm-tools-preview`
[INFO] [stdout] 
[INFO] [stdout] 
[INFO] [stdout] error[E0463]: can't find crate for `rustc_span`
[INFO] [stdout]   --> src/lib.rs:10:1
[INFO] [stdout]    |
[INFO] [stdout] 10 | extern crate rustc_span;
[INFO] [stdout]    | ^^^^^^^^^^^^^^^^^^^^^^^^ can't find crate
[INFO] [stdout]    |
[INFO] [stdout]    = help: maybe you need to install the missing components with: `rustup component add rust-src rustc-dev llvm-tools-preview`
[INFO] [stdout] 
[INFO] [stdout] 
[INFO] [stdout] For more information about this error, try `rustc --explain E0463`.
[INFO] [stdout] 
[INFO] [stderr] error: could not compile `tasm-lang` (lib) due to 8 previous errors
[INFO] [stderr] warning: build failed, waiting for other jobs to finish...
[INFO] [stdout] For more information about this error, try `rustc --explain E0463`.
[INFO] [stdout] 
[INFO] [stderr] error: could not compile `tasm-lang` (lib test) due to 8 previous errors
[INFO] running `Command { std: "docker" "inspect" "f291a296b9a37a6220e8e4b355ca3ca2ae5a473a962c84d0227228ff5fc99a2c", kill_on_drop: false }`
[INFO] running `Command { std: "docker" "rm" "-f" "f291a296b9a37a6220e8e4b355ca3ca2ae5a473a962c84d0227228ff5fc99a2c", kill_on_drop: false }`
[INFO] [stdout] f291a296b9a37a6220e8e4b355ca3ca2ae5a473a962c84d0227228ff5fc99a2c
