[INFO] cloning repository https://github.com/ToxicAura60/rust_backend
[INFO] running `Command { std: "git" "-c" "credential.helper=" "-c" "credential.helper=/workspace/cargo-home/bin/git-credential-null" "clone" "--bare" "https://github.com/ToxicAura60/rust_backend" "/workspace/cache/git-repos/https%3A%2F%2Fgithub.com%2FToxicAura60%2Frust_backend", kill_on_drop: false }`
[INFO] [stderr] Cloning into bare repository '/workspace/cache/git-repos/https%3A%2F%2Fgithub.com%2FToxicAura60%2Frust_backend'...
[INFO] running `Command { std: "git" "rev-parse" "HEAD", kill_on_drop: false }`
[INFO] [stdout] 2fc0693968d236bc5cf129941edb7edb727c8c3e
[INFO] checking ToxicAura60/rust_backend against 3154cc1a3e6424e44f438a95007d043ed5ceaaf6+rustflags=-Znext-solver=coherence for pr-133502-30
[INFO] running `Command { std: "git" "clone" "/workspace/cache/git-repos/https%3A%2F%2Fgithub.com%2FToxicAura60%2Frust_backend" "/workspace/builds/worker-0-tc1/source", kill_on_drop: false }`
[INFO] [stderr] Cloning into '/workspace/builds/worker-0-tc1/source'...
[INFO] [stderr] done.
[INFO] started tweaking git repo https://github.com/ToxicAura60/rust_backend
[INFO] finished tweaking git repo https://github.com/ToxicAura60/rust_backend
[INFO] tweaked toml for git repo https://github.com/ToxicAura60/rust_backend written to /workspace/builds/worker-0-tc1/source/Cargo.toml
[INFO] validating manifest of git repo https://github.com/ToxicAura60/rust_backend on toolchain 3154cc1a3e6424e44f438a95007d043ed5ceaaf6
[INFO] running `Command { std: CARGO_HOME="/workspace/cargo-home" RUSTUP_HOME="/workspace/rustup-home" "/workspace/cargo-home/bin/cargo" "+3154cc1a3e6424e44f438a95007d043ed5ceaaf6" "metadata" "--manifest-path" "Cargo.toml" "--no-deps", kill_on_drop: false }`
[INFO] crate git repo https://github.com/ToxicAura60/rust_backend already has a lockfile, it will not be regenerated
[INFO] running `Command { std: CARGO_HOME="/workspace/cargo-home" RUSTUP_HOME="/workspace/rustup-home" "/workspace/cargo-home/bin/cargo" "+3154cc1a3e6424e44f438a95007d043ed5ceaaf6" "fetch" "--manifest-path" "Cargo.toml", kill_on_drop: false }`
[INFO] [stderr]     Updating crates.io index
[INFO] [stderr]  Downloading crates ...
[INFO] [stderr]   Downloaded libsignal-rust v0.1.0
[INFO] running `Command { std: "docker" "create" "-v" "/var/lib/crater-agent-workspace/builds/worker-0-tc1/source:/opt/rustwide/workdir:ro,Z" "-v" "/var/lib/crater-agent-workspace/builds/worker-0-tc1/target:/opt/rustwide/target:rw,Z" "-v" "/var/lib/crater-agent-workspace/cargo-home:/opt/rustwide/cargo-home:ro,Z" "-v" "/var/lib/crater-agent-workspace/rustup-home:/opt/rustwide/rustup-home:ro,Z" "-m" "1610612736" "--network" "none" "ghcr.io/rust-lang/crates-build-env/linux@sha256:77db811e55d90add9212f6832c23229e3de5f1c1f9905e8cb07319ea15df73ac" "sleep" "infinity", kill_on_drop: false }`
[INFO] [stdout] 9c1db77951e79758db660d78551fefd9c833f5803bc94bace55976203e9a7a69
[INFO] running `Command { std: "docker" "start" "9c1db77951e79758db660d78551fefd9c833f5803bc94bace55976203e9a7a69", kill_on_drop: false }`
[INFO] running `Command { std: "docker" "inspect" "9c1db77951e79758db660d78551fefd9c833f5803bc94bace55976203e9a7a69", kill_on_drop: false }`
[INFO] running `Command { std: "docker" "exec" "-e" "SOURCE_DIR=/opt/rustwide/workdir" "-e" "CARGO_HOME=/opt/rustwide/cargo-home" "-e" "RUSTUP_HOME=/opt/rustwide/rustup-home" "-e" "CARGO_TARGET_DIR=/opt/rustwide/target" "-w" "/opt/rustwide/workdir" "--user" "0:0" "9c1db77951e79758db660d78551fefd9c833f5803bc94bace55976203e9a7a69" "/opt/rustwide/cargo-home/bin/cargo" "+3154cc1a3e6424e44f438a95007d043ed5ceaaf6" "metadata" "--no-deps" "--format-version=1", kill_on_drop: false }`
[INFO] running `Command { std: "docker" "inspect" "9c1db77951e79758db660d78551fefd9c833f5803bc94bace55976203e9a7a69", kill_on_drop: false }`
[INFO] running `Command { std: "docker" "exec" "-e" "SOURCE_DIR=/opt/rustwide/workdir" "-e" "CARGO_HOME=/opt/rustwide/cargo-home" "-e" "RUSTUP_HOME=/opt/rustwide/rustup-home" "-e" "CARGO_TARGET_DIR=/opt/rustwide/target" "-e" "CARGO_INCREMENTAL=0" "-e" "RUST_BACKTRACE=full" "-e" "RUSTFLAGS=--cap-lints=forbid -Znext-solver=coherence" "-e" "RUSTDOCFLAGS=--cap-lints=forbid" "-w" "/opt/rustwide/workdir" "--user" "0:0" "9c1db77951e79758db660d78551fefd9c833f5803bc94bace55976203e9a7a69" "/opt/rustwide/cargo-home/bin/cargo" "+3154cc1a3e6424e44f438a95007d043ed5ceaaf6" "check" "--frozen" "--all" "--all-targets" "--message-format=json", kill_on_drop: false }`
[INFO] [stderr]    Compiling zerocopy v0.8.55
[INFO] [stderr]    Compiling syn v3.0.3
[INFO] [stderr]    Compiling num-traits v0.2.19
[INFO] [stderr]     Checking futures-sink v0.3.33
[INFO] [stderr]    Compiling zerofrom v0.1.8
[INFO] [stderr]     Checking digest v0.10.7
[INFO] [stderr]    Compiling bitflags v2.13.1
[INFO] [stderr]     Checking futures-task v0.3.33
[INFO] [stderr]    Compiling futures-core v0.3.33
[INFO] [stderr]     Checking tracing v0.1.44
[INFO] [stderr]    Compiling getrandom v0.2.17
[INFO] [stderr]    Compiling futures-io v0.3.33
[INFO] [stderr]    Compiling regex-syntax v0.8.11
[INFO] [stderr]    Compiling yoke v0.8.3
[INFO] [stderr]     Checking futures-channel v0.3.33
[INFO] [stderr]    Compiling tokio-stream v0.1.19
[INFO] [stderr]    Compiling curve25519-dalek v4.1.3
[INFO] [stderr]    Compiling getrandom v0.4.3
[INFO] [stderr]    Compiling rand_core v0.6.4
[INFO] [stderr]     Checking futures-util v0.3.33
[INFO] [stderr]    Compiling rustix v1.1.4
[INFO] [stderr]     Checking block-padding v0.3.3
[INFO] [stderr]    Compiling zeroize_derive v1.5.0
[INFO] [stderr]    Compiling zerovec v0.11.6
[INFO] [stderr]    Compiling uuid v1.24.0
[INFO] [stderr]     Checking sha2 v0.10.9
[INFO] [stderr]    Compiling fastrand v2.5.0
[INFO] [stderr]    Compiling stringprep v0.1.5
[INFO] [stderr]     Checking hmac v0.12.1
[INFO] [stderr]     Checking tinyvec v1.12.0
[INFO] [stderr]     Checking zeroize v1.9.0
[INFO] [stderr]    Compiling petgraph v0.6.5
[INFO] [stderr]     Checking inout v0.1.4
[INFO] [stderr]    Compiling prettyplease v0.2.37
[INFO] [stderr]    Compiling potential_utf v0.1.5
[INFO] [stderr]    Compiling chrono v0.4.45
[INFO] [stderr]    Compiling atoi v2.0.0
[INFO] [stderr]    Compiling curve25519-dalek-derive v0.1.1
[INFO] [stderr]     Checking crossbeam-queue v0.3.13
[INFO] [stderr]     Checking unicode-normalization v0.1.25
[INFO] [stderr]     Checking cipher v0.4.4
[INFO] [stderr]     Checking hkdf v0.12.4
[INFO] [stderr]     Checking sync_wrapper v1.0.2
[INFO] [stderr]     Checking regex-automata v0.4.18
[INFO] [stderr]     Checking ed25519 v2.2.3
[INFO] [stderr]     Checking md-5 v0.10.6
[INFO] [stderr]     Checking http-body-util v0.1.4
[INFO] [stderr]    Compiling thiserror-impl v1.0.69
[INFO] [stderr]     Checking password-hash v0.5.0
[INFO] [stderr]     Checking cbc v0.1.2
[INFO] [stderr]     Checking aes v0.8.4
[INFO] [stderr]     Checking axum-core v0.5.6
[INFO] [stderr]     Checking blake2 v0.10.6
[INFO] [stderr]     Checking argon2 v0.5.3
[INFO] [stderr]    Compiling tempfile v3.27.0
[INFO] [stderr]     Checking futures-executor v0.3.33
[INFO] [stderr]     Checking futures v0.3.33
[INFO] [stderr]     Checking x25519-dalek v2.0.1
[INFO] [stderr]     Checking ed25519-dalek v2.2.0
[INFO] [stderr]     Checking thiserror v1.0.69
[INFO] [stderr]     Checking matchers v0.2.0
[INFO] [stderr]    Compiling regex v1.13.1
[INFO] [stderr]    Compiling serde_derive v1.0.229
[INFO] [stderr]    Compiling displaydoc v0.2.7
[INFO] [stderr]    Compiling tokio-macros v2.7.2
[INFO] [stderr]    Compiling thiserror-impl v2.0.20
[INFO] [stderr]    Compiling async-trait v0.1.92
[INFO] [stderr]     Checking ppv-lite86 v0.2.21
[INFO] [stderr]    Compiling tinystr v0.8.3
[INFO] [stderr]    Compiling zerotrie v0.2.4
[INFO] [stderr]    Compiling icu_collections v2.2.0
[INFO] [stderr]     Checking rand_chacha v0.3.1
[INFO] [stderr]    Compiling icu_locale_core v2.2.0
[INFO] [stderr]     Checking rand v0.8.7
[INFO] [stderr]    Compiling icu_provider v2.2.0
[INFO] [stderr]    Compiling thiserror v2.0.20
[INFO] [stderr]    Compiling icu_properties v2.2.0
[INFO] [stderr]    Compiling serde v1.0.229
[INFO] [stderr]     Checking smallvec v1.15.2
[INFO] [stderr]     Checking either v1.17.0
[INFO] [stderr]     Checking serde_urlencoded v0.7.1
[INFO] [stderr]    Compiling itertools v0.12.1
[INFO] [stderr]    Compiling icu_normalizer v2.2.0
[INFO] [stderr]    Compiling parking_lot_core v0.9.12
[INFO] [stderr]     Checking tracing-subscriber v0.3.23
[INFO] [stderr]     Checking parking_lot v0.12.5
[INFO] [stderr]     Checking idna_adapter v1.2.2
[INFO] [stderr]     Checking idna v1.1.0
[INFO] [stderr]     Checking tokio v1.53.1
[INFO] [stderr]     Checking futures-intrusive v0.5.0
[INFO] [stderr]     Checking url v2.5.8
[INFO] [stderr]    Compiling prost-derive v0.12.6
[INFO] [stderr]    Compiling sqlx-core v0.8.6
[INFO] [stderr]    Compiling prost v0.12.6
[INFO] [stderr]     Checking prost-types v0.12.6
[INFO] [stderr]    Compiling prost-build v0.12.6
[INFO] [stderr]    Compiling sqlx-postgres v0.8.6
[INFO] [stderr]    Compiling libsignal-rust v0.1.0
[INFO] [stderr]     Checking hyper v1.11.0
[INFO] [stderr]     Checking tower v0.5.3
[INFO] [stderr]     Checking hyper-util v0.1.20
[INFO] [stderr]     Checking axum v0.8.9
[INFO] [stderr]    Compiling sqlx-macros-core v0.8.6
[INFO] [stderr]    Compiling sqlx-macros v0.8.6
[INFO] [stderr]     Checking sqlx v0.8.6
[INFO] [stderr]     Checking wolfscream v0.1.0 (/opt/rustwide/workdir)
[INFO] [stdout] error: error communicating with database: Connection refused (os error 111)
[INFO] [stdout]   --> src/repository/user_repository.rs:22:9
[INFO] [stdout]    |
[INFO] [stdout] 22 | / ...   sqlx::query_as!(
[INFO] [stdout] 23 | | ...       User,
[INFO] [stdout] 24 | | ...       "INSERT INTO users (username, email, password_hash) VALUES ($1, $2, $3) RETURNING id, username, email, password_hash, us...
[INFO] [stdout] 25 | | ...       username,
[INFO] [stdout] 26 | | ...       email,
[INFO] [stdout] 27 | | ...       password_hash
[INFO] [stdout] 28 | | ...   )
[INFO] [stdout]    | |_______^
[INFO] [stdout]    |
[INFO] [stdout]    = note: this error originates in the macro `$crate::sqlx_macros::expand_query` which comes from the expansion of the macro `sqlx::query_as` (in Nightly builds, run with -Z macro-backtrace for more info)
[INFO] [stdout] 
[INFO] [stdout] 
[INFO] [stdout] error: error communicating with database: Connection refused (os error 111)
[INFO] [stdout]   --> src/repository/user_repository.rs:44:9
[INFO] [stdout]    |
[INFO] [stdout] 44 | /         sqlx::query_as!(
[INFO] [stdout] 45 | |             User,
[INFO] [stdout] 46 | |             "SELECT id, username, email, password_hash, username_updated_at, created_at, updated_at FROM users WHERE id = $1",
[INFO] [stdout] 47 | |             id
[INFO] [stdout] 48 | |         )
[INFO] [stdout]    | |_________^
[INFO] [stdout]    |
[INFO] [stdout]    = note: this error originates in the macro `$crate::sqlx_macros::expand_query` which comes from the expansion of the macro `sqlx::query_as` (in Nightly builds, run with -Z macro-backtrace for more info)
[INFO] [stdout] 
[INFO] [stdout] 
[INFO] [stdout] error: error communicating with database: Connection refused (os error 111)
[INFO] [stdout]   --> src/repository/user_repository.rs:56:9
[INFO] [stdout]    |
[INFO] [stdout] 56 | /         sqlx::query_as!(
[INFO] [stdout] 57 | |             User,
[INFO] [stdout] 58 | |             "SELECT id, username, email, password_hash, username_updated_at, created_at, updated_at FROM users"
[INFO] [stdout] 59 | |         )
[INFO] [stdout]    | |_________^
[INFO] [stdout]    |
[INFO] [stdout]    = note: this error originates in the macro `$crate::sqlx_macros::expand_query` which comes from the expansion of the macro `sqlx::query_as` (in Nightly builds, run with -Z macro-backtrace for more info)
[INFO] [stdout] 
[INFO] [stdout] 
[INFO] [stdout] error: error communicating with database: Connection refused (os error 111)
[INFO] [stdout]   --> src/repository/user_repository.rs:67:9
[INFO] [stdout]    |
[INFO] [stdout] 67 | / ...   sqlx::query_as!(
[INFO] [stdout] 68 | | ...       User,
[INFO] [stdout] 69 | | ...       "UPDATE users SET email = $1 WHERE id = $2 RETURNING id, username, email, password_hash, username_updated_at, created_at...
[INFO] [stdout] 70 | | ...       email,
[INFO] [stdout] 71 | | ...       id
[INFO] [stdout] 72 | | ...   )
[INFO] [stdout]    | |_______^
[INFO] [stdout]    |
[INFO] [stdout]    = note: this error originates in the macro `$crate::sqlx_macros::expand_query` which comes from the expansion of the macro `sqlx::query_as` (in Nightly builds, run with -Z macro-backtrace for more info)
[INFO] [stdout] 
[INFO] [stdout] 
[INFO] [stdout] error: error communicating with database: Connection refused (os error 111)
[INFO] [stdout]   --> src/repository/user_repository.rs:80:37
[INFO] [stdout]    |
[INFO] [stdout] 80 |         let result: PgQueryResult = sqlx::query!("DELETE FROM users WHERE id = $1", id)
[INFO] [stdout]    |                                     ^^^^^^^^^^^^^^^^^^^^^^^^^^^^^^^^^^^^^^^^^^^^^^^^^^^
[INFO] [stdout]    |
[INFO] [stdout]    = note: this error originates in the macro `$crate::sqlx_macros::expand_query` which comes from the expansion of the macro `sqlx::query` (in Nightly builds, run with -Z macro-backtrace for more info)
[INFO] [stdout] 
[INFO] [stdout] 
[INFO] [stdout] error: error communicating with database: Connection refused (os error 111)
[INFO] [stdout]   --> src/repository/user_repository.rs:89:9
[INFO] [stdout]    |
[INFO] [stdout] 89 | / ...   sqlx::query_as!(
[INFO] [stdout] 90 | | ...       User,
[INFO] [stdout] 91 | | ...       "UPDATE users SET username = $1, username_updated_at = NOW() WHERE id = $2 RETURNING id, username, email, password_hash,...
[INFO] [stdout] 92 | | ...       username,
[INFO] [stdout] 93 | | ...       id
[INFO] [stdout] 94 | | ...   )
[INFO] [stdout]    | |_______^
[INFO] [stdout]    |
[INFO] [stdout]    = note: this error originates in the macro `$crate::sqlx_macros::expand_query` which comes from the expansion of the macro `sqlx::query_as` (in Nightly builds, run with -Z macro-backtrace for more info)
[INFO] [stdout] 
[INFO] [stdout] 
[INFO] [stdout] error: error communicating with database: Connection refused (os error 111)
[INFO] [stdout]   --> src/repository/user_repository.rs:22:9
[INFO] [stdout]    |
[INFO] [stdout] 22 | / ...   sqlx::query_as!(
[INFO] [stdout] 23 | | ...       User,
[INFO] [stdout] 24 | | ...       "INSERT INTO users (username, email, password_hash) VALUES ($1, $2, $3) RETURNING id, username, email, password_hash, us...
[INFO] [stdout] 25 | | ...       username,
[INFO] [stdout] 26 | | ...       email,
[INFO] [stdout] 27 | | ...       password_hash
[INFO] [stdout] 28 | | ...   )
[INFO] [stdout]    | |_______^
[INFO] [stdout]    |
[INFO] [stdout]    = note: this error originates in the macro `$crate::sqlx_macros::expand_query` which comes from the expansion of the macro `sqlx::query_as` (in Nightly builds, run with -Z macro-backtrace for more info)
[INFO] [stdout] 
[INFO] [stdout] 
[INFO] [stdout] error: error communicating with database: Connection refused (os error 111)
[INFO] [stdout]   --> src/repository/user_repository.rs:44:9
[INFO] [stdout]    |
[INFO] [stdout] 44 | /         sqlx::query_as!(
[INFO] [stdout] 45 | |             User,
[INFO] [stdout] 46 | |             "SELECT id, username, email, password_hash, username_updated_at, created_at, updated_at FROM users WHERE id = $1",
[INFO] [stdout] 47 | |             id
[INFO] [stdout] 48 | |         )
[INFO] [stdout]    | |_________^
[INFO] [stdout]    |
[INFO] [stdout]    = note: this error originates in the macro `$crate::sqlx_macros::expand_query` which comes from the expansion of the macro `sqlx::query_as` (in Nightly builds, run with -Z macro-backtrace for more info)
[INFO] [stdout] 
[INFO] [stdout] 
[INFO] [stdout] error: error communicating with database: Connection refused (os error 111)
[INFO] [stdout]   --> src/repository/user_repository.rs:56:9
[INFO] [stdout]    |
[INFO] [stdout] 56 | /         sqlx::query_as!(
[INFO] [stdout] 57 | |             User,
[INFO] [stdout] 58 | |             "SELECT id, username, email, password_hash, username_updated_at, created_at, updated_at FROM users"
[INFO] [stdout] 59 | |         )
[INFO] [stdout]    | |_________^
[INFO] [stdout]    |
[INFO] [stdout]    = note: this error originates in the macro `$crate::sqlx_macros::expand_query` which comes from the expansion of the macro `sqlx::query_as` (in Nightly builds, run with -Z macro-backtrace for more info)
[INFO] [stdout] 
[INFO] [stdout] 
[INFO] [stdout] error: error communicating with database: Connection refused (os error 111)
[INFO] [stdout]   --> src/repository/user_repository.rs:67:9
[INFO] [stdout]    |
[INFO] [stdout] 67 | / ...   sqlx::query_as!(
[INFO] [stdout] 68 | | ...       User,
[INFO] [stdout] 69 | | ...       "UPDATE users SET email = $1 WHERE id = $2 RETURNING id, username, email, password_hash, username_updated_at, created_at...
[INFO] [stdout] 70 | | ...       email,
[INFO] [stdout] 71 | | ...       id
[INFO] [stdout] 72 | | ...   )
[INFO] [stdout]    | |_______^
[INFO] [stdout]    |
[INFO] [stdout]    = note: this error originates in the macro `$crate::sqlx_macros::expand_query` which comes from the expansion of the macro `sqlx::query_as` (in Nightly builds, run with -Z macro-backtrace for more info)
[INFO] [stdout] 
[INFO] [stdout] 
[INFO] [stdout] error: error communicating with database: Connection refused (os error 111)
[INFO] [stdout]   --> src/repository/user_repository.rs:80:37
[INFO] [stdout]    |
[INFO] [stdout] 80 |         let result: PgQueryResult = sqlx::query!("DELETE FROM users WHERE id = $1", id)
[INFO] [stdout]    |                                     ^^^^^^^^^^^^^^^^^^^^^^^^^^^^^^^^^^^^^^^^^^^^^^^^^^^
[INFO] [stdout]    |
[INFO] [stdout]    = note: this error originates in the macro `$crate::sqlx_macros::expand_query` which comes from the expansion of the macro `sqlx::query` (in Nightly builds, run with -Z macro-backtrace for more info)
[INFO] [stdout] 
[INFO] [stdout] 
[INFO] [stdout] error: error communicating with database: Connection refused (os error 111)
[INFO] [stdout]   --> src/repository/user_repository.rs:89:9
[INFO] [stdout]    |
[INFO] [stdout] 89 | / ...   sqlx::query_as!(
[INFO] [stdout] 90 | | ...       User,
[INFO] [stdout] 91 | | ...       "UPDATE users SET username = $1, username_updated_at = NOW() WHERE id = $2 RETURNING id, username, email, password_hash,...
[INFO] [stdout] 92 | | ...       username,
[INFO] [stdout] 93 | | ...       id
[INFO] [stdout] 94 | | ...   )
[INFO] [stdout]    | |_______^
[INFO] [stdout]    |
[INFO] [stdout]    = note: this error originates in the macro `$crate::sqlx_macros::expand_query` which comes from the expansion of the macro `sqlx::query_as` (in Nightly builds, run with -Z macro-backtrace for more info)
[INFO] [stdout] 
[INFO] [stdout] 
[INFO] [stderr] error: could not compile `wolfscream` (bin "wolfscream" test) due to 6 previous errors
[INFO] [stderr] warning: build failed, waiting for other jobs to finish...
[INFO] [stderr] error: could not compile `wolfscream` (bin "wolfscream") due to 6 previous errors
[INFO] [stderr] warning: unused dependency `libsignal-rust`
[INFO] [stderr]  --> Cargo.toml:7:1
[INFO] [stderr]   |
[INFO] [stderr] 7 | libsignal-rust = "0.1.0"
[INFO] [stderr]   | ^^^^^^^^^^^^^^^^^^^^^^^^
[INFO] [stderr]   |
[INFO] [stderr]   = note: `cargo::unused_dependencies` is set to `warn` by default
[INFO] [stderr] help: consider removing the dependency on `libsignal-rust`
[INFO] [stderr] warning: `wolfscream` (manifest) generated 1 warning
[INFO] running `Command { std: "docker" "inspect" "9c1db77951e79758db660d78551fefd9c833f5803bc94bace55976203e9a7a69", kill_on_drop: false }`
[INFO] running `Command { std: "docker" "rm" "-f" "9c1db77951e79758db660d78551fefd9c833f5803bc94bace55976203e9a7a69", kill_on_drop: false }`
[INFO] [stdout] 9c1db77951e79758db660d78551fefd9c833f5803bc94bace55976203e9a7a69
