[INFO] cloning repository https://github.com/TooruTora/maru
[INFO] running `Command { std: "git" "-c" "credential.helper=" "-c" "credential.helper=/workspace/cargo-home/bin/git-credential-null" "clone" "--bare" "https://github.com/TooruTora/maru" "/workspace/cache/git-repos/https%3A%2F%2Fgithub.com%2FTooruTora%2Fmaru", kill_on_drop: false }`
[INFO] [stderr] Cloning into bare repository '/workspace/cache/git-repos/https%3A%2F%2Fgithub.com%2FTooruTora%2Fmaru'...
[INFO] running `Command { std: "git" "rev-parse" "HEAD", kill_on_drop: false }`
[INFO] [stdout] d5e818634f689bebf1d3f6d10d87f628d62c0b52
[INFO] checking TooruTora/maru against 3154cc1a3e6424e44f438a95007d043ed5ceaaf6+rustflags=-Znext-solver=coherence for pr-133502-30
[INFO] running `Command { std: "git" "clone" "/workspace/cache/git-repos/https%3A%2F%2Fgithub.com%2FTooruTora%2Fmaru" "/workspace/builds/worker-4-tc1/source", kill_on_drop: false }`
[INFO] [stderr] Cloning into '/workspace/builds/worker-4-tc1/source'...
[INFO] [stderr] done.
[INFO] started tweaking git repo https://github.com/TooruTora/maru
[INFO] finished tweaking git repo https://github.com/TooruTora/maru
[INFO] tweaked toml for git repo https://github.com/TooruTora/maru written to /workspace/builds/worker-4-tc1/source/Cargo.toml
[INFO] validating manifest of git repo https://github.com/TooruTora/maru on toolchain 3154cc1a3e6424e44f438a95007d043ed5ceaaf6
[INFO] running `Command { std: CARGO_HOME="/workspace/cargo-home" RUSTUP_HOME="/workspace/rustup-home" "/workspace/cargo-home/bin/cargo" "+3154cc1a3e6424e44f438a95007d043ed5ceaaf6" "metadata" "--manifest-path" "Cargo.toml" "--no-deps", kill_on_drop: false }`
[INFO] crate git repo https://github.com/TooruTora/maru already has a lockfile, it will not be regenerated
[INFO] running `Command { std: CARGO_HOME="/workspace/cargo-home" RUSTUP_HOME="/workspace/rustup-home" "/workspace/cargo-home/bin/cargo" "+3154cc1a3e6424e44f438a95007d043ed5ceaaf6" "fetch" "--manifest-path" "Cargo.toml", kill_on_drop: false }`
[INFO] [stderr]     Blocking waiting for file lock on package cache
[INFO] [stderr]     Blocking waiting for file lock on package cache
[INFO] [stderr]  Downloading crates ...
[INFO] [stderr]   Downloaded serial2 v0.2.38
[INFO] [stderr]   Downloaded fontdue v0.9.4
[INFO] running `Command { std: "docker" "create" "-v" "/var/lib/crater-agent-workspace/builds/worker-4-tc1/source:/opt/rustwide/workdir:ro,Z" "-v" "/var/lib/crater-agent-workspace/builds/worker-4-tc1/target:/opt/rustwide/target:rw,Z" "-v" "/var/lib/crater-agent-workspace/cargo-home:/opt/rustwide/cargo-home:ro,Z" "-v" "/var/lib/crater-agent-workspace/rustup-home:/opt/rustwide/rustup-home:ro,Z" "-m" "1610612736" "--network" "none" "ghcr.io/rust-lang/crates-build-env/linux@sha256:77db811e55d90add9212f6832c23229e3de5f1c1f9905e8cb07319ea15df73ac" "sleep" "infinity", kill_on_drop: false }`
[INFO] [stdout] b456071a8c437531099a0be8727dabd9db5bf9b70c6aa7c6592b33a5c1dcf389
[INFO] running `Command { std: "docker" "start" "b456071a8c437531099a0be8727dabd9db5bf9b70c6aa7c6592b33a5c1dcf389", kill_on_drop: false }`
[INFO] running `Command { std: "docker" "inspect" "b456071a8c437531099a0be8727dabd9db5bf9b70c6aa7c6592b33a5c1dcf389", kill_on_drop: false }`
[INFO] running `Command { std: "docker" "exec" "-e" "SOURCE_DIR=/opt/rustwide/workdir" "-e" "CARGO_HOME=/opt/rustwide/cargo-home" "-e" "RUSTUP_HOME=/opt/rustwide/rustup-home" "-e" "CARGO_TARGET_DIR=/opt/rustwide/target" "-w" "/opt/rustwide/workdir" "--user" "0:0" "b456071a8c437531099a0be8727dabd9db5bf9b70c6aa7c6592b33a5c1dcf389" "/opt/rustwide/cargo-home/bin/cargo" "+3154cc1a3e6424e44f438a95007d043ed5ceaaf6" "metadata" "--no-deps" "--format-version=1", kill_on_drop: false }`
[INFO] running `Command { std: "docker" "inspect" "b456071a8c437531099a0be8727dabd9db5bf9b70c6aa7c6592b33a5c1dcf389", kill_on_drop: false }`
[INFO] running `Command { std: "docker" "exec" "-e" "SOURCE_DIR=/opt/rustwide/workdir" "-e" "CARGO_HOME=/opt/rustwide/cargo-home" "-e" "RUSTUP_HOME=/opt/rustwide/rustup-home" "-e" "CARGO_TARGET_DIR=/opt/rustwide/target" "-e" "CARGO_INCREMENTAL=0" "-e" "RUST_BACKTRACE=full" "-e" "RUSTFLAGS=--cap-lints=forbid -Znext-solver=coherence" "-e" "RUSTDOCFLAGS=--cap-lints=forbid" "-w" "/opt/rustwide/workdir" "--user" "0:0" "b456071a8c437531099a0be8727dabd9db5bf9b70c6aa7c6592b33a5c1dcf389" "/opt/rustwide/cargo-home/bin/cargo" "+3154cc1a3e6424e44f438a95007d043ed5ceaaf6" "check" "--frozen" "--all" "--all-targets" "--message-format=json", kill_on_drop: false }`
[INFO] [stderr]    Compiling rustix v1.1.4
[INFO] [stderr]    Compiling wayland-sys v0.31.11
[INFO] [stderr]    Compiling rustix v0.38.44
[INFO] [stderr]    Compiling syn v2.0.119
[INFO] [stderr]    Compiling wayland-scanner v0.31.11
[INFO] [stderr]    Compiling drm-sys v0.8.1
[INFO] [stderr]     Checking core_maths v0.1.1
[INFO] [stderr]    Compiling cfg_aliases v0.1.1
[INFO] [stderr]     Checking linux-raw-sys v0.9.4
[INFO] [stderr]     Checking serde v1.0.229
[INFO] [stderr]    Compiling zerocopy v0.8.55
[INFO] [stderr]    Compiling drm-fourcc v2.2.0
[INFO] [stderr]     Checking x11rb-protocol v0.13.2
[INFO] [stderr]     Checking tracing-core v0.1.36
[INFO] [stderr]     Checking flate2 v1.1.9
[INFO] [stderr]    Compiling tiny-xlib v0.2.5
[INFO] [stderr]     Checking ttf-parser v0.25.1
[INFO] [stderr]    Compiling nix v0.28.0
[INFO] [stderr]     Checking moxcms v0.8.1
[INFO] [stderr]     Checking png v0.18.1
[INFO] [stderr]     Checking parking_lot_core v0.9.12
[INFO] [stderr]     Checking ctor v0.10.1
[INFO] [stderr]     Checking x11-dl v2.21.0
[INFO] [stderr]     Checking xkbcommon-dl v0.4.2
[INFO] [stderr]     Checking serde_spanned v0.6.9
[INFO] [stderr]     Checking toml_datetime v0.6.11
[INFO] [stderr]     Checking parking_lot v0.12.5
[INFO] [stderr]     Checking tracing v0.1.44
[INFO] [stderr]     Checking toml_edit v0.22.27
[INFO] [stderr]     Checking serial2 v0.2.38
[INFO] [stderr]    Compiling maru v0.1.0 (/opt/rustwide/workdir)
[INFO] [stderr]     Checking vte v0.15.0
[INFO] [stderr]     Checking owned_ttf_parser v0.25.1
[INFO] [stderr]     Checking fontdue v0.9.4
[INFO] [stderr]     Checking ab_glyph v0.2.32
[INFO] [stderr]     Checking toml v0.8.23
[INFO] [stderr]    Compiling bytemuck_derive v1.11.0
[INFO] [stderr]    Compiling thiserror-impl v1.0.69
[INFO] [stderr]     Checking bytemuck v1.25.2
[INFO] [stderr]     Checking thiserror v1.0.69
[INFO] [stderr]     Checking tiny-skia-path v0.11.4
[INFO] [stderr]     Checking image v0.25.10
[INFO] [stderr]     Checking filedescriptor v0.8.3
[INFO] [stderr]     Checking portable-pty v0.9.0
[INFO] [stderr]     Checking ahash v0.8.12
[INFO] [stderr]     Checking tiny-skia v0.11.4
[INFO] [stderr]     Checking wayland-backend v0.3.16
[INFO] [stderr]     Checking polling v3.11.0
[INFO] [stderr]     Checking gethostname v1.1.0
[INFO] [stderr]     Checking drm-ffi v0.9.1
[INFO] [stderr]     Checking calloop v0.13.0
[INFO] [stderr]     Checking drm v0.14.1
[INFO] [stderr]     Checking wayland-client v0.31.15
[INFO] [stderr]     Checking wayland-csd-frame v0.3.0
[INFO] [stderr]     Checking wayland-protocols v0.32.13
[INFO] [stderr]     Checking wayland-cursor v0.31.14
[INFO] [stderr]     Checking calloop-wayland-source v0.3.0
[INFO] [stderr]     Checking x11rb v0.13.2
[INFO] [stderr]     Checking arboard v3.6.1
[INFO] [stderr]     Checking softbuffer v0.4.8
[INFO] [stderr]     Checking wayland-protocols-wlr v0.3.12
[INFO] [stderr]     Checking wayland-protocols-plasma v0.3.12
[INFO] [stderr]     Checking smithay-client-toolkit v0.19.2
[INFO] [stderr]     Checking sctk-adwaita v0.10.1
[INFO] [stderr]     Checking winit v0.30.13
[INFO] [stdout] error[E0425]: cannot find value `cmd` in this scope
[INFO] [stdout]   --> src/platform.rs:92:5
[INFO] [stdout]    |
[INFO] [stdout] 92 |     cmd.arg(url).spawn().is_ok()
[INFO] [stdout]    |     ^^^ not found in this scope
[INFO] [stdout] 
[INFO] [stdout] 
[INFO] [stdout] error[E0425]: cannot find value `cmd` in this scope
[INFO] [stdout]   --> src/platform.rs:92:5
[INFO] [stdout]    |
[INFO] [stdout] 92 |     cmd.arg(url).spawn().is_ok()
[INFO] [stdout]    |     ^^^ not found in this scope
[INFO] [stdout] 
[INFO] [stdout] 
[INFO] [stdout] error[E0308]: mismatched types
[INFO] [stdout]   --> src/platform.rs:38:28
[INFO] [stdout]    |
[INFO] [stdout] 38 | pub fn fallback_fonts() -> &'static [&'static str] {
[INFO] [stdout]    |        --------------      ^^^^^^^^^^^^^^^^^^^^^^^ expected `&[&str]`, found `()`
[INFO] [stdout]    |        |
[INFO] [stdout]    |        implicitly returns `()` as its body has no tail or `return` expression
[INFO] [stdout] 
[INFO] [stdout] 
[INFO] [stdout] error[E0308]: mismatched types
[INFO] [stdout]   --> src/platform.rs:57:33
[INFO] [stdout]    |
[INFO] [stdout] 57 | pub fn prefers_light_theme() -> bool {
[INFO] [stdout]    |        -------------------      ^^^^ expected `bool`, found `()`
[INFO] [stdout]    |        |
[INFO] [stdout]    |        implicitly returns `()` as its body has no tail or `return` expression
[INFO] [stdout] 
[INFO] [stdout] 
[INFO] [stdout] error[E0308]: mismatched types
[INFO] [stdout]   --> src/platform.rs:38:28
[INFO] [stdout]    |
[INFO] [stdout] 38 | pub fn fallback_fonts() -> &'static [&'static str] {
[INFO] [stdout]    |        --------------      ^^^^^^^^^^^^^^^^^^^^^^^ expected `&[&str]`, found `()`
[INFO] [stdout]    |        |
[INFO] [stdout]    |        implicitly returns `()` as its body has no tail or `return` expression
[INFO] [stdout] 
[INFO] [stdout] 
[INFO] [stdout] error[E0308]: mismatched types
[INFO] [stdout]   --> src/platform.rs:57:33
[INFO] [stdout]    |
[INFO] [stdout] 57 | pub fn prefers_light_theme() -> bool {
[INFO] [stdout]    |        -------------------      ^^^^ expected `bool`, found `()`
[INFO] [stdout]    |        |
[INFO] [stdout]    |        implicitly returns `()` as its body has no tail or `return` expression
[INFO] [stdout] 
[INFO] [stdout] 
[INFO] [stdout] Some errors have detailed explanations: E0308, E0425.
[INFO] [stdout] 
[INFO] [stdout] For more information about an error, try `rustc --explain E0308`.
[INFO] [stdout] 
[INFO] [stderr] error: could not compile `maru` (bin "maru") due to 3 previous errors
[INFO] [stderr] warning: build failed, waiting for other jobs to finish...
[INFO] [stdout] Some errors have detailed explanations: E0308, E0425.
[INFO] [stdout] 
[INFO] [stdout] For more information about an error, try `rustc --explain E0308`.
[INFO] [stdout] 
[INFO] [stderr] error: could not compile `maru` (bin "maru" test) due to 3 previous errors
[INFO] running `Command { std: "docker" "inspect" "b456071a8c437531099a0be8727dabd9db5bf9b70c6aa7c6592b33a5c1dcf389", kill_on_drop: false }`
[INFO] running `Command { std: "docker" "rm" "-f" "b456071a8c437531099a0be8727dabd9db5bf9b70c6aa7c6592b33a5c1dcf389", kill_on_drop: false }`
[INFO] [stdout] b456071a8c437531099a0be8727dabd9db5bf9b70c6aa7c6592b33a5c1dcf389
