[INFO] cloning repository https://github.com/TibaneLabs/catcard
[INFO] running `Command { std: "git" "-c" "credential.helper=" "-c" "credential.helper=/workspace/cargo-home/bin/git-credential-null" "clone" "--bare" "https://github.com/TibaneLabs/catcard" "/workspace/cache/git-repos/https%3A%2F%2Fgithub.com%2FTibaneLabs%2Fcatcard", kill_on_drop: false }`
[INFO] [stderr] Cloning into bare repository '/workspace/cache/git-repos/https%3A%2F%2Fgithub.com%2FTibaneLabs%2Fcatcard'...
[INFO] running `Command { std: "git" "rev-parse" "HEAD", kill_on_drop: false }`
[INFO] [stdout] d1a9b2228d26967ee3eb2f812242e04d22a1384a
[INFO] checking TibaneLabs/catcard against 3154cc1a3e6424e44f438a95007d043ed5ceaaf6+rustflags=-Znext-solver=coherence for pr-133502-30
[INFO] running `Command { std: "git" "clone" "/workspace/cache/git-repos/https%3A%2F%2Fgithub.com%2FTibaneLabs%2Fcatcard" "/workspace/builds/worker-0-tc1/source", kill_on_drop: false }`
[INFO] [stderr] Cloning into '/workspace/builds/worker-0-tc1/source'...
[INFO] [stderr] done.
[INFO] removed /workspace/builds/worker-0-tc1/source/.cargo/config.toml
[INFO] removed /workspace/builds/worker-0-tc1/source/rust-toolchain.toml
[INFO] started tweaking git repo https://github.com/TibaneLabs/catcard
[INFO] finished tweaking git repo https://github.com/TibaneLabs/catcard
[INFO] tweaked toml for git repo https://github.com/TibaneLabs/catcard written to /workspace/builds/worker-0-tc1/source/Cargo.toml
[INFO] validating manifest of git repo https://github.com/TibaneLabs/catcard on toolchain 3154cc1a3e6424e44f438a95007d043ed5ceaaf6
[INFO] running `Command { std: CARGO_HOME="/workspace/cargo-home" RUSTUP_HOME="/workspace/rustup-home" "/workspace/cargo-home/bin/cargo" "+3154cc1a3e6424e44f438a95007d043ed5ceaaf6" "metadata" "--manifest-path" "Cargo.toml" "--no-deps", kill_on_drop: false }`
[INFO] crate git repo https://github.com/TibaneLabs/catcard already has a lockfile, it will not be regenerated
[INFO] running `Command { std: CARGO_HOME="/workspace/cargo-home" RUSTUP_HOME="/workspace/rustup-home" "/workspace/cargo-home/bin/cargo" "+3154cc1a3e6424e44f438a95007d043ed5ceaaf6" "fetch" "--manifest-path" "Cargo.toml", kill_on_drop: false }`
[INFO] [stderr] warning: unused workspace dependency `bitflags`
[INFO] [stderr]   --> Cargo.toml:36:25
[INFO] [stderr]    |
[INFO] [stderr] 36 | [workspace.dependencies.bitflags]
[INFO] [stderr]    |                         ^^^^^^^^
[INFO] [stderr]    |
[INFO] [stderr]    = note: `cargo::unused_workspace_dependencies` is set to `warn` by default
[INFO] [stderr] help: consider removing the workspace dependency `bitflags`
[INFO] [stderr] warning: unused workspace dependency `critical-section`
[INFO] [stderr]   --> Cargo.toml:27:1
[INFO] [stderr]    |
[INFO] [stderr] 27 | critical-section = "1.2.0"
[INFO] [stderr]    | ^^^^^^^^^^^^^^^^
[INFO] [stderr]    |
[INFO] [stderr] help: consider removing the workspace dependency `critical-section`
[INFO] [stderr] warning: unused workspace dependency `object`
[INFO] [stderr]   --> Cargo.toml:29:1
[INFO] [stderr]    |
[INFO] [stderr] 29 | object = "0.40.0"
[INFO] [stderr]    | ^^^^^^
[INFO] [stderr]    |
[INFO] [stderr] help: consider removing the workspace dependency `object`
[INFO] [stderr] warning: workspace (manifest) generated 3 warnings
[INFO] [stderr]     Updating crates.io index
[INFO] [stderr]  Downloading crates ...
[INFO] [stderr]   Downloaded minizlib v0.1.2
[INFO] [stderr]   Downloaded cortex-m-rt-macros v0.7.6
[INFO] [stderr]   Downloaded volatile-register v0.2.2
[INFO] [stderr]   Downloaded bitfield v0.13.2
[INFO] [stderr]   Downloaded cortex-m-rt v0.7.6
[INFO] [stderr]   Downloaded emjson v0.1.1
[INFO] [stderr]   Downloaded evmabiless v0.1.17
[INFO] [stderr]   Downloaded outscript v0.2.4
[INFO] [stderr]   Downloaded cortex-m v0.7.7
[INFO] [stderr]   Downloaded tsslib v0.2.15
[INFO] [stderr]   Downloaded compcol v0.6.11
[INFO] [stderr]   Downloaded compcol v0.7.2
[INFO] [stderr]   Downloaded anyd v0.1.4
[INFO] [stderr]   Downloaded fstool v0.4.35
[INFO] [stderr]   Downloaded purecrypto v0.9.9
[INFO] running `Command { std: "docker" "create" "-v" "/var/lib/crater-agent-workspace/builds/worker-0-tc1/source:/opt/rustwide/workdir:ro,Z" "-v" "/var/lib/crater-agent-workspace/builds/worker-0-tc1/target:/opt/rustwide/target:rw,Z" "-v" "/var/lib/crater-agent-workspace/cargo-home:/opt/rustwide/cargo-home:ro,Z" "-v" "/var/lib/crater-agent-workspace/rustup-home:/opt/rustwide/rustup-home:ro,Z" "-m" "1610612736" "--network" "none" "ghcr.io/rust-lang/crates-build-env/linux@sha256:77db811e55d90add9212f6832c23229e3de5f1c1f9905e8cb07319ea15df73ac" "sleep" "infinity", kill_on_drop: false }`
[INFO] [stdout] f632dce6696f33ce8b6aafc0319f6b797feffc83f55359827cf2a2a586b6d98f
[INFO] running `Command { std: "docker" "start" "f632dce6696f33ce8b6aafc0319f6b797feffc83f55359827cf2a2a586b6d98f", kill_on_drop: false }`
[INFO] running `Command { std: "docker" "inspect" "f632dce6696f33ce8b6aafc0319f6b797feffc83f55359827cf2a2a586b6d98f", kill_on_drop: false }`
[INFO] running `Command { std: "docker" "exec" "-e" "SOURCE_DIR=/opt/rustwide/workdir" "-e" "CARGO_HOME=/opt/rustwide/cargo-home" "-e" "RUSTUP_HOME=/opt/rustwide/rustup-home" "-e" "CARGO_TARGET_DIR=/opt/rustwide/target" "-w" "/opt/rustwide/workdir" "--user" "0:0" "f632dce6696f33ce8b6aafc0319f6b797feffc83f55359827cf2a2a586b6d98f" "/opt/rustwide/cargo-home/bin/cargo" "+3154cc1a3e6424e44f438a95007d043ed5ceaaf6" "metadata" "--no-deps" "--format-version=1", kill_on_drop: false }`
[INFO] running `Command { std: "docker" "inspect" "f632dce6696f33ce8b6aafc0319f6b797feffc83f55359827cf2a2a586b6d98f", kill_on_drop: false }`
[INFO] running `Command { std: "docker" "exec" "-e" "SOURCE_DIR=/opt/rustwide/workdir" "-e" "CARGO_HOME=/opt/rustwide/cargo-home" "-e" "RUSTUP_HOME=/opt/rustwide/rustup-home" "-e" "CARGO_TARGET_DIR=/opt/rustwide/target" "-e" "CARGO_INCREMENTAL=0" "-e" "RUST_BACKTRACE=full" "-e" "RUSTFLAGS=--cap-lints=forbid -Znext-solver=coherence" "-e" "RUSTDOCFLAGS=--cap-lints=forbid" "-w" "/opt/rustwide/workdir" "--user" "0:0" "f632dce6696f33ce8b6aafc0319f6b797feffc83f55359827cf2a2a586b6d98f" "/opt/rustwide/cargo-home/bin/cargo" "+3154cc1a3e6424e44f438a95007d043ed5ceaaf6" "check" "--frozen" "--all" "--all-targets" "--message-format=json", kill_on_drop: false }`
[INFO] [stderr] warning: unused workspace dependency `bitflags`
[INFO] [stderr]   --> Cargo.toml:36:25
[INFO] [stderr]    |
[INFO] [stderr] 36 | [workspace.dependencies.bitflags]
[INFO] [stderr]    |                         ^^^^^^^^
[INFO] [stderr]    |
[INFO] [stderr]    = note: `cargo::unused_workspace_dependencies` is set to `warn` by default
[INFO] [stderr] help: consider removing the workspace dependency `bitflags`
[INFO] [stderr] warning: unused workspace dependency `critical-section`
[INFO] [stderr]   --> Cargo.toml:27:1
[INFO] [stderr]    |
[INFO] [stderr] 27 | critical-section = "1.2.0"
[INFO] [stderr]    | ^^^^^^^^^^^^^^^^
[INFO] [stderr]    |
[INFO] [stderr] help: consider removing the workspace dependency `critical-section`
[INFO] [stderr] warning: unused workspace dependency `object`
[INFO] [stderr]   --> Cargo.toml:29:1
[INFO] [stderr]    |
[INFO] [stderr] 29 | object = "0.40.0"
[INFO] [stderr]    | ^^^^^^
[INFO] [stderr]    |
[INFO] [stderr] help: consider removing the workspace dependency `object`
[INFO] [stderr] warning: workspace (manifest) generated 3 warnings
[INFO] [stderr]     Checking purecrypto v0.9.9
[INFO] [stderr]     Checking compcol v0.7.2
[INFO] [stderr]    Compiling syn v3.0.3
[INFO] [stderr]    Compiling serde v1.0.229
[INFO] [stderr]    Compiling serde_core v1.0.229
[INFO] [stderr]    Compiling zmij v1.0.23
[INFO] [stderr]     Checking zeroize v1.9.0
[INFO] [stderr]    Compiling num-traits v0.2.19
[INFO] [stderr]    Compiling serde_json v1.0.151
[INFO] [stderr]     Checking memchr v2.8.3
[INFO] [stderr]     Checking itoa v1.0.18
[INFO] [stderr]    Compiling heapless v0.9.3
[INFO] [stderr]     Checking byteorder v1.5.0
[INFO] [stderr]     Checking minizlib v0.1.2
[INFO] [stderr]     Checking catcard-board v7.0.0 (/opt/rustwide/workdir/crates/catcard-board)
[INFO] [stderr]     Checking spin v0.10.1
[INFO] [stderr]     Checking hash32 v0.3.1
[INFO] [stderr]     Checking uuid v1.26.1
[INFO] [stderr]    Compiling semver-parser v0.7.0
[INFO] [stderr]     Checking utf8parse v0.2.2
[INFO] [stderr]     Checking emjson v0.1.1
[INFO] [stderr]    Compiling semver v0.9.0
[INFO] [stderr]     Checking fstool v0.4.35
[INFO] [stderr]    Compiling rustc_version v0.2.3
[INFO] [stderr]     Checking num-integer v0.1.47
[INFO] [stderr]    Compiling bare-metal v0.2.5
[INFO] [stderr]     Checking anstyle-parse v1.0.0
[INFO] [stderr]     Checking num-bigint v0.4.8
[INFO] [stderr]    Compiling cortex-m v0.7.7
[INFO] [stderr]     Checking colorchoice v1.0.5
[INFO] [stderr]     Checking is_terminal_polyfill v1.70.2
[INFO] [stderr]     Checking nb v1.1.0
[INFO] [stderr]     Checking anstyle v1.0.14
[INFO] [stderr]     Checking anstyle-query v1.1.5
[INFO] [stderr]     Checking nb v0.1.3
[INFO] [stderr]     Checking clap_lex v1.1.0
[INFO] [stderr]    Compiling catcard-app v7.0.0 (/opt/rustwide/workdir/crates/catcard-app)
[INFO] [stderr]     Checking strsim v0.11.1
[INFO] [stderr]     Checking anstream v1.0.0
[INFO] [stderr]     Checking vcell v0.1.3
[INFO] [stderr]     Checking void v1.0.2
[INFO] [stderr]     Checking embedded-hal v0.2.7
[INFO] [stderr]     Checking volatile-register v0.2.2
[INFO] [stderr]    Compiling cortex-m-rt v0.7.6
[INFO] [stderr]     Checking bitfield v0.13.2
[INFO] [stderr]     Checking clap_builder v4.6.5
[INFO] [stderr]     Checking catcard-flash v7.0.0 (/opt/rustwide/workdir/crates/catcard-flash)
[INFO] [stdout] error[E0425]: cannot find function `__basepri_r` in module `crate::asm::inline`
[INFO] [stdout]   --> /opt/rustwide/cargo-home/registry/src/index.crates.io-1949cf8c6b5b557f/cortex-m-0.7.7/src/register/basepri.rs:6:15
[INFO] [stdout]    |
[INFO] [stdout]  6 |     call_asm!(__basepri_r() -> u8)
[INFO] [stdout]    |               ^^^^^^^^^^^ not found in `crate::asm::inline`
[INFO] [stdout]    |
[INFO] [stdout]   ::: /opt/rustwide/cargo-home/registry/src/index.crates.io-1949cf8c6b5b557f/cortex-m-0.7.7/src/call_asm.rs:11:43
[INFO] [stdout]    |
[INFO] [stdout] 11 |                 () => crate::asm::inline::$func($($args),*),
[INFO] [stdout]    |                                           ----- due to this macro variable
[INFO] [stdout] 
[INFO] [stdout] 
[INFO] [stdout] error[E0425]: cannot find function `__basepri_w` in module `crate::asm::inline`
[INFO] [stdout]   --> /opt/rustwide/cargo-home/registry/src/index.crates.io-1949cf8c6b5b557f/cortex-m-0.7.7/src/register/basepri.rs:22:19
[INFO] [stdout]    |
[INFO] [stdout] 22 |         call_asm!(__basepri_w(basepri: u8));
[INFO] [stdout]    |                   ^^^^^^^^^^^ not found in `crate::asm::inline`
[INFO] [stdout]    |
[INFO] [stdout]   ::: /opt/rustwide/cargo-home/registry/src/index.crates.io-1949cf8c6b5b557f/cortex-m-0.7.7/src/call_asm.rs:11:43
[INFO] [stdout]    |
[INFO] [stdout] 11 |                 () => crate::asm::inline::$func($($args),*),
[INFO] [stdout]    |                                           ----- due to this macro variable
[INFO] [stdout] 
[INFO] [stdout] 
[INFO] [stdout] error[E0425]: cannot find function `__basepri_max` in module `crate::asm::inline`
[INFO] [stdout]   --> /opt/rustwide/cargo-home/registry/src/index.crates.io-1949cf8c6b5b557f/cortex-m-0.7.7/src/register/basepri_max.rs:19:19
[INFO] [stdout]    |
[INFO] [stdout] 19 |         call_asm!(__basepri_max(basepri: u8));
[INFO] [stdout]    |                   ^^^^^^^^^^^^^ not found in `crate::asm::inline`
[INFO] [stdout]    |
[INFO] [stdout]   ::: /opt/rustwide/cargo-home/registry/src/index.crates.io-1949cf8c6b5b557f/cortex-m-0.7.7/src/call_asm.rs:11:43
[INFO] [stdout]    |
[INFO] [stdout] 11 |                 () => crate::asm::inline::$func($($args),*),
[INFO] [stdout]    |                                           ----- due to this macro variable
[INFO] [stdout] 
[INFO] [stdout] 
[INFO] [stdout] error[E0425]: cannot find function `__faultmask_r` in module `crate::asm::inline`
[INFO] [stdout]   --> /opt/rustwide/cargo-home/registry/src/index.crates.io-1949cf8c6b5b557f/cortex-m-0.7.7/src/register/faultmask.rs:29:28
[INFO] [stdout]    |
[INFO] [stdout] 29 |     let r: u32 = call_asm!(__faultmask_r() -> u32);
[INFO] [stdout]    |                            ^^^^^^^^^^^^^ not found in `crate::asm::inline`
[INFO] [stdout]    |
[INFO] [stdout]   ::: /opt/rustwide/cargo-home/registry/src/index.crates.io-1949cf8c6b5b557f/cortex-m-0.7.7/src/call_asm.rs:11:43
[INFO] [stdout]    |
[INFO] [stdout] 11 |                 () => crate::asm::inline::$func($($args),*),
[INFO] [stdout]    |                                           ----- due to this macro variable
[INFO] [stdout] 
[INFO] [stdout] 
[INFO] [stdout] error: invalid register `r0`: unknown register
[INFO] [stdout]    --> /opt/rustwide/cargo-home/registry/src/index.crates.io-1949cf8c6b5b557f/cortex-m-0.7.7/src/../asm/inline.rs:197:24
[INFO] [stdout]     |
[INFO] [stdout] 197 |     asm!("bkpt #0xab", inout("r0") nr, in("r1") arg, options(nomem, nostack, preserves_flags));
[INFO] [stdout]     |                        ^^^^^^^^^^^^^^
[INFO] [stdout] 
[INFO] [stdout] 
[INFO] [stdout] error: invalid register `r1`: unknown register
[INFO] [stdout]    --> /opt/rustwide/cargo-home/registry/src/index.crates.io-1949cf8c6b5b557f/cortex-m-0.7.7/src/../asm/inline.rs:197:40
[INFO] [stdout]     |
[INFO] [stdout] 197 |     asm!("bkpt #0xab", inout("r0") nr, in("r1") arg, options(nomem, nostack, preserves_flags));
[INFO] [stdout]     |                                        ^^^^^^^^^^^^
[INFO] [stdout] 
[INFO] [stdout] 
[INFO] [stdout] For more information about this error, try `rustc --explain E0425`.
[INFO] [stdout] 
[INFO] [stderr] error: could not compile `cortex-m` (lib) due to 6 previous errors
[INFO] [stderr] warning: build failed, waiting for other jobs to finish...
[INFO] running `Command { std: "docker" "inspect" "f632dce6696f33ce8b6aafc0319f6b797feffc83f55359827cf2a2a586b6d98f", kill_on_drop: false }`
[INFO] running `Command { std: "docker" "rm" "-f" "f632dce6696f33ce8b6aafc0319f6b797feffc83f55359827cf2a2a586b6d98f", kill_on_drop: false }`
[INFO] [stdout] f632dce6696f33ce8b6aafc0319f6b797feffc83f55359827cf2a2a586b6d98f
