[INFO] cloning repository https://github.com/TheWhiteShadow4/history
[INFO] running `Command { std: "git" "-c" "credential.helper=" "-c" "credential.helper=/workspace/cargo-home/bin/git-credential-null" "clone" "--bare" "https://github.com/TheWhiteShadow4/history" "/workspace/cache/git-repos/https%3A%2F%2Fgithub.com%2FTheWhiteShadow4%2Fhistory", kill_on_drop: false }`
[INFO] [stderr] Cloning into bare repository '/workspace/cache/git-repos/https%3A%2F%2Fgithub.com%2FTheWhiteShadow4%2Fhistory'...
[INFO] running `Command { std: "git" "rev-parse" "HEAD", kill_on_drop: false }`
[INFO] [stdout] 7378ef55419731d122bebbece53d956cfd53d122
[INFO] checking TheWhiteShadow4/history against 3154cc1a3e6424e44f438a95007d043ed5ceaaf6+rustflags=-Znext-solver=coherence for pr-133502-30
[INFO] running `Command { std: "git" "clone" "/workspace/cache/git-repos/https%3A%2F%2Fgithub.com%2FTheWhiteShadow4%2Fhistory" "/workspace/builds/worker-4-tc1/source", kill_on_drop: false }`
[INFO] [stderr] Cloning into '/workspace/builds/worker-4-tc1/source'...
[INFO] [stderr] done.
[INFO] started tweaking git repo https://github.com/TheWhiteShadow4/history
[INFO] finished tweaking git repo https://github.com/TheWhiteShadow4/history
[INFO] tweaked toml for git repo https://github.com/TheWhiteShadow4/history written to /workspace/builds/worker-4-tc1/source/Cargo.toml
[INFO] validating manifest of git repo https://github.com/TheWhiteShadow4/history on toolchain 3154cc1a3e6424e44f438a95007d043ed5ceaaf6
[INFO] running `Command { std: CARGO_HOME="/workspace/cargo-home" RUSTUP_HOME="/workspace/rustup-home" "/workspace/cargo-home/bin/cargo" "+3154cc1a3e6424e44f438a95007d043ed5ceaaf6" "metadata" "--manifest-path" "Cargo.toml" "--no-deps", kill_on_drop: false }`
[INFO] crate git repo https://github.com/TheWhiteShadow4/history already has a lockfile, it will not be regenerated
[INFO] running `Command { std: CARGO_HOME="/workspace/cargo-home" RUSTUP_HOME="/workspace/rustup-home" "/workspace/cargo-home/bin/cargo" "+3154cc1a3e6424e44f438a95007d043ed5ceaaf6" "fetch" "--manifest-path" "Cargo.toml", kill_on_drop: false }`
[INFO] [stderr]     Updating crates.io index
[INFO] [stderr]  Downloading crates ...
[INFO] [stderr]   Downloaded testdrop v0.1.2
[INFO] running `Command { std: "docker" "create" "-v" "/var/lib/crater-agent-workspace/builds/worker-4-tc1/source:/opt/rustwide/workdir:ro,Z" "-v" "/var/lib/crater-agent-workspace/builds/worker-4-tc1/target:/opt/rustwide/target:rw,Z" "-v" "/var/lib/crater-agent-workspace/cargo-home:/opt/rustwide/cargo-home:ro,Z" "-v" "/var/lib/crater-agent-workspace/rustup-home:/opt/rustwide/rustup-home:ro,Z" "-m" "1610612736" "--network" "none" "ghcr.io/rust-lang/crates-build-env/linux@sha256:77db811e55d90add9212f6832c23229e3de5f1c1f9905e8cb07319ea15df73ac" "sleep" "infinity", kill_on_drop: false }`
[INFO] [stdout] 4591ee3d50be623143de9be43f9727ac2a42ebaf441594245fc97e4903830fdb
[INFO] running `Command { std: "docker" "start" "4591ee3d50be623143de9be43f9727ac2a42ebaf441594245fc97e4903830fdb", kill_on_drop: false }`
[INFO] running `Command { std: "docker" "inspect" "4591ee3d50be623143de9be43f9727ac2a42ebaf441594245fc97e4903830fdb", kill_on_drop: false }`
[INFO] running `Command { std: "docker" "exec" "-e" "SOURCE_DIR=/opt/rustwide/workdir" "-e" "CARGO_HOME=/opt/rustwide/cargo-home" "-e" "RUSTUP_HOME=/opt/rustwide/rustup-home" "-e" "CARGO_TARGET_DIR=/opt/rustwide/target" "-w" "/opt/rustwide/workdir" "--user" "0:0" "4591ee3d50be623143de9be43f9727ac2a42ebaf441594245fc97e4903830fdb" "/opt/rustwide/cargo-home/bin/cargo" "+3154cc1a3e6424e44f438a95007d043ed5ceaaf6" "metadata" "--no-deps" "--format-version=1", kill_on_drop: false }`
[INFO] running `Command { std: "docker" "inspect" "4591ee3d50be623143de9be43f9727ac2a42ebaf441594245fc97e4903830fdb", kill_on_drop: false }`
[INFO] running `Command { std: "docker" "exec" "-e" "SOURCE_DIR=/opt/rustwide/workdir" "-e" "CARGO_HOME=/opt/rustwide/cargo-home" "-e" "RUSTUP_HOME=/opt/rustwide/rustup-home" "-e" "CARGO_TARGET_DIR=/opt/rustwide/target" "-e" "CARGO_INCREMENTAL=0" "-e" "RUST_BACKTRACE=full" "-e" "RUSTFLAGS=--cap-lints=forbid -Znext-solver=coherence" "-e" "RUSTDOCFLAGS=--cap-lints=forbid" "-w" "/opt/rustwide/workdir" "--user" "0:0" "4591ee3d50be623143de9be43f9727ac2a42ebaf441594245fc97e4903830fdb" "/opt/rustwide/cargo-home/bin/cargo" "+3154cc1a3e6424e44f438a95007d043ed5ceaaf6" "check" "--frozen" "--all" "--all-targets" "--message-format=json", kill_on_drop: false }`
[INFO] [stderr]     Checking testdrop v0.1.2
[INFO] [stderr]     Checking history v0.1.0 (/opt/rustwide/workdir)
[INFO] [stdout] error[E0405]: cannot find trait `Stateful` in this scope
[INFO] [stdout]   --> src/tests.rs:38:6
[INFO] [stdout]    |
[INFO] [stdout] 38 | impl Stateful<SnapshotType> for ApplicationState
[INFO] [stdout]    |      ^^^^^^^^ not found in this scope
[INFO] [stdout] 
[INFO] [stdout] 
[INFO] [stdout] error[E0405]: cannot find trait `Any` in this scope
[INFO] [stdout]   --> src/tests.rs:40:46
[INFO] [stdout]    |
[INFO] [stdout] 40 |     fn state(&self, typ: &SnapshotType) -> &dyn Any
[INFO] [stdout]    |                                                 ^^^ not found in this scope
[INFO] [stdout]    |
[INFO] [stdout] help: consider importing this trait
[INFO] [stdout]    |
[INFO] [stdout]  3 + use std::any::Any;
[INFO] [stdout]    |
[INFO] [stdout] 
[INFO] [stdout] 
[INFO] [stdout] error[E0405]: cannot find trait `Any` in this scope
[INFO] [stdout]   --> src/tests.rs:72:32
[INFO] [stdout]    |
[INFO] [stdout] 72 |     fn restore(&self, state: &dyn Any) -> Result<()>
[INFO] [stdout]    |                                   ^^^ not found in this scope
[INFO] [stdout]    |
[INFO] [stdout] help: consider importing this trait
[INFO] [stdout]    |
[INFO] [stdout]  3 + use std::any::Any;
[INFO] [stdout]    |
[INFO] [stdout] 
[INFO] [stdout] 
[INFO] [stdout] error[E0405]: cannot find trait `Any` in this scope
[INFO] [stdout]   --> src/tests.rs:96:32
[INFO] [stdout]    |
[INFO] [stdout] 96 |     fn restore(&self, state: &dyn Any) -> Result<()>
[INFO] [stdout]    |                                   ^^^ not found in this scope
[INFO] [stdout]    |
[INFO] [stdout] help: consider importing this trait
[INFO] [stdout]    |
[INFO] [stdout]  3 + use std::any::Any;
[INFO] [stdout]    |
[INFO] [stdout] 
[INFO] [stdout] 
[INFO] [stdout] error[E0107]: missing generics for trait `Snapshot`
[INFO] [stdout]    --> src/tests.rs:70:6
[INFO] [stdout]     |
[INFO] [stdout]  70 | impl Snapshot for Snapshot1
[INFO] [stdout]     |      ^^^^^^^^ expected 1 generic argument
[INFO] [stdout]     |
[INFO] [stdout] note: trait defined here, with 1 generic parameter: `S`
[INFO] [stdout]    --> src/lib.rs:259:11
[INFO] [stdout]     |
[INFO] [stdout] 259 | pub trait Snapshot<S>
[INFO] [stdout]     |           ^^^^^^^^ -
[INFO] [stdout] help: add missing generic argument
[INFO] [stdout]     |
[INFO] [stdout]  70 | impl Snapshot<S> for Snapshot1
[INFO] [stdout]     |              +++
[INFO] [stdout] 
[INFO] [stdout] 
[INFO] [stdout] error[E0107]: missing generics for trait `Snapshot`
[INFO] [stdout]    --> src/tests.rs:94:6
[INFO] [stdout]     |
[INFO] [stdout]  94 | impl Snapshot for Snapshot2
[INFO] [stdout]     |      ^^^^^^^^ expected 1 generic argument
[INFO] [stdout]     |
[INFO] [stdout] note: trait defined here, with 1 generic parameter: `S`
[INFO] [stdout]    --> src/lib.rs:259:11
[INFO] [stdout]     |
[INFO] [stdout] 259 | pub trait Snapshot<S>
[INFO] [stdout]     |           ^^^^^^^^ -
[INFO] [stdout] help: add missing generic argument
[INFO] [stdout]     |
[INFO] [stdout]  94 | impl Snapshot<S> for Snapshot2
[INFO] [stdout]     |              +++
[INFO] [stdout] 
[INFO] [stdout] 
[INFO] [stdout] Some errors have detailed explanations: E0107, E0405.
[INFO] [stdout] 
[INFO] [stdout] For more information about an error, try `rustc --explain E0107`.
[INFO] [stdout] 
[INFO] [stderr] error: could not compile `history` (lib test) due to 6 previous errors
[INFO] running `Command { std: "docker" "inspect" "4591ee3d50be623143de9be43f9727ac2a42ebaf441594245fc97e4903830fdb", kill_on_drop: false }`
[INFO] running `Command { std: "docker" "rm" "-f" "4591ee3d50be623143de9be43f9727ac2a42ebaf441594245fc97e4903830fdb", kill_on_drop: false }`
[INFO] [stdout] 4591ee3d50be623143de9be43f9727ac2a42ebaf441594245fc97e4903830fdb
