[INFO] cloning repository https://github.com/TheUltDev/neon-bay
[INFO] running `Command { std: "git" "-c" "credential.helper=" "-c" "credential.helper=/workspace/cargo-home/bin/git-credential-null" "clone" "--bare" "https://github.com/TheUltDev/neon-bay" "/workspace/cache/git-repos/https%3A%2F%2Fgithub.com%2FTheUltDev%2Fneon-bay", kill_on_drop: false }`
[INFO] [stderr] Cloning into bare repository '/workspace/cache/git-repos/https%3A%2F%2Fgithub.com%2FTheUltDev%2Fneon-bay'...
[INFO] running `Command { std: "git" "rev-parse" "HEAD", kill_on_drop: false }`
[INFO] [stdout] b249cc486a3780799c84697d51cb568999fc419f
[INFO] checking TheUltDev/neon-bay against 3154cc1a3e6424e44f438a95007d043ed5ceaaf6+rustflags=-Znext-solver=coherence for pr-133502-30
[INFO] running `Command { std: "git" "clone" "/workspace/cache/git-repos/https%3A%2F%2Fgithub.com%2FTheUltDev%2Fneon-bay" "/workspace/builds/worker-2-tc1/source", kill_on_drop: false }`
[INFO] [stderr] Cloning into '/workspace/builds/worker-2-tc1/source'...
[INFO] [stderr] done.
[INFO] removed /workspace/builds/worker-2-tc1/source/rust-toolchain.toml
[INFO] started tweaking git repo https://github.com/TheUltDev/neon-bay
[INFO] finished tweaking git repo https://github.com/TheUltDev/neon-bay
[INFO] tweaked toml for git repo https://github.com/TheUltDev/neon-bay written to /workspace/builds/worker-2-tc1/source/Cargo.toml
[INFO] validating manifest of git repo https://github.com/TheUltDev/neon-bay on toolchain 3154cc1a3e6424e44f438a95007d043ed5ceaaf6
[INFO] running `Command { std: CARGO_HOME="/workspace/cargo-home" RUSTUP_HOME="/workspace/rustup-home" "/workspace/cargo-home/bin/cargo" "+3154cc1a3e6424e44f438a95007d043ed5ceaaf6" "metadata" "--manifest-path" "Cargo.toml" "--no-deps", kill_on_drop: false }`
[INFO] crate git repo https://github.com/TheUltDev/neon-bay already has a lockfile, it will not be regenerated
[INFO] running `Command { std: CARGO_HOME="/workspace/cargo-home" RUSTUP_HOME="/workspace/rustup-home" "/workspace/cargo-home/bin/cargo" "+3154cc1a3e6424e44f438a95007d043ed5ceaaf6" "fetch" "--manifest-path" "Cargo.toml", kill_on_drop: false }`
[INFO] [stderr]     Updating crates.io index
[INFO] [stderr]  Downloading crates ...
[INFO] [stderr]   Downloaded spacetimedb-primitives v2.10.0
[INFO] [stderr]   Downloaded spacetimedb-metrics v2.10.0
[INFO] [stderr]   Downloaded spacetimedb-query-builder v2.10.0
[INFO] [stderr]   Downloaded second-stack v0.3.5
[INFO] [stderr]   Downloaded spacetimedb-bindings-macro v2.10.0
[INFO] [stderr]   Downloaded decorum v0.3.1
[INFO] [stderr]   Downloaded spacetimedb-sdk v2.10.0
[INFO] [stderr]   Downloaded lean_string v0.5.3
[INFO] [stderr]   Downloaded spacetimedb-data-structures v2.10.0
[INFO] [stderr]   Downloaded spacetimedb-client-api-messages v2.10.0
[INFO] [stderr]   Downloaded spacetimedb-lib v2.10.0
[INFO] [stderr]   Downloaded spacetimedb-sats v2.10.0
[INFO] [stderr]   Downloaded brotli-decompressor v2.5.1
[INFO] [stderr]   Downloaded brotli v3.5.0
[INFO] running `Command { std: "docker" "create" "-v" "/var/lib/crater-agent-workspace/builds/worker-2-tc1/source:/opt/rustwide/workdir:ro,Z" "-v" "/var/lib/crater-agent-workspace/builds/worker-2-tc1/target:/opt/rustwide/target:rw,Z" "-v" "/var/lib/crater-agent-workspace/cargo-home:/opt/rustwide/cargo-home:ro,Z" "-v" "/var/lib/crater-agent-workspace/rustup-home:/opt/rustwide/rustup-home:ro,Z" "-m" "1610612736" "--network" "none" "ghcr.io/rust-lang/crates-build-env/linux@sha256:77db811e55d90add9212f6832c23229e3de5f1c1f9905e8cb07319ea15df73ac" "sleep" "infinity", kill_on_drop: false }`
[INFO] [stdout] b2c79a16eb579673d93c0ecbe62be992119e2e11356bb997f6dedee22c6862bf
[INFO] running `Command { std: "docker" "start" "b2c79a16eb579673d93c0ecbe62be992119e2e11356bb997f6dedee22c6862bf", kill_on_drop: false }`
[INFO] running `Command { std: "docker" "inspect" "b2c79a16eb579673d93c0ecbe62be992119e2e11356bb997f6dedee22c6862bf", kill_on_drop: false }`
[INFO] running `Command { std: "docker" "exec" "-e" "SOURCE_DIR=/opt/rustwide/workdir" "-e" "CARGO_HOME=/opt/rustwide/cargo-home" "-e" "RUSTUP_HOME=/opt/rustwide/rustup-home" "-e" "CARGO_TARGET_DIR=/opt/rustwide/target" "-w" "/opt/rustwide/workdir" "--user" "0:0" "b2c79a16eb579673d93c0ecbe62be992119e2e11356bb997f6dedee22c6862bf" "/opt/rustwide/cargo-home/bin/cargo" "+3154cc1a3e6424e44f438a95007d043ed5ceaaf6" "metadata" "--no-deps" "--format-version=1", kill_on_drop: false }`
[INFO] running `Command { std: "docker" "inspect" "b2c79a16eb579673d93c0ecbe62be992119e2e11356bb997f6dedee22c6862bf", kill_on_drop: false }`
[INFO] running `Command { std: "docker" "exec" "-e" "SOURCE_DIR=/opt/rustwide/workdir" "-e" "CARGO_HOME=/opt/rustwide/cargo-home" "-e" "RUSTUP_HOME=/opt/rustwide/rustup-home" "-e" "CARGO_TARGET_DIR=/opt/rustwide/target" "-e" "CARGO_INCREMENTAL=0" "-e" "RUST_BACKTRACE=full" "-e" "RUSTFLAGS=--cap-lints=forbid -Znext-solver=coherence" "-e" "RUSTDOCFLAGS=--cap-lints=forbid" "-w" "/opt/rustwide/workdir" "--user" "0:0" "b2c79a16eb579673d93c0ecbe62be992119e2e11356bb997f6dedee22c6862bf" "/opt/rustwide/cargo-home/bin/cargo" "+3154cc1a3e6424e44f438a95007d043ed5ceaaf6" "check" "--frozen" "--all" "--all-targets" "--message-format=json", kill_on_drop: false }`
[INFO] [stderr]     Checking smallvec v1.16.0
[INFO] [stderr]    Compiling find-msvc-tools v0.1.12
[INFO] [stderr]    Compiling syn v2.0.119
[INFO] [stderr]    Compiling serde_core v1.0.229
[INFO] [stderr]    Compiling zerovec-derive v0.11.6
[INFO] [stderr]    Compiling displaydoc v0.2.7
[INFO] [stderr]     Checking generic-array v0.14.7
[INFO] [stderr]     Checking either v1.18.0
[INFO] [stderr]    Compiling cc v1.4.5
[INFO] [stderr]     Checking parking_lot_core v0.9.12
[INFO] [stderr]    Compiling num-traits v0.2.19
[INFO] [stderr]    Compiling crossbeam-utils v0.8.23
[INFO] [stderr]     Checking parking_lot v0.12.5
[INFO] [stderr]     Checking thiserror v2.0.20
[INFO] [stderr]    Compiling protobuf v3.7.2
[INFO] [stderr]     Checking block-buffer v0.10.4
[INFO] [stderr]     Checking crypto-common v0.1.7
[INFO] [stderr]    Compiling crossbeam-epoch v0.9.21
[INFO] [stderr]     Checking digest v0.10.7
[INFO] [stderr]    Compiling prometheus v0.14.0
[INFO] [stderr]     Checking itertools v0.12.1
[INFO] [stderr]    Compiling crossbeam-deque v0.8.8
[INFO] [stderr]    Compiling openssl v0.10.81
[INFO] [stderr]    Compiling humantime v2.4.0
[INFO] [stderr]     Checking futures-core v0.3.34
[INFO] [stderr]     Checking futures-sink v0.3.34
[INFO] [stderr]     Checking lean_string v0.5.3
[INFO] [stderr]     Checking futures-channel v0.3.34
[INFO] [stderr]     Checking approx v0.3.2
[INFO] [stderr]     Checking decorum v0.3.1
[INFO] [stderr]     Checking chrono v0.4.45
[INFO] [stderr]     Checking sha3 v0.10.9
[INFO] [stderr]     Checking uuid v1.26.0
[INFO] [stderr]    Compiling futures-macro v0.3.34
[INFO] [stderr]     Checking percent-encoding v2.3.2
[INFO] [stderr]     Checking constant_time_eq v0.4.2
[INFO] [stderr]     Checking bytemuck v1.25.2
[INFO] [stderr]     Checking second-stack v0.3.5
[INFO] [stderr]    Compiling openssl-sys v0.9.117
[INFO] [stderr]    Compiling blake3 v1.8.7
[INFO] [stderr]     Checking cpufeatures v0.3.1
[INFO] [stderr]     Checking physics v0.1.0 (/opt/rustwide/workdir/physics)
[INFO] [stderr]     Checking form_urlencoded v1.2.2
[INFO] [stderr]     Checking rayon-core v1.13.0
[INFO] [stderr]    Compiling native-tls v0.2.14
[INFO] [stderr]    Compiling tokio-macros v2.7.2
[INFO] [stderr]     Checking mio v1.2.3
[INFO] [stderr]     Checking serde v1.0.229
[INFO] [stderr]     Checking bytestring v1.5.1
[INFO] [stderr]     Checking futures-util v0.3.34
[INFO] [stderr]    Compiling ahash v0.8.12
[INFO] [stderr]    Compiling crc32fast v1.5.1
[INFO] [stderr]    Compiling serde_json v1.0.151
[INFO] [stderr]     Checking sha1 v0.10.7
[INFO] [stderr]     Checking tokio v1.53.1
[INFO] [stderr]     Checking alloc-stdlib v0.2.4
[INFO] [stderr]     Checking rayon v1.12.0
[INFO] [stderr]    Compiling serde_with_macros v3.23.0
[INFO] [stderr]     Checking data-encoding v2.11.1
[INFO] [stderr]     Checking base64 v0.23.1
[INFO] [stderr]     Checking ethnum v1.5.3
[INFO] [stderr]     Checking simd-adler32 v0.3.10
[INFO] [stderr]     Checking brotli-decompressor v2.5.1
[INFO] [stderr]     Checking miniz_oxide v0.9.1
[INFO] [stderr]     Checking serde_with v3.23.0
[INFO] [stderr]     Checking crossbeam-queue v0.3.14
[INFO] [stderr]     Checking flate2 v1.1.10
[INFO] [stderr]     Checking brotli v3.5.0
[INFO] [stderr]    Compiling synstructure v0.13.2
[INFO] [stderr]     Checking anymap3 v1.1.0
[INFO] [stderr]     Checking hashbrown v0.16.1
[INFO] [stderr]     Checking futures-executor v0.3.34
[INFO] [stderr]     Checking futures v0.3.34
[INFO] [stderr]    Compiling zerofrom-derive v0.1.7
[INFO] [stderr]    Compiling yoke-derive v0.8.2
[INFO] [stderr]    Compiling thiserror-impl v1.0.69
[INFO] [stderr]    Compiling enum-as-inner v0.6.1
[INFO] [stderr]    Compiling openssl-macros v0.1.1
[INFO] [stderr]    Compiling derive_more v0.99.20
[INFO] [stderr]     Checking spacetimedb-primitives v2.10.0
[INFO] [stderr]    Compiling spacetimedb-bindings-macro v2.10.0
[INFO] [stderr]     Checking zerofrom v0.1.8
[INFO] [stderr]     Checking thiserror v1.0.69
[INFO] [stderr]     Checking protobuf-support v3.7.2
[INFO] [stderr]     Checking spacetimedb-data-structures v2.10.0
[INFO] [stderr]     Checking yoke v0.8.3
[INFO] [stderr]     Checking zerovec v0.11.8
[INFO] [stderr]     Checking zerotrie v0.2.5
[INFO] [stderr]     Checking tinystr v0.8.4
[INFO] [stderr]     Checking potential_utf v0.1.6
[INFO] [stderr]     Checking icu_collections v2.3.0
[INFO] [stderr]     Checking icu_locale_core v2.3.0
[INFO] [stderr]     Checking icu_provider v2.3.1
[INFO] [stderr]     Checking icu_properties v2.3.0
[INFO] [stderr]     Checking icu_normalizer v2.3.0
[INFO] [stderr]     Checking tokio-native-tls v0.3.1
[INFO] [stderr]     Checking idna_adapter v1.2.2
[INFO] [stderr]     Checking idna v1.1.0
[INFO] [stderr]     Checking url v2.5.8
[INFO] [stderr]     Checking spacetimedb-metrics v2.10.0
[INFO] [stderr]     Checking spacetimedb-sats v2.10.0
[INFO] [stderr]     Checking tungstenite v0.27.0
[INFO] [stderr]     Checking tokio-tungstenite v0.27.0
[INFO] [stderr]     Checking spacetimedb-lib v2.10.0
[INFO] [stderr]     Checking spacetimedb-query-builder v2.10.0
[INFO] [stderr]     Checking spacetimedb-client-api-messages v2.10.0
[INFO] [stderr]     Checking spacetimedb-sdk v2.10.0
[INFO] [stderr]     Checking sidecar v0.1.0 (/opt/rustwide/workdir/sidecar)
[INFO] [stdout] error[E0583]: file not found for module `module_bindings`
[INFO] [stdout]   --> sidecar/src/main.rs:20:1
[INFO] [stdout]    |
[INFO] [stdout] 20 | mod module_bindings;
[INFO] [stdout]    | ^^^^^^^^^^^^^^^^^^^^
[INFO] [stdout]    |
[INFO] [stdout]    = help: to create the module `module_bindings`, create file "sidecar/src/module_bindings.rs" or "sidecar/src/module_bindings/mod.rs"
[INFO] [stdout]    = note: if there is a `mod module_bindings` elsewhere in the crate already, import it with `use crate::...` instead
[INFO] [stdout] 
[INFO] [stdout] 
[INFO] [stdout] error: couldn't find file `sidecar/src/bin/../module_bindings/mod.rs`
[INFO] [stdout]   --> sidecar/src/bin/load.rs:21:1
[INFO] [stdout]    |
[INFO] [stdout] 21 | mod module_bindings;
[INFO] [stdout]    | ^^^^^^^^^^^^^^^^^^^^
[INFO] [stdout] 
[INFO] [stdout] 
[INFO] [stderr] error: could not compile `sidecar` (bin "load") due to 1 previous error
[INFO] [stderr] warning: build failed, waiting for other jobs to finish...
[INFO] [stdout] error[E0583]: file not found for module `module_bindings`
[INFO] [stdout]   --> sidecar/src/main.rs:20:1
[INFO] [stdout]    |
[INFO] [stdout] 20 | mod module_bindings;
[INFO] [stdout]    | ^^^^^^^^^^^^^^^^^^^^
[INFO] [stdout]    |
[INFO] [stdout]    = help: to create the module `module_bindings`, create file "sidecar/src/module_bindings.rs" or "sidecar/src/module_bindings/mod.rs"
[INFO] [stdout]    = note: if there is a `mod module_bindings` elsewhere in the crate already, import it with `use crate::...` instead
[INFO] [stdout] 
[INFO] [stdout] 
[INFO] [stdout] error: couldn't find file `sidecar/src/bin/../module_bindings/mod.rs`
[INFO] [stdout]   --> sidecar/src/bin/load.rs:21:1
[INFO] [stdout]    |
[INFO] [stdout] 21 | mod module_bindings;
[INFO] [stdout]    | ^^^^^^^^^^^^^^^^^^^^
[INFO] [stdout] 
[INFO] [stdout] 
[INFO] [stderr] error: could not compile `sidecar` (bin "load" test) due to 1 previous error
[INFO] [stdout] error[E0425]: cannot find type `CarState` in this scope
[INFO] [stdout]   --> sidecar/src/authority.rs:53:17
[INFO] [stdout]    |
[INFO] [stdout] 53 | fn from_row(r: &CarState) -> PhysicsCar {
[INFO] [stdout]    |                 ^^^^^^^^ not found in this scope
[INFO] [stdout]    |
[INFO] [stdout] help: consider importing this struct
[INFO] [stdout]    |
[INFO] [stdout] 12 + use physics::CarState;
[INFO] [stdout]    |
[INFO] [stdout] 
[INFO] [stdout] 
[INFO] [stdout] error[E0425]: cannot find type `CarState` in this scope
[INFO] [stdout]    --> sidecar/src/authority.rs:105:23
[INFO] [stdout]     |
[INFO] [stdout] 105 | fn input_from_row(r: &CarState) -> CarInput {
[INFO] [stdout]     |                       ^^^^^^^^ not found in this scope
[INFO] [stdout]     |
[INFO] [stdout] help: consider importing this struct
[INFO] [stdout]     |
[INFO] [stdout]  12 + use physics::CarState;
[INFO] [stdout]     |
[INFO] [stdout] 
[INFO] [stdout] 
[INFO] [stdout] error[E0425]: cannot find type `DbConnection` in this scope
[INFO] [stdout]    --> sidecar/src/authority.rs:182:35
[INFO] [stdout]     |
[INFO] [stdout] 182 |     pub fn step(&mut self, conn: &DbConnection) {
[INFO] [stdout]     |                                   ^^^^^^^^^^^^ not found in this scope
[INFO] [stdout]     |
[INFO] [stdout] note: similarly named struct `ConnectionId` defined here
[INFO] [stdout]    --> /opt/rustwide/cargo-home/registry/src/index.crates.io-1949cf8c6b5b557f/spacetimedb-lib-2.10.0/src/connection_id.rs:29:1
[INFO] [stdout]     |
[INFO] [stdout]  29 | pub struct ConnectionId {
[INFO] [stdout]     | ^^^^^^^^^^^^^^^^^^^^^^^
[INFO] [stdout] help: a struct with a similar name exists
[INFO] [stdout]     |
[INFO] [stdout] 182 -     pub fn step(&mut self, conn: &DbConnection) {
[INFO] [stdout] 182 +     pub fn step(&mut self, conn: &ConnectionId) {
[INFO] [stdout]     |
[INFO] [stdout] 
[INFO] [stdout] 
[INFO] [stdout] error[E0425]: cannot find type `DbConnection` in this scope
[INFO] [stdout]    --> sidecar/src/authority.rs:206:42
[INFO] [stdout]     |
[INFO] [stdout] 206 |     fn check_authority(&mut self, conn: &DbConnection) {
[INFO] [stdout]     |                                          ^^^^^^^^^^^^ not found in this scope
[INFO] [stdout]     |
[INFO] [stdout] note: similarly named struct `ConnectionId` defined here
[INFO] [stdout]    --> /opt/rustwide/cargo-home/registry/src/index.crates.io-1949cf8c6b5b557f/spacetimedb-lib-2.10.0/src/connection_id.rs:29:1
[INFO] [stdout]     |
[INFO] [stdout]  29 | pub struct ConnectionId {
[INFO] [stdout]     | ^^^^^^^^^^^^^^^^^^^^^^^
[INFO] [stdout] help: a struct with a similar name exists
[INFO] [stdout]     |
[INFO] [stdout] 206 -     fn check_authority(&mut self, conn: &DbConnection) {
[INFO] [stdout] 206 +     fn check_authority(&mut self, conn: &ConnectionId) {
[INFO] [stdout]     |
[INFO] [stdout] 
[INFO] [stdout] 
[INFO] [stdout] error[E0425]: cannot find type `DbConnection` in this scope
[INFO] [stdout]    --> sidecar/src/authority.rs:245:33
[INFO] [stdout]     |
[INFO] [stdout] 245 |     fn follow(&mut self, conn: &DbConnection, server_tick: u64) {
[INFO] [stdout]     |                                 ^^^^^^^^^^^^ not found in this scope
[INFO] [stdout]     |
[INFO] [stdout] note: similarly named struct `ConnectionId` defined here
[INFO] [stdout]    --> /opt/rustwide/cargo-home/registry/src/index.crates.io-1949cf8c6b5b557f/spacetimedb-lib-2.10.0/src/connection_id.rs:29:1
[INFO] [stdout]     |
[INFO] [stdout]  29 | pub struct ConnectionId {
[INFO] [stdout]     | ^^^^^^^^^^^^^^^^^^^^^^^
[INFO] [stdout] help: a struct with a similar name exists
[INFO] [stdout]     |
[INFO] [stdout] 245 -     fn follow(&mut self, conn: &DbConnection, server_tick: u64) {
[INFO] [stdout] 245 +     fn follow(&mut self, conn: &ConnectionId, server_tick: u64) {
[INFO] [stdout]     |
[INFO] [stdout] 
[INFO] [stdout] 
[INFO] [stdout] error[E0425]: cannot find type `DbConnection` in this scope
[INFO] [stdout]    --> sidecar/src/authority.rs:266:37
[INFO] [stdout]     |
[INFO] [stdout] 266 |     fn reconcile_bots(&self, conn: &DbConnection) {
[INFO] [stdout]     |                                     ^^^^^^^^^^^^ not found in this scope
[INFO] [stdout]     |
[INFO] [stdout] note: similarly named struct `ConnectionId` defined here
[INFO] [stdout]    --> /opt/rustwide/cargo-home/registry/src/index.crates.io-1949cf8c6b5b557f/spacetimedb-lib-2.10.0/src/connection_id.rs:29:1
[INFO] [stdout]     |
[INFO] [stdout]  29 | pub struct ConnectionId {
[INFO] [stdout]     | ^^^^^^^^^^^^^^^^^^^^^^^
[INFO] [stdout] help: a struct with a similar name exists
[INFO] [stdout]     |
[INFO] [stdout] 266 -     fn reconcile_bots(&self, conn: &DbConnection) {
[INFO] [stdout] 266 +     fn reconcile_bots(&self, conn: &ConnectionId) {
[INFO] [stdout]     |
[INFO] [stdout] 
[INFO] [stdout] 
[INFO] [stdout] error[E0425]: cannot find type `DbConnection` in this scope
[INFO] [stdout]    --> sidecar/src/authority.rs:298:36
[INFO] [stdout]     |
[INFO] [stdout] 298 |     fn sync_cars(&mut self, conn: &DbConnection) {
[INFO] [stdout]     |                                    ^^^^^^^^^^^^ not found in this scope
[INFO] [stdout]     |
[INFO] [stdout] note: similarly named struct `ConnectionId` defined here
[INFO] [stdout]    --> /opt/rustwide/cargo-home/registry/src/index.crates.io-1949cf8c6b5b557f/spacetimedb-lib-2.10.0/src/connection_id.rs:29:1
[INFO] [stdout]     |
[INFO] [stdout]  29 | pub struct ConnectionId {
[INFO] [stdout]     | ^^^^^^^^^^^^^^^^^^^^^^^
[INFO] [stdout] help: a struct with a similar name exists
[INFO] [stdout]     |
[INFO] [stdout] 298 -     fn sync_cars(&mut self, conn: &DbConnection) {
[INFO] [stdout] 298 +     fn sync_cars(&mut self, conn: &ConnectionId) {
[INFO] [stdout]     |
[INFO] [stdout] 
[INFO] [stdout] 
[INFO] [stdout] error[E0425]: cannot find type `DbConnection` in this scope
[INFO] [stdout]    --> sidecar/src/authority.rs:369:38
[INFO] [stdout]     |
[INFO] [stdout] 369 |     fn pull_inputs(&mut self, conn: &DbConnection) {
[INFO] [stdout]     |                                      ^^^^^^^^^^^^ not found in this scope
[INFO] [stdout]     |
[INFO] [stdout] note: similarly named struct `ConnectionId` defined here
[INFO] [stdout]    --> /opt/rustwide/cargo-home/registry/src/index.crates.io-1949cf8c6b5b557f/spacetimedb-lib-2.10.0/src/connection_id.rs:29:1
[INFO] [stdout]     |
[INFO] [stdout]  29 | pub struct ConnectionId {
[INFO] [stdout]     | ^^^^^^^^^^^^^^^^^^^^^^^
[INFO] [stdout] help: a struct with a similar name exists
[INFO] [stdout]     |
[INFO] [stdout] 369 -     fn pull_inputs(&mut self, conn: &DbConnection) {
[INFO] [stdout] 369 +     fn pull_inputs(&mut self, conn: &ConnectionId) {
[INFO] [stdout]     |
[INFO] [stdout] 
[INFO] [stdout] 
[INFO] [stdout] error[E0425]: cannot find type `DbConnection` in this scope
[INFO] [stdout]    --> sidecar/src/authority.rs:438:34
[INFO] [stdout]     |
[INFO] [stdout] 438 |     fn publish(&mut self, conn: &DbConnection) {
[INFO] [stdout]     |                                  ^^^^^^^^^^^^ not found in this scope
[INFO] [stdout]     |
[INFO] [stdout] note: similarly named struct `ConnectionId` defined here
[INFO] [stdout]    --> /opt/rustwide/cargo-home/registry/src/index.crates.io-1949cf8c6b5b557f/spacetimedb-lib-2.10.0/src/connection_id.rs:29:1
[INFO] [stdout]     |
[INFO] [stdout]  29 | pub struct ConnectionId {
[INFO] [stdout]     | ^^^^^^^^^^^^^^^^^^^^^^^
[INFO] [stdout] help: a struct with a similar name exists
[INFO] [stdout]     |
[INFO] [stdout] 438 -     fn publish(&mut self, conn: &DbConnection) {
[INFO] [stdout] 438 +     fn publish(&mut self, conn: &ConnectionId) {
[INFO] [stdout]     |
[INFO] [stdout] 
[INFO] [stdout] 
[INFO] [stdout] error[E0422]: cannot find struct, variant or union type `CarState` in this scope
[INFO] [stdout]    --> sidecar/src/authority.rs:456:25
[INFO] [stdout]     |
[INFO] [stdout] 456 |             states.push(CarState {
[INFO] [stdout]     |                         ^^^^^^^^ not found in this scope
[INFO] [stdout]     |
[INFO] [stdout] help: consider importing this struct
[INFO] [stdout]     |
[INFO] [stdout]  12 + use physics::CarState;
[INFO] [stdout]     |
[INFO] [stdout] 
[INFO] [stdout] 
[INFO] [stdout] error[E0433]: cannot find type `DbConnection` in this scope
[INFO] [stdout]   --> sidecar/src/main.rs:75:16
[INFO] [stdout]    |
[INFO] [stdout] 75 |     let conn = DbConnection::builder()
[INFO] [stdout]    |                ^^^^^^^^^^^^ use of undeclared type `DbConnection`
[INFO] [stdout] 
[INFO] [stdout] 
[INFO] [stdout] error[E0425]: cannot find type `DbConnection` in this scope
[INFO] [stdout]    --> sidecar/src/main.rs:177:24
[INFO] [stdout]     |
[INFO] [stdout] 177 | fn check_config(conn: &DbConnection) -> Result<(), Box<dyn std::error::Error>> {
[INFO] [stdout]     |                        ^^^^^^^^^^^^ not found in this scope
[INFO] [stdout] 
[INFO] [stdout] 
[INFO] [stdout] warning: unused import: `crate::module_bindings::*`
[INFO] [stdout]   --> sidecar/src/authority.rs:19:5
[INFO] [stdout]    |
[INFO] [stdout] 19 | use crate::module_bindings::*;
[INFO] [stdout]    |     ^^^^^^^^^^^^^^^^^^^^^^^^^
[INFO] [stdout]    |
[INFO] [stdout]    = note: `#[warn(unused_imports)]` (part of `#[warn(unused)]`) on by default
[INFO] [stdout] 
[INFO] [stdout] 
[INFO] [stdout] warning: unused import: `module_bindings::*`
[INFO] [stdout]   --> sidecar/src/main.rs:30:5
[INFO] [stdout]    |
[INFO] [stdout] 30 | use module_bindings::*;
[INFO] [stdout]    |     ^^^^^^^^^^^^^^^^^^
[INFO] [stdout] 
[INFO] [stdout] 
[INFO] [stdout] error[E0425]: cannot find type `CarState` in this scope
[INFO] [stdout]   --> sidecar/src/authority.rs:53:17
[INFO] [stdout]    |
[INFO] [stdout] 53 | fn from_row(r: &CarState) -> PhysicsCar {
[INFO] [stdout]    |                 ^^^^^^^^ not found in this scope
[INFO] [stdout]    |
[INFO] [stdout] help: consider importing this struct
[INFO] [stdout]    |
[INFO] [stdout] 12 + use physics::CarState;
[INFO] [stdout]    |
[INFO] [stdout] 
[INFO] [stdout] 
[INFO] [stdout] error[E0425]: cannot find type `CarState` in this scope
[INFO] [stdout]    --> sidecar/src/authority.rs:105:23
[INFO] [stdout]     |
[INFO] [stdout] 105 | fn input_from_row(r: &CarState) -> CarInput {
[INFO] [stdout]     |                       ^^^^^^^^ not found in this scope
[INFO] [stdout]     |
[INFO] [stdout] help: consider importing this struct
[INFO] [stdout]     |
[INFO] [stdout]  12 + use physics::CarState;
[INFO] [stdout]     |
[INFO] [stdout] 
[INFO] [stdout] 
[INFO] [stdout] error[E0425]: cannot find type `DbConnection` in this scope
[INFO] [stdout]    --> sidecar/src/authority.rs:182:35
[INFO] [stdout]     |
[INFO] [stdout] 182 |     pub fn step(&mut self, conn: &DbConnection) {
[INFO] [stdout]     |                                   ^^^^^^^^^^^^ not found in this scope
[INFO] [stdout]     |
[INFO] [stdout] note: similarly named struct `ConnectionId` defined here
[INFO] [stdout]    --> /opt/rustwide/cargo-home/registry/src/index.crates.io-1949cf8c6b5b557f/spacetimedb-lib-2.10.0/src/connection_id.rs:29:1
[INFO] [stdout]     |
[INFO] [stdout]  29 | pub struct ConnectionId {
[INFO] [stdout]     | ^^^^^^^^^^^^^^^^^^^^^^^
[INFO] [stdout] help: a struct with a similar name exists
[INFO] [stdout]     |
[INFO] [stdout] 182 -     pub fn step(&mut self, conn: &DbConnection) {
[INFO] [stdout] 182 +     pub fn step(&mut self, conn: &ConnectionId) {
[INFO] [stdout]     |
[INFO] [stdout] 
[INFO] [stdout] 
[INFO] [stdout] error[E0425]: cannot find type `DbConnection` in this scope
[INFO] [stdout]    --> sidecar/src/authority.rs:206:42
[INFO] [stdout]     |
[INFO] [stdout] 206 |     fn check_authority(&mut self, conn: &DbConnection) {
[INFO] [stdout]     |                                          ^^^^^^^^^^^^ not found in this scope
[INFO] [stdout]     |
[INFO] [stdout] note: similarly named struct `ConnectionId` defined here
[INFO] [stdout]    --> /opt/rustwide/cargo-home/registry/src/index.crates.io-1949cf8c6b5b557f/spacetimedb-lib-2.10.0/src/connection_id.rs:29:1
[INFO] [stdout]     |
[INFO] [stdout]  29 | pub struct ConnectionId {
[INFO] [stdout]     | ^^^^^^^^^^^^^^^^^^^^^^^
[INFO] [stdout] help: a struct with a similar name exists
[INFO] [stdout]     |
[INFO] [stdout] 206 -     fn check_authority(&mut self, conn: &DbConnection) {
[INFO] [stdout] 206 +     fn check_authority(&mut self, conn: &ConnectionId) {
[INFO] [stdout]     |
[INFO] [stdout] 
[INFO] [stdout] 
[INFO] [stdout] error[E0425]: cannot find type `DbConnection` in this scope
[INFO] [stdout]    --> sidecar/src/authority.rs:245:33
[INFO] [stdout]     |
[INFO] [stdout] 245 |     fn follow(&mut self, conn: &DbConnection, server_tick: u64) {
[INFO] [stdout]     |                                 ^^^^^^^^^^^^ not found in this scope
[INFO] [stdout]     |
[INFO] [stdout] note: similarly named struct `ConnectionId` defined here
[INFO] [stdout]    --> /opt/rustwide/cargo-home/registry/src/index.crates.io-1949cf8c6b5b557f/spacetimedb-lib-2.10.0/src/connection_id.rs:29:1
[INFO] [stdout]     |
[INFO] [stdout]  29 | pub struct ConnectionId {
[INFO] [stdout]     | ^^^^^^^^^^^^^^^^^^^^^^^
[INFO] [stdout] help: a struct with a similar name exists
[INFO] [stdout]     |
[INFO] [stdout] 245 -     fn follow(&mut self, conn: &DbConnection, server_tick: u64) {
[INFO] [stdout] 245 +     fn follow(&mut self, conn: &ConnectionId, server_tick: u64) {
[INFO] [stdout]     |
[INFO] [stdout] 
[INFO] [stdout] 
[INFO] [stdout] error[E0425]: cannot find type `DbConnection` in this scope
[INFO] [stdout]    --> sidecar/src/authority.rs:266:37
[INFO] [stdout]     |
[INFO] [stdout] 266 |     fn reconcile_bots(&self, conn: &DbConnection) {
[INFO] [stdout]     |                                     ^^^^^^^^^^^^ not found in this scope
[INFO] [stdout]     |
[INFO] [stdout] note: similarly named struct `ConnectionId` defined here
[INFO] [stdout]    --> /opt/rustwide/cargo-home/registry/src/index.crates.io-1949cf8c6b5b557f/spacetimedb-lib-2.10.0/src/connection_id.rs:29:1
[INFO] [stdout]     |
[INFO] [stdout]  29 | pub struct ConnectionId {
[INFO] [stdout]     | ^^^^^^^^^^^^^^^^^^^^^^^
[INFO] [stdout] help: a struct with a similar name exists
[INFO] [stdout]     |
[INFO] [stdout] 266 -     fn reconcile_bots(&self, conn: &DbConnection) {
[INFO] [stdout] 266 +     fn reconcile_bots(&self, conn: &ConnectionId) {
[INFO] [stdout]     |
[INFO] [stdout] 
[INFO] [stdout] 
[INFO] [stdout] error[E0425]: cannot find type `DbConnection` in this scope
[INFO] [stdout]    --> sidecar/src/authority.rs:298:36
[INFO] [stdout]     |
[INFO] [stdout] 298 |     fn sync_cars(&mut self, conn: &DbConnection) {
[INFO] [stdout]     |                                    ^^^^^^^^^^^^ not found in this scope
[INFO] [stdout]     |
[INFO] [stdout] note: similarly named struct `ConnectionId` defined here
[INFO] [stdout]    --> /opt/rustwide/cargo-home/registry/src/index.crates.io-1949cf8c6b5b557f/spacetimedb-lib-2.10.0/src/connection_id.rs:29:1
[INFO] [stdout]     |
[INFO] [stdout]  29 | pub struct ConnectionId {
[INFO] [stdout]     | ^^^^^^^^^^^^^^^^^^^^^^^
[INFO] [stdout] help: a struct with a similar name exists
[INFO] [stdout]     |
[INFO] [stdout] 298 -     fn sync_cars(&mut self, conn: &DbConnection) {
[INFO] [stdout] 298 +     fn sync_cars(&mut self, conn: &ConnectionId) {
[INFO] [stdout]     |
[INFO] [stdout] 
[INFO] [stdout] 
[INFO] [stdout] error[E0425]: cannot find type `DbConnection` in this scope
[INFO] [stdout]    --> sidecar/src/authority.rs:369:38
[INFO] [stdout]     |
[INFO] [stdout] 369 |     fn pull_inputs(&mut self, conn: &DbConnection) {
[INFO] [stdout]     |                                      ^^^^^^^^^^^^ not found in this scope
[INFO] [stdout]     |
[INFO] [stdout] note: similarly named struct `ConnectionId` defined here
[INFO] [stdout]    --> /opt/rustwide/cargo-home/registry/src/index.crates.io-1949cf8c6b5b557f/spacetimedb-lib-2.10.0/src/connection_id.rs:29:1
[INFO] [stdout]     |
[INFO] [stdout]  29 | pub struct ConnectionId {
[INFO] [stdout]     | ^^^^^^^^^^^^^^^^^^^^^^^
[INFO] [stdout] help: a struct with a similar name exists
[INFO] [stdout]     |
[INFO] [stdout] 369 -     fn pull_inputs(&mut self, conn: &DbConnection) {
[INFO] [stdout] 369 +     fn pull_inputs(&mut self, conn: &ConnectionId) {
[INFO] [stdout]     |
[INFO] [stdout] 
[INFO] [stdout] 
[INFO] [stdout] error[E0425]: cannot find type `DbConnection` in this scope
[INFO] [stdout]    --> sidecar/src/authority.rs:438:34
[INFO] [stdout]     |
[INFO] [stdout] 438 |     fn publish(&mut self, conn: &DbConnection) {
[INFO] [stdout]     |                                  ^^^^^^^^^^^^ not found in this scope
[INFO] [stdout]     |
[INFO] [stdout] note: similarly named struct `ConnectionId` defined here
[INFO] [stdout]    --> /opt/rustwide/cargo-home/registry/src/index.crates.io-1949cf8c6b5b557f/spacetimedb-lib-2.10.0/src/connection_id.rs:29:1
[INFO] [stdout]     |
[INFO] [stdout]  29 | pub struct ConnectionId {
[INFO] [stdout]     | ^^^^^^^^^^^^^^^^^^^^^^^
[INFO] [stdout] help: a struct with a similar name exists
[INFO] [stdout]     |
[INFO] [stdout] 438 -     fn publish(&mut self, conn: &DbConnection) {
[INFO] [stdout] 438 +     fn publish(&mut self, conn: &ConnectionId) {
[INFO] [stdout]     |
[INFO] [stdout] 
[INFO] [stdout] 
[INFO] [stdout] error[E0422]: cannot find struct, variant or union type `CarState` in this scope
[INFO] [stdout]    --> sidecar/src/authority.rs:456:25
[INFO] [stdout]     |
[INFO] [stdout] 456 |             states.push(CarState {
[INFO] [stdout]     |                         ^^^^^^^^ not found in this scope
[INFO] [stdout]     |
[INFO] [stdout] help: consider importing this struct
[INFO] [stdout]     |
[INFO] [stdout]  12 + use physics::CarState;
[INFO] [stdout]     |
[INFO] [stdout] 
[INFO] [stdout] 
[INFO] [stdout] error[E0433]: cannot find type `DbConnection` in this scope
[INFO] [stdout]   --> sidecar/src/main.rs:75:16
[INFO] [stdout]    |
[INFO] [stdout] 75 |     let conn = DbConnection::builder()
[INFO] [stdout]    |                ^^^^^^^^^^^^ use of undeclared type `DbConnection`
[INFO] [stdout] 
[INFO] [stdout] 
[INFO] [stdout] error[E0425]: cannot find type `DbConnection` in this scope
[INFO] [stdout]    --> sidecar/src/main.rs:177:24
[INFO] [stdout]     |
[INFO] [stdout] 177 | fn check_config(conn: &DbConnection) -> Result<(), Box<dyn std::error::Error>> {
[INFO] [stdout]     |                        ^^^^^^^^^^^^ not found in this scope
[INFO] [stdout] 
[INFO] [stdout] 
[INFO] [stdout] warning: unused import: `crate::module_bindings::*`
[INFO] [stdout]   --> sidecar/src/authority.rs:19:5
[INFO] [stdout]    |
[INFO] [stdout] 19 | use crate::module_bindings::*;
[INFO] [stdout]    |     ^^^^^^^^^^^^^^^^^^^^^^^^^
[INFO] [stdout]    |
[INFO] [stdout]    = note: `#[warn(unused_imports)]` (part of `#[warn(unused)]`) on by default
[INFO] [stdout] 
[INFO] [stdout] 
[INFO] [stdout] warning: unused import: `module_bindings::*`
[INFO] [stdout]   --> sidecar/src/main.rs:30:5
[INFO] [stdout]    |
[INFO] [stdout] 30 | use module_bindings::*;
[INFO] [stdout]    |     ^^^^^^^^^^^^^^^^^^
[INFO] [stdout] 
[INFO] [stdout] 
[INFO] [stdout] Some errors have detailed explanations: E0422, E0425, E0433, E0583.
[INFO] [stdout] 
[INFO] [stdout] For more information about an error, try `rustc --explain E0422`.
[INFO] [stdout] 
[INFO] [stderr] error: could not compile `sidecar` (bin "sidecar") due to 13 previous errors; 2 warnings emitted
[INFO] [stdout] Some errors have detailed explanations: E0422, E0425, E0433, E0583.
[INFO] [stdout] 
[INFO] [stdout] For more information about an error, try `rustc --explain E0422`.
[INFO] [stdout] 
[INFO] [stderr] error: could not compile `sidecar` (bin "sidecar" test) due to 13 previous errors; 2 warnings emitted
[INFO] running `Command { std: "docker" "inspect" "b2c79a16eb579673d93c0ecbe62be992119e2e11356bb997f6dedee22c6862bf", kill_on_drop: false }`
[INFO] running `Command { std: "docker" "rm" "-f" "b2c79a16eb579673d93c0ecbe62be992119e2e11356bb997f6dedee22c6862bf", kill_on_drop: false }`
[INFO] [stdout] b2c79a16eb579673d93c0ecbe62be992119e2e11356bb997f6dedee22c6862bf
