[INFO] cloning repository https://github.com/TheLearnerL/RemTene-Public
[INFO] running `Command { std: "git" "-c" "credential.helper=" "-c" "credential.helper=/workspace/cargo-home/bin/git-credential-null" "clone" "--bare" "https://github.com/TheLearnerL/RemTene-Public" "/workspace/cache/git-repos/https%3A%2F%2Fgithub.com%2FTheLearnerL%2FRemTene-Public", kill_on_drop: false }`
[INFO] [stderr] Cloning into bare repository '/workspace/cache/git-repos/https%3A%2F%2Fgithub.com%2FTheLearnerL%2FRemTene-Public'...
[INFO] running `Command { std: "git" "rev-parse" "HEAD", kill_on_drop: false }`
[INFO] [stdout] 2446559c71a8f92a40457565ea4ec639e138476b
[INFO] checking TheLearnerL/RemTene-Public against 3154cc1a3e6424e44f438a95007d043ed5ceaaf6 for pr-133502-30
[INFO] running `Command { std: "git" "clone" "/workspace/cache/git-repos/https%3A%2F%2Fgithub.com%2FTheLearnerL%2FRemTene-Public" "/workspace/builds/worker-4-tc2/source", kill_on_drop: false }`
[INFO] [stderr] Cloning into '/workspace/builds/worker-4-tc2/source'...
[INFO] [stderr] done.
[INFO] removed /workspace/builds/worker-4-tc2/source/rust-toolchain.toml
[INFO] started tweaking git repo https://github.com/TheLearnerL/RemTene-Public
[INFO] finished tweaking git repo https://github.com/TheLearnerL/RemTene-Public
[INFO] tweaked toml for git repo https://github.com/TheLearnerL/RemTene-Public written to /workspace/builds/worker-4-tc2/source/Cargo.toml
[INFO] validating manifest of git repo https://github.com/TheLearnerL/RemTene-Public on toolchain 3154cc1a3e6424e44f438a95007d043ed5ceaaf6
[INFO] running `Command { std: CARGO_HOME="/workspace/cargo-home" RUSTUP_HOME="/workspace/rustup-home" "/workspace/cargo-home/bin/cargo" "+3154cc1a3e6424e44f438a95007d043ed5ceaaf6" "metadata" "--manifest-path" "Cargo.toml" "--no-deps", kill_on_drop: false }`
[INFO] crate git repo https://github.com/TheLearnerL/RemTene-Public already has a lockfile, it will not be regenerated
[INFO] running `Command { std: CARGO_HOME="/workspace/cargo-home" RUSTUP_HOME="/workspace/rustup-home" "/workspace/cargo-home/bin/cargo" "+3154cc1a3e6424e44f438a95007d043ed5ceaaf6" "fetch" "--manifest-path" "Cargo.toml", kill_on_drop: false }`
[INFO] running `Command { std: "docker" "create" "-v" "/var/lib/crater-agent-workspace/builds/worker-4-tc2/source:/opt/rustwide/workdir:ro,Z" "-v" "/var/lib/crater-agent-workspace/builds/worker-4-tc2/target:/opt/rustwide/target:rw,Z" "-v" "/var/lib/crater-agent-workspace/cargo-home:/opt/rustwide/cargo-home:ro,Z" "-v" "/var/lib/crater-agent-workspace/rustup-home:/opt/rustwide/rustup-home:ro,Z" "-m" "1610612736" "--network" "none" "ghcr.io/rust-lang/crates-build-env/linux@sha256:77db811e55d90add9212f6832c23229e3de5f1c1f9905e8cb07319ea15df73ac" "sleep" "infinity", kill_on_drop: false }`
[INFO] [stdout] adc2489753a6ca695d128c596875f3f76330121ece37f89fd26258fe809e6d9f
[INFO] running `Command { std: "docker" "start" "adc2489753a6ca695d128c596875f3f76330121ece37f89fd26258fe809e6d9f", kill_on_drop: false }`
[INFO] running `Command { std: "docker" "inspect" "adc2489753a6ca695d128c596875f3f76330121ece37f89fd26258fe809e6d9f", kill_on_drop: false }`
[INFO] running `Command { std: "docker" "exec" "-e" "SOURCE_DIR=/opt/rustwide/workdir" "-e" "CARGO_HOME=/opt/rustwide/cargo-home" "-e" "RUSTUP_HOME=/opt/rustwide/rustup-home" "-e" "CARGO_TARGET_DIR=/opt/rustwide/target" "-w" "/opt/rustwide/workdir" "--user" "0:0" "adc2489753a6ca695d128c596875f3f76330121ece37f89fd26258fe809e6d9f" "/opt/rustwide/cargo-home/bin/cargo" "+3154cc1a3e6424e44f438a95007d043ed5ceaaf6" "metadata" "--no-deps" "--format-version=1", kill_on_drop: false }`
[INFO] running `Command { std: "docker" "inspect" "adc2489753a6ca695d128c596875f3f76330121ece37f89fd26258fe809e6d9f", kill_on_drop: false }`
[INFO] running `Command { std: "docker" "exec" "-e" "SOURCE_DIR=/opt/rustwide/workdir" "-e" "CARGO_HOME=/opt/rustwide/cargo-home" "-e" "RUSTUP_HOME=/opt/rustwide/rustup-home" "-e" "CARGO_TARGET_DIR=/opt/rustwide/target" "-e" "CARGO_INCREMENTAL=0" "-e" "RUST_BACKTRACE=full" "-e" "RUSTFLAGS=--cap-lints=forbid" "-e" "RUSTDOCFLAGS=--cap-lints=forbid" "-w" "/opt/rustwide/workdir" "--user" "0:0" "adc2489753a6ca695d128c596875f3f76330121ece37f89fd26258fe809e6d9f" "/opt/rustwide/cargo-home/bin/cargo" "+3154cc1a3e6424e44f438a95007d043ed5ceaaf6" "check" "--frozen" "--all" "--all-targets" "--message-format=json", kill_on_drop: false }`
[INFO] [stderr]     Checking futures-sink v0.3.33
[INFO] [stderr]    Compiling syn v3.0.2
[INFO] [stderr]    Compiling zerovec-derive v0.11.3
[INFO] [stderr]    Compiling displaydoc v0.2.6
[INFO] [stderr]    Compiling futures-macro v0.3.31
[INFO] [stderr]    Compiling jobserver v0.1.35
[INFO] [stderr]     Checking getrandom v0.4.3
[INFO] [stderr]    Compiling parking_lot_core v0.9.12
[INFO] [stderr]    Compiling web_atoms v0.2.5
[INFO] [stderr]    Compiling serde_with_macros v3.21.0
[INFO] [stderr]    Compiling aho-corasick v1.1.4
[INFO] [stderr]     Checking futures-channel v0.3.31
[INFO] [stderr]    Compiling toml v1.1.3+spec-1.1.0
[INFO] [stderr]     Checking num_threads v0.1.7
[INFO] [stderr]    Compiling selectors v0.36.1
[INFO] [stderr]    Compiling time v0.3.54
[INFO] [stderr]    Compiling parking_lot v0.12.5
[INFO] [stderr]    Compiling cc v1.3.0
[INFO] [stderr]     Checking uuid v1.24.0
[INFO] [stderr]    Compiling camino v1.2.4
[INFO] [stderr]    Compiling string_cache v0.9.0
[INFO] [stderr]    Compiling tokio-macros v2.7.1
[INFO] [stderr]     Checking mio v1.2.2
[INFO] [stderr]     Checking socket2 v0.6.5
[INFO] [stderr]    Compiling cfb v0.7.3
[INFO] [stderr]     Checking futures-util v0.3.31
[INFO] [stderr]    Compiling zerotrie v0.2.4
[INFO] [stderr]    Compiling rustix v1.0.7
[INFO] [stderr]    Compiling http v1.4.2
[INFO] [stderr]    Compiling serde_with v3.21.0
[INFO] [stderr]     Checking tokio v1.53.0
[INFO] [stderr]    Compiling cmake v0.1.58
[INFO] [stderr]     Checking linux-raw-sys v0.9.4
[INFO] [stderr]    Compiling regex-automata v0.4.16
[INFO] [stderr]    Compiling zerovec v0.11.6
[INFO] [stderr]    Compiling infer v0.19.0
[INFO] [stderr]    Compiling markup5ever v0.38.0
[INFO] [stderr]    Compiling aws-lc-rs v1.17.3
[INFO] [stderr]    Compiling html5ever v0.38.0
[INFO] [stderr]    Compiling aws-lc-sys v0.43.0
[INFO] [stderr]     Checking crypto-common v0.2.2
[INFO] [stderr]    Compiling gtk v0.18.2
[INFO] [stderr]    Compiling dirs-sys v0.5.0
[INFO] [stderr]    Compiling toml v0.9.12+spec-1.1.0
[INFO] [stderr]    Compiling embed-resource v3.0.11
[INFO] [stderr]     Checking http-body v1.0.1
[INFO] [stderr]     Checking tracing-core v0.1.33
[INFO] [stderr]     Checking tinystr v0.8.3
[INFO] [stderr]    Compiling potential_utf v0.1.5
[INFO] [stderr]     Checking icu_locale_core v2.2.0
[INFO] [stderr]     Checking icu_collections v2.2.0
[INFO] [stderr]    Compiling dom_query v0.27.0
[INFO] [stderr]    Compiling rustls v0.23.42
[INFO] [stderr]     Checking tracing v0.1.41
[INFO] [stderr]    Compiling tauri-winres v0.3.6
[INFO] [stderr]    Compiling dirs v6.0.0
[INFO] [stderr]     Checking icu_provider v2.2.0
[INFO] [stderr]     Checking inout v0.2.2
[INFO] [stderr]    Compiling x11 v2.21.0
[INFO] [stderr]     Checking cpubits v0.1.1
[INFO] [stderr]    Compiling libsqlite3-sys v0.38.1
[INFO] [stderr]     Checking cipher v0.5.2
[INFO] [stderr]     Checking icu_properties v2.2.0
[INFO] [stderr]     Checking icu_normalizer v2.2.0
[INFO] [stderr]     Checking universal-hash v0.6.1
[INFO] [stderr]    Compiling toml_edit v0.25.4+spec-1.1.0
[INFO] [stderr]    Compiling x11-dl v2.21.0
[INFO] [stderr]    Compiling libdbus-sys v0.2.7
[INFO] [stderr]    Compiling regex v1.13.1
[INFO] [stderr]     Checking futures-executor v0.3.31
[INFO] [stderr]     Checking ipnet v2.10.1
[INFO] [stderr]     Checking futures v0.3.31
[INFO] [stderr]     Checking rustls-native-certs v0.8.4
[INFO] [stderr]     Checking polyval v0.7.3
[INFO] [stderr]     Checking erased-serde v0.4.10
[INFO] [stderr]    Compiling proc-macro-crate v3.5.0
[INFO] [stderr]     Checking toml_parser v1.1.2+spec-1.1.0
[INFO] [stderr]     Checking toml_datetime v1.1.1+spec-1.1.0
[INFO] [stderr]     Checking serde_spanned v1.1.1
[INFO] [stderr]    Compiling png v0.17.16
[INFO] [stderr]     Checking ghash v0.6.0
[INFO] [stderr]     Checking serde-untagged v0.1.9
[INFO] [stderr]     Checking cookie v0.18.1
[INFO] [stderr]     Checking futures-lite v2.6.1
[INFO] [stderr]     Checking idna_adapter v1.2.2
[INFO] [stderr]    Compiling serde_derive v1.0.229
[INFO] [stderr]    Compiling thiserror-impl v2.0.19
[INFO] [stderr]     Checking http-body-util v0.1.2
[INFO] [stderr]     Checking aes v0.9.2
[INFO] [stderr]     Checking idna v1.1.0
[INFO] [stderr]     Checking ctr v0.10.1
[INFO] [stderr]     Checking aead v0.6.1
[INFO] [stderr]     Checking aes-gcm v0.11.0
[INFO] [stderr]     Checking dlopen2 v0.8.2
[INFO] [stderr]     Checking png v0.18.1
[INFO] [stderr]    Compiling ico v0.5.0
[INFO] [stderr]     Checking dbus v0.9.12
[INFO] [stderr]     Checking moxcms v0.8.1
[INFO] [stderr]     Checking syn v2.0.119
[INFO] [stderr]    Compiling serde_repr v0.1.21
[INFO] [stderr]     Checking errno v0.3.10
[INFO] [stderr]     Checking bytemuck v1.21.0
[INFO] [stderr]     Checking hyper v1.8.1
[INFO] [stderr]     Checking tower v0.5.2
[INFO] [stderr]    Compiling nix v0.30.1
[INFO] [stderr]     Checking signal-hook-registry v1.4.8
[INFO] [stderr]     Checking getrandom v0.3.4
[INFO] [stderr]     Checking async-channel v2.5.0
[INFO] [stderr]     Checking piper v0.2.5
[INFO] [stderr]     Checking dirs-sys v0.3.7
[INFO] [stderr]     Checking x11rb-protocol v0.13.2
[INFO] [stderr]     Checking async-executor v1.14.0
[INFO] [stderr]     Checking dirs v4.0.0
[INFO] [stderr]     Checking blocking v1.6.2
[INFO] [stderr]    Compiling async-trait v0.1.91
[INFO] [stderr]     Checking thiserror v2.0.19
[INFO] [stderr]     Checking remtene-domain v0.1.0 (/opt/rustwide/workdir/crates/remtene-domain)
[INFO] [stderr]     Checking async-broadcast v0.7.2
[INFO] [stderr]     Checking ordered-stream v0.2.0
[INFO] [stderr]     Checking auto-launch v0.5.0
[INFO] [stderr]     Checking remtene-application v0.1.0 (/opt/rustwide/workdir/crates/remtene-application)
[INFO] [stderr]     Checking polling v3.11.0
[INFO] [stderr]     Checking hyper-util v0.1.19
[INFO] [stderr]     Checking gethostname v1.1.0
[INFO] [stderr]     Checking async-io v2.6.0
[INFO] [stderr]     Checking async-signal v0.2.14
[INFO] [stderr]     Checking async-process v2.5.0
[INFO] [stderr]    Compiling serde v1.0.229
[INFO] [stderr]     Checking url v2.5.8
[INFO] [stderr]     Checking dpi v0.1.2
[INFO] [stderr]     Checking remtene-contracts v0.1.0 (/opt/rustwide/workdir/crates/remtene-contracts)
[INFO] [stderr]     Checking jsonptr v0.6.3
[INFO] [stderr]     Checking remtene-platform v0.1.0 (/opt/rustwide/workdir/crates/remtene-platform)
[INFO] [stderr]     Checking plist v1.10.0
[INFO] [stderr]     Checking keyboard-types v0.7.0
[INFO] [stderr]     Checking enumflags2 v0.7.12
[INFO] [stderr]     Checking serialize-to-javascript v0.1.2
[INFO] [stderr]     Checking zvariant_utils v3.5.0
[INFO] [stderr]    Compiling toml_datetime v0.6.8
[INFO] [stderr]    Compiling serde_spanned v0.6.8
[INFO] [stderr]    Compiling cargo-platform v0.1.9
[INFO] [stderr]    Compiling toml_edit v0.22.24
[INFO] [stderr]    Compiling toml_edit v0.20.2
[INFO] [stderr]    Compiling indexmap v1.9.3
[INFO] [stderr]    Compiling cargo_metadata v0.19.2
[INFO] [stdout] warning: constant `REMTENE_DIRECTORY` is never used
[INFO] [stdout]   --> crates/remtene-platform/src/asr_shared_data.rs:10:7
[INFO] [stdout]    |
[INFO] [stdout] 10 | const REMTENE_DIRECTORY: &str = "RemTene";
[INFO] [stdout]    |       ^^^^^^^^^^^^^^^^^
[INFO] [stdout]    |
[INFO] [stdout]    = note: `#[warn(dead_code)]` (part of `#[warn(unused)]`) on by default
[INFO] [stdout] 
[INFO] [stdout] 
[INFO] [stdout] warning: constant `LEGACY_STORAGE_DIRECTORY` is never used
[INFO] [stdout]   --> crates/remtene-platform/src/asr_shared_data.rs:12:7
[INFO] [stdout]    |
[INFO] [stdout] 12 | const LEGACY_STORAGE_DIRECTORY: &str = "Bard";
[INFO] [stdout]    |       ^^^^^^^^^^^^^^^^^^^^^^^^
[INFO] [stdout] 
[INFO] [stdout] 
[INFO] [stdout] warning: constant `ASR_DIRECTORY` is never used
[INFO] [stdout]   --> crates/remtene-platform/src/asr_shared_data.rs:13:7
[INFO] [stdout]    |
[INFO] [stdout] 13 | const ASR_DIRECTORY: &str = "ASR";
[INFO] [stdout]    |       ^^^^^^^^^^^^^
[INFO] [stdout] 
[INFO] [stdout] 
[INFO] [stdout] warning: constant `MODELS_DIRECTORY` is never used
[INFO] [stdout]   --> crates/remtene-platform/src/asr_shared_data.rs:14:7
[INFO] [stdout]    |
[INFO] [stdout] 14 | const MODELS_DIRECTORY: &str = "models";
[INFO] [stdout]    |       ^^^^^^^^^^^^^^^^
[INFO] [stdout] 
[INFO] [stdout] 
[INFO] [stdout] warning: constant `ACTIVE_MODELS_DIRECTORY` is never used
[INFO] [stdout]   --> crates/remtene-platform/src/asr_shared_data.rs:15:7
[INFO] [stdout]    |
[INFO] [stdout] 15 | const ACTIVE_MODELS_DIRECTORY: &str = "active";
[INFO] [stdout]    |       ^^^^^^^^^^^^^^^^^^^^^^^
[INFO] [stdout] 
[INFO] [stdout] 
[INFO] [stdout] warning: constant `CANDIDATE_MODELS_DIRECTORY` is never used
[INFO] [stdout]   --> crates/remtene-platform/src/asr_shared_data.rs:16:7
[INFO] [stdout]    |
[INFO] [stdout] 16 | const CANDIDATE_MODELS_DIRECTORY: &str = "candidates";
[INFO] [stdout]    |       ^^^^^^^^^^^^^^^^^^^^^^^^^^
[INFO] [stdout] 
[INFO] [stdout] 
[INFO] [stdout] warning: constant `GRANTS_DIRECTORY` is never used
[INFO] [stdout]   --> crates/remtene-platform/src/asr_shared_data.rs:17:7
[INFO] [stdout]    |
[INFO] [stdout] 17 | const GRANTS_DIRECTORY: &str = "grants";
[INFO] [stdout]    |       ^^^^^^^^^^^^^^^^
[INFO] [stdout] 
[INFO] [stdout] 
[INFO] [stdout] warning: constant `CUE_SAMPLE_RATE_HZ` is never used
[INFO] [stdout]   --> crates/remtene-platform/src/recording_cue.rs:83:7
[INFO] [stdout]    |
[INFO] [stdout] 83 | const CUE_SAMPLE_RATE_HZ: u32 = 44_100;
[INFO] [stdout]    |       ^^^^^^^^^^^^^^^^^^
[INFO] [stdout] 
[INFO] [stdout] 
[INFO] [stdout] warning: constant `NOTE_DURATION_MS` is never used
[INFO] [stdout]   --> crates/remtene-platform/src/recording_cue.rs:84:7
[INFO] [stdout]    |
[INFO] [stdout] 84 | const NOTE_DURATION_MS: u32 = 50;
[INFO] [stdout]    |       ^^^^^^^^^^^^^^^^
[INFO] [stdout] 
[INFO] [stdout] 
[INFO] [stdout] warning: constant `NOTE_GAP_MS` is never used
[INFO] [stdout]   --> crates/remtene-platform/src/recording_cue.rs:85:7
[INFO] [stdout]    |
[INFO] [stdout] 85 | const NOTE_GAP_MS: u32 = 7;
[INFO] [stdout]    |       ^^^^^^^^^^^
[INFO] [stdout] 
[INFO] [stdout] 
[INFO] [stdout] warning: constant `FADE_DURATION_MS` is never used
[INFO] [stdout]   --> crates/remtene-platform/src/recording_cue.rs:86:7
[INFO] [stdout]    |
[INFO] [stdout] 86 | const FADE_DURATION_MS: u32 = 5;
[INFO] [stdout]    |       ^^^^^^^^^^^^^^^^
[INFO] [stdout] 
[INFO] [stdout] 
[INFO] [stdout] warning: constant `CUE_AMPLITUDE` is never used
[INFO] [stdout]   --> crates/remtene-platform/src/recording_cue.rs:87:7
[INFO] [stdout]    |
[INFO] [stdout] 87 | const CUE_AMPLITUDE: f32 = 0.18;
[INFO] [stdout]    |       ^^^^^^^^^^^^^
[INFO] [stdout] 
[INFO] [stdout] 
[INFO] [stdout] warning: function `synthesize_cue` is never used
[INFO] [stdout]   --> crates/remtene-platform/src/recording_cue.rs:89:4
[INFO] [stdout]    |
[INFO] [stdout] 89 | fn synthesize_cue(cue: RecordingCue) -> Vec<u8> {
[INFO] [stdout]    |    ^^^^^^^^^^^^^^
[INFO] [stdout] 
[INFO] [stdout] 
[INFO] [stdout] warning: function `pcm16_mono_wav` is never used
[INFO] [stdout]    --> crates/remtene-platform/src/recording_cue.rs:120:4
[INFO] [stdout]     |
[INFO] [stdout] 120 | fn pcm16_mono_wav(sample_rate_hz: u32, samples: &[i16]) -> Vec<u8> {
[INFO] [stdout]     |    ^^^^^^^^^^^^^^
[INFO] [stdout] 
[INFO] [stdout] 
[INFO] [stdout] warning: function `audio_normalization` is never used
[INFO] [stdout]   --> crates/remtene-platform/src/trace.rs:48:15
[INFO] [stdout]    |
[INFO] [stdout] 48 | pub(crate) fn audio_normalization(
[INFO] [stdout]    |               ^^^^^^^^^^^^^^^^^^^
[INFO] [stdout] 
[INFO] [stdout] 
[INFO] [stderr]    Compiling json-patch v3.0.1
[INFO] [stderr]    Compiling toml_edit v0.19.15
[INFO] [stderr]    Compiling urlpattern v0.3.0
[INFO] [stderr]    Compiling cargo_toml v0.22.3
[INFO] [stderr]    Compiling schemars v0.8.22
[INFO] [stderr]     Checking tower-http v0.6.11
[INFO] [stderr]    Compiling zvariant_derive v5.13.1
[INFO] [stderr]     Checking image v0.25.10
[INFO] [stderr]     Checking tauri-utils v2.9.3
[INFO] [stdout] warning: unused import: `uuid::Uuid`
[INFO] [stdout]    --> crates/remtene-platform/src/asr_shared_data.rs:327:9
[INFO] [stdout]     |
[INFO] [stdout] 327 |     use uuid::Uuid;
[INFO] [stdout]     |         ^^^^^^^^^^
[INFO] [stdout]     |
[INFO] [stdout]     = note: `#[warn(unused_imports)]` (part of `#[warn(unused)]`) on by default
[INFO] [stdout] 
[INFO] [stdout] 
[INFO] [stdout] warning: use of deprecated method `std::sync::atomic::Atomic::<usize>::fetch_update`: renamed to `try_update` for consistency
[INFO] [stdout]     --> crates/remtene-platform/src/audio.rs:1091:14
[INFO] [stdout]      |
[INFO] [stdout] 1091 |             .fetch_update(Ordering::SeqCst, Ordering::SeqCst, |value| {
[INFO] [stdout]      |              ^^^^^^^^^^^^
[INFO] [stdout]      |
[INFO] [stdout]      = note: `#[warn(deprecated)]` on by default
[INFO] [stdout] help: replace the use of the deprecated method
[INFO] [stdout]      |
[INFO] [stdout] 1091 -             .fetch_update(Ordering::SeqCst, Ordering::SeqCst, |value| {
[INFO] [stdout] 1091 +             .try_update(Ordering::SeqCst, Ordering::SeqCst, |value| {
[INFO] [stdout]      |
[INFO] [stdout] 
[INFO] [stdout] 
[INFO] [stderr]     Checking x11rb v0.13.2
[INFO] [stderr]    Compiling toml v0.8.20
[INFO] [stderr]    Compiling proc-macro-crate v2.0.0
[INFO] [stdout] warning: constant `REMTENE_DIRECTORY` is never used
[INFO] [stdout]   --> crates/remtene-platform/src/asr_shared_data.rs:10:7
[INFO] [stdout]    |
[INFO] [stdout] 10 | const REMTENE_DIRECTORY: &str = "RemTene";
[INFO] [stdout]    |       ^^^^^^^^^^^^^^^^^
[INFO] [stdout]    |
[INFO] [stdout]    = note: `#[warn(dead_code)]` (part of `#[warn(unused)]`) on by default
[INFO] [stdout] 
[INFO] [stdout] 
[INFO] [stdout] warning: constant `LEGACY_STORAGE_DIRECTORY` is never used
[INFO] [stdout]   --> crates/remtene-platform/src/asr_shared_data.rs:12:7
[INFO] [stdout]    |
[INFO] [stdout] 12 | const LEGACY_STORAGE_DIRECTORY: &str = "Bard";
[INFO] [stdout]    |       ^^^^^^^^^^^^^^^^^^^^^^^^
[INFO] [stdout] 
[INFO] [stdout] 
[INFO] [stdout] warning: constant `ASR_DIRECTORY` is never used
[INFO] [stdout]   --> crates/remtene-platform/src/asr_shared_data.rs:13:7
[INFO] [stdout]    |
[INFO] [stdout] 13 | const ASR_DIRECTORY: &str = "ASR";
[INFO] [stdout]    |       ^^^^^^^^^^^^^
[INFO] [stdout] 
[INFO] [stdout] 
[INFO] [stdout] warning: constant `MODELS_DIRECTORY` is never used
[INFO] [stdout]   --> crates/remtene-platform/src/asr_shared_data.rs:14:7
[INFO] [stdout]    |
[INFO] [stdout] 14 | const MODELS_DIRECTORY: &str = "models";
[INFO] [stdout]    |       ^^^^^^^^^^^^^^^^
[INFO] [stdout] 
[INFO] [stdout] 
[INFO] [stdout] warning: constant `ACTIVE_MODELS_DIRECTORY` is never used
[INFO] [stdout]   --> crates/remtene-platform/src/asr_shared_data.rs:15:7
[INFO] [stdout]    |
[INFO] [stdout] 15 | const ACTIVE_MODELS_DIRECTORY: &str = "active";
[INFO] [stdout]    |       ^^^^^^^^^^^^^^^^^^^^^^^
[INFO] [stdout] 
[INFO] [stdout] 
[INFO] [stdout] warning: constant `CANDIDATE_MODELS_DIRECTORY` is never used
[INFO] [stdout]   --> crates/remtene-platform/src/asr_shared_data.rs:16:7
[INFO] [stdout]    |
[INFO] [stdout] 16 | const CANDIDATE_MODELS_DIRECTORY: &str = "candidates";
[INFO] [stdout]    |       ^^^^^^^^^^^^^^^^^^^^^^^^^^
[INFO] [stdout] 
[INFO] [stdout] 
[INFO] [stdout] warning: constant `GRANTS_DIRECTORY` is never used
[INFO] [stdout]   --> crates/remtene-platform/src/asr_shared_data.rs:17:7
[INFO] [stdout]    |
[INFO] [stdout] 17 | const GRANTS_DIRECTORY: &str = "grants";
[INFO] [stdout]    |       ^^^^^^^^^^^^^^^^
[INFO] [stdout] 
[INFO] [stdout] 
[INFO] [stdout] warning: methods `character_count` and `clipboard_insert_observation` are never used
[INFO] [stdout]    --> crates/remtene-platform/src/target_context.rs:203:8
[INFO] [stdout]     |
[INFO] [stdout] 170 | pub(crate) trait TargetContextBackend: Send + Sync + 'static {
[INFO] [stdout]     |                  -------------------- methods in this trait
[INFO] [stdout] ...
[INFO] [stdout] 203 |     fn character_count(&self, target: &Self::Identity) -> Option<usize>;
[INFO] [stdout]     |        ^^^^^^^^^^^^^^^
[INFO] [stdout] ...
[INFO] [stdout] 209 |     fn clipboard_insert_observation(
[INFO] [stdout]     |        ^^^^^^^^^^^^^^^^^^^^^^^^^^^^
[INFO] [stdout] 
[INFO] [stdout] 
[INFO] [stdout] warning: methods `clipboard_insert_status`, `dispatch_and_verify_clipboard_insert`, and `clipboard_selection_status` are never used
[INFO] [stdout]    --> crates/remtene-platform/src/target_context.rs:790:12
[INFO] [stdout]     |
[INFO] [stdout] 332 | / impl<B> SafeTargetContext<B>
[INFO] [stdout] 333 | | where
[INFO] [stdout] 334 | |     B: TargetContextBackend,
[INFO] [stdout]     | |____________________________- methods in this implementation
[INFO] [stdout] ...
[INFO] [stdout] 790 |       pub fn clipboard_insert_status(&self, target: &ValidatedTargetRef) -> ClipboardTargetStatus {
[INFO] [stdout]     |              ^^^^^^^^^^^^^^^^^^^^^^^
[INFO] [stdout] ...
[INFO] [stdout] 819 |       pub(crate) fn dispatch_and_verify_clipboard_insert<E>(
[INFO] [stdout]     |                     ^^^^^^^^^^^^^^^^^^^^^^^^^^^^^^^^^^^^
[INFO] [stdout] ...
[INFO] [stdout] 866 |       pub fn clipboard_selection_status(&self, target: &TargetSnapshotRef) -> ClipboardTargetStatus {
[INFO] [stdout]     |              ^^^^^^^^^^^^^^^^^^^^^^^^^^
[INFO] [stdout] 
[INFO] [stdout] 
[INFO] [stdout] warning: field `character_count` is never read
[INFO] [stdout]     --> crates/remtene-platform/src/target_context.rs:1323:9
[INFO] [stdout]      |
[INFO] [stdout] 1315 |     struct FakeState {
[INFO] [stdout]      |            --------- field in this struct
[INFO] [stdout] ...
[INFO] [stdout] 1323 |         character_count: Option<usize>,
[INFO] [stdout]      |         ^^^^^^^^^^^^^^^
[INFO] [stdout]      |
[INFO] [stdout]      = note: `FakeState` has derived impls for the traits `Debug` and `Clone`, but these are intentionally ignored during dead code analysis
[INFO] [stdout] 
[INFO] [stdout] 
[INFO] [stderr]    Compiling zvariant v5.13.1
[INFO] [stderr]    Compiling system-deps v6.2.2
[INFO] [stderr]     Checking remtene-asr-worker v0.1.0 (/opt/rustwide/workdir/crates/remtene-asr-worker)
[INFO] [stderr]    Compiling proc-macro-crate v1.3.1
[INFO] [stderr]     Checking global-hotkey v0.8.0
[INFO] [stdout] warning: unused import: `time::Duration`
[INFO] [stdout]  --> crates/remtene-asr-worker/src/main.rs:6:5
[INFO] [stdout]   |
[INFO] [stdout] 6 |     time::Duration,
[INFO] [stdout]   |     ^^^^^^^^^^^^^^
[INFO] [stdout]   |
[INFO] [stdout]   = note: `#[warn(unused_imports)]` (part of `#[warn(unused)]`) on by default
[INFO] [stdout] 
[INFO] [stdout] 
[INFO] [stdout] warning: unused import: `CompositeEngineBackend`
[INFO] [stdout]   --> crates/remtene-asr-worker/src/main.rs:10:5
[INFO] [stdout]    |
[INFO] [stdout] 10 |     CompositeEngineBackend, EngineBackend, UnavailableEngineBackend, WorkerRuntimeConfig,
[INFO] [stdout]    |     ^^^^^^^^^^^^^^^^^^^^^^
[INFO] [stdout] 
[INFO] [stdout] 
[INFO] [stdout] warning: constant `ASR_COMPONENT_DIRECTORY` is never used
[INFO] [stdout]   --> crates/remtene-asr-worker/src/main.rs:14:7
[INFO] [stdout]    |
[INFO] [stdout] 14 | const ASR_COMPONENT_DIRECTORY: &str = "RemTene/ASR";
[INFO] [stdout]    |       ^^^^^^^^^^^^^^^^^^^^^^^
[INFO] [stdout]    |
[INFO] [stdout]    = note: `#[warn(dead_code)]` (part of `#[warn(unused)]`) on by default
[INFO] [stdout] 
[INFO] [stdout] 
[INFO] [stdout] warning: fields `model_id` and `model_version` are never read
[INFO] [stdout]   --> crates/remtene-asr-worker/src/main.rs:71:5
[INFO] [stdout]    |
[INFO] [stdout] 70 | struct QwenModelArguments {
[INFO] [stdout]    |        ------------------ fields in this struct
[INFO] [stdout] 71 |     model_id: String,
[INFO] [stdout]    |     ^^^^^^^^
[INFO] [stdout] 72 |     model_version: String,
[INFO] [stdout]    |     ^^^^^^^^^^^^^
[INFO] [stdout]    |
[INFO] [stdout]    = note: `QwenModelArguments` has a derived impl for the trait `Clone`, but this is intentionally ignored during dead code analysis
[INFO] [stdout] 
[INFO] [stdout] 
[INFO] [stdout] warning: fields `model_id` and `model_version` are never read
[INFO] [stdout]   --> crates/remtene-asr-worker/src/main.rs:78:5
[INFO] [stdout]    |
[INFO] [stdout] 77 | struct WhisperModelArguments {
[INFO] [stdout]    |        --------------------- fields in this struct
[INFO] [stdout] 78 |     model_id: String,
[INFO] [stdout]    |     ^^^^^^^^
[INFO] [stdout] 79 |     model_version: String,
[INFO] [stdout]    |     ^^^^^^^^^^^^^
[INFO] [stdout]    |
[INFO] [stdout]    = note: `WhisperModelArguments` has a derived impl for the trait `Clone`, but this is intentionally ignored during dead code analysis
[INFO] [stdout] 
[INFO] [stdout] 
[INFO] [stderr]    Compiling glib-macros v0.18.5
[INFO] [stderr]    Compiling glib-sys v0.18.1
[INFO] [stderr]    Compiling gobject-sys v0.18.0
[INFO] [stderr]    Compiling gio-sys v0.18.1
[INFO] [stderr]    Compiling gdk-sys v0.18.2
[INFO] [stderr]    Compiling pango-sys v0.18.0
[INFO] [stderr]    Compiling cairo-sys-rs v0.18.2
[INFO] [stderr]    Compiling gdk-pixbuf-sys v0.18.0
[INFO] [stderr]    Compiling atk-sys v0.18.2
[INFO] [stderr]    Compiling gtk-sys v0.18.2
[INFO] [stderr]    Compiling gtk3-macros v0.18.2
[INFO] [stderr]    Compiling javascriptcore-rs-sys v1.1.1
[INFO] [stderr]    Compiling soup3-sys v0.5.0
[INFO] [stderr]    Compiling webkit2gtk-sys v2.0.2
[INFO] [stderr]    Compiling gdkx11-sys v0.18.2
[INFO] [stderr]    Compiling wry v0.55.1
[INFO] [stderr]    Compiling zbus_names v4.3.4
[INFO] [stderr]     Checking rusqlite v0.40.1
[INFO] [stderr]    Compiling zbus_macros v5.18.0
[INFO] [stderr]     Checking glib v0.18.5
[INFO] [stderr]     Checking gdkwayland-sys v0.18.2
[INFO] [stderr]     Checking libappindicator-sys v0.9.0
[INFO] [stderr]     Checking zbus v5.12.0
[INFO] [stdout] error[E0433]: cannot find `DispatchResult2` in `object_server`
[INFO] [stdout]   --> /opt/rustwide/cargo-home/registry/src/index.crates.io-1949cf8c6b5b557f/zbus-5.12.0/src/fdo/introspectable.rs:14:1
[INFO] [stdout]    |
[INFO] [stdout] 14 | / #[interface(
[INFO] [stdout] 15 | |     name = "org.freedesktop.DBus.Introspectable",
[INFO] [stdout] 16 | |     introspection_docs = false,
[INFO] [stdout] 17 | |     proxy(default_path = "/", visibility = "pub")
[INFO] [stdout] 18 | | )]
[INFO] [stdout]    | |__^ could not find `DispatchResult2` in `object_server`
[INFO] [stdout]    |
[INFO] [stdout]    = note: this error originates in the attribute macro `interface` (in Nightly builds, run with -Z macro-backtrace for more info)
[INFO] [stdout] help: an enum with a similar name exists
[INFO] [stdout]    |
[INFO] [stdout] 14 - #[interface(
[INFO] [stdout] 15 -     name = "org.freedesktop.DBus.Introspectable",
[INFO] [stdout] 16 -     introspection_docs = false,
[INFO] [stdout] 17 -     proxy(default_path = "/", visibility = "pub")
[INFO] [stdout] 18 - )]
[INFO] [stdout] 14 + DispatchResult
[INFO] [stdout]    |
[INFO] [stdout] 
[INFO] [stdout] 
[INFO] [stdout] error[E0433]: cannot find `DispatchResult2` in `object_server`
[INFO] [stdout]   --> /opt/rustwide/cargo-home/registry/src/index.crates.io-1949cf8c6b5b557f/zbus-5.12.0/src/fdo/object_manager.rs:34:1
[INFO] [stdout]    |
[INFO] [stdout] 34 | / #[interface(
[INFO] [stdout] 35 | |     name = "org.freedesktop.DBus.ObjectManager",
[INFO] [stdout] 36 | |     introspection_docs = false,
[INFO] [stdout] 37 | |     proxy(visibility = "pub")
[INFO] [stdout] 38 | | )]
[INFO] [stdout]    | |__^ could not find `DispatchResult2` in `object_server`
[INFO] [stdout]    |
[INFO] [stdout]    = note: this error originates in the attribute macro `interface` (in Nightly builds, run with -Z macro-backtrace for more info)
[INFO] [stdout] help: an enum with a similar name exists
[INFO] [stdout]    |
[INFO] [stdout] 34 - #[interface(
[INFO] [stdout] 35 -     name = "org.freedesktop.DBus.ObjectManager",
[INFO] [stdout] 36 -     introspection_docs = false,
[INFO] [stdout] 37 -     proxy(visibility = "pub")
[INFO] [stdout] 38 - )]
[INFO] [stdout] 34 + DispatchResult
[INFO] [stdout]    |
[INFO] [stdout] 
[INFO] [stdout] 
[INFO] [stdout] error[E0433]: cannot find `DispatchResult2` in `object_server`
[INFO] [stdout]   --> /opt/rustwide/cargo-home/registry/src/index.crates.io-1949cf8c6b5b557f/zbus-5.12.0/src/fdo/peer.rs:13:1
[INFO] [stdout]    |
[INFO] [stdout] 13 | / #[crate::interface(
[INFO] [stdout] 14 | |     name = "org.freedesktop.DBus.Peer",
[INFO] [stdout] 15 | |     introspection_docs = false,
[INFO] [stdout] 16 | |     proxy(visibility = "pub")
[INFO] [stdout] 17 | | )]
[INFO] [stdout]    | |__^ could not find `DispatchResult2` in `object_server`
[INFO] [stdout]    |
[INFO] [stdout]    = note: this error originates in the attribute macro `crate::interface` (in Nightly builds, run with -Z macro-backtrace for more info)
[INFO] [stdout] help: an enum with a similar name exists
[INFO] [stdout]    |
[INFO] [stdout] 13 - #[crate::interface(
[INFO] [stdout] 14 -     name = "org.freedesktop.DBus.Peer",
[INFO] [stdout] 15 -     introspection_docs = false,
[INFO] [stdout] 16 -     proxy(visibility = "pub")
[INFO] [stdout] 17 - )]
[INFO] [stdout] 13 + DispatchResult
[INFO] [stdout]    |
[INFO] [stdout] 
[INFO] [stdout] 
[INFO] [stdout] error[E0433]: cannot find `DispatchResult2` in `object_server`
[INFO] [stdout]   --> /opt/rustwide/cargo-home/registry/src/index.crates.io-1949cf8c6b5b557f/zbus-5.12.0/src/fdo/properties.rs:18:1
[INFO] [stdout]    |
[INFO] [stdout] 18 | / #[interface(
[INFO] [stdout] 19 | |     name = "org.freedesktop.DBus.Properties",
[INFO] [stdout] 20 | |     introspection_docs = false,
[INFO] [stdout] 21 | |     proxy(visibility = "pub")
[INFO] [stdout] 22 | | )]
[INFO] [stdout]    | |__^ could not find `DispatchResult2` in `object_server`
[INFO] [stdout]    |
[INFO] [stdout]    = note: this error originates in the attribute macro `interface` (in Nightly builds, run with -Z macro-backtrace for more info)
[INFO] [stdout] help: an enum with a similar name exists
[INFO] [stdout]    |
[INFO] [stdout] 18 - #[interface(
[INFO] [stdout] 19 -     name = "org.freedesktop.DBus.Properties",
[INFO] [stdout] 20 -     introspection_docs = false,
[INFO] [stdout] 21 -     proxy(visibility = "pub")
[INFO] [stdout] 22 - )]
[INFO] [stdout] 18 + DispatchResult
[INFO] [stdout]    |
[INFO] [stdout] 
[INFO] [stdout] 
[INFO] [stdout] error[E0425]: cannot find type `DispatchResult2` in module `::zbus::object_server`
[INFO] [stdout]   --> /opt/rustwide/cargo-home/registry/src/index.crates.io-1949cf8c6b5b557f/zbus-5.12.0/src/fdo/introspectable.rs:14:1
[INFO] [stdout]    |
[INFO] [stdout] 14 | / #[interface(
[INFO] [stdout] 15 | |     name = "org.freedesktop.DBus.Introspectable",
[INFO] [stdout] 16 | |     introspection_docs = false,
[INFO] [stdout] 17 | |     proxy(default_path = "/", visibility = "pub")
[INFO] [stdout] 18 | | )]
[INFO] [stdout]    | |__^ not found in `::zbus::object_server`
[INFO] [stdout]    |
[INFO] [stdout] note: similarly named enum `DispatchResult` defined here
[INFO] [stdout]   --> /opt/rustwide/cargo-home/registry/src/index.crates.io-1949cf8c6b5b557f/zbus-5.12.0/src/object_server/interface/dispatch_result.rs:10:1
[INFO] [stdout]    |
[INFO] [stdout] 10 | pub enum DispatchResult<'a> {
[INFO] [stdout]    | ^^^^^^^^^^^^^^^^^^^^^^^^^^^
[INFO] [stdout]    = note: this error originates in the attribute macro `interface` (in Nightly builds, run with -Z macro-backtrace for more info)
[INFO] [stdout] help: an enum with a similar name exists
[INFO] [stdout]    |
[INFO] [stdout] 14 - #[interface(
[INFO] [stdout] 15 -     name = "org.freedesktop.DBus.Introspectable",
[INFO] [stdout] 16 -     introspection_docs = false,
[INFO] [stdout] 17 -     proxy(default_path = "/", visibility = "pub")
[INFO] [stdout] 18 - )]
[INFO] [stdout] 14 + DispatchResult
[INFO] [stdout]    |
[INFO] [stdout] 
[INFO] [stdout] 
[INFO] [stdout] error[E0425]: cannot find type `DispatchResult2` in module `::zbus::object_server`
[INFO] [stdout]   --> /opt/rustwide/cargo-home/registry/src/index.crates.io-1949cf8c6b5b557f/zbus-5.12.0/src/fdo/object_manager.rs:34:1
[INFO] [stdout]    |
[INFO] [stdout] 34 | / #[interface(
[INFO] [stdout] 35 | |     name = "org.freedesktop.DBus.ObjectManager",
[INFO] [stdout] 36 | |     introspection_docs = false,
[INFO] [stdout] 37 | |     proxy(visibility = "pub")
[INFO] [stdout] 38 | | )]
[INFO] [stdout]    | |__^ not found in `::zbus::object_server`
[INFO] [stdout]    |
[INFO] [stdout] note: similarly named enum `DispatchResult` defined here
[INFO] [stdout]   --> /opt/rustwide/cargo-home/registry/src/index.crates.io-1949cf8c6b5b557f/zbus-5.12.0/src/object_server/interface/dispatch_result.rs:10:1
[INFO] [stdout]    |
[INFO] [stdout] 10 | pub enum DispatchResult<'a> {
[INFO] [stdout]    | ^^^^^^^^^^^^^^^^^^^^^^^^^^^
[INFO] [stdout]    = note: this error originates in the attribute macro `interface` (in Nightly builds, run with -Z macro-backtrace for more info)
[INFO] [stdout] help: an enum with a similar name exists
[INFO] [stdout]    |
[INFO] [stdout] 34 - #[interface(
[INFO] [stdout] 35 -     name = "org.freedesktop.DBus.ObjectManager",
[INFO] [stdout] 36 -     introspection_docs = false,
[INFO] [stdout] 37 -     proxy(visibility = "pub")
[INFO] [stdout] 38 - )]
[INFO] [stdout] 34 + DispatchResult
[INFO] [stdout]    |
[INFO] [stdout] 
[INFO] [stdout] 
[INFO] [stdout] error[E0425]: cannot find type `DispatchResult2` in module `::zbus::object_server`
[INFO] [stdout]   --> /opt/rustwide/cargo-home/registry/src/index.crates.io-1949cf8c6b5b557f/zbus-5.12.0/src/fdo/peer.rs:13:1
[INFO] [stdout]    |
[INFO] [stdout] 13 | / #[crate::interface(
[INFO] [stdout] 14 | |     name = "org.freedesktop.DBus.Peer",
[INFO] [stdout] 15 | |     introspection_docs = false,
[INFO] [stdout] 16 | |     proxy(visibility = "pub")
[INFO] [stdout] 17 | | )]
[INFO] [stdout]    | |__^ not found in `::zbus::object_server`
[INFO] [stdout]    |
[INFO] [stdout] note: similarly named enum `DispatchResult` defined here
[INFO] [stdout]   --> /opt/rustwide/cargo-home/registry/src/index.crates.io-1949cf8c6b5b557f/zbus-5.12.0/src/object_server/interface/dispatch_result.rs:10:1
[INFO] [stdout]    |
[INFO] [stdout] 10 | pub enum DispatchResult<'a> {
[INFO] [stdout]    | ^^^^^^^^^^^^^^^^^^^^^^^^^^^
[INFO] [stdout]    = note: this error originates in the attribute macro `crate::interface` (in Nightly builds, run with -Z macro-backtrace for more info)
[INFO] [stdout] help: an enum with a similar name exists
[INFO] [stdout]    |
[INFO] [stdout] 13 - #[crate::interface(
[INFO] [stdout] 14 -     name = "org.freedesktop.DBus.Peer",
[INFO] [stdout] 15 -     introspection_docs = false,
[INFO] [stdout] 16 -     proxy(visibility = "pub")
[INFO] [stdout] 17 - )]
[INFO] [stdout] 13 + DispatchResult
[INFO] [stdout]    |
[INFO] [stdout] 
[INFO] [stdout] 
[INFO] [stdout] error[E0425]: cannot find type `DispatchResult2` in module `::zbus::object_server`
[INFO] [stdout]   --> /opt/rustwide/cargo-home/registry/src/index.crates.io-1949cf8c6b5b557f/zbus-5.12.0/src/fdo/properties.rs:18:1
[INFO] [stdout]    |
[INFO] [stdout] 18 | / #[interface(
[INFO] [stdout] 19 | |     name = "org.freedesktop.DBus.Properties",
[INFO] [stdout] 20 | |     introspection_docs = false,
[INFO] [stdout] 21 | |     proxy(visibility = "pub")
[INFO] [stdout] 22 | | )]
[INFO] [stdout]    | |__^ not found in `::zbus::object_server`
[INFO] [stdout]    |
[INFO] [stdout] note: similarly named enum `DispatchResult` defined here
[INFO] [stdout]   --> /opt/rustwide/cargo-home/registry/src/index.crates.io-1949cf8c6b5b557f/zbus-5.12.0/src/object_server/interface/dispatch_result.rs:10:1
[INFO] [stdout]    |
[INFO] [stdout] 10 | pub enum DispatchResult<'a> {
[INFO] [stdout]    | ^^^^^^^^^^^^^^^^^^^^^^^^^^^
[INFO] [stdout]    = note: this error originates in the attribute macro `interface` (in Nightly builds, run with -Z macro-backtrace for more info)
[INFO] [stdout] help: an enum with a similar name exists
[INFO] [stdout]    |
[INFO] [stdout] 18 - #[interface(
[INFO] [stdout] 19 -     name = "org.freedesktop.DBus.Properties",
[INFO] [stdout] 20 -     introspection_docs = false,
[INFO] [stdout] 21 -     proxy(visibility = "pub")
[INFO] [stdout] 22 - )]
[INFO] [stdout] 18 + DispatchResult
[INFO] [stdout]    |
[INFO] [stdout] 
[INFO] [stdout] 
[INFO] [stderr]    Compiling tauri-build v2.6.3
[INFO] [stderr]    Compiling tauri-plugin v2.6.3
[INFO] [stderr]    Compiling tauri-codegen v2.6.3
[INFO] [stderr]     Checking gio v0.18.4
[INFO] [stderr]     Checking cairo-rs v0.18.5
[INFO] [stderr]     Checking atk v0.18.2
[INFO] [stderr]     Checking javascriptcore-rs v1.1.2
[INFO] [stderr]    Compiling tauri v2.11.5
[INFO] [stderr]    Compiling tauri-macros v2.6.3
[INFO] [stderr]    Compiling tauri-plugin-autostart v2.5.1
[INFO] [stderr]    Compiling tauri-plugin-global-shortcut v2.3.2
[INFO] [stderr]    Compiling remtene-desktop v0.1.0 (/opt/rustwide/workdir/apps/desktop/src-tauri)
[INFO] [stdout] Some errors have detailed explanations: E0425, E0433.
[INFO] [stdout] 
[INFO] [stdout] For more information about an error, try `rustc --explain E0425`.
[INFO] [stdout] 
[INFO] [stderr] error: could not compile `zbus` (lib) due to 8 previous errors
[INFO] [stderr] warning: build failed, waiting for other jobs to finish...
[INFO] running `Command { std: "docker" "inspect" "adc2489753a6ca695d128c596875f3f76330121ece37f89fd26258fe809e6d9f", kill_on_drop: false }`
[INFO] running `Command { std: "docker" "rm" "-f" "adc2489753a6ca695d128c596875f3f76330121ece37f89fd26258fe809e6d9f", kill_on_drop: false }`
[INFO] [stdout] adc2489753a6ca695d128c596875f3f76330121ece37f89fd26258fe809e6d9f
