[INFO] cloning repository https://github.com/TheInfamousTheta/DNP
[INFO] running `Command { std: "git" "-c" "credential.helper=" "-c" "credential.helper=/workspace/cargo-home/bin/git-credential-null" "clone" "--bare" "https://github.com/TheInfamousTheta/DNP" "/workspace/cache/git-repos/https%3A%2F%2Fgithub.com%2FTheInfamousTheta%2FDNP", kill_on_drop: false }`
[INFO] [stderr] Cloning into bare repository '/workspace/cache/git-repos/https%3A%2F%2Fgithub.com%2FTheInfamousTheta%2FDNP'...
[INFO] running `Command { std: "git" "rev-parse" "HEAD", kill_on_drop: false }`
[INFO] [stdout] cfed8da775b1a06d23280d467ce3a4b7a5bc1735
[INFO] checking TheInfamousTheta/DNP against 3154cc1a3e6424e44f438a95007d043ed5ceaaf6+rustflags=-Znext-solver=coherence for pr-133502-30
[INFO] running `Command { std: "git" "clone" "/workspace/cache/git-repos/https%3A%2F%2Fgithub.com%2FTheInfamousTheta%2FDNP" "/workspace/builds/worker-3-tc1/source", kill_on_drop: false }`
[INFO] [stderr] Cloning into '/workspace/builds/worker-3-tc1/source'...
[INFO] [stderr] done.
[INFO] started tweaking git repo https://github.com/TheInfamousTheta/DNP
[INFO] finished tweaking git repo https://github.com/TheInfamousTheta/DNP
[INFO] tweaked toml for git repo https://github.com/TheInfamousTheta/DNP written to /workspace/builds/worker-3-tc1/source/Cargo.toml
[INFO] validating manifest of git repo https://github.com/TheInfamousTheta/DNP on toolchain 3154cc1a3e6424e44f438a95007d043ed5ceaaf6
[INFO] running `Command { std: CARGO_HOME="/workspace/cargo-home" RUSTUP_HOME="/workspace/rustup-home" "/workspace/cargo-home/bin/cargo" "+3154cc1a3e6424e44f438a95007d043ed5ceaaf6" "metadata" "--manifest-path" "Cargo.toml" "--no-deps", kill_on_drop: false }`
[INFO] crate git repo https://github.com/TheInfamousTheta/DNP already has a lockfile, it will not be regenerated
[INFO] running `Command { std: CARGO_HOME="/workspace/cargo-home" RUSTUP_HOME="/workspace/rustup-home" "/workspace/cargo-home/bin/cargo" "+3154cc1a3e6424e44f438a95007d043ed5ceaaf6" "fetch" "--manifest-path" "Cargo.toml", kill_on_drop: false }`
[INFO] [stderr]     Blocking waiting for file lock on package cache
[INFO] [stderr]     Updating crates.io index
[INFO] [stderr]     Blocking waiting for file lock on package cache
[INFO] [stderr]     Blocking waiting for file lock on package cache
[INFO] [stderr]  Downloading crates ...
[INFO] [stderr]   Downloaded mio v1.2.3
[INFO] [stderr]   Downloaded wasm-bindgen-shared v0.2.128
[INFO] [stderr]   Downloaded wasm-bindgen-macro v0.2.128
[INFO] [stderr]   Downloaded wasm-bindgen v0.2.128
[INFO] [stderr]   Downloaded wasm-bindgen-futures v0.4.78
[INFO] [stderr]   Downloaded js-sys v0.3.105
[INFO] [stderr]   Downloaded wasm-bindgen-macro-support v0.2.128
[INFO] [stderr]   Downloaded c2rust-bitfields-derive v0.18.0
[INFO] [stderr]   Downloaded syn v3.0.5
[INFO] [stderr]   Downloaded c2rust-bitfields v0.18.0
[INFO] [stderr]   Downloaded find-msvc-tools v0.1.12
[INFO] [stderr]   Downloaded tinyvec v1.13.2
[INFO] [stderr]   Downloaded cc v1.4.5
[INFO] [stderr]   Downloaded redb v2.6.3
[INFO] [stderr]   Downloaded rustls v0.23.44
[INFO] [stderr]   Downloaded web-sys v0.3.105
[INFO] [stderr]   Downloaded wintun v0.5.1
[INFO] running `Command { std: "docker" "create" "-v" "/var/lib/crater-agent-workspace/builds/worker-3-tc1/source:/opt/rustwide/workdir:ro,Z" "-v" "/var/lib/crater-agent-workspace/builds/worker-3-tc1/target:/opt/rustwide/target:rw,Z" "-v" "/var/lib/crater-agent-workspace/cargo-home:/opt/rustwide/cargo-home:ro,Z" "-v" "/var/lib/crater-agent-workspace/rustup-home:/opt/rustwide/rustup-home:ro,Z" "-m" "1610612736" "--network" "none" "ghcr.io/rust-lang/crates-build-env/linux@sha256:77db811e55d90add9212f6832c23229e3de5f1c1f9905e8cb07319ea15df73ac" "sleep" "infinity", kill_on_drop: false }`
[INFO] [stdout] 70d180f93063c7873a3815415ee40d592998862d182dd670ebc5cf20c80347f5
[INFO] running `Command { std: "docker" "start" "70d180f93063c7873a3815415ee40d592998862d182dd670ebc5cf20c80347f5", kill_on_drop: false }`
[INFO] running `Command { std: "docker" "inspect" "70d180f93063c7873a3815415ee40d592998862d182dd670ebc5cf20c80347f5", kill_on_drop: false }`
[INFO] running `Command { std: "docker" "exec" "-e" "SOURCE_DIR=/opt/rustwide/workdir" "-e" "CARGO_HOME=/opt/rustwide/cargo-home" "-e" "RUSTUP_HOME=/opt/rustwide/rustup-home" "-e" "CARGO_TARGET_DIR=/opt/rustwide/target" "-w" "/opt/rustwide/workdir" "--user" "0:0" "70d180f93063c7873a3815415ee40d592998862d182dd670ebc5cf20c80347f5" "/opt/rustwide/cargo-home/bin/cargo" "+3154cc1a3e6424e44f438a95007d043ed5ceaaf6" "metadata" "--no-deps" "--format-version=1", kill_on_drop: false }`
[INFO] running `Command { std: "docker" "inspect" "70d180f93063c7873a3815415ee40d592998862d182dd670ebc5cf20c80347f5", kill_on_drop: false }`
[INFO] running `Command { std: "docker" "exec" "-e" "SOURCE_DIR=/opt/rustwide/workdir" "-e" "CARGO_HOME=/opt/rustwide/cargo-home" "-e" "RUSTUP_HOME=/opt/rustwide/rustup-home" "-e" "CARGO_TARGET_DIR=/opt/rustwide/target" "-e" "CARGO_INCREMENTAL=0" "-e" "RUST_BACKTRACE=full" "-e" "RUSTFLAGS=--cap-lints=forbid -Znext-solver=coherence" "-e" "RUSTDOCFLAGS=--cap-lints=forbid" "-w" "/opt/rustwide/workdir" "--user" "0:0" "70d180f93063c7873a3815415ee40d592998862d182dd670ebc5cf20c80347f5" "/opt/rustwide/cargo-home/bin/cargo" "+3154cc1a3e6424e44f438a95007d043ed5ceaaf6" "check" "--frozen" "--all" "--all-targets" "--message-format=json", kill_on_drop: false }`
[INFO] [stderr]    Compiling proc-macro2 v1.0.107
[INFO] [stderr]    Compiling quote v1.0.47
[INFO] [stderr]    Compiling unicode-ident v1.0.24
[INFO] [stderr]    Compiling libc v0.2.189
[INFO] [stderr]     Checking cfg-if v1.0.4
[INFO] [stderr]     Checking smallvec v1.16.0
[INFO] [stderr]     Checking stable_deref_trait v1.2.1
[INFO] [stderr]     Checking bytes v1.12.1
[INFO] [stderr]    Compiling parking_lot_core v0.9.12
[INFO] [stderr]     Checking pin-project-lite v0.2.17
[INFO] [stderr]     Checking once_cell v1.21.4
[INFO] [stderr]     Checking lock_api v0.4.14
[INFO] [stderr]    Compiling find-msvc-tools v0.1.12
[INFO] [stderr]     Checking itoa v1.0.18
[INFO] [stderr]    Compiling shlex v2.0.1
[INFO] [stderr]     Checking futures-core v0.3.34
[INFO] [stderr]    Compiling cc v1.4.5
[INFO] [stderr]     Checking litemap v0.8.3
[INFO] [stderr]     Checking writeable v0.6.4
[INFO] [stderr]    Compiling icu_normalizer_data v2.3.0
[INFO] [stderr]    Compiling icu_properties_data v2.3.0
[INFO] [stderr]     Checking utf8_iter v1.0.4
[INFO] [stderr]     Checking http v1.5.0
[INFO] [stderr]     Checking zeroize v1.9.0
[INFO] [stderr]     Checking percent-encoding v2.3.2
[INFO] [stderr]     Checking tracing-core v0.1.36
[INFO] [stderr]     Checking futures-task v0.3.34
[INFO] [stderr]     Checking rustls-pki-types v1.15.1
[INFO] [stderr]    Compiling httparse v1.10.1
[INFO] [stderr]    Compiling serde_core v1.0.229
[INFO] [stderr]     Checking slab v0.4.12
[INFO] [stderr]     Checking futures-util v0.3.34
[INFO] [stderr]     Checking try-lock v0.2.5
[INFO] [stderr]    Compiling semver v1.0.28
[INFO] [stderr]    Compiling rustls v0.23.44
[INFO] [stderr]     Checking log v0.4.34
[INFO] [stderr]     Checking tower-service v0.3.3
[INFO] [stderr]    Compiling syn v2.0.119
[INFO] [stderr]    Compiling syn v3.0.5
[INFO] [stderr]     Checking http-body v1.1.0
[INFO] [stderr]    Compiling rustc_version v0.4.1
[INFO] [stderr]     Checking want v0.3.1
[INFO] [stderr]     Checking form_urlencoded v1.2.2
[INFO] [stderr]     Checking futures-channel v0.3.34
[INFO] [stderr]     Checking memchr v2.8.3
[INFO] [stderr]     Checking errno v0.3.14
[INFO] [stderr]     Checking signal-hook-registry v1.4.8
[INFO] [stderr]     Checking parking_lot v0.12.5
[INFO] [stderr]     Checking getrandom v0.2.17
[INFO] [stderr]     Checking socket2 v0.6.5
[INFO] [stderr]     Checking mio v1.2.3
[INFO] [stderr]    Compiling serde v1.0.229
[INFO] [stderr]     Checking bitflags v2.13.2
[INFO] [stderr]    Compiling zmij v1.0.23
[INFO] [stderr]    Compiling windows_x86_64_gnu v0.52.6
[INFO] [stderr]    Compiling ring v0.17.14
[INFO] [stderr]     Checking atomic-waker v1.1.2
[INFO] [stderr]    Compiling curve25519-dalek v4.1.3
[INFO] [stderr]     Checking sync_wrapper v1.0.2
[INFO] [stderr]     Checking tower-layer v0.3.3
[INFO] [stderr]    Compiling crossbeam-utils v0.8.23
[INFO] [stderr]     Checking ipnet v2.12.2
[INFO] [stderr]    Compiling serde_json v1.0.151
[INFO] [stderr]     Checking webpki-roots v1.0.9
[INFO] [stderr]     Checking ryu v1.0.23
[INFO] [stderr]    Compiling redb v2.6.3
[INFO] [stderr]     Checking cpufeatures v0.2.17
[INFO] [stderr]    Compiling thiserror v2.0.20
[INFO] [stderr]     Checking sharded-slab v0.1.7
[INFO] [stderr]     Checking windows-targets v0.52.6
[INFO] [stderr]     Checking rand_core v0.6.4
[INFO] [stderr]     Checking http-body-util v0.1.5
[INFO] [stderr]     Checking tracing-log v0.2.0
[INFO] [stderr]     Checking thread_local v1.1.10
[INFO] [stderr]    Compiling thiserror v1.0.69
[INFO] [stderr]     Checking nu-ansi-term v0.50.3
[INFO] [stderr]     Checking hashbrown v0.14.5
[INFO] [stderr]     Checking socket2 v0.5.10
[INFO] [stderr]     Checking tracing-subscriber v0.3.23
[INFO] [stderr]    Compiling syn v1.0.109
[INFO] [stderr]     Checking dashmap v6.2.1
[INFO] [stderr]     Checking windows-result v0.2.0
[INFO] [stderr]    Compiling getrandom v0.4.3
[INFO] [stderr]    Compiling rustix v1.1.4
[INFO] [stderr]    Compiling jni-sys v0.3.1
[INFO] [stderr]     Checking windows-strings v0.1.0
[INFO] [stderr]     Checking linux-raw-sys v0.12.1
[INFO] [stderr]     Checking windows-sys v0.52.0
[INFO] [stderr]     Checking combine v4.6.8
[INFO] [stderr]     Checking libloading v0.8.9
[INFO] [stderr]     Checking fastrand v2.5.0
[INFO] [stderr]    Compiling synstructure v0.13.2
[INFO] [stderr]     Checking cesu8 v1.1.0
[INFO] [stderr]     Checking tempfile v3.27.0
[INFO] [stderr]    Compiling zerovec-derive v0.11.6
[INFO] [stderr]    Compiling displaydoc v0.2.7
[INFO] [stderr]    Compiling tokio-macros v2.7.2
[INFO] [stderr]     Checking rustls-webpki v0.103.15
[INFO] [stderr]     Checking tokio v1.53.1
[INFO] [stderr]    Compiling serde_derive v1.0.229
[INFO] [stderr]    Compiling thiserror-impl v2.0.20
[INFO] [stderr]    Compiling zerofrom-derive v0.1.7
[INFO] [stderr]    Compiling yoke-derive v0.8.2
[INFO] [stderr]    Compiling tracing-attributes v0.1.31
[INFO] [stderr]    Compiling curve25519-dalek-derive v0.1.1
[INFO] [stderr]     Checking zerofrom v0.1.8
[INFO] [stderr]     Checking yoke v0.8.3
[INFO] [stderr]     Checking zerovec v0.11.8
[INFO] [stderr]     Checking zerotrie v0.2.5
[INFO] [stderr]     Checking tracing v0.1.44
[INFO] [stderr]    Compiling thiserror-impl v1.0.69
[INFO] [stderr]     Checking tinystr v0.8.4
[INFO] [stderr]     Checking icu_locale_core v2.3.0
[INFO] [stderr]     Checking potential_utf v0.1.6
[INFO] [stderr]    Compiling jni-sys-macros v0.4.1
[INFO] [stderr]     Checking icu_collections v2.3.0
[INFO] [stderr]     Checking x25519-dalek v2.0.1
[INFO] [stderr]    Compiling windows-interface v0.58.0
[INFO] [stderr]    Compiling windows-implement v0.58.0
[INFO] [stderr]     Checking jni-sys v0.4.1
[INFO] [stderr]     Checking icu_provider v2.3.1
[INFO] [stderr]    Compiling c2rust-bitfields-derive v0.18.0
[INFO] [stderr]     Checking icu_properties v2.3.0
[INFO] [stderr]     Checking icu_normalizer v2.3.0
[INFO] [stderr]     Checking windows-core v0.58.0
[INFO] [stderr]     Checking jni v0.21.1
[INFO] [stderr]     Checking c2rust-bitfields v0.18.0
[INFO] [stderr]     Checking wintun v0.5.1
[INFO] [stdout] error[E0433]: cannot find `windows` in `os`
[INFO] [stdout]   --> /opt/rustwide/cargo-home/registry/src/index.crates.io-1949cf8c6b5b557f/wintun-0.5.1/src/adapter.rs:15:9
[INFO] [stdout]    |
[INFO] [stdout] 15 |     os::windows::prelude::OsStrExt,
[INFO] [stdout]    |         ^^^^^^^ could not find `windows` in `os`
[INFO] [stdout]    |
[INFO] [stdout] note: found an item that was configured out
[INFO] [stdout]   --> /rustc/3154cc1a3e6424e44f438a95007d043ed5ceaaf6/library/std/src/os/mod.rs:62:4
[INFO] [stdout]    |
[INFO] [stdout]    = note: the item is gated behind the `windows` feature
[INFO] [stdout] 
[INFO] [stdout] 
[INFO] [stdout] error[E0433]: cannot find `windows` in `os`
[INFO] [stdout]   --> /opt/rustwide/cargo-home/registry/src/index.crates.io-1949cf8c6b5b557f/wintun-0.5.1/src/util.rs:52:18
[INFO] [stdout]    |
[INFO] [stdout] 52 |     use std::os::windows::ffi::OsStringExt;
[INFO] [stdout]    |                  ^^^^^^^ could not find `windows` in `os`
[INFO] [stdout]    |
[INFO] [stdout] note: found an item that was configured out
[INFO] [stdout]   --> /rustc/3154cc1a3e6424e44f438a95007d043ed5ceaaf6/library/std/src/os/mod.rs:62:4
[INFO] [stdout]    |
[INFO] [stdout]    = note: the item is gated behind the `windows` feature
[INFO] [stdout] 
[INFO] [stdout] 
[INFO] [stdout] error[E0570]: "stdcall" is not a supported ABI for the current target
[INFO] [stdout]   --> /opt/rustwide/cargo-home/registry/src/index.crates.io-1949cf8c6b5b557f/wintun-0.5.1/src/log.rs:19:19
[INFO] [stdout]    |
[INFO] [stdout] 19 | pub unsafe extern "stdcall" fn default_logger(
[INFO] [stdout]    |                   ^^^^^^^^^
[INFO] [stdout]    |
[INFO] [stdout]    = help: if you need `extern "stdcall"` on win32 and `extern "C"` everywhere else, use `extern "system"`
[INFO] [stdout] 
[INFO] [stdout] 
[INFO] [stdout] error[E0570]: "stdcall" is not a supported ABI for the current target
[INFO] [stdout]    --> /opt/rustwide/cargo-home/registry/src/index.crates.io-1949cf8c6b5b557f/wintun-0.5.1/src/wintun_raw.rs:262:41
[INFO] [stdout]     |
[INFO] [stdout] 262 |     ::std::option::Option<unsafe extern "stdcall" fn(Level: WINTUN_LOGGER_LEVEL, Timestamp: DWORD64, Message: LPCWSTR)>;
[INFO] [stdout]     |                                         ^^^^^^^^^
[INFO] [stdout]     |
[INFO] [stdout]     = help: if you need `extern "stdcall"` on win32 and `extern "C"` everywhere else, use `extern "system"`
[INFO] [stdout] 
[INFO] [stdout] 
[INFO] [stdout] error[E0570]: "stdcall" is not a supported ABI for the current target
[INFO] [stdout]    --> /opt/rustwide/cargo-home/registry/src/index.crates.io-1949cf8c6b5b557f/wintun-0.5.1/src/wintun_raw.rs:274:23
[INFO] [stdout]     |
[INFO] [stdout] 274 |         unsafe extern "stdcall" fn(arg1: LPCWSTR, arg2: LPCWSTR, arg3: *const GUID) -> WINTUN_ADAPTER_HANDLE,
[INFO] [stdout]     |                       ^^^^^^^^^
[INFO] [stdout]     |
[INFO] [stdout]     = help: if you need `extern "stdcall"` on win32 and `extern "C"` everywhere else, use `extern "system"`
[INFO] [stdout] 
[INFO] [stdout] 
[INFO] [stdout] error[E0570]: "stdcall" is not a supported ABI for the current target
[INFO] [stdout]    --> /opt/rustwide/cargo-home/registry/src/index.crates.io-1949cf8c6b5b557f/wintun-0.5.1/src/wintun_raw.rs:275:43
[INFO] [stdout]     |
[INFO] [stdout] 275 |     pub WintunCloseAdapter: unsafe extern "stdcall" fn(arg1: WINTUN_ADAPTER_HANDLE),
[INFO] [stdout]     |                                           ^^^^^^^^^
[INFO] [stdout]     |
[INFO] [stdout]     = help: if you need `extern "stdcall"` on win32 and `extern "C"` everywhere else, use `extern "system"`
[INFO] [stdout] 
[INFO] [stdout] 
[INFO] [stdout] error[E0570]: "stdcall" is not a supported ABI for the current target
[INFO] [stdout]    --> /opt/rustwide/cargo-home/registry/src/index.crates.io-1949cf8c6b5b557f/wintun-0.5.1/src/wintun_raw.rs:276:42
[INFO] [stdout]     |
[INFO] [stdout] 276 |     pub WintunOpenAdapter: unsafe extern "stdcall" fn(arg1: LPCWSTR) -> WINTUN_ADAPTER_HANDLE,
[INFO] [stdout]     |                                          ^^^^^^^^^
[INFO] [stdout]     |
[INFO] [stdout]     = help: if you need `extern "stdcall"` on win32 and `extern "C"` everywhere else, use `extern "system"`
[INFO] [stdout] 
[INFO] [stdout] 
[INFO] [stdout] error[E0570]: "stdcall" is not a supported ABI for the current target
[INFO] [stdout]    --> /opt/rustwide/cargo-home/registry/src/index.crates.io-1949cf8c6b5b557f/wintun-0.5.1/src/wintun_raw.rs:277:45
[INFO] [stdout]     |
[INFO] [stdout] 277 |     pub WintunGetAdapterLUID: unsafe extern "stdcall" fn(arg1: WINTUN_ADAPTER_HANDLE, arg2: *mut NET_LUID),
[INFO] [stdout]     |                                             ^^^^^^^^^
[INFO] [stdout]     |
[INFO] [stdout]     = help: if you need `extern "stdcall"` on win32 and `extern "C"` everywhere else, use `extern "system"`
[INFO] [stdout] 
[INFO] [stdout] 
[INFO] [stdout] error[E0570]: "stdcall" is not a supported ABI for the current target
[INFO] [stdout]    --> /opt/rustwide/cargo-home/registry/src/index.crates.io-1949cf8c6b5b557f/wintun-0.5.1/src/wintun_raw.rs:278:54
[INFO] [stdout]     |
[INFO] [stdout] 278 |     pub WintunGetRunningDriverVersion: unsafe extern "stdcall" fn() -> DWORD,
[INFO] [stdout]     |                                                      ^^^^^^^^^
[INFO] [stdout]     |
[INFO] [stdout]     = help: if you need `extern "stdcall"` on win32 and `extern "C"` everywhere else, use `extern "system"`
[INFO] [stdout] 
[INFO] [stdout] 
[INFO] [stdout] error[E0570]: "stdcall" is not a supported ABI for the current target
[INFO] [stdout]    --> /opt/rustwide/cargo-home/registry/src/index.crates.io-1949cf8c6b5b557f/wintun-0.5.1/src/wintun_raw.rs:279:43
[INFO] [stdout]     |
[INFO] [stdout] 279 |     pub WintunDeleteDriver: unsafe extern "stdcall" fn() -> BOOL,
[INFO] [stdout]     |                                           ^^^^^^^^^
[INFO] [stdout]     |
[INFO] [stdout]     = help: if you need `extern "stdcall"` on win32 and `extern "C"` everywhere else, use `extern "system"`
[INFO] [stdout] 
[INFO] [stdout] 
[INFO] [stdout] error[E0570]: "stdcall" is not a supported ABI for the current target
[INFO] [stdout]    --> /opt/rustwide/cargo-home/registry/src/index.crates.io-1949cf8c6b5b557f/wintun-0.5.1/src/wintun_raw.rs:280:40
[INFO] [stdout]     |
[INFO] [stdout] 280 |     pub WintunSetLogger: unsafe extern "stdcall" fn(arg1: WINTUN_LOGGER_CALLBACK),
[INFO] [stdout]     |                                        ^^^^^^^^^
[INFO] [stdout]     |
[INFO] [stdout]     = help: if you need `extern "stdcall"` on win32 and `extern "C"` everywhere else, use `extern "system"`
[INFO] [stdout] 
[INFO] [stdout] 
[INFO] [stdout] error[E0570]: "stdcall" is not a supported ABI for the current target
[INFO] [stdout]    --> /opt/rustwide/cargo-home/registry/src/index.crates.io-1949cf8c6b5b557f/wintun-0.5.1/src/wintun_raw.rs:282:23
[INFO] [stdout]     |
[INFO] [stdout] 282 |         unsafe extern "stdcall" fn(arg1: WINTUN_ADAPTER_HANDLE, arg2: DWORD) -> WINTUN_SESSION_HANDLE,
[INFO] [stdout]     |                       ^^^^^^^^^
[INFO] [stdout]     |
[INFO] [stdout]     = help: if you need `extern "stdcall"` on win32 and `extern "C"` everywhere else, use `extern "system"`
[INFO] [stdout] 
[INFO] [stdout] 
[INFO] [stdout] error[E0570]: "stdcall" is not a supported ABI for the current target
[INFO] [stdout]    --> /opt/rustwide/cargo-home/registry/src/index.crates.io-1949cf8c6b5b557f/wintun-0.5.1/src/wintun_raw.rs:283:41
[INFO] [stdout]     |
[INFO] [stdout] 283 |     pub WintunEndSession: unsafe extern "stdcall" fn(arg1: WINTUN_SESSION_HANDLE),
[INFO] [stdout]     |                                         ^^^^^^^^^
[INFO] [stdout]     |
[INFO] [stdout]     = help: if you need `extern "stdcall"` on win32 and `extern "C"` everywhere else, use `extern "system"`
[INFO] [stdout] 
[INFO] [stdout] 
[INFO] [stdout] error[E0570]: "stdcall" is not a supported ABI for the current target
[INFO] [stdout]    --> /opt/rustwide/cargo-home/registry/src/index.crates.io-1949cf8c6b5b557f/wintun-0.5.1/src/wintun_raw.rs:284:47
[INFO] [stdout]     |
[INFO] [stdout] 284 |     pub WintunGetReadWaitEvent: unsafe extern "stdcall" fn(arg1: WINTUN_SESSION_HANDLE) -> HANDLE,
[INFO] [stdout]     |                                               ^^^^^^^^^
[INFO] [stdout]     |
[INFO] [stdout]     = help: if you need `extern "stdcall"` on win32 and `extern "C"` everywhere else, use `extern "system"`
[INFO] [stdout] 
[INFO] [stdout] 
[INFO] [stdout] error[E0570]: "stdcall" is not a supported ABI for the current target
[INFO] [stdout]    --> /opt/rustwide/cargo-home/registry/src/index.crates.io-1949cf8c6b5b557f/wintun-0.5.1/src/wintun_raw.rs:285:44
[INFO] [stdout]     |
[INFO] [stdout] 285 |     pub WintunReceivePacket: unsafe extern "stdcall" fn(arg1: WINTUN_SESSION_HANDLE, arg2: *mut DWORD) -> *mut BYTE,
[INFO] [stdout]     |                                            ^^^^^^^^^
[INFO] [stdout]     |
[INFO] [stdout]     = help: if you need `extern "stdcall"` on win32 and `extern "C"` everywhere else, use `extern "system"`
[INFO] [stdout] 
[INFO] [stdout] 
[INFO] [stdout] error[E0570]: "stdcall" is not a supported ABI for the current target
[INFO] [stdout]    --> /opt/rustwide/cargo-home/registry/src/index.crates.io-1949cf8c6b5b557f/wintun-0.5.1/src/wintun_raw.rs:286:51
[INFO] [stdout]     |
[INFO] [stdout] 286 |     pub WintunReleaseReceivePacket: unsafe extern "stdcall" fn(arg1: WINTUN_SESSION_HANDLE, arg2: *const BYTE),
[INFO] [stdout]     |                                                   ^^^^^^^^^
[INFO] [stdout]     |
[INFO] [stdout]     = help: if you need `extern "stdcall"` on win32 and `extern "C"` everywhere else, use `extern "system"`
[INFO] [stdout] 
[INFO] [stdout] 
[INFO] [stdout] error[E0570]: "stdcall" is not a supported ABI for the current target
[INFO] [stdout]    --> /opt/rustwide/cargo-home/registry/src/index.crates.io-1949cf8c6b5b557f/wintun-0.5.1/src/wintun_raw.rs:287:49
[INFO] [stdout]     |
[INFO] [stdout] 287 |     pub WintunAllocateSendPacket: unsafe extern "stdcall" fn(arg1: WINTUN_SESSION_HANDLE, arg2: DWORD) -> *mut BYTE,
[INFO] [stdout]     |                                                 ^^^^^^^^^
[INFO] [stdout]     |
[INFO] [stdout]     = help: if you need `extern "stdcall"` on win32 and `extern "C"` everywhere else, use `extern "system"`
[INFO] [stdout] 
[INFO] [stdout] 
[INFO] [stdout] error[E0570]: "stdcall" is not a supported ABI for the current target
[INFO] [stdout]    --> /opt/rustwide/cargo-home/registry/src/index.crates.io-1949cf8c6b5b557f/wintun-0.5.1/src/wintun_raw.rs:288:41
[INFO] [stdout]     |
[INFO] [stdout] 288 |     pub WintunSendPacket: unsafe extern "stdcall" fn(arg1: WINTUN_SESSION_HANDLE, arg2: *const BYTE),
[INFO] [stdout]     |                                         ^^^^^^^^^
[INFO] [stdout]     |
[INFO] [stdout]     = help: if you need `extern "stdcall"` on win32 and `extern "C"` everywhere else, use `extern "system"`
[INFO] [stdout] 
[INFO] [stdout] 
[INFO] [stderr]     Checking windows v0.58.0
[INFO] [stdout] error[E0599]: no method named `encode_wide` found for reference `&OsStr` in the current scope
[INFO] [stdout]    --> /opt/rustwide/cargo-home/registry/src/index.crates.io-1949cf8c6b5b557f/wintun-0.5.1/src/adapter.rs:110:53
[INFO] [stdout]     |
[INFO] [stdout] 110 |         let name_utf16: Vec<u16> = OsStr::new(name).encode_wide().chain(std::iter::once(0)).collect();
[INFO] [stdout]     |                                                     ^^^^^^^^^^^ method not found in `&OsStr`
[INFO] [stdout] 
[INFO] [stdout] 
[INFO] [stdout] error[E0308]: mismatched types
[INFO] [stdout]    --> /opt/rustwide/cargo-home/registry/src/index.crates.io-1949cf8c6b5b557f/wintun-0.5.1/src/adapter.rs:155:78
[INFO] [stdout]     |
[INFO] [stdout] 155 |         let result = unsafe { self.wintun.WintunStartSession(self.adapter.0, capacity) };
[INFO] [stdout]     |                                           ------------------                 ^^^^^^^^ expected `u64`, found `u32`
[INFO] [stdout]     |                                           |
[INFO] [stdout]     |                                           arguments to this method are incorrect
[INFO] [stdout]     |
[INFO] [stdout] note: method defined here
[INFO] [stdout]    --> /opt/rustwide/cargo-home/registry/src/index.crates.io-1949cf8c6b5b557f/wintun-0.5.1/src/wintun_raw.rs:356:19
[INFO] [stdout]     |
[INFO] [stdout] 356 |     pub unsafe fn WintunStartSession(&self, arg1: WINTUN_ADAPTER_HANDLE, arg2: DWORD) -> WINTUN_SESSION_HANDLE {
[INFO] [stdout]     |                   ^^^^^^^^^^^^^^^^^^                                     -----------
[INFO] [stdout] help: you can convert a `u32` to a `u64`
[INFO] [stdout]     |
[INFO] [stdout] 155 |         let result = unsafe { self.wintun.WintunStartSession(self.adapter.0, capacity.into()) };
[INFO] [stdout]     |                                                                                      +++++++
[INFO] [stdout] 
[INFO] [stdout] 
[INFO] [stdout] error[E0308]: mismatched types
[INFO] [stdout]    --> /opt/rustwide/cargo-home/registry/src/index.crates.io-1949cf8c6b5b557f/wintun-0.5.1/src/session.rs:47:81
[INFO] [stdout]     |
[INFO] [stdout]  47 |         let ptr = unsafe { self.wintun.WintunAllocateSendPacket(self.session.0, size as u32) };
[INFO] [stdout]     |                                        ------------------------                 ^^^^^^^^^^^ expected `u64`, found `u32`
[INFO] [stdout]     |                                        |
[INFO] [stdout]     |                                        arguments to this method are incorrect
[INFO] [stdout]     |
[INFO] [stdout] note: method defined here
[INFO] [stdout]    --> /opt/rustwide/cargo-home/registry/src/index.crates.io-1949cf8c6b5b557f/wintun-0.5.1/src/wintun_raw.rs:371:19
[INFO] [stdout]     |
[INFO] [stdout] 371 |     pub unsafe fn WintunAllocateSendPacket(&self, arg1: WINTUN_SESSION_HANDLE, arg2: DWORD) -> *mut BYTE {
[INFO] [stdout]     |                   ^^^^^^^^^^^^^^^^^^^^^^^^                                     -----------
[INFO] [stdout] help: you can convert a `u32` to a `u64`
[INFO] [stdout]     |
[INFO] [stdout]  47 |         let ptr = unsafe { self.wintun.WintunAllocateSendPacket(self.session.0, (size as u32).into()) };
[INFO] [stdout]     |                                                                                 +           ++++++++
[INFO] [stdout] 
[INFO] [stdout] 
[INFO] [stdout] error[E0308]: mismatched types
[INFO] [stdout]    --> /opt/rustwide/cargo-home/registry/src/index.crates.io-1949cf8c6b5b557f/wintun-0.5.1/src/session.rs:76:76
[INFO] [stdout]     |
[INFO] [stdout]  76 |         let ptr = unsafe { self.wintun.WintunReceivePacket(self.session.0, &mut size as *mut u32) };
[INFO] [stdout]     |                                        -------------------                 ^^^^^^^^^^^^^^^^^^^^^ expected `*mut u64`, found `*mut u32`
[INFO] [stdout]     |                                        |
[INFO] [stdout]     |                                        arguments to this method are incorrect
[INFO] [stdout]     |
[INFO] [stdout]     = note: expected raw pointer `*mut u64`
[INFO] [stdout]                found raw pointer `*mut u32`
[INFO] [stdout] note: method defined here
[INFO] [stdout]    --> /opt/rustwide/cargo-home/registry/src/index.crates.io-1949cf8c6b5b557f/wintun-0.5.1/src/wintun_raw.rs:365:19
[INFO] [stdout]     |
[INFO] [stdout] 365 |     pub unsafe fn WintunReceivePacket(&self, arg1: WINTUN_SESSION_HANDLE, arg2: *mut DWORD) -> *mut BYTE {
[INFO] [stdout]     |                   ^^^^^^^^^^^^^^^^^^^                                     ----------------
[INFO] [stdout] 
[INFO] [stdout] 
[INFO] [stdout] error[E0599]: no associated function or constant named `from_wide` found for struct `OsString` in the current scope
[INFO] [stdout]   --> /opt/rustwide/cargo-home/registry/src/index.crates.io-1949cf8c6b5b557f/wintun-0.5.1/src/util.rs:53:41
[INFO] [stdout]    |
[INFO] [stdout] 53 |     let os_string = std::ffi::OsString::from_wide(slice);
[INFO] [stdout]    |                                         ^^^^^^^^^ associated function or constant not found in `OsString`
[INFO] [stdout]    |
[INFO] [stdout] note: if you're trying to build a new `OsString` consider using one of the following associated functions:
[INFO] [stdout]       OsString::new
[INFO] [stdout]       OsString::from_encoded_bytes_unchecked
[INFO] [stdout]       OsString::with_capacity
[INFO] [stdout]   --> /rustc/3154cc1a3e6424e44f438a95007d043ed5ceaaf6/library/std/src/ffi/os_str.rs:134:4
[INFO] [stdout] help: there is an associated function `from_iter` with a similar name
[INFO] [stdout]    |
[INFO] [stdout] 53 -     let os_string = std::ffi::OsString::from_wide(slice);
[INFO] [stdout] 53 +     let os_string = std::ffi::OsString::from_iter(slice);
[INFO] [stdout]    |
[INFO] [stdout] 
[INFO] [stdout] 
[INFO] [stdout] error[E0512]: cannot transmute between types of different sizes, or dependently-sized types
[INFO] [stdout]   --> /opt/rustwide/cargo-home/registry/src/index.crates.io-1949cf8c6b5b557f/wintun-0.5.1/src/adapter.rs:88:54
[INFO] [stdout]    |
[INFO] [stdout] 88 |         let guid_struct: wintun_raw::GUID = unsafe { std::mem::transmute(GUID::from_u128(guid)) };
[INFO] [stdout]    |                                                      ^^^^^^^^^^^^^^^^^^^
[INFO] [stdout]    |
[INFO] [stdout]    = note: source type: `windows_sys::core::GUID` (128 bits)
[INFO] [stdout]    = note: target type: `_GUID` (192 bits)
[INFO] [stdout] 
[INFO] [stdout] 
[INFO] [stdout] Some errors have detailed explanations: E0308, E0433, E0512, E0570, E0599.
[INFO] [stdout] 
[INFO] [stdout] For more information about an error, try `rustc --explain E0308`.
[INFO] [stdout] 
[INFO] [stderr] error: could not compile `wintun` (lib) due to 24 previous errors
[INFO] [stderr] warning: build failed, waiting for other jobs to finish...
[INFO] running `Command { std: "docker" "inspect" "70d180f93063c7873a3815415ee40d592998862d182dd670ebc5cf20c80347f5", kill_on_drop: false }`
[INFO] running `Command { std: "docker" "rm" "-f" "70d180f93063c7873a3815415ee40d592998862d182dd670ebc5cf20c80347f5", kill_on_drop: false }`
[INFO] [stdout] 70d180f93063c7873a3815415ee40d592998862d182dd670ebc5cf20c80347f5
