[INFO] cloning repository https://github.com/Thankgoddavid56/citrea--013
[INFO] running `Command { std: "git" "-c" "credential.helper=" "-c" "credential.helper=/workspace/cargo-home/bin/git-credential-null" "clone" "--bare" "https://github.com/Thankgoddavid56/citrea--013" "/workspace/cache/git-repos/https%3A%2F%2Fgithub.com%2FThankgoddavid56%2Fcitrea--013", kill_on_drop: false }`
[INFO] [stderr] Cloning into bare repository '/workspace/cache/git-repos/https%3A%2F%2Fgithub.com%2FThankgoddavid56%2Fcitrea--013'...
[INFO] running `Command { std: "git" "rev-parse" "HEAD", kill_on_drop: false }`
[INFO] [stdout] 71e9521aab810df2bd91f3ad0d0a84a3a46f0462
[INFO] checking Thankgoddavid56/citrea--013/71e9521aab810df2bd91f3ad0d0a84a3a46f0462 against 3154cc1a3e6424e44f438a95007d043ed5ceaaf6 for pr-133502-30
[INFO] running `Command { std: "git" "clone" "/workspace/cache/git-repos/https%3A%2F%2Fgithub.com%2FThankgoddavid56%2Fcitrea--013" "/workspace/builds/worker-7-tc2/source", kill_on_drop: false }`
[INFO] [stderr] Cloning into '/workspace/builds/worker-7-tc2/source'...
[INFO] [stderr] done.
[INFO] removed /workspace/builds/worker-7-tc2/source/rust-toolchain.toml
[INFO] started tweaking git repo https://github.com/Thankgoddavid56/citrea--013
[INFO] finished tweaking git repo https://github.com/Thankgoddavid56/citrea--013
[INFO] tweaked toml for git repo https://github.com/Thankgoddavid56/citrea--013 written to /workspace/builds/worker-7-tc2/source/Cargo.toml
[INFO] validating manifest of git repo https://github.com/Thankgoddavid56/citrea--013 on toolchain 3154cc1a3e6424e44f438a95007d043ed5ceaaf6
[INFO] running `Command { std: CARGO_HOME="/workspace/cargo-home" RUSTUP_HOME="/workspace/rustup-home" "/workspace/cargo-home/bin/cargo" "+3154cc1a3e6424e44f438a95007d043ed5ceaaf6" "metadata" "--manifest-path" "Cargo.toml" "--no-deps", kill_on_drop: false }`
[INFO] crate git repo https://github.com/Thankgoddavid56/citrea--013 already has a lockfile, it will not be regenerated
[INFO] running `Command { std: CARGO_HOME="/workspace/cargo-home" RUSTUP_HOME="/workspace/rustup-home" "/workspace/cargo-home/bin/cargo" "+3154cc1a3e6424e44f438a95007d043ed5ceaaf6" "fetch" "--manifest-path" "Cargo.toml", kill_on_drop: false }`
[INFO] [stderr] warning: unused workspace dependency `alloy-trie`
[INFO] [stderr]    --> Cargo.toml:113:25
[INFO] [stderr]     |
[INFO] [stderr] 113 | [workspace.dependencies.alloy-trie]
[INFO] [stderr]     |                         ^^^^^^^^^^
[INFO] [stderr]     |
[INFO] [stderr]     = note: `cargo::unused_workspace_dependencies` is set to `warn` by default
[INFO] [stderr] help: consider removing the workspace dependency `alloy-trie`
[INFO] [stderr] warning: unused workspace dependency `reth-node-api`
[INFO] [stderr]    --> Cargo.toml:232:25
[INFO] [stderr]     |
[INFO] [stderr] 232 | [workspace.dependencies.reth-node-api]
[INFO] [stderr]     |                         ^^^^^^^^^^^^^
[INFO] [stderr]     |
[INFO] [stderr] help: consider removing the workspace dependency `reth-node-api`
[INFO] [stderr] warning: unused workspace dependency `reth-stages`
[INFO] [stderr]    --> Cargo.toml:277:25
[INFO] [stderr]     |
[INFO] [stderr] 277 | [workspace.dependencies.reth-stages]
[INFO] [stderr]     |                         ^^^^^^^^^^^
[INFO] [stderr]     |
[INFO] [stderr] help: consider removing the workspace dependency `reth-stages`
[INFO] [stderr] warning: unused workspace dependency `revm-bytecode`
[INFO] [stderr]    --> Cargo.toml:302:25
[INFO] [stderr]     |
[INFO] [stderr] 302 | [workspace.dependencies.revm-bytecode]
[INFO] [stderr]     |                         ^^^^^^^^^^^^^
[INFO] [stderr]     |
[INFO] [stderr] help: consider removing the workspace dependency `revm-bytecode`
[INFO] [stderr] warning: unused workspace dependency `revm-primitives`
[INFO] [stderr]    --> Cargo.toml:315:25
[INFO] [stderr]     |
[INFO] [stderr] 315 | [workspace.dependencies.revm-primitives]
[INFO] [stderr]     |                         ^^^^^^^^^^^^^^^
[INFO] [stderr]     |
[INFO] [stderr] help: consider removing the workspace dependency `revm-primitives`
[INFO] [stderr] warning: unused workspace dependency `risc0-circuit-rv32im`
[INFO] [stderr]   --> Cargo.toml:42:1
[INFO] [stderr]    |
[INFO] [stderr] 42 | risc0-circuit-rv32im = "4.0.2"
[INFO] [stderr]    | ^^^^^^^^^^^^^^^^^^^^
[INFO] [stderr]    |
[INFO] [stderr] help: consider removing the workspace dependency `risc0-circuit-rv32im`
[INFO] [stderr] warning: unused workspace dependency `risc0-ethereum-contracts`
[INFO] [stderr]    --> Cargo.toml:319:25
[INFO] [stderr]     |
[INFO] [stderr] 319 | [workspace.dependencies.risc0-ethereum-contracts]
[INFO] [stderr]     |                         ^^^^^^^^^^^^^^^^^^^^^^^^
[INFO] [stderr]     |
[INFO] [stderr] help: consider removing the workspace dependency `risc0-ethereum-contracts`
[INFO] [stderr] warning: unused workspace dependency `risc0-zkvm-platform`
[INFO] [stderr]   --> Cargo.toml:44:1
[INFO] [stderr]    |
[INFO] [stderr] 44 | risc0-zkvm-platform = "2.2.0"
[INFO] [stderr]    | ^^^^^^^^^^^^^^^^^^^
[INFO] [stderr]    |
[INFO] [stderr] help: consider removing the workspace dependency `risc0-zkvm-platform`
[INFO] [stderr] warning: workspace (manifest) generated 8 warnings
[INFO] [stderr] warning: missing `[lints]` to inherit `[workspace.lints]`
[INFO] [stderr]   --> crates/sovereign-sdk/module-system/sov-modules-stf-blueprint/Cargo.toml
[INFO] [stderr]    = note: `cargo::missing_lints_inheritance` is set to `warn` by default
[INFO] [stderr] help: to inherit `workspace.lints, add:
[INFO] [stderr]    |
[INFO] [stderr] 43 ~ ]
[INFO] [stderr] 44 + [lints]
[INFO] [stderr] 45 + workspace = true
[INFO] [stderr]    |
[INFO] [stderr] help: to clarify your intent to not inherit, add:
[INFO] [stderr]    |
[INFO] [stderr] 43 ~ ]
[INFO] [stderr] 44 + [lints]
[INFO] [stderr]    |
[INFO] [stderr] warning: `sov-modules-stf-blueprint` (manifest) generated 1 warning
[INFO] [stderr] warning: missing `[lints]` to inherit `[workspace.lints]`
[INFO] [stderr]   --> crates/common/Cargo.toml
[INFO] [stderr]    = note: `cargo::missing_lints_inheritance` is set to `warn` by default
[INFO] [stderr] help: to inherit `workspace.lints, add:
[INFO] [stderr]    |
[INFO] [stderr] 60 ~ tempfile = { workspace = true }
[INFO] [stderr] 61 + [lints]
[INFO] [stderr] 62 + workspace = true
[INFO] [stderr]    |
[INFO] [stderr] help: to clarify your intent to not inherit, add:
[INFO] [stderr]    |
[INFO] [stderr] 60 ~ tempfile = { workspace = true }
[INFO] [stderr] 61 + [lints]
[INFO] [stderr]    |
[INFO] [stderr] warning: `citrea-common` (manifest) generated 1 warning
[INFO] [stderr] warning: missing `[lints]` to inherit `[workspace.lints]`
[INFO] [stderr]   --> crates/sovereign-sdk/module-system/sov-modules-rollup-blueprint/Cargo.toml
[INFO] [stderr]    = note: `cargo::missing_lints_inheritance` is set to `warn` by default
[INFO] [stderr] help: to inherit `workspace.lints, add:
[INFO] [stderr]    |
[INFO] [stderr] 31 ~ tracing = { workspace = true }
[INFO] [stderr] 32 + [lints]
[INFO] [stderr] 33 + workspace = true
[INFO] [stderr]    |
[INFO] [stderr] help: to clarify your intent to not inherit, add:
[INFO] [stderr]    |
[INFO] [stderr] 31 ~ tracing = { workspace = true }
[INFO] [stderr] 32 + [lints]
[INFO] [stderr]    |
[INFO] [stderr] warning: `sov-modules-rollup-blueprint` (manifest) generated 1 warning
[INFO] [stderr] warning: missing `[lints]` to inherit `[workspace.lints]`
[INFO] [stderr]   --> crates/sovereign-sdk/module-system/module-implementations/integration-tests/Cargo.toml
[INFO] [stderr]    = note: `cargo::missing_lints_inheritance` is set to `warn` by default
[INFO] [stderr] help: to inherit `workspace.lints, add:
[INFO] [stderr]    |
[INFO] [stderr] 27 ~ sov-prover-storage-manager = { path = "../../../full-node/sov-prover-storage-manager", features = ["test-utils"] }
[INFO] [stderr] 28 + [lints]
[INFO] [stderr] 29 + workspace = true
[INFO] [stderr]    |
[INFO] [stderr] help: to clarify your intent to not inherit, add:
[INFO] [stderr]    |
[INFO] [stderr] 27 ~ sov-prover-storage-manager = { path = "../../../full-node/sov-prover-storage-manager", features = ["test-utils"] }
[INFO] [stderr] 28 + [lints]
[INFO] [stderr]    |
[INFO] [stderr] warning: `integration-tests` (manifest) generated 1 warning
[INFO] [stderr] warning: missing `[lints]` to inherit `[workspace.lints]`
[INFO] [stderr]   --> guests/risc0/light-client-proof/Cargo.toml
[INFO] [stderr]    = note: `cargo::missing_lints_inheritance` is set to `warn` by default
[INFO] [stderr] help: to inherit `workspace.lints, add:
[INFO] [stderr]    |
[INFO] [stderr] 22 ~ build = ["citrea-risc0-batch-proof"]
[INFO] [stderr] 23 + [lints]
[INFO] [stderr] 24 + workspace = true
[INFO] [stderr]    |
[INFO] [stderr] help: to clarify your intent to not inherit, add:
[INFO] [stderr]    |
[INFO] [stderr] 22 ~ build = ["citrea-risc0-batch-proof"]
[INFO] [stderr] 23 + [lints]
[INFO] [stderr]    |
[INFO] [stderr] warning: `citrea-risc0-light-client` (manifest) generated 1 warning
[INFO] [stderr] warning: missing `[lints]` to inherit `[workspace.lints]`
[INFO] [stderr]   --> crates/sovereign-sdk/adapters/mock-da/Cargo.toml
[INFO] [stderr]    = note: `cargo::missing_lints_inheritance` is set to `warn` by default
[INFO] [stderr] help: to inherit `workspace.lints, add:
[INFO] [stderr]    |
[INFO] [stderr] 39 ~ ]
[INFO] [stderr] 40 + [lints]
[INFO] [stderr] 41 + workspace = true
[INFO] [stderr]    |
[INFO] [stderr] help: to clarify your intent to not inherit, add:
[INFO] [stderr]    |
[INFO] [stderr] 39 ~ ]
[INFO] [stderr] 40 + [lints]
[INFO] [stderr]    |
[INFO] [stderr] warning: `sov-mock-da` (manifest) generated 1 warning
[INFO] [stderr] warning: missing `[lints]` to inherit `[workspace.lints]`
[INFO] [stderr]   --> crates/sovereign-sdk/full-node/db/sov-db/Cargo.toml
[INFO] [stderr]    = note: `cargo::missing_lints_inheritance` is set to `warn` by default
[INFO] [stderr] help: to inherit `workspace.lints, add:
[INFO] [stderr]    |
[INFO] [stderr] 46 ~ harness = false
[INFO] [stderr] 47 + [lints]
[INFO] [stderr] 48 + workspace = true
[INFO] [stderr]    |
[INFO] [stderr] help: to clarify your intent to not inherit, add:
[INFO] [stderr]    |
[INFO] [stderr] 46 ~ harness = false
[INFO] [stderr] 47 + [lints]
[INFO] [stderr]    |
[INFO] [stderr] warning: `sov-db` (manifest) generated 1 warning
[INFO] [stderr] warning: missing `[lints]` to inherit `[workspace.lints]`
[INFO] [stderr]   --> crates/sovereign-sdk/module-system/sov-modules-macros/Cargo.toml
[INFO] [stderr]    = note: `cargo::missing_lints_inheritance` is set to `warn` by default
[INFO] [stderr] help: to inherit `workspace.lints, add:
[INFO] [stderr]    |
[INFO] [stderr] 54 ~ ]
[INFO] [stderr] 55 + [lints]
[INFO] [stderr] 56 + workspace = true
[INFO] [stderr]    |
[INFO] [stderr] help: to clarify your intent to not inherit, add:
[INFO] [stderr]    |
[INFO] [stderr] 54 ~ ]
[INFO] [stderr] 55 + [lints]
[INFO] [stderr]    |
[INFO] [stderr] warning: `sov-modules-macros` (manifest) generated 1 warning
[INFO] [stderr] warning: missing `[lints]` to inherit `[workspace.lints]`
[INFO] [stderr]   --> crates/sovereign-sdk/module-system/sov-state/Cargo.toml
[INFO] [stderr]    = note: `cargo::missing_lints_inheritance` is set to `warn` by default
[INFO] [stderr] help: to inherit `workspace.lints, add:
[INFO] [stderr]    |
[INFO] [stderr] 36 ~ native = ["sov-db", "sov-schema-db"]
[INFO] [stderr] 37 + [lints]
[INFO] [stderr] 38 + workspace = true
[INFO] [stderr]    |
[INFO] [stderr] help: to clarify your intent to not inherit, add:
[INFO] [stderr]    |
[INFO] [stderr] 36 ~ native = ["sov-db", "sov-schema-db"]
[INFO] [stderr] 37 + [lints]
[INFO] [stderr]    |
[INFO] [stderr] warning: `sov-state` (manifest) generated 1 warning
[INFO] [stderr] warning: missing `[lints]` to inherit `[workspace.lints]`
[INFO] [stderr]   --> crates/sovereign-sdk/module-system/sov-modules-core/Cargo.toml
[INFO] [stderr]    = note: `cargo::missing_lints_inheritance` is set to `warn` by default
[INFO] [stderr] help: to inherit `workspace.lints, add:
[INFO] [stderr]    |
[INFO] [stderr] 63 ~ mocks = []
[INFO] [stderr] 64 + [lints]
[INFO] [stderr] 65 + workspace = true
[INFO] [stderr]    |
[INFO] [stderr] help: to clarify your intent to not inherit, add:
[INFO] [stderr]    |
[INFO] [stderr] 63 ~ mocks = []
[INFO] [stderr] 64 + [lints]
[INFO] [stderr]    |
[INFO] [stderr] warning: `sov-modules-core` (manifest) generated 1 warning
[INFO] [stderr] warning: missing `[lints]` to inherit `[workspace.lints]`
[INFO] [stderr]    --> crates/evm/Cargo.toml
[INFO] [stderr]     = note: `cargo::missing_lints_inheritance` is set to `warn` by default
[INFO] [stderr] help: to inherit `workspace.lints, add:
[INFO] [stderr]     |
[INFO] [stderr] 116 ~ ]
[INFO] [stderr] 117 + [lints]
[INFO] [stderr] 118 + workspace = true
[INFO] [stderr]     |
[INFO] [stderr] help: to clarify your intent to not inherit, add:
[INFO] [stderr]     |
[INFO] [stderr] 116 ~ ]
[INFO] [stderr] 117 + [lints]
[INFO] [stderr]     |
[INFO] [stderr] warning: `citrea-evm` (manifest) generated 1 warning
[INFO] [stderr] warning: missing `[lints]` to inherit `[workspace.lints]`
[INFO] [stderr]   --> crates/primitives/Cargo.toml
[INFO] [stderr]    = note: `cargo::missing_lints_inheritance` is set to `warn` by default
[INFO] [stderr] help: to inherit `workspace.lints, add:
[INFO] [stderr]    |
[INFO] [stderr] 20 ~ testing = ["sov-rollup-interface/testing"]
[INFO] [stderr] 21 + [lints]
[INFO] [stderr] 22 + workspace = true
[INFO] [stderr]    |
[INFO] [stderr] help: to clarify your intent to not inherit, add:
[INFO] [stderr]    |
[INFO] [stderr] 20 ~ testing = ["sov-rollup-interface/testing"]
[INFO] [stderr] 21 + [lints]
[INFO] [stderr]    |
[INFO] [stderr] warning: `citrea-primitives` (manifest) generated 1 warning
[INFO] [stderr] warning: missing `[lints]` to inherit `[workspace.lints]`
[INFO] [stderr]   --> crates/fullnode/Cargo.toml
[INFO] [stderr]    = note: `cargo::missing_lints_inheritance` is set to `warn` by default
[INFO] [stderr] help: to inherit `workspace.lints, add:
[INFO] [stderr]    |
[INFO] [stderr] 44 ~ tracing = { workspace = true }
[INFO] [stderr] 45 + [lints]
[INFO] [stderr] 46 + workspace = true
[INFO] [stderr]    |
[INFO] [stderr] help: to clarify your intent to not inherit, add:
[INFO] [stderr]    |
[INFO] [stderr] 44 ~ tracing = { workspace = true }
[INFO] [stderr] 45 + [lints]
[INFO] [stderr]    |
[INFO] [stderr] warning: `citrea-fullnode` (manifest) generated 1 warning
[INFO] [stderr] warning: missing `[lints]` to inherit `[workspace.lints]`
[INFO] [stderr]   --> crates/short-header-proof-provider/Cargo.toml
[INFO] [stderr]    = note: `cargo::missing_lints_inheritance` is set to `warn` by default
[INFO] [stderr] help: to inherit `workspace.lints, add:
[INFO] [stderr]    |
[INFO] [stderr] 36 ~ ]
[INFO] [stderr] 37 + [lints]
[INFO] [stderr] 38 + workspace = true
[INFO] [stderr]    |
[INFO] [stderr] help: to clarify your intent to not inherit, add:
[INFO] [stderr]    |
[INFO] [stderr] 36 ~ ]
[INFO] [stderr] 37 + [lints]
[INFO] [stderr]    |
[INFO] [stderr] warning: `short-header-proof-provider` (manifest) generated 1 warning
[INFO] [stderr] warning: missing `[lints]` to inherit `[workspace.lints]`
[INFO] [stderr]    --> bin/citrea/Cargo.toml
[INFO] [stderr]     = note: `cargo::missing_lints_inheritance` is set to `warn` by default
[INFO] [stderr] help: to inherit `workspace.lints, add:
[INFO] [stderr]     |
[INFO] [stderr] 131 ~ path = "src/main.rs"
[INFO] [stderr] 132 + [lints]
[INFO] [stderr] 133 + workspace = true
[INFO] [stderr]     |
[INFO] [stderr] help: to clarify your intent to not inherit, add:
[INFO] [stderr]     |
[INFO] [stderr] 131 ~ path = "src/main.rs"
[INFO] [stderr] 132 + [lints]
[INFO] [stderr]     |
[INFO] [stderr] warning: unused build dependency `sp1-helper`
[INFO] [stderr]    --> bin/citrea/Cargo.toml:115:1
[INFO] [stderr]     |
[INFO] [stderr] 115 | sp1-helper = { version = "3.0.0", default-features = false }
[INFO] [stderr]     | ^^^^^^^^^^^^^^^^^^^^^^^^^^^^^^^^^^^^^^^^^^^^^^^^^^^^^^^^^^^^
[INFO] [stderr]     |
[INFO] [stderr]     = note: `cargo::unused_dependencies` is set to `warn` by default
[INFO] [stderr] help: consider removing the dependency on `sp1-helper`
[INFO] [stderr] warning: `citrea` (manifest) generated 2 warnings
[INFO] [stderr] warning: missing `[lints]` to inherit `[workspace.lints]`
[INFO] [stderr]   --> guests/risc0/batch-proof/Cargo.toml
[INFO] [stderr]    = note: `cargo::missing_lints_inheritance` is set to `warn` by default
[INFO] [stderr] help: to inherit `workspace.lints, add:
[INFO] [stderr]    |
[INFO] [stderr] 17 ~ testing = []
[INFO] [stderr] 18 + [lints]
[INFO] [stderr] 19 + workspace = true
[INFO] [stderr]    |
[INFO] [stderr] help: to clarify your intent to not inherit, add:
[INFO] [stderr]    |
[INFO] [stderr] 17 ~ testing = []
[INFO] [stderr] 18 + [lints]
[INFO] [stderr]    |
[INFO] [stderr] warning: `citrea-risc0-batch-proof` (manifest) generated 1 warning
[INFO] [stderr] warning: missing `[lints]` to inherit `[workspace.lints]`
[INFO] [stderr]   --> crates/storage-ops/Cargo.toml
[INFO] [stderr]    = note: `cargo::missing_lints_inheritance` is set to `warn` by default
[INFO] [stderr] help: to inherit `workspace.lints, add:
[INFO] [stderr]    |
[INFO] [stderr] 34 ~ tempfile = { workspace = true }
[INFO] [stderr] 35 + [lints]
[INFO] [stderr] 36 + workspace = true
[INFO] [stderr]    |
[INFO] [stderr] help: to clarify your intent to not inherit, add:
[INFO] [stderr]    |
[INFO] [stderr] 34 ~ tempfile = { workspace = true }
[INFO] [stderr] 35 + [lints]
[INFO] [stderr]    |
[INFO] [stderr] warning: `citrea-storage-ops` (manifest) generated 1 warning
[INFO] [stderr] warning: missing `[lints]` to inherit `[workspace.lints]`
[INFO] [stderr]   --> crates/sovereign-sdk/adapters/mock-zkvm/Cargo.toml
[INFO] [stderr]    = note: `cargo::missing_lints_inheritance` is set to `warn` by default
[INFO] [stderr] help: to inherit `workspace.lints, add:
[INFO] [stderr]    |
[INFO] [stderr] 25 ~ default = []
[INFO] [stderr] 26 + [lints]
[INFO] [stderr] 27 + workspace = true
[INFO] [stderr]    |
[INFO] [stderr] help: to clarify your intent to not inherit, add:
[INFO] [stderr]    |
[INFO] [stderr] 25 ~ default = []
[INFO] [stderr] 26 + [lints]
[INFO] [stderr]    |
[INFO] [stderr] warning: `sov-mock-zkvm` (manifest) generated 1 warning
[INFO] [stderr] warning: missing `[lints]` to inherit `[workspace.lints]`
[INFO] [stderr]   --> crates/sovereign-sdk/rollup-interface/Cargo.toml
[INFO] [stderr]    = note: `cargo::missing_lints_inheritance` is set to `warn` by default
[INFO] [stderr] help: to inherit `workspace.lints, add:
[INFO] [stderr]    |
[INFO] [stderr] 53 ~ testing = []
[INFO] [stderr] 54 + [lints]
[INFO] [stderr] 55 + workspace = true
[INFO] [stderr]    |
[INFO] [stderr] help: to clarify your intent to not inherit, add:
[INFO] [stderr]    |
[INFO] [stderr] 53 ~ testing = []
[INFO] [stderr] 54 + [lints]
[INFO] [stderr]    |
[INFO] [stderr] warning: `sov-rollup-interface` (manifest) generated 1 warning
[INFO] [stderr] warning: missing `[lints]` to inherit `[workspace.lints]`
[INFO] [stderr]   --> crates/sovereign-sdk/full-node/sov-ledger-rpc/Cargo.toml
[INFO] [stderr]    = note: `cargo::missing_lints_inheritance` is set to `warn` by default
[INFO] [stderr] help: to inherit `workspace.lints, add:
[INFO] [stderr]    |
[INFO] [stderr] 39 ~ client = ["jsonrpsee/client", "jsonrpsee/macros"]
[INFO] [stderr] 40 + [lints]
[INFO] [stderr] 41 + workspace = true
[INFO] [stderr]    |
[INFO] [stderr] help: to clarify your intent to not inherit, add:
[INFO] [stderr]    |
[INFO] [stderr] 39 ~ client = ["jsonrpsee/client", "jsonrpsee/macros"]
[INFO] [stderr] 40 + [lints]
[INFO] [stderr]    |
[INFO] [stderr] warning: `sov-ledger-rpc` (manifest) generated 1 warning
[INFO] [stderr] warning: missing `[lints]` to inherit `[workspace.lints]`
[INFO] [stderr]   --> crates/prover-services/Cargo.toml
[INFO] [stderr]    = note: `cargo::missing_lints_inheritance` is set to `warn` by default
[INFO] [stderr] help: to inherit `workspace.lints, add:
[INFO] [stderr]    |
[INFO] [stderr] 31 ~ sov-rollup-interface = { path = "../sovereign-sdk/rollup-interface", features = ["testing"] }
[INFO] [stderr] 32 + [lints]
[INFO] [stderr] 33 + workspace = true
[INFO] [stderr]    |
[INFO] [stderr] help: to clarify your intent to not inherit, add:
[INFO] [stderr]    |
[INFO] [stderr] 31 ~ sov-rollup-interface = { path = "../sovereign-sdk/rollup-interface", features = ["testing"] }
[INFO] [stderr] 32 + [lints]
[INFO] [stderr]    |
[INFO] [stderr] warning: `prover-services` (manifest) generated 1 warning
[INFO] [stderr] warning: missing `[lints]` to inherit `[workspace.lints]`
[INFO] [stderr]   --> bin/cli/Cargo.toml
[INFO] [stderr]    = note: `cargo::missing_lints_inheritance` is set to `warn` by default
[INFO] [stderr] help: to inherit `workspace.lints, add:
[INFO] [stderr]    |
[INFO] [stderr] 35 ~ path = "src/main.rs"
[INFO] [stderr] 36 + [lints]
[INFO] [stderr] 37 + workspace = true
[INFO] [stderr]    |
[INFO] [stderr] help: to clarify your intent to not inherit, add:
[INFO] [stderr]    |
[INFO] [stderr] 35 ~ path = "src/main.rs"
[INFO] [stderr] 36 + [lints]
[INFO] [stderr]    |
[INFO] [stderr] warning: `citrea-cli` (manifest) generated 1 warning
[INFO] [stderr] warning: missing `[lints]` to inherit `[workspace.lints]`
[INFO] [stderr]   --> crates/sovereign-sdk/module-system/module-implementations/sov-accounts/Cargo.toml
[INFO] [stderr]    = note: `cargo::missing_lints_inheritance` is set to `warn` by default
[INFO] [stderr] help: to inherit `workspace.lints, add:
[INFO] [stderr]    |
[INFO] [stderr] 53 ~ serde = []
[INFO] [stderr] 54 + [lints]
[INFO] [stderr] 55 + workspace = true
[INFO] [stderr]    |
[INFO] [stderr] help: to clarify your intent to not inherit, add:
[INFO] [stderr]    |
[INFO] [stderr] 53 ~ serde = []
[INFO] [stderr] 54 + [lints]
[INFO] [stderr]    |
[INFO] [stderr] warning: `sov-accounts` (manifest) generated 1 warning
[INFO] [stderr] warning: missing `[lints]` to inherit `[workspace.lints]`
[INFO] [stderr]   --> crates/sovereign-sdk/module-system/sov-keys/Cargo.toml
[INFO] [stderr]    = note: `cargo::missing_lints_inheritance` is set to `warn` by default
[INFO] [stderr] help: to inherit `workspace.lints, add:
[INFO] [stderr]    |
[INFO] [stderr] 35 ~ testing = []
[INFO] [stderr] 36 + [lints]
[INFO] [stderr] 37 + workspace = true
[INFO] [stderr]    |
[INFO] [stderr] help: to clarify your intent to not inherit, add:
[INFO] [stderr]    |
[INFO] [stderr] 35 ~ testing = []
[INFO] [stderr] 36 + [lints]
[INFO] [stderr]    |
[INFO] [stderr] warning: `sov-keys` (manifest) generated 1 warning
[INFO] [stderr] warning: missing `[lints]` to inherit `[workspace.lints]`
[INFO] [stderr]   --> crates/l2-block-rule-enforcer/Cargo.toml
[INFO] [stderr]    = note: `cargo::missing_lints_inheritance` is set to `warn` by default
[INFO] [stderr] help: to inherit `workspace.lints, add:
[INFO] [stderr]    |
[INFO] [stderr] 38 ~ native = ["dep:sov-db", "sov-modules-api/native", "dep:tracing", "jsonrpsee"]
[INFO] [stderr] 39 + [lints]
[INFO] [stderr] 40 + workspace = true
[INFO] [stderr]    |
[INFO] [stderr] help: to clarify your intent to not inherit, add:
[INFO] [stderr]    |
[INFO] [stderr] 38 ~ native = ["dep:sov-db", "sov-modules-api/native", "dep:tracing", "jsonrpsee"]
[INFO] [stderr] 39 + [lints]
[INFO] [stderr]    |
[INFO] [stderr] warning: `l2-block-rule-enforcer` (manifest) generated 1 warning
[INFO] [stderr] warning: missing `[lints]` to inherit `[workspace.lints]`
[INFO] [stderr]   --> crates/citrea-stf/Cargo.toml
[INFO] [stderr]    = note: `cargo::missing_lints_inheritance` is set to `warn` by default
[INFO] [stderr] help: to inherit `workspace.lints, add:
[INFO] [stderr]    |
[INFO] [stderr] 65 ~ testing = ["native", "dep:tempfile", "dep:sov-prover-storage-manager"]
[INFO] [stderr] 66 + [lints]
[INFO] [stderr] 67 + workspace = true
[INFO] [stderr]    |
[INFO] [stderr] help: to clarify your intent to not inherit, add:
[INFO] [stderr]    |
[INFO] [stderr] 65 ~ testing = ["native", "dep:tempfile", "dep:sov-prover-storage-manager"]
[INFO] [stderr] 66 + [lints]
[INFO] [stderr]    |
[INFO] [stderr] warning: `citrea-stf` (manifest) generated 1 warning
[INFO] [stderr] warning: missing `[lints]` to inherit `[workspace.lints]`
[INFO] [stderr]   --> crates/sequencer/Cargo.toml
[INFO] [stderr]    = note: `cargo::missing_lints_inheritance` is set to `warn` by default
[INFO] [stderr] help: to inherit `workspace.lints, add:
[INFO] [stderr]    |
[INFO] [stderr] 77 ~ default = []
[INFO] [stderr] 78 + [lints]
[INFO] [stderr] 79 + workspace = true
[INFO] [stderr]    |
[INFO] [stderr] help: to clarify your intent to not inherit, add:
[INFO] [stderr]    |
[INFO] [stderr] 77 ~ default = []
[INFO] [stderr] 78 + [lints]
[INFO] [stderr]    |
[INFO] [stderr] warning: `citrea-sequencer` (manifest) generated 1 warning
[INFO] [stderr] warning: missing `[lints]` to inherit `[workspace.lints]`
[INFO] [stderr]   --> crates/ethereum-rpc/Cargo.toml
[INFO] [stderr]    = note: `cargo::missing_lints_inheritance` is set to `warn` by default
[INFO] [stderr] help: to inherit `workspace.lints, add:
[INFO] [stderr]    |
[INFO] [stderr] 54 ~ tokio = { workspace = true }
[INFO] [stderr] 55 + [lints]
[INFO] [stderr] 56 + workspace = true
[INFO] [stderr]    |
[INFO] [stderr] help: to clarify your intent to not inherit, add:
[INFO] [stderr]    |
[INFO] [stderr] 54 ~ tokio = { workspace = true }
[INFO] [stderr] 55 + [lints]
[INFO] [stderr]    |
[INFO] [stderr] warning: `ethereum-rpc` (manifest) generated 1 warning
[INFO] [stderr] warning: missing `[lints]` to inherit `[workspace.lints]`
[INFO] [stderr]   --> crates/sovereign-sdk/full-node/db/sov-schema-db/Cargo.toml
[INFO] [stderr]    = note: `cargo::missing_lints_inheritance` is set to `warn` by default
[INFO] [stderr] help: to inherit `workspace.lints, add:
[INFO] [stderr]    |
[INFO] [stderr] 34 ~ test-utils = ["dep:tempfile", "dep:byteorder"]
[INFO] [stderr] 35 + [lints]
[INFO] [stderr] 36 + workspace = true
[INFO] [stderr]    |
[INFO] [stderr] help: to clarify your intent to not inherit, add:
[INFO] [stderr]    |
[INFO] [stderr] 34 ~ test-utils = ["dep:tempfile", "dep:byteorder"]
[INFO] [stderr] 35 + [lints]
[INFO] [stderr]    |
[INFO] [stderr] warning: `sov-schema-db` (manifest) generated 1 warning
[INFO] [stderr] warning: missing `[lints]` to inherit `[workspace.lints]`
[INFO] [stderr]   --> crates/risc0/Cargo.toml
[INFO] [stderr]    = note: `cargo::missing_lints_inheritance` is set to `warn` by default
[INFO] [stderr] help: to inherit `workspace.lints, add:
[INFO] [stderr]    |
[INFO] [stderr] 61 ~ ]
[INFO] [stderr] 62 + [lints]
[INFO] [stderr] 63 + workspace = true
[INFO] [stderr]    |
[INFO] [stderr] help: to clarify your intent to not inherit, add:
[INFO] [stderr]    |
[INFO] [stderr] 61 ~ ]
[INFO] [stderr] 62 + [lints]
[INFO] [stderr]    |
[INFO] [stderr] warning: `citrea-risc0-adapter` (manifest) generated 1 warning
[INFO] [stderr] warning: missing `[lints]` to inherit `[workspace.lints]`
[INFO] [stderr]   --> crates/sovereign-sdk/full-node/sov-prover-storage-manager/Cargo.toml
[INFO] [stderr]    = note: `cargo::missing_lints_inheritance` is set to `warn` by default
[INFO] [stderr] help: to inherit `workspace.lints, add:
[INFO] [stderr]    |
[INFO] [stderr] 29 ~ test-utils = []
[INFO] [stderr] 30 + [lints]
[INFO] [stderr] 31 + workspace = true
[INFO] [stderr]    |
[INFO] [stderr] help: to clarify your intent to not inherit, add:
[INFO] [stderr]    |
[INFO] [stderr] 29 ~ test-utils = []
[INFO] [stderr] 30 + [lints]
[INFO] [stderr]    |
[INFO] [stderr] warning: `sov-prover-storage-manager` (manifest) generated 1 warning
[INFO] [stderr] warning: missing `[lints]` to inherit `[workspace.lints]`
[INFO] [stderr]   --> crates/sovereign-sdk/module-system/sov-modules-api/Cargo.toml
[INFO] [stderr]    = note: `cargo::missing_lints_inheritance` is set to `warn` by default
[INFO] [stderr] help: to inherit `workspace.lints, add:
[INFO] [stderr]    |
[INFO] [stderr] 65 ~ testing = []
[INFO] [stderr] 66 + [lints]
[INFO] [stderr] 67 + workspace = true
[INFO] [stderr]    |
[INFO] [stderr] help: to clarify your intent to not inherit, add:
[INFO] [stderr]    |
[INFO] [stderr] 65 ~ testing = []
[INFO] [stderr] 66 + [lints]
[INFO] [stderr]    |
[INFO] [stderr] warning: `sov-modules-api` (manifest) generated 1 warning
[INFO] running `Command { std: "docker" "create" "-v" "/var/lib/crater-agent-workspace/builds/worker-7-tc2/source:/opt/rustwide/workdir:ro,Z" "-v" "/var/lib/crater-agent-workspace/builds/worker-7-tc2/target:/opt/rustwide/target:rw,Z" "-v" "/var/lib/crater-agent-workspace/cargo-home:/opt/rustwide/cargo-home:ro,Z" "-v" "/var/lib/crater-agent-workspace/rustup-home:/opt/rustwide/rustup-home:ro,Z" "-m" "1610612736" "--network" "none" "ghcr.io/rust-lang/crates-build-env/linux@sha256:77db811e55d90add9212f6832c23229e3de5f1c1f9905e8cb07319ea15df73ac" "sleep" "infinity", kill_on_drop: false }`
[INFO] [stdout] 83557c79b99532ef78438e337c1b02ba19888069c2c8544594b5c1499c08bd8b
[INFO] running `Command { std: "docker" "start" "83557c79b99532ef78438e337c1b02ba19888069c2c8544594b5c1499c08bd8b", kill_on_drop: false }`
[INFO] running `Command { std: "docker" "inspect" "83557c79b99532ef78438e337c1b02ba19888069c2c8544594b5c1499c08bd8b", kill_on_drop: false }`
[INFO] running `Command { std: "docker" "exec" "-e" "SOURCE_DIR=/opt/rustwide/workdir" "-e" "CARGO_HOME=/opt/rustwide/cargo-home" "-e" "RUSTUP_HOME=/opt/rustwide/rustup-home" "-e" "CARGO_TARGET_DIR=/opt/rustwide/target" "-w" "/opt/rustwide/workdir" "--user" "0:0" "83557c79b99532ef78438e337c1b02ba19888069c2c8544594b5c1499c08bd8b" "/opt/rustwide/cargo-home/bin/cargo" "+3154cc1a3e6424e44f438a95007d043ed5ceaaf6" "metadata" "--no-deps" "--format-version=1", kill_on_drop: false }`
[INFO] running `Command { std: "docker" "inspect" "83557c79b99532ef78438e337c1b02ba19888069c2c8544594b5c1499c08bd8b", kill_on_drop: false }`
[INFO] running `Command { std: "docker" "exec" "-e" "SOURCE_DIR=/opt/rustwide/workdir" "-e" "CARGO_HOME=/opt/rustwide/cargo-home" "-e" "RUSTUP_HOME=/opt/rustwide/rustup-home" "-e" "CARGO_TARGET_DIR=/opt/rustwide/target" "-e" "CARGO_INCREMENTAL=0" "-e" "RUST_BACKTRACE=full" "-e" "RUSTFLAGS=--cap-lints=forbid" "-e" "RUSTDOCFLAGS=--cap-lints=forbid" "-w" "/opt/rustwide/workdir" "--user" "0:0" "83557c79b99532ef78438e337c1b02ba19888069c2c8544594b5c1499c08bd8b" "/opt/rustwide/cargo-home/bin/cargo" "+3154cc1a3e6424e44f438a95007d043ed5ceaaf6" "check" "--frozen" "--all" "--all-targets" "--message-format=json", kill_on_drop: false }`
[INFO] [stderr] warning: unused workspace dependency `alloy-trie`
[INFO] [stderr]    --> Cargo.toml:113:25
[INFO] [stderr]     |
[INFO] [stderr] 113 | [workspace.dependencies.alloy-trie]
[INFO] [stderr]     |                         ^^^^^^^^^^
[INFO] [stderr]     |
[INFO] [stderr]     = note: `cargo::unused_workspace_dependencies` is set to `warn` by default
[INFO] [stderr] help: consider removing the workspace dependency `alloy-trie`
[INFO] [stderr] warning: unused workspace dependency `reth-node-api`
[INFO] [stderr]    --> Cargo.toml:232:25
[INFO] [stderr]     |
[INFO] [stderr] 232 | [workspace.dependencies.reth-node-api]
[INFO] [stderr]     |                         ^^^^^^^^^^^^^
[INFO] [stderr]     |
[INFO] [stderr] help: consider removing the workspace dependency `reth-node-api`
[INFO] [stderr] warning: unused workspace dependency `reth-stages`
[INFO] [stderr]    --> Cargo.toml:277:25
[INFO] [stderr]     |
[INFO] [stderr] 277 | [workspace.dependencies.reth-stages]
[INFO] [stderr]     |                         ^^^^^^^^^^^
[INFO] [stderr]     |
[INFO] [stderr] help: consider removing the workspace dependency `reth-stages`
[INFO] [stderr] warning: unused workspace dependency `revm-bytecode`
[INFO] [stderr]    --> Cargo.toml:302:25
[INFO] [stderr]     |
[INFO] [stderr] 302 | [workspace.dependencies.revm-bytecode]
[INFO] [stderr]     |                         ^^^^^^^^^^^^^
[INFO] [stderr]     |
[INFO] [stderr] help: consider removing the workspace dependency `revm-bytecode`
[INFO] [stderr] warning: unused workspace dependency `revm-primitives`
[INFO] [stderr]    --> Cargo.toml:315:25
[INFO] [stderr]     |
[INFO] [stderr] 315 | [workspace.dependencies.revm-primitives]
[INFO] [stderr]     |                         ^^^^^^^^^^^^^^^
[INFO] [stderr]     |
[INFO] [stderr] help: consider removing the workspace dependency `revm-primitives`
[INFO] [stderr] warning: unused workspace dependency `risc0-circuit-rv32im`
[INFO] [stderr]   --> Cargo.toml:42:1
[INFO] [stderr]    |
[INFO] [stderr] 42 | risc0-circuit-rv32im = "4.0.2"
[INFO] [stderr]    | ^^^^^^^^^^^^^^^^^^^^
[INFO] [stderr]    |
[INFO] [stderr] help: consider removing the workspace dependency `risc0-circuit-rv32im`
[INFO] [stderr] warning: unused workspace dependency `risc0-ethereum-contracts`
[INFO] [stderr]    --> Cargo.toml:319:25
[INFO] [stderr]     |
[INFO] [stderr] 319 | [workspace.dependencies.risc0-ethereum-contracts]
[INFO] [stderr]     |                         ^^^^^^^^^^^^^^^^^^^^^^^^
[INFO] [stderr]     |
[INFO] [stderr] help: consider removing the workspace dependency `risc0-ethereum-contracts`
[INFO] [stderr] warning: unused workspace dependency `risc0-zkvm-platform`
[INFO] [stderr]   --> Cargo.toml:44:1
[INFO] [stderr]    |
[INFO] [stderr] 44 | risc0-zkvm-platform = "2.2.0"
[INFO] [stderr]    | ^^^^^^^^^^^^^^^^^^^
[INFO] [stderr]    |
[INFO] [stderr] help: consider removing the workspace dependency `risc0-zkvm-platform`
[INFO] [stderr] warning: workspace (manifest) generated 8 warnings
[INFO] [stderr] warning: missing `[lints]` to inherit `[workspace.lints]`
[INFO] [stderr]   --> crates/sovereign-sdk/rollup-interface/Cargo.toml
[INFO] [stderr]    = note: `cargo::missing_lints_inheritance` is set to `warn` by default
[INFO] [stderr] help: to inherit `workspace.lints, add:
[INFO] [stderr]    |
[INFO] [stderr] 53 ~ testing = []
[INFO] [stderr] 54 + [lints]
[INFO] [stderr] 55 + workspace = true
[INFO] [stderr]    |
[INFO] [stderr] help: to clarify your intent to not inherit, add:
[INFO] [stderr]    |
[INFO] [stderr] 53 ~ testing = []
[INFO] [stderr] 54 + [lints]
[INFO] [stderr]    |
[INFO] [stderr] warning: `sov-rollup-interface` (manifest) generated 1 warning
[INFO] [stderr] warning: missing `[lints]` to inherit `[workspace.lints]`
[INFO] [stderr]   --> crates/sovereign-sdk/module-system/sov-modules-macros/Cargo.toml
[INFO] [stderr]    = note: `cargo::missing_lints_inheritance` is set to `warn` by default
[INFO] [stderr] help: to inherit `workspace.lints, add:
[INFO] [stderr]    |
[INFO] [stderr] 54 ~ ]
[INFO] [stderr] 55 + [lints]
[INFO] [stderr] 56 + workspace = true
[INFO] [stderr]    |
[INFO] [stderr] help: to clarify your intent to not inherit, add:
[INFO] [stderr]    |
[INFO] [stderr] 54 ~ ]
[INFO] [stderr] 55 + [lints]
[INFO] [stderr]    |
[INFO] [stderr] warning: `sov-modules-macros` (manifest) generated 1 warning
[INFO] [stderr] warning: missing `[lints]` to inherit `[workspace.lints]`
[INFO] [stderr]   --> crates/ethereum-rpc/Cargo.toml
[INFO] [stderr]    = note: `cargo::missing_lints_inheritance` is set to `warn` by default
[INFO] [stderr] help: to inherit `workspace.lints, add:
[INFO] [stderr]    |
[INFO] [stderr] 54 ~ tokio = { workspace = true }
[INFO] [stderr] 55 + [lints]
[INFO] [stderr] 56 + workspace = true
[INFO] [stderr]    |
[INFO] [stderr] help: to clarify your intent to not inherit, add:
[INFO] [stderr]    |
[INFO] [stderr] 54 ~ tokio = { workspace = true }
[INFO] [stderr] 55 + [lints]
[INFO] [stderr]    |
[INFO] [stderr] warning: `ethereum-rpc` (manifest) generated 1 warning
[INFO] [stderr] warning: missing `[lints]` to inherit `[workspace.lints]`
[INFO] [stderr]   --> crates/sovereign-sdk/module-system/sov-modules-rollup-blueprint/Cargo.toml
[INFO] [stderr]    = note: `cargo::missing_lints_inheritance` is set to `warn` by default
[INFO] [stderr] help: to inherit `workspace.lints, add:
[INFO] [stderr]    |
[INFO] [stderr] 31 ~ tracing = { workspace = true }
[INFO] [stderr] 32 + [lints]
[INFO] [stderr] 33 + workspace = true
[INFO] [stderr]    |
[INFO] [stderr] help: to clarify your intent to not inherit, add:
[INFO] [stderr]    |
[INFO] [stderr] 31 ~ tracing = { workspace = true }
[INFO] [stderr] 32 + [lints]
[INFO] [stderr]    |
[INFO] [stderr] warning: `sov-modules-rollup-blueprint` (manifest) generated 1 warning
[INFO] [stderr] warning: missing `[lints]` to inherit `[workspace.lints]`
[INFO] [stderr]   --> crates/sovereign-sdk/module-system/sov-state/Cargo.toml
[INFO] [stderr]    = note: `cargo::missing_lints_inheritance` is set to `warn` by default
[INFO] [stderr] help: to inherit `workspace.lints, add:
[INFO] [stderr]    |
[INFO] [stderr] 36 ~ native = ["sov-db", "sov-schema-db"]
[INFO] [stderr] 37 + [lints]
[INFO] [stderr] 38 + workspace = true
[INFO] [stderr]    |
[INFO] [stderr] help: to clarify your intent to not inherit, add:
[INFO] [stderr]    |
[INFO] [stderr] 36 ~ native = ["sov-db", "sov-schema-db"]
[INFO] [stderr] 37 + [lints]
[INFO] [stderr]    |
[INFO] [stderr] warning: `sov-state` (manifest) generated 1 warning
[INFO] [stderr] warning: missing `[lints]` to inherit `[workspace.lints]`
[INFO] [stderr]   --> crates/sovereign-sdk/module-system/sov-modules-core/Cargo.toml
[INFO] [stderr]    = note: `cargo::missing_lints_inheritance` is set to `warn` by default
[INFO] [stderr] help: to inherit `workspace.lints, add:
[INFO] [stderr]    |
[INFO] [stderr] 63 ~ mocks = []
[INFO] [stderr] 64 + [lints]
[INFO] [stderr] 65 + workspace = true
[INFO] [stderr]    |
[INFO] [stderr] help: to clarify your intent to not inherit, add:
[INFO] [stderr]    |
[INFO] [stderr] 63 ~ mocks = []
[INFO] [stderr] 64 + [lints]
[INFO] [stderr]    |
[INFO] [stderr] warning: `sov-modules-core` (manifest) generated 1 warning
[INFO] [stderr] warning: missing `[lints]` to inherit `[workspace.lints]`
[INFO] [stderr]   --> crates/risc0/Cargo.toml
[INFO] [stderr]    = note: `cargo::missing_lints_inheritance` is set to `warn` by default
[INFO] [stderr] help: to inherit `workspace.lints, add:
[INFO] [stderr]    |
[INFO] [stderr] 61 ~ ]
[INFO] [stderr] 62 + [lints]
[INFO] [stderr] 63 + workspace = true
[INFO] [stderr]    |
[INFO] [stderr] help: to clarify your intent to not inherit, add:
[INFO] [stderr]    |
[INFO] [stderr] 61 ~ ]
[INFO] [stderr] 62 + [lints]
[INFO] [stderr]    |
[INFO] [stderr] warning: `citrea-risc0-adapter` (manifest) generated 1 warning
[INFO] [stderr] warning: missing `[lints]` to inherit `[workspace.lints]`
[INFO] [stderr]   --> crates/common/Cargo.toml
[INFO] [stderr]    = note: `cargo::missing_lints_inheritance` is set to `warn` by default
[INFO] [stderr] help: to inherit `workspace.lints, add:
[INFO] [stderr]    |
[INFO] [stderr] 60 ~ tempfile = { workspace = true }
[INFO] [stderr] 61 + [lints]
[INFO] [stderr] 62 + workspace = true
[INFO] [stderr]    |
[INFO] [stderr] help: to clarify your intent to not inherit, add:
[INFO] [stderr]    |
[INFO] [stderr] 60 ~ tempfile = { workspace = true }
[INFO] [stderr] 61 + [lints]
[INFO] [stderr]    |
[INFO] [stderr] warning: `citrea-common` (manifest) generated 1 warning
[INFO] [stderr] warning: missing `[lints]` to inherit `[workspace.lints]`
[INFO] [stderr]   --> crates/sovereign-sdk/module-system/module-implementations/sov-accounts/Cargo.toml
[INFO] [stderr]    = note: `cargo::missing_lints_inheritance` is set to `warn` by default
[INFO] [stderr] help: to inherit `workspace.lints, add:
[INFO] [stderr]    |
[INFO] [stderr] 53 ~ serde = []
[INFO] [stderr] 54 + [lints]
[INFO] [stderr] 55 + workspace = true
[INFO] [stderr]    |
[INFO] [stderr] help: to clarify your intent to not inherit, add:
[INFO] [stderr]    |
[INFO] [stderr] 53 ~ serde = []
[INFO] [stderr] 54 + [lints]
[INFO] [stderr]    |
[INFO] [stderr] warning: `sov-accounts` (manifest) generated 1 warning
[INFO] [stderr] warning: missing `[lints]` to inherit `[workspace.lints]`
[INFO] [stderr]   --> crates/sovereign-sdk/adapters/mock-zkvm/Cargo.toml
[INFO] [stderr]    = note: `cargo::missing_lints_inheritance` is set to `warn` by default
[INFO] [stderr] help: to inherit `workspace.lints, add:
[INFO] [stderr]    |
[INFO] [stderr] 25 ~ default = []
[INFO] [stderr] 26 + [lints]
[INFO] [stderr] 27 + workspace = true
[INFO] [stderr]    |
[INFO] [stderr] help: to clarify your intent to not inherit, add:
[INFO] [stderr]    |
[INFO] [stderr] 25 ~ default = []
[INFO] [stderr] 26 + [lints]
[INFO] [stderr]    |
[INFO] [stderr] warning: `sov-mock-zkvm` (manifest) generated 1 warning
[INFO] [stderr] warning: missing `[lints]` to inherit `[workspace.lints]`
[INFO] [stderr]   --> crates/sovereign-sdk/full-node/sov-ledger-rpc/Cargo.toml
[INFO] [stderr]    = note: `cargo::missing_lints_inheritance` is set to `warn` by default
[INFO] [stderr] help: to inherit `workspace.lints, add:
[INFO] [stderr]    |
[INFO] [stderr] 39 ~ client = ["jsonrpsee/client", "jsonrpsee/macros"]
[INFO] [stderr] 40 + [lints]
[INFO] [stderr] 41 + workspace = true
[INFO] [stderr]    |
[INFO] [stderr] help: to clarify your intent to not inherit, add:
[INFO] [stderr]    |
[INFO] [stderr] 39 ~ client = ["jsonrpsee/client", "jsonrpsee/macros"]
[INFO] [stderr] 40 + [lints]
[INFO] [stderr]    |
[INFO] [stderr] warning: `sov-ledger-rpc` (manifest) generated 1 warning
[INFO] [stderr] warning: missing `[lints]` to inherit `[workspace.lints]`
[INFO] [stderr]   --> crates/sovereign-sdk/module-system/sov-keys/Cargo.toml
[INFO] [stderr]    = note: `cargo::missing_lints_inheritance` is set to `warn` by default
[INFO] [stderr] help: to inherit `workspace.lints, add:
[INFO] [stderr]    |
[INFO] [stderr] 35 ~ testing = []
[INFO] [stderr] 36 + [lints]
[INFO] [stderr] 37 + workspace = true
[INFO] [stderr]    |
[INFO] [stderr] help: to clarify your intent to not inherit, add:
[INFO] [stderr]    |
[INFO] [stderr] 35 ~ testing = []
[INFO] [stderr] 36 + [lints]
[INFO] [stderr]    |
[INFO] [stderr] warning: `sov-keys` (manifest) generated 1 warning
[INFO] [stderr] warning: missing `[lints]` to inherit `[workspace.lints]`
[INFO] [stderr]   --> crates/sovereign-sdk/full-node/db/sov-schema-db/Cargo.toml
[INFO] [stderr]    = note: `cargo::missing_lints_inheritance` is set to `warn` by default
[INFO] [stderr] help: to inherit `workspace.lints, add:
[INFO] [stderr]    |
[INFO] [stderr] 34 ~ test-utils = ["dep:tempfile", "dep:byteorder"]
[INFO] [stderr] 35 + [lints]
[INFO] [stderr] 36 + workspace = true
[INFO] [stderr]    |
[INFO] [stderr] help: to clarify your intent to not inherit, add:
[INFO] [stderr]    |
[INFO] [stderr] 34 ~ test-utils = ["dep:tempfile", "dep:byteorder"]
[INFO] [stderr] 35 + [lints]
[INFO] [stderr]    |
[INFO] [stderr] warning: `sov-schema-db` (manifest) generated 1 warning
[INFO] [stderr] warning: missing `[lints]` to inherit `[workspace.lints]`
[INFO] [stderr]    --> crates/evm/Cargo.toml
[INFO] [stderr]     = note: `cargo::missing_lints_inheritance` is set to `warn` by default
[INFO] [stderr] help: to inherit `workspace.lints, add:
[INFO] [stderr]     |
[INFO] [stderr] 116 ~ ]
[INFO] [stderr] 117 + [lints]
[INFO] [stderr] 118 + workspace = true
[INFO] [stderr]     |
[INFO] [stderr] help: to clarify your intent to not inherit, add:
[INFO] [stderr]     |
[INFO] [stderr] 116 ~ ]
[INFO] [stderr] 117 + [lints]
[INFO] [stderr]     |
[INFO] [stderr] warning: `citrea-evm` (manifest) generated 1 warning
[INFO] [stderr] warning: missing `[lints]` to inherit `[workspace.lints]`
[INFO] [stderr]   --> crates/primitives/Cargo.toml
[INFO] [stderr]    = note: `cargo::missing_lints_inheritance` is set to `warn` by default
[INFO] [stderr] help: to inherit `workspace.lints, add:
[INFO] [stderr]    |
[INFO] [stderr] 20 ~ testing = ["sov-rollup-interface/testing"]
[INFO] [stderr] 21 + [lints]
[INFO] [stderr] 22 + workspace = true
[INFO] [stderr]    |
[INFO] [stderr] help: to clarify your intent to not inherit, add:
[INFO] [stderr]    |
[INFO] [stderr] 20 ~ testing = ["sov-rollup-interface/testing"]
[INFO] [stderr] 21 + [lints]
[INFO] [stderr]    |
[INFO] [stderr] warning: `citrea-primitives` (manifest) generated 1 warning
[INFO] [stderr] warning: missing `[lints]` to inherit `[workspace.lints]`
[INFO] [stderr]   --> crates/fullnode/Cargo.toml
[INFO] [stderr]    = note: `cargo::missing_lints_inheritance` is set to `warn` by default
[INFO] [stderr] help: to inherit `workspace.lints, add:
[INFO] [stderr]    |
[INFO] [stderr] 44 ~ tracing = { workspace = true }
[INFO] [stderr] 45 + [lints]
[INFO] [stderr] 46 + workspace = true
[INFO] [stderr]    |
[INFO] [stderr] help: to clarify your intent to not inherit, add:
[INFO] [stderr]    |
[INFO] [stderr] 44 ~ tracing = { workspace = true }
[INFO] [stderr] 45 + [lints]
[INFO] [stderr]    |
[INFO] [stderr] warning: `citrea-fullnode` (manifest) generated 1 warning
[INFO] [stderr] warning: missing `[lints]` to inherit `[workspace.lints]`
[INFO] [stderr]   --> crates/short-header-proof-provider/Cargo.toml
[INFO] [stderr]    = note: `cargo::missing_lints_inheritance` is set to `warn` by default
[INFO] [stderr] help: to inherit `workspace.lints, add:
[INFO] [stderr]    |
[INFO] [stderr] 36 ~ ]
[INFO] [stderr] 37 + [lints]
[INFO] [stderr] 38 + workspace = true
[INFO] [stderr]    |
[INFO] [stderr] help: to clarify your intent to not inherit, add:
[INFO] [stderr]    |
[INFO] [stderr] 36 ~ ]
[INFO] [stderr] 37 + [lints]
[INFO] [stderr]    |
[INFO] [stderr] warning: `short-header-proof-provider` (manifest) generated 1 warning
[INFO] [stderr] warning: missing `[lints]` to inherit `[workspace.lints]`
[INFO] [stderr]   --> guests/risc0/light-client-proof/Cargo.toml
[INFO] [stderr]    = note: `cargo::missing_lints_inheritance` is set to `warn` by default
[INFO] [stderr] help: to inherit `workspace.lints, add:
[INFO] [stderr]    |
[INFO] [stderr] 22 ~ build = ["citrea-risc0-batch-proof"]
[INFO] [stderr] 23 + [lints]
[INFO] [stderr] 24 + workspace = true
[INFO] [stderr]    |
[INFO] [stderr] help: to clarify your intent to not inherit, add:
[INFO] [stderr]    |
[INFO] [stderr] 22 ~ build = ["citrea-risc0-batch-proof"]
[INFO] [stderr] 23 + [lints]
[INFO] [stderr]    |
[INFO] [stderr] warning: `citrea-risc0-light-client` (manifest) generated 1 warning
[INFO] [stderr] warning: missing `[lints]` to inherit `[workspace.lints]`
[INFO] [stderr]    --> bin/citrea/Cargo.toml
[INFO] [stderr]     = note: `cargo::missing_lints_inheritance` is set to `warn` by default
[INFO] [stderr] help: to inherit `workspace.lints, add:
[INFO] [stderr]     |
[INFO] [stderr] 131 ~ path = "src/main.rs"
[INFO] [stderr] 132 + [lints]
[INFO] [stderr] 133 + workspace = true
[INFO] [stderr]     |
[INFO] [stderr] help: to clarify your intent to not inherit, add:
[INFO] [stderr]     |
[INFO] [stderr] 131 ~ path = "src/main.rs"
[INFO] [stderr] 132 + [lints]
[INFO] [stderr]     |
[INFO] [stderr] warning: unused build dependency `sp1-helper`
[INFO] [stderr]    --> bin/citrea/Cargo.toml:115:1
[INFO] [stderr]     |
[INFO] [stderr] 115 | sp1-helper = { version = "3.0.0", default-features = false }
[INFO] [stderr]     | ^^^^^^^^^^^^^^^^^^^^^^^^^^^^^^^^^^^^^^^^^^^^^^^^^^^^^^^^^^^^
[INFO] [stderr]     |
[INFO] [stderr]     = note: `cargo::unused_dependencies` is set to `warn` by default
[INFO] [stderr] help: consider removing the dependency on `sp1-helper`
[INFO] [stderr] warning: `citrea` (manifest) generated 2 warnings
[INFO] [stderr] warning: missing `[lints]` to inherit `[workspace.lints]`
[INFO] [stderr]   --> crates/storage-ops/Cargo.toml
[INFO] [stderr]    = note: `cargo::missing_lints_inheritance` is set to `warn` by default
[INFO] [stderr] help: to inherit `workspace.lints, add:
[INFO] [stderr]    |
[INFO] [stderr] 34 ~ tempfile = { workspace = true }
[INFO] [stderr] 35 + [lints]
[INFO] [stderr] 36 + workspace = true
[INFO] [stderr]    |
[INFO] [stderr] help: to clarify your intent to not inherit, add:
[INFO] [stderr]    |
[INFO] [stderr] 34 ~ tempfile = { workspace = true }
[INFO] [stderr] 35 + [lints]
[INFO] [stderr]    |
[INFO] [stderr] warning: `citrea-storage-ops` (manifest) generated 1 warning
[INFO] [stderr] warning: missing `[lints]` to inherit `[workspace.lints]`
[INFO] [stderr]   --> crates/prover-services/Cargo.toml
[INFO] [stderr]    = note: `cargo::missing_lints_inheritance` is set to `warn` by default
[INFO] [stderr] help: to inherit `workspace.lints, add:
[INFO] [stderr]    |
[INFO] [stderr] 31 ~ sov-rollup-interface = { path = "../sovereign-sdk/rollup-interface", features = ["testing"] }
[INFO] [stderr] 32 + [lints]
[INFO] [stderr] 33 + workspace = true
[INFO] [stderr]    |
[INFO] [stderr] help: to clarify your intent to not inherit, add:
[INFO] [stderr]    |
[INFO] [stderr] 31 ~ sov-rollup-interface = { path = "../sovereign-sdk/rollup-interface", features = ["testing"] }
[INFO] [stderr] 32 + [lints]
[INFO] [stderr]    |
[INFO] [stderr] warning: `prover-services` (manifest) generated 1 warning
[INFO] [stderr] warning: missing `[lints]` to inherit `[workspace.lints]`
[INFO] [stderr]   --> crates/sovereign-sdk/full-node/sov-prover-storage-manager/Cargo.toml
[INFO] [stderr]    = note: `cargo::missing_lints_inheritance` is set to `warn` by default
[INFO] [stderr] help: to inherit `workspace.lints, add:
[INFO] [stderr]    |
[INFO] [stderr] 29 ~ test-utils = []
[INFO] [stderr] 30 + [lints]
[INFO] [stderr] 31 + workspace = true
[INFO] [stderr]    |
[INFO] [stderr] help: to clarify your intent to not inherit, add:
[INFO] [stderr]    |
[INFO] [stderr] 29 ~ test-utils = []
[INFO] [stderr] 30 + [lints]
[INFO] [stderr]    |
[INFO] [stderr] warning: `sov-prover-storage-manager` (manifest) generated 1 warning
[INFO] [stderr] warning: missing `[lints]` to inherit `[workspace.lints]`
[INFO] [stderr]   --> bin/cli/Cargo.toml
[INFO] [stderr]    = note: `cargo::missing_lints_inheritance` is set to `warn` by default
[INFO] [stderr] help: to inherit `workspace.lints, add:
[INFO] [stderr]    |
[INFO] [stderr] 35 ~ path = "src/main.rs"
[INFO] [stderr] 36 + [lints]
[INFO] [stderr] 37 + workspace = true
[INFO] [stderr]    |
[INFO] [stderr] help: to clarify your intent to not inherit, add:
[INFO] [stderr]    |
[INFO] [stderr] 35 ~ path = "src/main.rs"
[INFO] [stderr] 36 + [lints]
[INFO] [stderr]    |
[INFO] [stderr] warning: `citrea-cli` (manifest) generated 1 warning
[INFO] [stderr] warning: missing `[lints]` to inherit `[workspace.lints]`
[INFO] [stderr]   --> crates/sovereign-sdk/module-system/module-implementations/integration-tests/Cargo.toml
[INFO] [stderr]    = note: `cargo::missing_lints_inheritance` is set to `warn` by default
[INFO] [stderr] help: to inherit `workspace.lints, add:
[INFO] [stderr]    |
[INFO] [stderr] 27 ~ sov-prover-storage-manager = { path = "../../../full-node/sov-prover-storage-manager", features = ["test-utils"] }
[INFO] [stderr] 28 + [lints]
[INFO] [stderr] 29 + workspace = true
[INFO] [stderr]    |
[INFO] [stderr] help: to clarify your intent to not inherit, add:
[INFO] [stderr]    |
[INFO] [stderr] 27 ~ sov-prover-storage-manager = { path = "../../../full-node/sov-prover-storage-manager", features = ["test-utils"] }
[INFO] [stderr] 28 + [lints]
[INFO] [stderr]    |
[INFO] [stderr] warning: `integration-tests` (manifest) generated 1 warning
[INFO] [stderr] warning: missing `[lints]` to inherit `[workspace.lints]`
[INFO] [stderr]   --> crates/sovereign-sdk/module-system/sov-modules-api/Cargo.toml
[INFO] [stderr]    = note: `cargo::missing_lints_inheritance` is set to `warn` by default
[INFO] [stderr] help: to inherit `workspace.lints, add:
[INFO] [stderr]    |
[INFO] [stderr] 65 ~ testing = []
[INFO] [stderr] 66 + [lints]
[INFO] [stderr] 67 + workspace = true
[INFO] [stderr]    |
[INFO] [stderr] help: to clarify your intent to not inherit, add:
[INFO] [stderr]    |
[INFO] [stderr] 65 ~ testing = []
[INFO] [stderr] 66 + [lints]
[INFO] [stderr]    |
[INFO] [stderr] warning: `sov-modules-api` (manifest) generated 1 warning
[INFO] [stderr] warning: missing `[lints]` to inherit `[workspace.lints]`
[INFO] [stderr]   --> crates/sovereign-sdk/full-node/db/sov-db/Cargo.toml
[INFO] [stderr]    = note: `cargo::missing_lints_inheritance` is set to `warn` by default
[INFO] [stderr] help: to inherit `workspace.lints, add:
[INFO] [stderr]    |
[INFO] [stderr] 46 ~ harness = false
[INFO] [stderr] 47 + [lints]
[INFO] [stderr] 48 + workspace = true
[INFO] [stderr]    |
[INFO] [stderr] help: to clarify your intent to not inherit, add:
[INFO] [stderr]    |
[INFO] [stderr] 46 ~ harness = false
[INFO] [stderr] 47 + [lints]
[INFO] [stderr]    |
[INFO] [stderr] warning: `sov-db` (manifest) generated 1 warning
[INFO] [stderr] warning: missing `[lints]` to inherit `[workspace.lints]`
[INFO] [stderr]   --> crates/l2-block-rule-enforcer/Cargo.toml
[INFO] [stderr]    = note: `cargo::missing_lints_inheritance` is set to `warn` by default
[INFO] [stderr] help: to inherit `workspace.lints, add:
[INFO] [stderr]    |
[INFO] [stderr] 38 ~ native = ["dep:sov-db", "sov-modules-api/native", "dep:tracing", "jsonrpsee"]
[INFO] [stderr] 39 + [lints]
[INFO] [stderr] 40 + workspace = true
[INFO] [stderr]    |
[INFO] [stderr] help: to clarify your intent to not inherit, add:
[INFO] [stderr]    |
[INFO] [stderr] 38 ~ native = ["dep:sov-db", "sov-modules-api/native", "dep:tracing", "jsonrpsee"]
[INFO] [stderr] 39 + [lints]
[INFO] [stderr]    |
[INFO] [stderr] warning: `l2-block-rule-enforcer` (manifest) generated 1 warning
[INFO] [stderr] warning: missing `[lints]` to inherit `[workspace.lints]`
[INFO] [stderr]   --> crates/sovereign-sdk/module-system/sov-modules-stf-blueprint/Cargo.toml
[INFO] [stderr]    = note: `cargo::missing_lints_inheritance` is set to `warn` by default
[INFO] [stderr] help: to inherit `workspace.lints, add:
[INFO] [stderr]    |
[INFO] [stderr] 43 ~ ]
[INFO] [stderr] 44 + [lints]
[INFO] [stderr] 45 + workspace = true
[INFO] [stderr]    |
[INFO] [stderr] help: to clarify your intent to not inherit, add:
[INFO] [stderr]    |
[INFO] [stderr] 43 ~ ]
[INFO] [stderr] 44 + [lints]
[INFO] [stderr]    |
[INFO] [stderr] warning: `sov-modules-stf-blueprint` (manifest) generated 1 warning
[INFO] [stderr] warning: missing `[lints]` to inherit `[workspace.lints]`
[INFO] [stderr]   --> crates/citrea-stf/Cargo.toml
[INFO] [stderr]    = note: `cargo::missing_lints_inheritance` is set to `warn` by default
[INFO] [stderr] help: to inherit `workspace.lints, add:
[INFO] [stderr]    |
[INFO] [stderr] 65 ~ testing = ["native", "dep:tempfile", "dep:sov-prover-storage-manager"]
[INFO] [stderr] 66 + [lints]
[INFO] [stderr] 67 + workspace = true
[INFO] [stderr]    |
[INFO] [stderr] help: to clarify your intent to not inherit, add:
[INFO] [stderr]    |
[INFO] [stderr] 65 ~ testing = ["native", "dep:tempfile", "dep:sov-prover-storage-manager"]
[INFO] [stderr] 66 + [lints]
[INFO] [stderr]    |
[INFO] [stderr] warning: `citrea-stf` (manifest) generated 1 warning
[INFO] [stderr] warning: missing `[lints]` to inherit `[workspace.lints]`
[INFO] [stderr]   --> guests/risc0/batch-proof/Cargo.toml
[INFO] [stderr]    = note: `cargo::missing_lints_inheritance` is set to `warn` by default
[INFO] [stderr] help: to inherit `workspace.lints, add:
[INFO] [stderr]    |
[INFO] [stderr] 17 ~ testing = []
[INFO] [stderr] 18 + [lints]
[INFO] [stderr] 19 + workspace = true
[INFO] [stderr]    |
[INFO] [stderr] help: to clarify your intent to not inherit, add:
[INFO] [stderr]    |
[INFO] [stderr] 17 ~ testing = []
[INFO] [stderr] 18 + [lints]
[INFO] [stderr]    |
[INFO] [stderr] warning: `citrea-risc0-batch-proof` (manifest) generated 1 warning
[INFO] [stderr] warning: missing `[lints]` to inherit `[workspace.lints]`
[INFO] [stderr]   --> crates/sequencer/Cargo.toml
[INFO] [stderr]    = note: `cargo::missing_lints_inheritance` is set to `warn` by default
[INFO] [stderr] help: to inherit `workspace.lints, add:
[INFO] [stderr]    |
[INFO] [stderr] 77 ~ default = []
[INFO] [stderr] 78 + [lints]
[INFO] [stderr] 79 + workspace = true
[INFO] [stderr]    |
[INFO] [stderr] help: to clarify your intent to not inherit, add:
[INFO] [stderr]    |
[INFO] [stderr] 77 ~ default = []
[INFO] [stderr] 78 + [lints]
[INFO] [stderr]    |
[INFO] [stderr] warning: `citrea-sequencer` (manifest) generated 1 warning
[INFO] [stderr] warning: missing `[lints]` to inherit `[workspace.lints]`
[INFO] [stderr]   --> crates/sovereign-sdk/adapters/mock-da/Cargo.toml
[INFO] [stderr]    = note: `cargo::missing_lints_inheritance` is set to `warn` by default
[INFO] [stderr] help: to inherit `workspace.lints, add:
[INFO] [stderr]    |
[INFO] [stderr] 39 ~ ]
[INFO] [stderr] 40 + [lints]
[INFO] [stderr] 41 + workspace = true
[INFO] [stderr]    |
[INFO] [stderr] help: to clarify your intent to not inherit, add:
[INFO] [stderr]    |
[INFO] [stderr] 39 ~ ]
[INFO] [stderr] 40 + [lints]
[INFO] [stderr]    |
[INFO] [stderr] warning: `sov-mock-da` (manifest) generated 1 warning
[INFO] [stderr]    Compiling proc-macro2 v1.0.93
[INFO] [stderr]    Compiling serde v1.0.218
[INFO] [stderr]    Compiling libc v0.2.170
[INFO] [stderr]    Compiling portable-atomic v1.11.0
[INFO] [stderr]     Checking critical-section v1.2.0
[INFO] [stderr]    Compiling generic-array v0.14.7
[INFO] [stderr]    Compiling foldhash v0.1.4
[INFO] [stderr]    Compiling hashbrown v0.15.2
[INFO] [stderr]    Compiling winnow v0.7.3
[INFO] [stderr]     Checking log v0.4.26
[INFO] [stderr]    Compiling borsh v1.5.5
[INFO] [stderr]    Compiling serde_json v1.0.139
[INFO] [stderr]     Checking base64ct v1.6.0
[INFO] [stderr]    Compiling quote v1.0.38
[INFO] [stderr]    Compiling jobserver v0.1.32
[INFO] [stderr]    Compiling syn v2.0.98
[INFO] [stderr]    Compiling convert_case v0.7.1
[INFO] [stderr]    Compiling crunchy v0.2.3
[INFO] [stderr]    Compiling indexmap v2.7.1
[INFO] [stderr]     Checking once_cell v1.21.1
[INFO] [stderr]    Compiling cc v1.2.15
[INFO] [stderr]    Compiling ruint-macro v1.2.1
[INFO] [stderr]     Checking pem-rfc7468 v0.7.0
[INFO] [stderr]     Checking tracing-core v0.1.33
[INFO] [stderr]    Compiling getrandom v0.3.2
[INFO] [stderr]    Compiling tiny-keccak v2.0.2
[INFO] [stderr]    Compiling libm v0.2.11
[INFO] [stderr]    Compiling num-traits v0.2.19
[INFO] [stderr]    Compiling rustversion v1.0.19
[INFO] [stderr]    Compiling lock_api v0.4.12
[INFO] [stderr]     Checking futures-core v0.3.31
[INFO] [stderr]     Checking futures-io v0.3.31
[INFO] [stderr]    Compiling itoa v1.0.14
[INFO] [stderr]     Checking getrandom v0.2.15
[INFO] [stderr]     Checking signal-hook-registry v1.4.2
[INFO] [stderr]     Checking mio v1.0.3
[INFO] [stderr]     Checking socket2 v0.5.8
[INFO] [stderr]     Checking rand_core v0.9.3
[INFO] [stderr]     Checking rand_core v0.6.4
[INFO] [stderr]     Checking ff v0.13.0
[INFO] [stderr]    Compiling zeroize v1.8.1
[INFO] [stderr]     Checking group v0.13.0
[INFO] [stderr]     Checking futures-channel v0.3.31
[INFO] [stderr]    Compiling ryu v1.0.19
[INFO] [stderr]    Compiling ahash v0.8.11
[INFO] [stderr]     Checking futures-task v0.3.31
[INFO] [stderr]    Compiling syn v1.0.109
[INFO] [stderr]    Compiling pkg-config v0.3.31
[INFO] [stderr]     Checking litemap v0.7.4
[INFO] [stderr]    Compiling aho-corasick v1.1.3
[INFO] [stderr]    Compiling sha2-asm v0.6.4
[INFO] [stderr]     Checking dyn-clone v1.0.18
[INFO] [stderr]    Compiling block-buffer v0.10.4
[INFO] [stderr]    Compiling crypto-common v0.1.6
[INFO] [stderr]     Checking keccak v0.1.6
[INFO] [stderr]     Checking num-integer v0.1.46
[INFO] [stderr]    Compiling digest v0.10.7
[INFO] [stderr]    Compiling proc-macro-error-attr2 v2.0.0
[INFO] [stderr]    Compiling semver v1.0.25
[INFO] [stderr]    Compiling ring v0.17.12
[INFO] [stderr]    Compiling httparse v1.10.0
[INFO] [stderr]    Compiling blst v0.3.14
[INFO] [stderr]    Compiling sha2 v0.10.8
[INFO] [stderr]    Compiling der v0.7.9
[INFO] [stderr]    Compiling signature v2.2.0
[INFO] [stderr]     Checking num_cpus v1.16.0
[INFO] [stderr]     Checking threadpool v1.8.1
[INFO] [stderr]    Compiling regex-automata v0.4.9
[INFO] [stderr]    Compiling spki v0.7.3
[INFO] [stderr]    Compiling pkcs8 v0.10.2
[INFO] [stderr]    Compiling c-kzg v2.1.1
[INFO] [stderr]    Compiling bitflags v2.8.0
[INFO] [stderr]    Compiling hmac v0.12.1
[INFO] [stderr]    Compiling crypto-bigint v0.5.5
[INFO] [stderr]    Compiling synstructure v0.13.1
[INFO] [stderr]    Compiling darling_core v0.20.10
[INFO] [stderr]    Compiling macro-string v0.1.4
[INFO] [stderr]    Compiling proc-macro-error2 v2.0.1
[INFO] [stderr]    Compiling rfc6979 v0.4.0
[INFO] [stderr]     Checking rustc-hash v2.1.1
[INFO] [stderr]     Checking lazy_static v1.5.0
[INFO] [stderr]    Compiling risc0-zkp v3.0.2
[INFO] [stderr]    Compiling rustix v1.0.7
[INFO] [stderr]    Compiling syn-solidity v0.8.26
[INFO] [stderr]    Compiling regex v1.11.1
[INFO] [stderr]     Checking rustls-pki-types v1.11.0
[INFO] [stderr]    Compiling secp256k1-sys v0.10.1
[INFO] [stderr]    Compiling serde_derive v1.0.218
[INFO] [stderr]    Compiling zerocopy-derive v0.7.35
[INFO] [stderr]    Compiling zeroize_derive v1.4.2
[INFO] [stderr]    Compiling tracing-attributes v0.1.28
[INFO] [stderr]    Compiling derive_more-impl v2.0.1
[INFO] [stderr]     Checking zerocopy v0.7.35
[INFO] [stderr]    Compiling thiserror-impl v2.0.12
[INFO] [stderr]    Compiling alloy-rlp-derive v0.3.11
[INFO] [stderr]     Checking ppv-lite86 v0.2.20
[INFO] [stderr]    Compiling tokio-macros v2.5.0
[INFO] [stderr]     Checking tracing v0.1.41
[INFO] [stderr]    Compiling futures-macro v0.3.31
[INFO] [stderr]     Checking rand_chacha v0.3.1
[INFO] [stderr]     Checking rand_chacha v0.9.0
[INFO] [stderr]     Checking rand v0.9.4
[INFO] [stderr]    Compiling thiserror-impl v1.0.69
[INFO] [stderr]    Compiling zerofrom-derive v0.1.5
[INFO] [stderr]     Checking thiserror v2.0.12
[INFO] [stderr]    Compiling yoke-derive v0.7.5
[INFO] [stderr]    Compiling darling_macro v0.20.10
[INFO] [stderr]    Compiling zerovec-derive v0.10.3
[INFO] [stderr]    Compiling darling v0.20.10
[INFO] [stderr]    Compiling displaydoc v0.2.5
[INFO] [stderr]     Checking futures-util v0.3.31
[INFO] [stderr]    Compiling derive_more-impl v1.0.0
[INFO] [stderr]     Checking thiserror v1.0.69
[INFO] [stderr]    Compiling icu_provider_macros v1.5.0
[INFO] [stderr]    Compiling serde_with_macros v3.12.0
[INFO] [stderr]    Compiling auto_impl v1.2.1
[INFO] [stderr]     Checking zerofrom v0.1.5
[INFO] [stderr]     Checking yoke v0.7.5
[INFO] [stderr]     Checking zerovec v0.10.4
[INFO] [stderr]    Compiling bytemuck_derive v1.8.1
[INFO] [stderr]    Compiling async-trait v0.1.86
[INFO] [stderr]     Checking tinystr v0.7.6
[INFO] [stderr]     Checking icu_locid v1.5.0
[INFO] [stderr]     Checking icu_collections v1.5.0
[INFO] [stderr]     Checking derive_more v2.0.1
[INFO] [stderr]     Checking bytemuck v1.21.0
[INFO] [stderr]    Compiling strum_macros v0.27.1
[INFO] [stderr]    Compiling ethereum_ssz_derive v0.8.3
[INFO] [stderr]    Compiling stability v0.2.1
[INFO] [stderr]     Checking icu_provider v1.5.0
[INFO] [stderr]    Compiling pin-project-internal v1.1.9
[INFO] [stderr]     Checking icu_locid_transform v1.5.0
[INFO] [stderr]     Checking futures-executor v0.3.31
[INFO] [stderr]     Checking bytes v1.11.1
[INFO] [stderr]     Checking rand v0.8.6
[INFO] [stderr]    Compiling serde_spanned v0.6.8
[INFO] [stderr]    Compiling toml_datetime v0.6.8
[INFO] [stderr]     Checking smallvec v1.14.0
[INFO] [stderr]     Checking arrayvec v0.7.6
[INFO] [stderr]    Compiling toml_edit v0.22.24
[INFO] [stderr]     Checking serdect v0.2.0
[INFO] [stderr]     Checking alloy-rlp v0.3.11
[INFO] [stderr]     Checking sec1 v0.7.3
[INFO] [stderr]     Checking const-hex v1.14.0
[INFO] [stderr]     Checking either v1.15.0
[INFO] [stderr]     Checking hex v0.4.3
[INFO] [stderr]     Checking parking_lot_core v0.9.10
[INFO] [stderr]     Checking http v1.2.0
[INFO] [stderr]     Checking parking_lot v0.12.3
[INFO] [stderr]     Checking derive_more v1.0.0
[INFO] [stderr]     Checking icu_properties v1.5.1
[INFO] [stderr]     Checking tokio v1.44.2
[INFO] [stderr]     Checking serde_with v3.12.0
[INFO] [stderr]     Checking itertools v0.13.0
[INFO] [stderr]     Checking elliptic-curve v0.13.8
[INFO] [stderr]     Checking nybbles v0.3.4
[INFO] [stderr]     Checking http-body v1.0.1
[INFO] [stderr]     Checking ecdsa v0.16.9
[INFO] [stderr]     Checking ripemd v0.1.3
[INFO] [stderr]     Checking jsonrpsee-types v0.24.9
[INFO] [stderr]    Compiling proc-macro-crate v3.2.0
[INFO] [stderr]     Checking k256 v0.13.4
[INFO] [stderr]     Checking sha3 v0.10.8
[INFO] [stderr]     Checking futures v0.3.31
[INFO] [stderr]     Checking num-bigint v0.4.6
[INFO] [stderr]     Checking icu_normalizer v1.5.0
[INFO] [stderr]     Checking http-body-util v0.1.2
[INFO] [stderr]    Compiling alloy-sol-type-parser v0.8.26
[INFO] [stderr]     Checking idna_adapter v1.2.0
[INFO] [stderr]    Compiling metrics-derive v0.1.0
[INFO] [stderr]     Checking idna v1.0.3
[INFO] [stderr]     Checking strum v0.27.1
[INFO] [stderr]     Checking metrics v0.24.3
[INFO] [stderr]    Compiling borsh-derive v1.5.5
[INFO] [stderr]    Compiling num_enum_derive v0.7.4
[INFO] [stderr]     Checking url v2.5.4
[INFO] [stderr]     Checking itertools v0.14.0
[INFO] [stderr]     Checking pin-project v1.1.9
[INFO] [stderr]    Compiling enum-ordinalize-derive v4.3.1
[INFO] [stderr]    Compiling glob v0.3.2
[INFO] [stderr]     Checking num_enum v0.7.4
[INFO] [stderr]    Compiling enum-ordinalize v4.3.0
[INFO] [stderr]     Checking ark-std v0.5.0
[INFO] [stderr]    Compiling ark-serialize-derive v0.5.0
[INFO] [stderr]    Compiling enumn v0.1.14
[INFO] [stderr]    Compiling educe v0.6.0
[INFO] [stderr]     Checking ark-serialize v0.5.0
[INFO] [stderr]     Checking ruint v1.16.0
[INFO] [stderr]    Compiling ark-ff-asm v0.5.0
[INFO] [stderr]     Checking tokio-util v0.7.13
[INFO] [stderr]     Checking bitvec v1.0.1
[INFO] [stderr]    Compiling clang-sys v1.8.1
[INFO] [stderr]     Checking alloy-primitives v0.8.26
[INFO] [stderr]    Compiling cmake v0.1.54
[INFO] [stderr]    Compiling crossbeam-epoch v0.9.20
[INFO] [stderr]     Checking tokio-stream v0.1.17
[INFO] [stderr]    Compiling aws-lc-sys v0.26.0
[INFO] [stderr]    Compiling ark-ff-macros v0.5.0
[INFO] [stderr]    Compiling nom v7.1.3
[INFO] [stderr]     Checking alloy-eip7702 v0.5.1
[INFO] [stderr]     Checking alloy-eip2930 v0.1.0
[INFO] [stderr]     Checking alloy-eip2124 v0.1.0
[INFO] [stderr]     Checking ethereum_serde_utils v0.7.0
[INFO] [stderr]     Checking alloy-serde v0.13.0
[INFO] [stderr]     Checking alloy-trie v0.7.9
[INFO] [stderr]    Compiling alloy-json-abi v0.8.26
[INFO] [stderr]     Checking ethereum_ssz v0.8.3
[INFO] [stderr]     Checking revm-primitives v17.0.0
[INFO] [stderr]     Checking ark-ff v0.5.0
[INFO] [stderr]     Checking revm-bytecode v2.0.0
[INFO] [stderr]     Checking alloy-eips v0.13.0
[INFO] [stderr]     Checking h2 v0.4.8
[INFO] [stderr]    Compiling rustc_version v0.4.1
[INFO] [stderr]     Checking revm-state v2.0.0
[INFO] [stderr]    Compiling alloy-sol-macro-input v0.8.26
[INFO] [stderr]     Checking num-iter v0.1.45
[INFO] [stderr]     Checking alloy-consensus v0.13.0
[INFO] [stderr]    Compiling zstd-sys v2.0.14+zstd.1.5.7
[INFO] [stderr]    Compiling libloading v0.8.6
[INFO] [stderr]    Compiling alloy-sol-macro-expander v0.8.26
[INFO] [stderr]    Compiling cexpr v0.6.0
[INFO] [stderr]     Checking secp256k1 v0.30.0
[INFO] [stderr]    Compiling time-macros v0.2.19
[INFO] [stderr]     Checking rustls-native-certs v0.8.1
[INFO] [stderr]    Compiling aws-lc-rs v1.12.4
[INFO] [stderr]     Checking hex-literal v0.4.1
[INFO] [stderr]    Compiling zstd-safe v7.2.3
[INFO] [stderr]    Compiling prost-derive v0.13.5
[INFO] [stderr]     Checking time v0.3.37
[INFO] [stderr]    Compiling alloy-sol-macro v0.8.26
[INFO] [stderr]     Checking hyper v1.6.0
[INFO] [stderr]     Checking alloy-sol-types v0.8.26
[INFO] [stderr]     Checking revm-database-interface v2.0.0
[INFO] [stderr]     Checking ark-poly v0.5.0
[INFO] [stderr]     Checking linux-raw-sys v0.9.4
[INFO] [stderr]     Checking blake2 v0.10.6
[INFO] [stderr]    Compiling rustls v0.23.25
[INFO] [stderr]     Checking alloy-genesis v0.13.0
[INFO] [stderr]     Checking hyper-util v0.1.10
[INFO] [stderr]     Checking ark-ec v0.5.0
[INFO] [stderr]     Checking crossbeam-deque v0.8.6
[INFO] [stderr]     Checking uuid v1.12.1
[INFO] [stderr]     Checking hashbrown v0.13.2
[INFO] [stderr]    Compiling modular-bitfield-impl v0.11.2
[INFO] [stderr]    Compiling blake3 v1.6.0
[INFO] [stderr]     Checking clap_builder v4.5.31
[INFO] [stderr]     Checking rayon-core v1.12.1
[INFO] [stderr]     Checking alloy-network-primitives v0.13.0
[INFO] [stderr]     Checking modular-bitfield v0.11.2
[INFO] [stderr]     Checking alloy-consensus-any v0.13.0
[INFO] [stderr]     Checking risc0-zkvm-platform v2.2.1
[INFO] [stderr]    Compiling clap_derive v4.5.28
[INFO] [stderr]    Compiling reth-codecs-derive v1.3.7 (https://github.com/paradigmxyz/reth?tag=v1.3.7#ed7da87d)
[INFO] [stderr]     Checking ark-bn254 v0.5.0
[INFO] [stderr]     Checking rayon v1.10.0
[INFO] [stderr]     Checking num-rational v0.4.2
[INFO] [stderr]     Checking risc0-core v3.0.0
[INFO] [stderr]    Compiling serde_derive_internals v0.29.1
[INFO] [stderr]     Checking num-complex v0.4.6
[INFO] [stderr]    Compiling schemars v0.8.22
[INFO] [stderr]    Compiling heapless v0.8.0
[INFO] [stderr]     Checking clap v4.5.31
[INFO] [stderr]     Checking num v0.4.3
[INFO] [stderr]    Compiling schemars_derive v0.8.22
[INFO] [stderr]     Checking revm-context-interface v2.0.0
[INFO] [stderr]     Checking alloy-chains v0.1.69
[INFO] [stderr]     Checking primeorder v0.13.6
[INFO] [stderr]     Checking rustc-hex v2.1.0
[INFO] [stderr]     Checking aurora-engine-modexp v1.2.0
[INFO] [stderr]     Checking substrate-bn v0.6.0
[INFO] [stderr]     Checking p256 v0.13.2
[INFO] [stderr]     Checking ark-bls12-381 v0.5.0
[INFO] [stderr]     Checking revm-database v2.0.0
[INFO] [stderr]     Checking webpki-roots v0.26.8
[INFO] [stderr]    Compiling derive-where v1.2.7
[INFO] [stderr]     Checking revm-interpreter v17.0.0
[INFO] [stderr]     Checking revm-precompile v18.0.0
[INFO] [stderr]    Compiling num-derive v0.3.3
[INFO] [stderr]     Checking alloy-hardforks v0.1.3
[INFO] [stderr]     Checking prost v0.13.5
[INFO] [stderr]     Checking revm-context v2.0.0
[INFO] [stderr]    Compiling tikv-jemalloc-sys v0.6.0+5.3.0-1-ge13ca993e8ccb9ba9847cc330696e02839f328f7
[INFO] [stderr]    Compiling lz4-sys v1.11.1+lz4-1.10.0
[INFO] [stderr]    Compiling stable_deref_trait v1.2.0
[INFO] [stderr]    Compiling bindgen v0.72.1
[INFO] [stderr]     Checking revm-handler v2.0.0
[INFO] [stderr]    Compiling curve25519-dalek v4.1.3
[INFO] [stderr]     Checking revm-inspector v2.0.0
[INFO] [stderr]     Checking bincode v1.3.3
[INFO] [stderr]     Checking tempfile v3.20.0
[INFO] [stderr]     Checking revm v21.0.0
[INFO] [stderr]    Compiling curve25519-dalek-derive v0.1.1
[INFO] [stderr]     Checking itertools v0.10.5
[INFO] [stderr]     Checking zstd v0.13.3
[INFO] [stderr]     Checking reth-zstd-compressors v1.3.7 (https://github.com/paradigmxyz/reth?tag=v1.3.7#ed7da87d)
[INFO] [stderr]     Checking reth-codecs v1.3.7 (https://github.com/paradigmxyz/reth?tag=v1.3.7#ed7da87d)
[INFO] [stderr]     Checking ed25519 v2.2.3
[INFO] [stderr]     Checking ed25519-dalek v2.1.1
[INFO] [stderr]    Compiling wasm-bindgen-shared v0.2.100
[INFO] [stderr]     Checking informalsystems-pbjson v0.7.0
[INFO] [stderr]     Checking hash32 v0.3.1
[INFO] [stderr]     Checking reth-primitives-traits v1.3.7 (https://github.com/paradigmxyz/reth?tag=v1.3.7#ed7da87d)
[INFO] [stderr]    Compiling writeable v0.5.5
[INFO] [stderr]     Checking ics23 v0.12.0
[INFO] [stderr]    Compiling wasm-bindgen-backend v0.2.100
[INFO] [stderr]     Checking faster-hex v0.10.0
[INFO] [stderr]    Compiling wasm-bindgen-macro-support v0.2.100
[INFO] [stderr]     Checking jmt v0.11.0 (https://github.com/penumbra-zone/jmt.git?rev=550a2f2#550a2f20)
[INFO] [stderr]     Checking sov-keys v2.7.0 (/opt/rustwide/workdir/crates/sovereign-sdk/module-system/sov-keys)
[INFO] [stderr]    Compiling icu_locid_transform_data v1.5.0
[INFO] [stderr]    Compiling wasm-bindgen-macro v0.2.100
[INFO] [stderr]    Compiling librocksdb-sys v0.17.3+10.4.2
[INFO] [stderr]     Checking enr v0.13.0
[INFO] [stderr]     Checking alloy-rpc-types-eth v0.13.0
[INFO] [stderr]     Checking alloy-evm v0.3.1
[INFO] [stderr]    Compiling icu_properties_data v1.5.0
[INFO] [stderr]     Checking wasm-bindgen v0.2.100
[INFO] [stderr]     Checking sov-rollup-interface v2.7.0 (/opt/rustwide/workdir/crates/sovereign-sdk/rollup-interface)
[INFO] [stderr]    Compiling futures-sink v0.3.31
[INFO] [stderr]    Compiling write16 v1.0.0
[INFO] [stderr]    Compiling utf16_iter v1.0.5
[INFO] [stderr]    Compiling icu_normalizer_data v1.5.0
[INFO] [stderr]     Checking reth-ethereum-primitives v1.3.7 (https://github.com/paradigmxyz/reth?tag=v1.3.7#ed7da87d)
[INFO] [stderr]     Checking reth-network-peers v1.3.7 (https://github.com/paradigmxyz/reth?tag=v1.3.7#ed7da87d)
[INFO] [stderr]     Checking js-sys v0.3.77
[INFO] [stderr]     Checking reth-trie-common v1.3.7 (https://github.com/paradigmxyz/reth?tag=v1.3.7#ed7da87d)
[INFO] [stderr]     Checking reth-prune-types v1.3.7 (https://github.com/paradigmxyz/reth?tag=v1.3.7#ed7da87d)
[INFO] [stderr]     Checking reth-static-file-types v1.3.7 (https://github.com/paradigmxyz/reth?tag=v1.3.7#ed7da87d)
[INFO] [stderr]     Checking sync_wrapper v1.0.2
[INFO] [stderr]     Checking tower v0.5.2
[INFO] [stderr]     Checking tinyvec v1.8.1
[INFO] [stderr]     Checking matchers v0.2.0
[INFO] [stderr]    Compiling openssl-sys v0.9.108
[INFO] [stderr]     Checking tracing-serde v0.2.0
[INFO] [stderr]     Checking sharded-slab v0.1.7
[INFO] [stderr]     Checking tracing-log v0.2.0
[INFO] [stderr]     Checking thread_local v1.1.8
[INFO] [stderr]    Compiling percent-encoding v2.3.1
[INFO] [stderr]     Checking nu-ansi-term v0.50.1
[INFO] [stderr]    Compiling form_urlencoded v1.2.1
[INFO] [stderr]     Checking reth-storage-errors v1.3.7 (https://github.com/paradigmxyz/reth?tag=v1.3.7#ed7da87d)
[INFO] [stderr]     Checking tracing-subscriber v0.3.20
[INFO] [stderr]     Checking reth-ethereum-forks v1.3.7 (https://github.com/paradigmxyz/reth?tag=v1.3.7#ed7da87d)
[INFO] [stderr]    Compiling slab v0.4.9
[INFO] [stderr]    Compiling rlimit v0.10.2
[INFO] [stderr]     Checking sha1 v0.10.6
[INFO] [stderr]     Checking gloo-timers v0.2.6
[INFO] [stderr]     Checking futures-timer v3.0.3
[INFO] [stderr]     Checking jsonrpsee-core v0.24.9
[INFO] [stderr]    Compiling derive_builder_core v0.20.2
[INFO] [stderr]    Compiling openssl v0.10.72
[INFO] [stderr]     Checking iana-time-zone v0.1.61
[INFO] [stderr]     Checking chrono v0.4.39
[INFO] [stderr]    Compiling derive_builder_macro v0.20.2
[INFO] [stderr]     Checking eyre v0.6.12
[INFO] [stderr]     Checking reth-metrics v1.3.7 (https://github.com/paradigmxyz/reth?tag=v1.3.7#ed7da87d)
[INFO] [stderr]    Compiling openssl-macros v0.1.1
[INFO] [stderr]    Compiling native-tls v0.2.14
[INFO] [stderr]     Checking reth-chainspec v1.3.7 (https://github.com/paradigmxyz/reth?tag=v1.3.7#ed7da87d)
[INFO] [stderr]     Checking simple_asn1 v0.6.2
[INFO] [stderr]    Compiling jsonrpsee-proc-macros v0.24.9
[INFO] [stderr]     Checking hashbrown v0.14.5
[INFO] [stderr]     Checking pem v3.0.5
[INFO] [stderr]     Checking jsonwebtoken v9.3.1
[INFO] [stderr]     Checking rolling-file v0.2.0
[INFO] [stderr]     Checking tracing-journald v0.3.1
[INFO] [stderr]     Checking tracing-logfmt v0.3.5
[INFO] [stderr]     Checking tracing-appender v0.2.3
[INFO] [stderr]     Checking reth-execution-errors v1.3.7 (https://github.com/paradigmxyz/reth?tag=v1.3.7#ed7da87d)
[INFO] [stderr]     Checking reth-stages-types v1.3.7 (https://github.com/paradigmxyz/reth?tag=v1.3.7#ed7da87d)
[INFO] [stderr]     Checking reth-execution-types v1.3.7 (https://github.com/paradigmxyz/reth?tag=v1.3.7#ed7da87d)
[INFO] [stderr]    Compiling untrusted v0.9.0
[INFO] [stderr]     Checking alloy-rpc-types-engine v0.13.0
[INFO] [stderr]     Checking reth-tracing v1.3.7 (https://github.com/paradigmxyz/reth?tag=v1.3.7#ed7da87d)
[INFO] [stderr]    Compiling impl-trait-for-tuples v0.2.3
[INFO] [stderr]    Compiling atomic-waker v1.1.2
[INFO] [stderr]    Compiling try-lock v0.2.5
[INFO] [stderr]     Checking byte-slice-cast v1.2.2
[INFO] [stderr]    Compiling unicase v2.8.1
[INFO] [stderr]     Checking tokio-native-tls v0.3.1
[INFO] [stderr]    Compiling want v0.3.1
[INFO] [stderr]     Checking parity-scale-codec v3.6.12
[INFO] [stderr]    Compiling mime_guess v2.0.5
[INFO] [stderr]    Compiling rustls-webpki v0.103.0
[INFO] [stderr]     Checking soketto v0.8.1
[INFO] [stderr]     Checking reth-db-models v1.3.7 (https://github.com/paradigmxyz/reth?tag=v1.3.7#ed7da87d)
[INFO] [stderr]     Checking bcs v0.1.6
[INFO] [stderr]     Checking roaring v0.10.10
[INFO] [stderr]    Compiling httpdate v1.0.3
[INFO] [stderr]    Compiling tower-service v0.3.3
[INFO] [stderr]     Checking reth-trie-sparse v1.3.7 (https://github.com/paradigmxyz/reth?tag=v1.3.7#ed7da87d)
[INFO] [stderr]     Checking tower v0.4.13
[INFO] [stderr]     Checking reth-fs-util v1.3.7 (https://github.com/paradigmxyz/reth?tag=v1.3.7#ed7da87d)
[INFO] [stderr]     Checking serde_urlencoded v0.7.1
[INFO] [stderr]    Compiling siphasher v1.0.1
[INFO] [stderr]    Compiling phf_shared v0.11.3
[INFO] [stderr]     Checking reth-db-api v1.3.7 (https://github.com/paradigmxyz/reth?tag=v1.3.7#ed7da87d)
[INFO] [stderr]     Checking hyper-tls v0.6.0
[INFO] [stderr]     Checking reth-trie v1.3.7 (https://github.com/paradigmxyz/reth?tag=v1.3.7#ed7da87d)
[INFO] [stderr]     Checking reth-consensus v1.3.7 (https://github.com/paradigmxyz/reth?tag=v1.3.7#ed7da87d)
[INFO] [stderr]     Checking rustls-pemfile v2.2.0
[INFO] [stderr]    Compiling base64 v0.22.1
[INFO] [stderr]    Compiling openssl-probe v0.1.6
[INFO] [stderr]     Checking futures-utils-wasm v0.1.0
[INFO] [stderr]    Compiling tower-layer v0.3.3
[INFO] [stderr]     Checking reth-trie-db v1.3.7 (https://github.com/paradigmxyz/reth?tag=v1.3.7#ed7da87d)
[INFO] [stderr]     Checking jsonrpsee-server v0.24.9
[INFO] [stderr]     Checking sov-modules-core v2.7.0 (/opt/rustwide/workdir/crates/sovereign-sdk/module-system/sov-modules-core)
[INFO] [stderr]    Compiling derive_builder v0.20.2
[INFO] [stdout] warning: hiding a lifetime that's elided elsewhere is confusing
[INFO] [stdout]    --> crates/sovereign-sdk/module-system/sov-modules-core/src/storage/scratchpad.rs:635:28
[INFO] [stdout]     |
[INFO] [stdout] 635 |     pub fn accessory_state(&mut self) -> AccessoryWorkingSet<S> {
[INFO] [stdout]     |                            ^^^^^^^^^     ^^^^^^^^^^^^^^^^^^^^^^ the same lifetime is hidden here
[INFO] [stdout]     |                            |
[INFO] [stdout]     |                            the lifetime is elided here
[INFO] [stdout]     |
[INFO] [stdout]     = help: the same lifetime is referred to in inconsistent ways, making the signature confusing
[INFO] [stdout]     = note: `#[warn(mismatched_lifetime_syntaxes)]` on by default
[INFO] [stdout] help: use `'_` for type paths
[INFO] [stdout]     |
[INFO] [stdout] 635 |     pub fn accessory_state(&mut self) -> AccessoryWorkingSet<'_, S> {
[INFO] [stdout]     |                                                              +++
[INFO] [stdout] 
[INFO] [stdout] 
[INFO] [stdout] warning: hiding a lifetime that's elided elsewhere is confusing
[INFO] [stdout]    --> crates/sovereign-sdk/module-system/sov-modules-core/src/storage/scratchpad.rs:643:27
[INFO] [stdout]     |
[INFO] [stdout] 643 |     pub fn offchain_state(&mut self) -> OffchainWorkingSet<S> {
[INFO] [stdout]     |                           ^^^^^^^^^     ^^^^^^^^^^^^^^^^^^^^^ the same lifetime is hidden here
[INFO] [stdout]     |                           |
[INFO] [stdout]     |                           the lifetime is elided here
[INFO] [stdout]     |
[INFO] [stdout]     = help: the same lifetime is referred to in inconsistent ways, making the signature confusing
[INFO] [stdout] help: use `'_` for type paths
[INFO] [stdout]     |
[INFO] [stdout] 643 |     pub fn offchain_state(&mut self) -> OffchainWorkingSet<'_, S> {
[INFO] [stdout]     |                                                            +++
[INFO] [stdout] 
[INFO] [stdout] 
[INFO] [stderr]    Compiling camino v1.1.9
[INFO] [stderr]    Compiling cargo-platform v0.1.9
[INFO] [stderr]     Checking jsonrpsee-wasm-client v0.24.9
[INFO] [stderr]    Compiling cargo_metadata v0.19.2
[INFO] [stderr]     Checking reth-storage-api v1.3.7 (https://github.com/paradigmxyz/reth?tag=v1.3.7#ed7da87d)
[INFO] [stderr]     Checking tracing-futures v0.2.5
[INFO] [stderr]    Compiling route-recognizer v0.3.1
[INFO] [stderr]     Checking reth-errors v1.3.7 (https://github.com/paradigmxyz/reth?tag=v1.3.7#ed7da87d)
[INFO] [stderr]     Checking dashmap v6.1.0
[INFO] [stderr]    Compiling digest v0.9.0
[INFO] [stderr]    Compiling tokio-rustls v0.26.1
[INFO] [stderr]    Compiling libsecp256k1-core v0.3.0
[INFO] [stderr]     Checking reth-chain-state v1.3.7 (https://github.com/paradigmxyz/reth?tag=v1.3.7#ed7da87d)
[INFO] [stderr]     Checking block-padding v0.3.3
[INFO] [stderr]     Checking reth-net-banlist v1.3.7 (https://github.com/paradigmxyz/reth?tag=v1.3.7#ed7da87d)
[INFO] [stderr]     Checking inout v0.1.4
[INFO] [stderr]     Checking cipher v0.4.4
[INFO] [stderr]     Checking crypto-mac v0.8.0
[INFO] [stderr]     Checking humantime v2.1.0
[INFO] [stderr]    Compiling libsecp256k1-gen-genmult v0.3.0
[INFO] [stderr]    Compiling libsecp256k1-gen-ecmult v0.3.0
[INFO] [stderr]     Checking humantime-serde v1.1.1
[INFO] [stderr]     Checking hmac v0.8.1
[INFO] [stderr]    Compiling libsecp256k1 v0.7.2
[INFO] [stderr]    Compiling phf_generator v0.11.3
[INFO] [stderr]     Checking reth-eth-wire-types v1.3.7 (https://github.com/paradigmxyz/reth?tag=v1.3.7#ed7da87d)
[INFO] [stderr]    Compiling libz-sys v1.1.21
[INFO] [stderr]     Checking block-buffer v0.9.0
[INFO] [stderr]    Compiling bindgen v0.70.1
[INFO] [stderr]     Checking sptr v0.3.2
[INFO] [stderr]     Checking fast-float2 v0.2.3
[INFO] [stderr]     Checking toml v0.8.20
[INFO] [stderr]    Compiling rustls-platform-verifier v0.5.1
[INFO] [stderr]    Compiling data-encoding v2.8.0
[INFO] [stderr]     Checking boa_string v0.20.0
[INFO] [stderr]     Checking sha2 v0.9.9
[INFO] [stderr]    Compiling phf_macros v0.11.3
[INFO] [stderr]    Compiling hyper-rustls v0.27.5
[INFO] [stderr]    Compiling data-encoding-macro-internal v0.1.15
[INFO] [stderr]     Checking hmac-drbg v0.3.0
[INFO] [stderr]    Compiling jsonrpsee-http-client v0.24.9
[INFO] [stderr]     Checking reth-network-types v1.3.7 (https://github.com/paradigmxyz/reth?tag=v1.3.7#ed7da87d)
[INFO] [stderr]     Checking aes v0.8.4
[INFO] [stderr]     Checking ctr v0.9.2
[INFO] [stderr]     Checking reth-payload-primitives v1.3.7 (https://github.com/paradigmxyz/reth?tag=v1.3.7#ed7da87d)
[INFO] [stderr]     Checking universal-hash v0.5.1
[INFO] [stderr]    Compiling boa_macros v0.20.0
[INFO] [stderr]     Checking core2 v0.4.0
[INFO] [stderr]     Checking boa_profiler v0.20.0
[INFO] [stderr]     Checking thin-vec v0.2.16
[INFO] [stderr]     Checking unsigned-varint v0.8.0
[INFO] [stderr]     Checking multihash v0.19.3
[INFO] [stderr]     Checking reth-payload-builder-primitives v1.3.7 (https://github.com/paradigmxyz/reth?tag=v1.3.7#ed7da87d)
[INFO] [stderr]     Checking polyval v0.6.2
[INFO] [stderr]     Checking data-encoding-macro v0.1.17
[INFO] [stderr]     Checking phf v0.11.3
[INFO] [stderr]     Checking hkdf v0.12.4
[INFO] [stderr]     Checking lru v0.12.5
[INFO] [stderr]    Compiling libgit2-sys v0.18.3+1.9.2
[INFO] [stderr]    Compiling jsonrpsee v0.24.9
[INFO] [stderr]     Checking boa_gc v0.20.0
[INFO] [stderr]    Compiling vergen-lib v0.1.6
[INFO] [stderr]     Checking quick-protobuf v0.8.1
[INFO] [stderr]    Compiling sov-modules-macros v2.7.0 (/opt/rustwide/workdir/crates/sovereign-sdk/module-system/sov-modules-macros)
[INFO] [stderr]     Checking asn1_der v0.7.6
[INFO] [stderr]     Checking base-x v0.2.11
[INFO] [stderr]     Checking bs58 v0.5.1
[INFO] [stderr]     Checking multibase v0.9.1
[INFO] [stderr]     Checking reth-engine-primitives v1.3.7 (https://github.com/paradigmxyz/reth?tag=v1.3.7#ed7da87d)
[INFO] [stderr]     Checking boa_interner v0.20.0
[INFO] [stderr]     Checking ghash v0.5.1
[INFO] [stderr]     Checking reth-network-p2p v1.3.7 (https://github.com/paradigmxyz/reth?tag=v1.3.7#ed7da87d)
[INFO] [stderr]     Checking alloy-json-rpc v0.13.0
[INFO] [stderr]     Checking schnellru v0.2.4
[INFO] [stderr]     Checking reth-tokio-util v1.3.7 (https://github.com/paradigmxyz/reth?tag=v1.3.7#ed7da87d)
[INFO] [stderr]     Checking aead v0.5.2
[INFO] [stderr]    Compiling vergen v9.0.4
[INFO] [stderr]    Compiling include_dir_macros v0.7.4
[INFO] [stderr]    Compiling moka v0.12.10
[INFO] [stderr]    Compiling num_threads v0.1.7
[INFO] [stderr]    Compiling include_dir v0.7.4
[INFO] [stderr]     Checking aes-gcm v0.10.3
[INFO] [stderr]     Checking boa_ast v0.20.0
[INFO] [stderr]     Checking reth-tasks v1.3.7 (https://github.com/paradigmxyz/reth?tag=v1.3.7#ed7da87d)
[INFO] [stderr]     Checking hashlink v0.9.1
[INFO] [stderr]     Checking regress v0.10.1
[INFO] [stderr]     Checking libp2p-identity v0.2.10
[INFO] [stderr]     Checking multiaddr v0.18.2
[INFO] [stderr]     Checking alloy-rpc-types-admin v0.13.0
[INFO] [stderr]     Checking delay_map v0.4.0
[INFO] [stderr]     Checking uint v0.10.0
[INFO] [stderr]     Checking hashlink v0.10.0
[INFO] [stderr]    Compiling enum-as-inner v0.6.1
[INFO] [stderr]    Compiling async-recursion v1.1.1
[INFO] [stderr]    Compiling vergen-git2 v1.0.5
[INFO] [stderr]     Checking hostname v0.4.0
[INFO] [stderr]     Checking tagptr v0.2.0
[INFO] [stderr]    Compiling snap v1.1.1
[INFO] [stderr]     Checking more-asserts v0.3.1
[INFO] [stderr]     Checking discv5 v0.9.1
[INFO] [stderr]     Checking hickory-proto v0.25.1
[INFO] [stderr]     Checking resolv-conf v0.7.1
[INFO] [stderr]     Checking boa_parser v0.20.0
[INFO] [stderr]    Compiling reth-mdbx-sys v1.3.7 (https://github.com/paradigmxyz/reth?tag=v1.3.7#ed7da87d)
[INFO] [stderr]    Compiling aquamarine v0.6.0
[INFO] [stderr]     Checking reth-network-api v1.3.7 (https://github.com/paradigmxyz/reth?tag=v1.3.7#ed7da87d)
[INFO] [stderr]     Checking intrusive-collections v0.9.7
[INFO] [stderr]     Checking concat-kdf v0.1.0
[INFO] [stderr]     Checking if-addrs v0.13.3
[INFO] [stderr]     Checking memmap2 v0.9.11
[INFO] [stderr]     Checking linked-hash-map v0.5.6
[INFO] [stderr]     Checking lz4_flex v0.11.6
[INFO] [stderr]     Checking ryu-js v1.0.1
[INFO] [stderr]     Checking pollster v0.4.0
[INFO] [stderr]     Checking reth-nippy-jar v1.3.7 (https://github.com/paradigmxyz/reth?tag=v1.3.7#ed7da87d)
[INFO] [stderr]     Checking boa_engine v0.20.0
[INFO] [stderr] error: could not compile `rustls` (lib)
[INFO] [stderr] 
[INFO] [stderr] Caused by:
[INFO] [stderr]   process didn't exit successfully: `/opt/rustwide/rustup-home/toolchains/3154cc1a3e6424e44f438a95007d043ed5ceaaf6/bin/rustc --crate-name rustls --edition=2021 /opt/rustwide/cargo-home/registry/src/index.crates.io-1949cf8c6b5b557f/rustls-0.23.25/src/lib.rs --error-format=json --json=diagnostic-rendered-ansi,artifacts,future-incompat,unused-externs-silent --crate-type lib --emit=dep-info,metadata -C embed-bitcode=no -C debuginfo=2 --cfg 'feature="aws-lc-rs"' --cfg 'feature="aws_lc_rs"' --cfg 'feature="log"' --cfg 'feature="logging"' --cfg 'feature="ring"' --cfg 'feature="std"' --cfg 'feature="tls12"' --check-cfg 'cfg(docsrs,test)' --check-cfg 'cfg(feature, values("aws-lc-rs", "aws_lc_rs", "brotli", "custom-provider", "default", "fips", "hashbrown", "log", "logging", "prefer-post-quantum", "read_buf", "ring", "rustversion", "std", "tls12", "zlib"))' -C metadata=759aef2f887b0626 -C extra-filename=-47dd0690ca51c834 --out-dir /opt/rustwide/target/debug/build/rustls/47dd0690ca51c834/out -L dependency=/opt/rustwide/target/debug/build/aws-lc-rs/28bdcd8fc2a4698f/out -L dependency=/opt/rustwide/target/debug/build/aws-lc-sys/51ac41f8c28feca3/out -L dependency=/opt/rustwide/target/debug/build/cfg-if/d541ac7a75168aa5/out -L dependency=/opt/rustwide/target/debug/build/critical-section/b0f94629eed03583/out -L dependency=/opt/rustwide/target/debug/build/getrandom/8e9447edc134edf1/out -L dependency=/opt/rustwide/target/debug/build/libc/17de6cd23dd02d86/out -L dependency=/opt/rustwide/target/debug/build/paste/c5e5e8a2bd161c29/out -L dependency=/opt/rustwide/target/debug/build/portable-atomic/39c47af7abb7359e/out -L dependency=/opt/rustwide/target/debug/build/ring/36105fd89ea36b50/out -L dependency=/opt/rustwide/target/debug/build/rustls-pki-types/22c232ad10f29a9a/out -L dependency=/opt/rustwide/target/debug/build/untrusted/03cde965a30f6cbb/out -L dependency=/opt/rustwide/target/debug/build/value-bag/8a9d6a87f7c8c9f2/out -L dependency=/opt/rustwide/target/debug/build/zeroize/ac69c6089be36f72/out -L dependency=/opt/rustwide/target/debug/build/zeroize_derive/ce7acf74924a8110/out --extern aws_lc_rs=/opt/rustwide/target/debug/build/aws-lc-rs/28bdcd8fc2a4698f/out/libaws_lc_rs-28bdcd8fc2a4698f.rmeta --extern log=/opt/rustwide/target/debug/build/log/1167405c804c578b/out/liblog-1167405c804c578b.rmeta --extern once_cell=/opt/rustwide/target/debug/build/once_cell/d97bd4ea9c273d5f/out/libonce_cell-d97bd4ea9c273d5f.rmeta --extern ring=/opt/rustwide/target/debug/build/ring/36105fd89ea36b50/out/libring-36105fd89ea36b50.rmeta --extern pki_types=/opt/rustwide/target/debug/build/rustls-pki-types/22c232ad10f29a9a/out/librustls_pki_types-22c232ad10f29a9a.rmeta --extern webpki=/opt/rustwide/target/debug/build/rustls-webpki/60cd728c8705e7fb/out/libwebpki-60cd728c8705e7fb.rmeta --extern subtle=/opt/rustwide/target/debug/build/subtle/1139c163d0bdfd0a/out/libsubtle-1139c163d0bdfd0a.rmeta --extern zeroize=/opt/rustwide/target/debug/build/zeroize/ac69c6089be36f72/out/libzeroize-ac69c6089be36f72.rmeta --cap-lints allow --cap-lints=forbid --force-warn=unused_crate_dependencies -L native=/opt/rustwide/target/debug/build/aws-lc-sys/fc7abedfc15b222d/out -L native=/opt/rustwide/target/debug/build/ring/23e6f0afe6194bbe/out` (signal: 9, SIGKILL: kill)
[INFO] [stderr] warning: build failed, waiting for other jobs to finish...
[INFO] [stderr] error: could not compile `hickory-proto` (lib)
[INFO] [stderr] 
[INFO] [stderr] Caused by:
[INFO] [stderr]   process didn't exit successfully: `/opt/rustwide/rustup-home/toolchains/3154cc1a3e6424e44f438a95007d043ed5ceaaf6/bin/rustc --crate-name hickory_proto --edition=2021 /opt/rustwide/cargo-home/registry/src/index.crates.io-1949cf8c6b5b557f/hickory-proto-0.25.1/src/lib.rs --error-format=json --json=diagnostic-rendered-ansi,artifacts,future-incompat,unused-externs-silent --crate-type lib --emit=dep-info,metadata -C embed-bitcode=no -C debuginfo=2 --cfg 'feature="futures-io"' --cfg 'feature="serde"' --cfg 'feature="std"' --cfg 'feature="tokio"' --check-cfg 'cfg(docsrs,test)' --check-cfg 'cfg(feature, values("__dnssec", "__h3", "__https", "__quic", "__tls", "backtrace", "default", "dnssec-aws-lc-rs", "dnssec-ring", "futures-io", "h3-aws-lc-rs", "h3-ring", "https-aws-lc-rs", "https-ring", "mdns", "no-std-rand", "pin-utils", "quic-aws-lc-rs", "quic-ring", "rustls-platform-verifier", "serde", "socket2", "std", "testing", "text-parsing", "tls-aws-lc-rs", "tls-ring", "tokio", "wasm-bindgen", "webpki-roots"))' -C metadata=1844bc67c20b38cd -C extra-filename=-289c4a7caf432ef9 --out-dir /opt/rustwide/target/debug/build/hickory-proto/289c4a7caf432ef9/out -L dependency=/opt/rustwide/target/debug/build/byteorder/3af00f1fd0765eba/out -L dependency=/opt/rustwide/target/debug/build/bytes/6019a9dc2b127b7d/out -L dependency=/opt/rustwide/target/debug/build/cfg-if/d541ac7a75168aa5/out -L dependency=/opt/rustwide/target/debug/build/critical-section/b0f94629eed03583/out -L dependency=/opt/rustwide/target/debug/build/displaydoc/c0a29a13b5fd55ea/out -L dependency=/opt/rustwide/target/debug/build/form_urlencoded/3c676194eacaa68c/out -L dependency=/opt/rustwide/target/debug/build/futures-channel/f547cab871e3a322/out -L dependency=/opt/rustwide/target/debug/build/futures-core/fe52d64161d4f08c/out -L dependency=/opt/rustwide/target/debug/build/futures-io/0c872adcc41fe5c8/out -L dependency=/opt/rustwide/target/debug/build/futures-macro/3b5b044f72f19cbb/out -L dependency=/opt/rustwide/target/debug/build/futures-sink/e7bd2ffb932e7c3a/out -L dependency=/opt/rustwide/target/debug/build/futures-task/f5049fcf76e5b7e4/out -L dependency=/opt/rustwide/target/debug/build/getrandom/2ab512dfcfbdfbf5/out -L dependency=/opt/rustwide/target/debug/build/getrandom/8e9447edc134edf1/out -L dependency=/opt/rustwide/target/debug/build/icu_collections/ecc70092e518fdfb/out -L dependency=/opt/rustwide/target/debug/build/icu_locid/af369dc2d82356fd/out -L dependency=/opt/rustwide/target/debug/build/icu_locid_transform/1601ad7257753f6c/out -L dependency=/opt/rustwide/target/debug/build/icu_locid_transform_data/da0b97ef6cf718a5/out -L dependency=/opt/rustwide/target/debug/build/icu_normalizer/1eaf4b3fb0f7598d/out -L dependency=/opt/rustwide/target/debug/build/icu_normalizer_data/b2ba7b9c18bd44f3/out -L dependency=/opt/rustwide/target/debug/build/icu_properties/d68a5ba975ced81e/out -L dependency=/opt/rustwide/target/debug/build/icu_properties_data/f4ed54f820ba8e18/out -L dependency=/opt/rustwide/target/debug/build/icu_provider/c9ef1c22a9a4d1d9/out -L dependency=/opt/rustwide/target/debug/build/icu_provider_macros/0af57d75bba41bef/out -L dependency=/opt/rustwide/target/debug/build/idna/753e27f7eb4a83fe/out -L dependency=/opt/rustwide/target/debug/build/idna_adapter/a8715f88a71af756/out -L dependency=/opt/rustwide/target/debug/build/libc/17de6cd23dd02d86/out -L dependency=/opt/rustwide/target/debug/build/litemap/a753acbda52d45e5/out -L dependency=/opt/rustwide/target/debug/build/lock_api/34a30b6312cfba90/out -L dependency=/opt/rustwide/target/debug/build/log/1167405c804c578b/out -L dependency=/opt/rustwide/target/debug/build/memchr/a8313380c25031b5/out -L dependency=/opt/rustwide/target/debug/build/mio/1218ed0098827425/out -L dependency=/opt/rustwide/target/debug/build/once_cell/d97bd4ea9c273d5f/out -L dependency=/opt/rustwide/target/debug/build/parking_lot/23628f583e678799/out -L dependency=/opt/rustwide/target/debug/build/parking_lot_core/72b99230b71bbf8b/out -L dependency=/opt/rustwide/target/debug/build/percent-encoding/70e4695576ffb191/out -L dependency=/opt/rustwide/target/debug/build/pin-project-lite/dccf8aabedbf6d41/out -L dependency=/opt/rustwide/target/debug/build/pin-utils/db1de871cd8706a6/out -L dependency=/opt/rustwide/target/debug/build/portable-atomic/39c47af7abb7359e/out -L dependency=/opt/rustwide/target/debug/build/ppv-lite86/2d283a973326b25f/out -L dependency=/opt/rustwide/target/debug/build/rand_chacha/7618ae2259b44933/out -L dependency=/opt/rustwide/target/debug/build/rand_core/09f87baac0f0fa39/out -L dependency=/opt/rustwide/target/debug/build/scopeguard/e7d227cb308b3799/out -L dependency=/opt/rustwide/target/debug/build/serde/77cf824ea2db0f24/out -L dependency=/opt/rustwide/target/debug/build/serde_derive/ca296b15d27f90e5/out -L dependency=/opt/rustwide/target/debug/build/signal-hook-registry/cf6ada3de4d3bb54/out -L dependency=/opt/rustwide/target/debug/build/slab/336ee4618dc8a867/out -L dependency=/opt/rustwide/target/debug/build/smallvec/0917c24288cfe242/out -L dependency=/opt/rustwide/target/debug/build/socket2/75dcab78ea2f13bf/out -L dependency=/opt/rustwide/target/debug/build/stable_deref_trait/72a60ad2f278f0cf/out -L dependency=/opt/rustwide/target/debug/build/thiserror-impl/5d3a6850e439fbed/out -L dependency=/opt/rustwide/target/debug/build/tinystr/324b5fd495842a27/out -L dependency=/opt/rustwide/target/debug/build/tinyvec_macros/8f2743a6fdad0226/out -L dependency=/opt/rustwide/target/debug/build/tokio-macros/e47a00e2d2161445/out -L dependency=/opt/rustwide/target/debug/build/tracing-attributes/b70990970a76ec53/out -L dependency=/opt/rustwide/target/debug/build/tracing-core/fd2793135e530dc6/out -L dependency=/opt/rustwide/target/debug/build/untrusted/03cde965a30f6cbb/out -L dependency=/opt/rustwide/target/debug/build/utf16_iter/cec968ef598af760/out -L dependency=/opt/rustwide/target/debug/build/utf8_iter/88f5a358869389d3/out -L dependency=/opt/rustwide/target/debug/build/value-bag/8a9d6a87f7c8c9f2/out -L dependency=/opt/rustwide/target/debug/build/write16/781a49200fe7cbdc/out -L dependency=/opt/rustwide/target/debug/build/writeable/bfd40d7890b21b86/out -L dependency=/opt/rustwide/target/debug/build/yoke-derive/f4f256c8eb2c5de5/out -L dependency=/opt/rustwide/target/debug/build/yoke/d16111dc91fdb5f5/out -L dependency=/opt/rustwide/target/debug/build/zerocopy-derive/e7e3a64feb464fbe/out -L dependency=/opt/rustwide/target/debug/build/zerocopy/c13f9a08fbc704c7/out -L dependency=/opt/rustwide/target/debug/build/zerofrom-derive/9d052f46f63e23f9/out -L dependency=/opt/rustwide/target/debug/build/zerofrom/01a5d5ce9ee69fc3/out -L dependency=/opt/rustwide/target/debug/build/zerovec-derive/1e9a158a382c9009/out -L dependency=/opt/rustwide/target/debug/build/zerovec/f1a904bbd7f6fa81/out --extern async_recursion=/opt/rustwide/target/debug/build/async-recursion/ce68d490b90feba6/out/libasync_recursion-ce68d490b90feba6.so --extern async_trait=/opt/rustwide/target/debug/build/async-trait/c253b1beeecc9b00/out/libasync_trait-c253b1beeecc9b00.so --extern cfg_if=/opt/rustwide/target/debug/build/cfg-if/d541ac7a75168aa5/out/libcfg_if-d541ac7a75168aa5.rmeta --extern critical_section=/opt/rustwide/target/debug/build/critical-section/b0f94629eed03583/out/libcritical_section-b0f94629eed03583.rmeta --extern data_encoding=/opt/rustwide/target/debug/build/data-encoding/c34ed7c51ad08ec5/out/libdata_encoding-c34ed7c51ad08ec5.rmeta --extern enum_as_inner=/opt/rustwide/target/debug/build/enum-as-inner/ff791018086a9623/out/libenum_as_inner-ff791018086a9623.so --extern futures_channel=/opt/rustwide/target/debug/build/futures-channel/f547cab871e3a322/out/libfutures_channel-f547cab871e3a322.rmeta --extern futures_io=/opt/rustwide/target/debug/build/futures-io/0c872adcc41fe5c8/out/libfutures_io-0c872adcc41fe5c8.rmeta --extern futures_util=/opt/rustwide/target/debug/build/futures-util/0a3530a58a77a6a0/out/libfutures_util-0a3530a58a77a6a0.rmeta --extern idna=/opt/rustwide/target/debug/build/idna/753e27f7eb4a83fe/out/libidna-753e27f7eb4a83fe.rmeta --extern ipnet=/opt/rustwide/target/debug/build/ipnet/e7345cb0bdfa8a49/out/libipnet-e7345cb0bdfa8a49.rmeta --extern once_cell=/opt/rustwide/target/debug/build/once_cell/d97bd4ea9c273d5f/out/libonce_cell-d97bd4ea9c273d5f.rmeta --extern rand=/opt/rustwide/target/debug/build/rand/b00b7eb47611f971/out/librand-b00b7eb47611f971.rmeta --extern ring=/opt/rustwide/target/debug/build/ring/36105fd89ea36b50/out/libring-36105fd89ea36b50.rmeta --extern serde=/opt/rustwide/target/debug/build/serde/77cf824ea2db0f24/out/libserde-77cf824ea2db0f24.rmeta --extern thiserror=/opt/rustwide/target/debug/build/thiserror/2d49f21e1d368562/out/libthiserror-2d49f21e1d368562.rmeta --extern tinyvec=/opt/rustwide/target/debug/build/tinyvec/dd9acb3aad4d76ef/out/libtinyvec-dd9acb3aad4d76ef.rmeta --extern tokio=/opt/rustwide/target/debug/build/tokio/050b381f9fb4221c/out/libtokio-050b381f9fb4221c.rmeta --extern tracing=/opt/rustwide/target/debug/build/tracing/86c35febe4d3f795/out/libtracing-86c35febe4d3f795.rmeta --extern url=/opt/rustwide/target/debug/build/url/7d18f104a54ad888/out/liburl-7d18f104a54ad888.rmeta --cap-lints allow --cap-lints=forbid --force-warn=unused_crate_dependencies -L native=/opt/rustwide/target/debug/build/ring/23e6f0afe6194bbe/out` (signal: 9, SIGKILL: kill)
[INFO] [stderr] error: could not compile `discv5` (lib)
[INFO] [stderr] 
[INFO] [stderr] Caused by:
[INFO] [stderr]   process didn't exit successfully: `/opt/rustwide/rustup-home/toolchains/3154cc1a3e6424e44f438a95007d043ed5ceaaf6/bin/rustc --crate-name discv5 --edition=2018 /opt/rustwide/cargo-home/registry/src/index.crates.io-1949cf8c6b5b557f/discv5-0.9.1/src/lib.rs --error-format=json --json=diagnostic-rendered-ansi,artifacts,future-incompat,unused-externs-silent --crate-type lib --emit=dep-info,metadata -C embed-bitcode=no -C debuginfo=2 --cfg 'feature="libp2p"' --cfg 'feature="serde"' --check-cfg 'cfg(docsrs,test)' --check-cfg 'cfg(feature, values("libp2p", "serde"))' -C metadata=7a0d94a3041ae266 -C extra-filename=-a23d619ddd4221a0 --out-dir /opt/rustwide/target/debug/build/discv5/a23d619ddd4221a0/out -L dependency=/opt/rustwide/target/debug/build/aead/125d5d11ec6f6860/out -L dependency=/opt/rustwide/target/debug/build/aes/d3ce6621667c1f6c/out -L dependency=/opt/rustwide/target/debug/build/ahash/2135a63a02392d88/out -L dependency=/opt/rustwide/target/debug/build/allocator-api2/34319c28828d46c3/out -L dependency=/opt/rustwide/target/debug/build/alloy-rlp-derive/808c68fa3ab64bec/out -L dependency=/opt/rustwide/target/debug/build/alloy-rlp/26b5f1442d2a084b/out -L dependency=/opt/rustwide/target/debug/build/arrayref/4d71eac3f20c682f/out -L dependency=/opt/rustwide/target/debug/build/arrayvec/3e7fca96416a37a9/out -L dependency=/opt/rustwide/target/debug/build/asn1_der/4ac32fbea6e91907/out -L dependency=/opt/rustwide/target/debug/build/base-x/f5b030ab09ba117e/out -L dependency=/opt/rustwide/target/debug/build/base16ct/f2a1c4a64c386fa6/out -L dependency=/opt/rustwide/target/debug/build/base64/d8aec028dea2d277/out -L dependency=/opt/rustwide/target/debug/build/base64ct/f1fbd2e5f59fd323/out -L dependency=/opt/rustwide/target/debug/build/block-buffer/23f86ededec82555/out -L dependency=/opt/rustwide/target/debug/build/block-buffer/85f810a3592d4d43/out -L dependency=/opt/rustwide/target/debug/build/block-padding/67c3c15a51e6e8dc/out -L dependency=/opt/rustwide/target/debug/build/bs58/058480ec8c429109/out -L dependency=/opt/rustwide/target/debug/build/byteorder/3af00f1fd0765eba/out -L dependency=/opt/rustwide/target/debug/build/bytes/6019a9dc2b127b7d/out -L dependency=/opt/rustwide/target/debug/build/cfg-if/d541ac7a75168aa5/out -L dependency=/opt/rustwide/target/debug/build/cipher/7dc2be4ce515d276/out -L dependency=/opt/rustwide/target/debug/build/const-oid/b093ba1a9cffd7a0/out -L dependency=/opt/rustwide/target/debug/build/core2/183641638b4d27bf/out -L dependency=/opt/rustwide/target/debug/build/cpufeatures/1ae956ba346ebd12/out -L dependency=/opt/rustwide/target/debug/build/critical-section/b0f94629eed03583/out -L dependency=/opt/rustwide/target/debug/build/crunchy/83430a7f3cc014f4/out -L dependency=/opt/rustwide/target/debug/build/crypto-bigint/77df99ae7ac65797/out -L dependency=/opt/rustwide/target/debug/build/crypto-common/ca266d7db53d376b/out -L dependency=/opt/rustwide/target/debug/build/crypto-mac/ef019f985241efc5/out -L dependency=/opt/rustwide/target/debug/build/ctr/ff23a670dec945dc/out -L dependency=/opt/rustwide/target/debug/build/curve25519-dalek-derive/591f1f6049839481/out -L dependency=/opt/rustwide/target/debug/build/curve25519-dalek/417f120663d289ef/out -L dependency=/opt/rustwide/target/debug/build/data-encoding-macro-internal/cd3fa7f78e31a82d/out -L dependency=/opt/rustwide/target/debug/build/data-encoding-macro/6caf325f14ffaa71/out -L dependency=/opt/rustwide/target/debug/build/data-encoding/c34ed7c51ad08ec5/out -L dependency=/opt/rustwide/target/debug/build/der/c0f80f4060e63874/out -L dependency=/opt/rustwide/target/debug/build/digest/bbfed3389621548c/out -L dependency=/opt/rustwide/target/debug/build/digest/bf0c1b36af218b45/out -L dependency=/opt/rustwide/target/debug/build/displaydoc/c0a29a13b5fd55ea/out -L dependency=/opt/rustwide/target/debug/build/ecdsa/3024320d4be878e2/out -L dependency=/opt/rustwide/target/debug/build/ed25519-dalek/5e1f686e1deb56ff/out -L dependency=/opt/rustwide/target/debug/build/ed25519/ffbc8ca7e0308358/out -L dependency=/opt/rustwide/target/debug/build/elliptic-curve/8664df0757ce89d7/out -L dependency=/opt/rustwide/target/debug/build/equivalent/d23b026399a51038/out -L dependency=/opt/rustwide/target/debug/build/ff/a6d182fb0c2cb3ba/out -L dependency=/opt/rustwide/target/debug/build/foldhash/2ad7df9ba3132fbe/out -L dependency=/opt/rustwide/target/debug/build/form_urlencoded/3c676194eacaa68c/out -L dependency=/opt/rustwide/target/debug/build/futures-channel/f547cab871e3a322/out -L dependency=/opt/rustwide/target/debug/build/futures-core/fe52d64161d4f08c/out -L dependency=/opt/rustwide/target/debug/build/futures-executor/be4fc583a73db19f/out -L dependency=/opt/rustwide/target/debug/build/futures-io/0c872adcc41fe5c8/out -L dependency=/opt/rustwide/target/debug/build/futures-macro/3b5b044f72f19cbb/out -L dependency=/opt/rustwide/target/debug/build/futures-sink/e7bd2ffb932e7c3a/out -L dependency=/opt/rustwide/target/debug/build/futures-task/f5049fcf76e5b7e4/out -L dependency=/opt/rustwide/target/debug/build/futures-util/0a3530a58a77a6a0/out -L dependency=/opt/rustwide/target/debug/build/futures/a162ffdd0704ad5e/out -L dependency=/opt/rustwide/target/debug/build/generic-array/8fabe5b37edaa327/out -L dependency=/opt/rustwide/target/debug/build/getrandom/8e9447edc134edf1/out -L dependency=/opt/rustwide/target/debug/build/ghash/58e7d01ecd4addd7/out -L dependency=/opt/rustwide/target/debug/build/group/94f88fbd367d5220/out -L dependency=/opt/rustwide/target/debug/build/hashbrown/243017bc8ffcf68f/out -L dependency=/opt/rustwide/target/debug/build/hashbrown/95d56a4b0d12c3ec/out -L dependency=/opt/rustwide/target/debug/build/hex/11104900027a2966/out -L dependency=/opt/rustwide/target/debug/build/hkdf/2c8bbd43d852c54f/out -L dependency=/opt/rustwide/target/debug/build/hmac-drbg/1623cc653eb4200f/out -L dependency=/opt/rustwide/target/debug/build/hmac/1818b676167435b4/out -L dependency=/opt/rustwide/target/debug/build/hmac/8b3ae147f19e3356/out -L dependency=/opt/rustwide/target/debug/build/icu_collections/ecc70092e518fdfb/out -L dependency=/opt/rustwide/target/debug/build/icu_locid/af369dc2d82356fd/out -L dependency=/opt/rustwide/target/debug/build/icu_locid_transform/1601ad7257753f6c/out -L dependency=/opt/rustwide/target/debug/build/icu_locid_transform_data/da0b97ef6cf718a5/out -L dependency=/opt/rustwide/target/debug/build/icu_normalizer/1eaf4b3fb0f7598d/out -L dependency=/opt/rustwide/target/debug/build/icu_normalizer_data/b2ba7b9c18bd44f3/out -L dependency=/opt/rustwide/target/debug/build/icu_properties/d68a5ba975ced81e/out -L dependency=/opt/rustwide/target/debug/build/icu_properties_data/f4ed54f820ba8e18/out -L dependency=/opt/rustwide/target/debug/build/icu_provider/c9ef1c22a9a4d1d9/out -L dependency=/opt/rustwide/target/debug/build/icu_provider_macros/0af57d75bba41bef/out -L dependency=/opt/rustwide/target/debug/build/idna/753e27f7eb4a83fe/out -L dependency=/opt/rustwide/target/debug/build/idna_adapter/a8715f88a71af756/out -L dependency=/opt/rustwide/target/debug/build/inout/57d860f6017a6bd4/out -L dependency=/opt/rustwide/target/debug/build/k256/13648f4b15808e4d/out -L dependency=/opt/rustwide/target/debug/build/keccak/62a6f94fe382cfb9/out -L dependency=/opt/rustwide/target/debug/build/libc/17de6cd23dd02d86/out -L dependency=/opt/rustwide/target/debug/build/libp2p-identity/ac181d277b779060/out -L dependency=/opt/rustwide/target/debug/build/libsecp256k1-core/5c611d1538baff43/out -L dependency=/opt/rustwide/target/debug/build/libsecp256k1/7639539565969922/out -L dependency=/opt/rustwide/target/debug/build/litemap/a753acbda52d45e5/out -L dependency=/opt/rustwide/target/debug/build/lock_api/34a30b6312cfba90/out -L dependency=/opt/rustwide/target/debug/build/log/1167405c804c578b/out -L dependency=/opt/rustwide/target/debug/build/memchr/a8313380c25031b5/out -L dependency=/opt/rustwide/target/debug/build/mio/1218ed0098827425/out -L dependency=/opt/rustwide/target/debug/build/multibase/52caf8004776b259/out -L dependency=/opt/rustwide/target/debug/build/multihash/5b7d3beb7b6e19e6/out -L dependency=/opt/rustwide/target/debug/build/once_cell/d97bd4ea9c273d5f/out -L dependency=/opt/rustwide/target/debug/build/opaque-debug/9e2eded81a076050/out -L dependency=/opt/rustwide/target/debug/build/parking_lot/23628f583e678799/out -L dependency=/opt/rustwide/target/debug/build/parking_lot_core/72b99230b71bbf8b/out -L dependency=/opt/rustwide/target/debug/build/pem-rfc7468/c9835ebf857230b7/out -L dependency=/opt/rustwide/target/debug/build/percent-encoding/70e4695576ffb191/out -L dependency=/opt/rustwide/target/debug/build/pin-project-lite/dccf8aabedbf6d41/out -L dependency=/opt/rustwide/target/debug/build/pin-utils/db1de871cd8706a6/out -L dependency=/opt/rustwide/target/debug/build/pkcs8/df740eac5c735f1f/out -L dependency=/opt/rustwide/target/debug/build/polyval/3d146507e07bc557/out -L dependency=/opt/rustwide/target/debug/build/portable-atomic/39c47af7abb7359e/out -L dependency=/opt/rustwide/target/debug/build/ppv-lite86/2d283a973326b25f/out -L dependency=/opt/rustwide/target/debug/build/quick-protobuf/c00facb11862b57a/out -L dependency=/opt/rustwide/target/debug/build/rand/393845f8be7bddba/out -L dependency=/opt/rustwide/target/debug/build/rand_chacha/f30e0b2197ee22b4/out -L dependency=/opt/rustwide/target/debug/build/rand_core/d24247969c7bab7d/out -L dependency=/opt/rustwide/target/debug/build/rfc6979/39e9bf969b3fdf02/out -L dependency=/opt/rustwide/target/debug/build/scopeguard/e7d227cb308b3799/out -L dependency=/opt/rustwide/target/debug/build/sec1/e043bc973fbceee5/out -L dependency=/opt/rustwide/target/debug/build/secp256k1-sys/5d02da57db9e9d29/out -L dependency=/opt/rustwide/target/debug/build/secp256k1/361c9cfdc544fe7d/out -L dependency=/opt/rustwide/target/debug/build/serde/77cf824ea2db0f24/out -L dependency=/opt/rustwide/target/debug/build/serde_derive/ca296b15d27f90e5/out -L dependency=/opt/rustwide/target/debug/build/serdect/cc469f90df901682/out -L dependency=/opt/rustwide/target/debug/build/sha2-asm/127352b848e37b73/out -L dependency=/opt/rustwide/target/debug/build/sha2/7bd1a35995347917/out -L dependency=/opt/rustwide/target/debug/build/sha2/b2271c82237b4672/out -L dependency=/opt/rustwide/target/debug/build/sha3/f6260e09b8fea206/out -L dependency=/opt/rustwide/target/debug/build/signal-hook-registry/cf6ada3de4d3bb54/out -L dependency=/opt/rustwide/target/debug/build/signature/a1f0e4f539ff19c0/out -L dependency=/opt/rustwide/target/debug/build/slab/336ee4618dc8a867/out -L dependency=/opt/rustwide/target/debug/build/smallvec/0917c24288cfe242/out -L dependency=/opt/rustwide/target/debug/build/socket2/75dcab78ea2f13bf/out -L dependency=/opt/rustwide/target/debug/build/spin/004ca55773a40b53/out -L dependency=/opt/rustwide/target/debug/build/spki/ffb5108ea1f929d2/out -L dependency=/opt/rustwide/target/debug/build/stable_deref_trait/72a60ad2f278f0cf/out -L dependency=/opt/rustwide/target/debug/build/static_assertions/f2154b0bf273423d/out -L dependency=/opt/rustwide/target/debug/build/subtle/1139c163d0bdfd0a/out -L dependency=/opt/rustwide/target/debug/build/thiserror-impl/9e1e6f5cfbf1ed63/out -L dependency=/opt/rustwide/target/debug/build/thiserror/2470fc40d4defd5f/out -L dependency=/opt/rustwide/target/debug/build/tinystr/324b5fd495842a27/out -L dependency=/opt/rustwide/target/debug/build/tokio-macros/e47a00e2d2161445/out -L dependency=/opt/rustwide/target/debug/build/tokio-util/ac279dd307610d93/out -L dependency=/opt/rustwide/target/debug/build/tokio/050b381f9fb4221c/out -L dependency=/opt/rustwide/target/debug/build/tracing-attributes/b70990970a76ec53/out -L dependency=/opt/rustwide/target/debug/build/tracing-core/fd2793135e530dc6/out -L dependency=/opt/rustwide/target/debug/build/tracing/86c35febe4d3f795/out -L dependency=/opt/rustwide/target/debug/build/typenum/850b531a8d74780a/out -L dependency=/opt/rustwide/target/debug/build/universal-hash/1030b015cfaf7895/out -L dependency=/opt/rustwide/target/debug/build/unsigned-varint/fd950f62300d04d7/out -L dependency=/opt/rustwide/target/debug/build/url/7d18f104a54ad888/out -L dependency=/opt/rustwide/target/debug/build/utf16_iter/cec968ef598af760/out -L dependency=/opt/rustwide/target/debug/build/utf8_iter/88f5a358869389d3/out -L dependency=/opt/rustwide/target/debug/build/value-bag/8a9d6a87f7c8c9f2/out -L dependency=/opt/rustwide/target/debug/build/write16/781a49200fe7cbdc/out -L dependency=/opt/rustwide/target/debug/build/writeable/bfd40d7890b21b86/out -L dependency=/opt/rustwide/target/debug/build/yoke-derive/f4f256c8eb2c5de5/out -L dependency=/opt/rustwide/target/debug/build/yoke/d16111dc91fdb5f5/out -L dependency=/opt/rustwide/target/debug/build/zerocopy-derive/e7e3a64feb464fbe/out -L dependency=/opt/rustwide/target/debug/build/zerocopy/c13f9a08fbc704c7/out -L dependency=/opt/rustwide/target/debug/build/zerofrom-derive/9d052f46f63e23f9/out -L dependency=/opt/rustwide/target/debug/build/zerofrom/01a5d5ce9ee69fc3/out -L dependency=/opt/rustwide/target/debug/build/zeroize/ac69c6089be36f72/out -L dependency=/opt/rustwide/target/debug/build/zeroize_derive/ce7acf74924a8110/out -L dependency=/opt/rustwide/target/debug/build/zerovec-derive/1e9a158a382c9009/out -L dependency=/opt/rustwide/target/debug/build/zerovec/f1a904bbd7f6fa81/out --extern aes=/opt/rustwide/target/debug/build/aes/d3ce6621667c1f6c/out/libaes-d3ce6621667c1f6c.rmeta --extern aes_gcm=/opt/rustwide/target/debug/build/aes-gcm/639bcd8d1e0a998e/out/libaes_gcm-639bcd8d1e0a998e.rmeta --extern alloy_rlp=/opt/rustwide/target/debug/build/alloy-rlp/26b5f1442d2a084b/out/liballoy_rlp-26b5f1442d2a084b.rmeta --extern arrayvec=/opt/rustwide/target/debug/build/arrayvec/3e7fca96416a37a9/out/libarrayvec-3e7fca96416a37a9.rmeta --extern ctr=/opt/rustwide/target/debug/build/ctr/ff23a670dec945dc/out/libctr-ff23a670dec945dc.rmeta --extern delay_map=/opt/rustwide/target/debug/build/delay_map/bb77ed5f0a28fae7/out/libdelay_map-bb77ed5f0a28fae7.rmeta --extern enr=/opt/rustwide/target/debug/build/enr/8d15350b3cfbc4b9/out/libenr-8d15350b3cfbc4b9.rmeta --extern fnv=/opt/rustwide/target/debug/build/fnv/bf9ae889bab8acee/out/libfnv-bf9ae889bab8acee.rmeta --extern futures=/opt/rustwide/target/debug/build/futures/a162ffdd0704ad5e/out/libfutures-a162ffdd0704ad5e.rmeta --extern hashlink=/opt/rustwide/target/debug/build/hashlink/656d63856650d1f8/out/libhashlink-656d63856650d1f8.rmeta --extern hex=/opt/rustwide/target/debug/build/hex/11104900027a2966/out/libhex-11104900027a2966.rmeta --extern hkdf=/opt/rustwide/target/debug/build/hkdf/2c8bbd43d852c54f/out/libhkdf-2c8bbd43d852c54f.rmeta --extern lazy_static=/opt/rustwide/target/debug/build/lazy_static/3ff2c29b0b0a75a0/out/liblazy_static-3ff2c29b0b0a75a0.rmeta --extern libp2p_identity=/opt/rustwide/target/debug/build/libp2p-identity/ac181d277b779060/out/liblibp2p_identity-ac181d277b779060.rmeta --extern lru=/opt/rustwide/target/debug/build/lru/5a07edc1a7149adf/out/liblru-5a07edc1a7149adf.rmeta --extern more_asserts=/opt/rustwide/target/debug/build/more-asserts/aeaea011311ffa47/out/libmore_asserts-aeaea011311ffa47.rmeta --extern multiaddr=/opt/rustwide/target/debug/build/multiaddr/bc894b25dfee74aa/out/libmultiaddr-bc894b25dfee74aa.rmeta --extern parking_lot=/opt/rustwide/target/debug/build/parking_lot/23628f583e678799/out/libparking_lot-23628f583e678799.rmeta --extern rand=/opt/rustwide/target/debug/build/rand/393845f8be7bddba/out/librand-393845f8be7bddba.rmeta --extern smallvec=/opt/rustwide/target/debug/build/smallvec/0917c24288cfe242/out/libsmallvec-0917c24288cfe242.rmeta --extern socket2=/opt/rustwide/target/debug/build/socket2/75dcab78ea2f13bf/out/libsocket2-75dcab78ea2f13bf.rmeta --extern tokio=/opt/rustwide/target/debug/build/tokio/050b381f9fb4221c/out/libtokio-050b381f9fb4221c.rmeta --extern tracing=/opt/rustwide/target/debug/build/tracing/86c35febe4d3f795/out/libtracing-86c35febe4d3f795.rmeta --extern uint=/opt/rustwide/target/debug/build/uint/a3da89daf2aa6e8b/out/libuint-a3da89daf2aa6e8b.rmeta --extern zeroize=/opt/rustwide/target/debug/build/zeroize/ac69c6089be36f72/out/libzeroize-ac69c6089be36f72.rmeta --cap-lints allow --cap-lints=forbid --force-warn=unused_crate_dependencies -L native=/opt/rustwide/target/debug/build/sha2-asm/b22f2dd7b10d939c/out -L native=/opt/rustwide/target/debug/build/sha2-asm/b22f2dd7b10d939c/out -L native=/opt/rustwide/target/debug/build/secp256k1-sys/265e9127cb0b70f6/out` (signal: 9, SIGKILL: kill)
[INFO] [stderr] warning: reth-mdbx-sys@1.3.7: In file included from /opt/rustwide/cargo-home/git/checkouts/reth-e231042ee7db3fb7/ed7da87/crates/storage/libmdbx-rs/mdbx-sys/libmdbx/mdbx.c:140:
[INFO] [stderr] warning: reth-mdbx-sys@1.3.7: /opt/rustwide/cargo-home/git/checkouts/reth-e231042ee7db3fb7/ed7da87/crates/storage/libmdbx-rs/mdbx-sys/libmdbx/mdbx.h:506:23: error: expected ',' or ';' before '[' token
[INFO] [stderr] warning: reth-mdbx-sys@1.3.7:   506 | #define MDBX_NORETURN [[noreturn]]
[INFO] [stderr] warning: reth-mdbx-sys@1.3.7:       |                       ^
[INFO] [stderr] warning: reth-mdbx-sys@1.3.7: /opt/rustwide/cargo-home/git/checkouts/reth-e231042ee7db3fb7/ed7da87/crates/storage/libmdbx-rs/mdbx-sys/libmdbx/mdbx.c:30190:5: note: in expansion of macro 'MDBX_NORETURN'
[INFO] [stderr] warning: reth-mdbx-sys@1.3.7: 30190 |     MDBX_NORETURN;
[INFO] [stderr] warning: reth-mdbx-sys@1.3.7:       |     ^~~~~~~~~~~~~
[INFO] [stderr] error: failed to run custom build command for `reth-mdbx-sys v1.3.7 (https://github.com/paradigmxyz/reth?tag=v1.3.7#ed7da87d)`
[INFO] [stderr] note: To improve backtraces for build dependencies, set the CARGO_PROFILE_DEV_BUILD_OVERRIDE_DEBUG=true environment variable to enable debug information generation.
[INFO] [stderr] 
[INFO] [stderr] Caused by:
[INFO] [stderr]   process didn't exit successfully: `/opt/rustwide/target/debug/build/reth-mdbx-sys/458edc1995d18182/out/build_script_build` (exit status: 1)
[INFO] [stderr]   --- stdout
[INFO] [stderr]   cargo:rerun-if-changed=/opt/rustwide/cargo-home/git/checkouts/reth-e231042ee7db3fb7/ed7da87/crates/storage/libmdbx-rs/mdbx-sys/libmdbx
[INFO] [stderr]   OPT_LEVEL = Some(0)
[INFO] [stderr]   OUT_DIR = Some(/opt/rustwide/target/debug/build/reth-mdbx-sys/195799db35c6d81e/out)
[INFO] [stderr]   TARGET = Some(x86_64-unknown-linux-gnu)
[INFO] [stderr]   HOST = Some(x86_64-unknown-linux-gnu)
[INFO] [stderr]   cargo:rerun-if-env-changed=CC_x86_64-unknown-linux-gnu
[INFO] [stderr]   CC_x86_64-unknown-linux-gnu = None
[INFO] [stderr]   cargo:rerun-if-env-changed=CC_x86_64_unknown_linux_gnu
[INFO] [stderr]   CC_x86_64_unknown_linux_gnu = None
[INFO] [stderr]   cargo:rerun-if-env-changed=HOST_CC
[INFO] [stderr]   HOST_CC = None
[INFO] [stderr]   cargo:rerun-if-env-changed=CC
[INFO] [stderr]   CC = None
[INFO] [stderr]   cargo:rerun-if-env-changed=CC_ENABLE_DEBUG_OUTPUT
[INFO] [stderr]   RUSTC_WRAPPER = None
[INFO] [stderr]   cargo:rerun-if-env-changed=CRATE_CC_NO_DEFAULTS
[INFO] [stderr]   CRATE_CC_NO_DEFAULTS = None
[INFO] [stderr]   DEBUG = Some(true)
[INFO] [stderr]   CARGO_CFG_TARGET_FEATURE = Some(fxsr,sse,sse2,x87)
[INFO] [stderr]   cargo:rerun-if-env-changed=CFLAGS
[INFO] [stderr]   CFLAGS = None
[INFO] [stderr]   cargo:rerun-if-env-changed=HOST_CFLAGS
[INFO] [stderr]   HOST_CFLAGS = None
[INFO] [stderr]   cargo:rerun-if-env-changed=CFLAGS_x86_64_unknown_linux_gnu
[INFO] [stderr]   CFLAGS_x86_64_unknown_linux_gnu = None
[INFO] [stderr]   cargo:rerun-if-env-changed=CFLAGS_x86_64-unknown-linux-gnu
[INFO] [stderr]   CFLAGS_x86_64-unknown-linux-gnu = None
[INFO] [stderr]   CARGO_ENCODED_RUSTFLAGS = Some(--cap-lints=forbid)
[INFO] [stderr]   OUT_DIR = Some(/opt/rustwide/target/debug/build/reth-mdbx-sys/195799db35c6d81e/out)
[INFO] [stderr]   cargo:rerun-if-env-changed=CC_ENABLE_DEBUG_OUTPUT
[INFO] [stderr]   cargo:rerun-if-env-changed=CRATE_CC_NO_DEFAULTS
[INFO] [stderr]   CRATE_CC_NO_DEFAULTS = None
[INFO] [stderr]   TARGET = Some(x86_64-unknown-linux-gnu)
[INFO] [stderr]   CARGO_CFG_TARGET_FEATURE = Some(fxsr,sse,sse2,x87)
[INFO] [stderr]   HOST = Some(x86_64-unknown-linux-gnu)
[INFO] [stderr]   cargo:rerun-if-env-changed=CFLAGS
[INFO] [stderr]   CFLAGS = None
[INFO] [stderr]   cargo:rerun-if-env-changed=HOST_CFLAGS
[INFO] [stderr]   HOST_CFLAGS = None
[INFO] [stderr]   cargo:rerun-if-env-changed=CFLAGS_x86_64_unknown_linux_gnu
[INFO] [stderr]   CFLAGS_x86_64_unknown_linux_gnu = None
[INFO] [stderr]   cargo:rerun-if-env-changed=CFLAGS_x86_64-unknown-linux-gnu
[INFO] [stderr]   CFLAGS_x86_64-unknown-linux-gnu = None
[INFO] [stderr]   OUT_DIR = Some(/opt/rustwide/target/debug/build/reth-mdbx-sys/195799db35c6d81e/out)
[INFO] [stderr]   cargo:rerun-if-env-changed=CC_ENABLE_DEBUG_OUTPUT
[INFO] [stderr]   cargo:rerun-if-env-changed=CRATE_CC_NO_DEFAULTS
[INFO] [stderr]   CRATE_CC_NO_DEFAULTS = None
[INFO] [stderr]   TARGET = Some(x86_64-unknown-linux-gnu)
[INFO] [stderr]   CARGO_CFG_TARGET_FEATURE = Some(fxsr,sse,sse2,x87)
[INFO] [stderr]   HOST = Some(x86_64-unknown-linux-gnu)
[INFO] [stderr]   cargo:rerun-if-env-changed=CFLAGS
[INFO] [stderr]   CFLAGS = None
[INFO] [stderr]   cargo:rerun-if-env-changed=HOST_CFLAGS
[INFO] [stderr]   HOST_CFLAGS = None
[INFO] [stderr]   cargo:rerun-if-env-changed=CFLAGS_x86_64_unknown_linux_gnu
[INFO] [stderr]   CFLAGS_x86_64_unknown_linux_gnu = None
[INFO] [stderr]   cargo:rerun-if-env-changed=CFLAGS_x86_64-unknown-linux-gnu
[INFO] [stderr]   CFLAGS_x86_64-unknown-linux-gnu = None
[INFO] [stderr]   cargo:warning=In file included from /opt/rustwide/cargo-home/git/checkouts/reth-e231042ee7db3fb7/ed7da87/crates/storage/libmdbx-rs/mdbx-sys/libmdbx/mdbx.c:140:
[INFO] [stderr]   cargo:warning=/opt/rustwide/cargo-home/git/checkouts/reth-e231042ee7db3fb7/ed7da87/crates/storage/libmdbx-rs/mdbx-sys/libmdbx/mdbx.h:506:23: error: expected ',' or ';' before '[' token
[INFO] [stderr]   cargo:warning=  506 | #define MDBX_NORETURN [[noreturn]]
[INFO] [stderr]   cargo:warning=      |                       ^
[INFO] [stderr]   cargo:warning=/opt/rustwide/cargo-home/git/checkouts/reth-e231042ee7db3fb7/ed7da87/crates/storage/libmdbx-rs/mdbx-sys/libmdbx/mdbx.c:30190:5: note: in expansion of macro 'MDBX_NORETURN'
[INFO] [stderr]   cargo:warning=30190 |     MDBX_NORETURN;
[INFO] [stderr]   cargo:warning=      |     ^~~~~~~~~~~~~
[INFO] [stderr] 
[INFO] [stderr]   --- stderr
[INFO] [stderr]   error: 'rustfmt' is not installed for the custom toolchain '3154cc1a3e6424e44f438a95007d043ed5ceaaf6'.
[INFO] [stderr]   note: this is a custom toolchain, which cannot use `rustup component add`
[INFO] [stderr]   help: if you built this toolchain from source, and used `rustup toolchain link`, then you may be able to build the component with `x.py`
[INFO] [stderr]   Failed to run rustfmt: Internal rustfmt error (non-fatal, continuing)
[INFO] [stderr] 
[INFO] [stderr] 
[INFO] [stderr]   error occurred in cc-rs: command did not execute successfully (status code exit status: 1): LC_ALL="C" "cc" "-O0" "-ffunction-sections" "-fdata-sections" "-fPIC" "-gdwarf-4" "-fno-omit-frame-pointer" "-m64" "-Wall" "-Wextra" "-Wno-unused-parameter" "-Wuninitialized" "-DMDBX_BUILD_FLAGS=\"-O0 -ffunction-sections -fdata-sections -fPIC -gdwarf-4 -fno-omit-frame-pointer -m64 -Wall -Wextra -Wno-unused-parameter -Wuninitialized\"" "-DMDBX_TXN_CHECKOWNER=0" "-DMDBX_DEBUG=1" "-DMDBX_ENABLE_PROFGC=1" "-o" "/opt/rustwide/target/debug/build/reth-mdbx-sys/195799db35c6d81e/out/98e59b3378c30fa4-mdbx.o" "-c" "/opt/rustwide/cargo-home/git/checkouts/reth-e231042ee7db3fb7/ed7da87/crates/storage/libmdbx-rs/mdbx-sys/libmdbx/mdbx.c"
[INFO] [stderr] 
[INFO] [stderr] 
[INFO] [stderr] error: failed to run custom build command for `tikv-jemalloc-sys v0.6.0+5.3.0-1-ge13ca993e8ccb9ba9847cc330696e02839f328f7`
[INFO] [stderr] note: To improve backtraces for build dependencies, set the CARGO_PROFILE_DEV_BUILD_OVERRIDE_DEBUG=true environment variable to enable debug information generation.
[INFO] [stderr] 
[INFO] [stderr] Caused by:
[INFO] [stderr]   process didn't exit successfully: `/opt/rustwide/target/debug/build/tikv-jemalloc-sys/11b3ada6caeb879a/out/build_script_build` (exit status: 101)
[INFO] [stderr]   --- stdout
[INFO] [stderr]   TARGET=x86_64-unknown-linux-gnu
[INFO] [stderr]   HOST=x86_64-unknown-linux-gnu
[INFO] [stderr]   NUM_JOBS=8
[INFO] [stderr]   OUT_DIR="/opt/rustwide/target/debug/build/tikv-jemalloc-sys/35227cc62d4f8971/out"
[INFO] [stderr]   BUILD_DIR="/opt/rustwide/target/debug/build/tikv-jemalloc-sys/35227cc62d4f8971/out/build"
[INFO] [stderr]   SRC_DIR="/opt/rustwide/cargo-home/registry/src/index.crates.io-1949cf8c6b5b557f/tikv-jemalloc-sys-0.6.0+5.3.0-1-ge13ca993e8ccb9ba9847cc330696e02839f328f7"
[INFO] [stderr]   cargo:rerun-if-env-changed=X86_64_UNKNOWN_LINUX_GNU_JEMALLOC_OVERRIDE
[INFO] [stderr]   cargo:rerun-if-env-changed=JEMALLOC_OVERRIDE
[INFO] [stderr]   OPT_LEVEL = Some(0)
[INFO] [stderr]   OUT_DIR = Some(/opt/rustwide/target/debug/build/tikv-jemalloc-sys/35227cc62d4f8971/out)
[INFO] [stderr]   TARGET = Some(x86_64-unknown-linux-gnu)
[INFO] [stderr]   HOST = Some(x86_64-unknown-linux-gnu)
[INFO] [stderr]   cargo:rerun-if-env-changed=CC_x86_64-unknown-linux-gnu
[INFO] [stderr]   CC_x86_64-unknown-linux-gnu = None
[INFO] [stderr]   cargo:rerun-if-env-changed=CC_x86_64_unknown_linux_gnu
[INFO] [stderr]   CC_x86_64_unknown_linux_gnu = None
[INFO] [stderr]   cargo:rerun-if-env-changed=HOST_CC
[INFO] [stderr]   HOST_CC = None
[INFO] [stderr]   cargo:rerun-if-env-changed=CC
[INFO] [stderr]   CC = None
[INFO] [stderr]   cargo:rerun-if-env-changed=CC_ENABLE_DEBUG_OUTPUT
[INFO] [stderr]   RUSTC_WRAPPER = None
[INFO] [stderr]   cargo:rerun-if-env-changed=CRATE_CC_NO_DEFAULTS
[INFO] [stderr]   CRATE_CC_NO_DEFAULTS = None
[INFO] [stderr]   DEBUG = Some(true)
[INFO] [stderr]   CARGO_CFG_TARGET_FEATURE = Some(fxsr,sse,sse2,x87)
[INFO] [stderr]   cargo:rerun-if-env-changed=CFLAGS
[INFO] [stderr]   CFLAGS = None
[INFO] [stderr]   cargo:rerun-if-env-changed=HOST_CFLAGS
[INFO] [stderr]   HOST_CFLAGS = None
[INFO] [stderr]   cargo:rerun-if-env-changed=CFLAGS_x86_64_unknown_linux_gnu
[INFO] [stderr]   CFLAGS_x86_64_unknown_linux_gnu = None
[INFO] [stderr]   cargo:rerun-if-env-changed=CFLAGS_x86_64-unknown-linux-gnu
[INFO] [stderr]   CFLAGS_x86_64-unknown-linux-gnu = None
[INFO] [stderr]   CARGO_ENCODED_RUSTFLAGS = Some(--cap-lints=forbid)
[INFO] [stderr]   CC="cc"
[INFO] [stderr]   CFLAGS="-O0 -ffunction-sections -fdata-sections -fPIC -gdwarf-4 -fno-omit-frame-pointer -m64 -Wall"
[INFO] [stderr]   JEMALLOC_REPO_DIR="jemalloc"
[INFO] [stderr]   cargo:rerun-if-env-changed=X86_64_UNKNOWN_LINUX_GNU_JEMALLOC_SYS_WITH_MALLOC_CONF
[INFO] [stderr]   cargo:rerun-if-env-changed=JEMALLOC_SYS_WITH_MALLOC_CONF
[INFO] [stderr]   cargo:rerun-if-env-changed=X86_64_UNKNOWN_LINUX_GNU_JEMALLOC_SYS_WITH_LG_PAGE
[INFO] [stderr]   cargo:rerun-if-env-changed=JEMALLOC_SYS_WITH_LG_PAGE
[INFO] [stderr]   cargo:rerun-if-env-changed=X86_64_UNKNOWN_LINUX_GNU_JEMALLOC_SYS_WITH_LG_HUGEPAGE
[INFO] [stderr]   cargo:rerun-if-env-changed=JEMALLOC_SYS_WITH_LG_HUGEPAGE
[INFO] [stderr]   cargo:rerun-if-env-changed=X86_64_UNKNOWN_LINUX_GNU_JEMALLOC_SYS_WITH_LG_QUANTUM
[INFO] [stderr]   cargo:rerun-if-env-changed=JEMALLOC_SYS_WITH_LG_QUANTUM
[INFO] [stderr]   cargo:rerun-if-env-changed=X86_64_UNKNOWN_LINUX_GNU_JEMALLOC_SYS_WITH_LG_VADDR
[INFO] [stderr]   cargo:rerun-if-env-changed=JEMALLOC_SYS_WITH_LG_VADDR
[INFO] [stderr]   CARGO_FEATURE_STATS not set
[INFO] [stderr]   running: cd "/opt/rustwide/target/debug/build/tikv-jemalloc-sys/35227cc62d4f8971/out/build" && CC="cc" CFLAGS="-O0 -ffunction-sections -fdata-sections -fPIC -gdwarf-4 -fno-omit-frame-pointer -m64 -Wall" CPPFLAGS="-O0 -ffunction-sections -fdata-sections -fPIC -gdwarf-4 -fno-omit-frame-pointer -m64 -Wall" LDFLAGS="-O0 -ffunction-sections -fdata-sections -fPIC -gdwarf-4 -fno-omit-frame-pointer -m64 -Wall" "sh" "/opt/rustwide/target/debug/build/tikv-jemalloc-sys/35227cc62d4f8971/out/build/configure" "--with-version=5.3.0-1-ge13ca993e8ccb9ba9847cc330696e02839f328f7" "--disable-cxx" "--enable-doc=no" "--enable-shared=no" "--with-private-namespace=_rjem_" "--disable-stats" "--host=x86_64-unknown-linux-gnu" "--build=x86_64-unknown-linux-gnu" "--prefix=/opt/rustwide/target/debug/build/tikv-jemalloc-sys/35227cc62d4f8971/out"
[INFO] [stderr]   checking for xsltproc... false
[INFO] [stderr]   checking for x86_64-unknown-linux-gnu-gcc... cc
[INFO] [stderr]   checking whether the C compiler works... yes
[INFO] [stderr]   checking for C compiler default output file name... a.out
[INFO] [stderr]   checking for suffix of executables... 
[INFO] [stderr]   checking whether we are cross compiling... no
[INFO] [stderr]   checking for suffix of object files... o
[INFO] [stderr]   checking whether we are using the GNU C compiler... yes
[INFO] [stderr]   checking whether cc accepts -g... yes
[INFO] [stderr]   checking for cc option to accept ISO C89... none needed
[INFO] [stderr]   checking whether compiler is cray... no
[INFO] [stderr]   checking whether compiler supports -std=gnu11... yes
[INFO] [stderr]   checking whether compiler supports -Werror=unknown-warning-option... no
[INFO] [stderr]   checking whether compiler supports -Wall... yes
[INFO] [stderr]   checking whether compiler supports -Wextra... yes
[INFO] [stderr]   checking whether compiler supports -Wshorten-64-to-32... no
[INFO] [stderr]   checking whether compiler supports -Wsign-compare... yes
[INFO] [stderr]   checking whether compiler supports -Wundef... yes
[INFO] [stderr]   checking whether compiler supports -Wno-format-zero-length... yes
[INFO] [stderr]   checking whether compiler supports -Wpointer-arith... yes
[INFO] [stderr]   checking whether compiler supports -Wno-missing-braces... yes
[INFO] [stderr]   checking whether compiler supports -Wno-missing-field-initializers... yes
[INFO] [stderr]   checking whether compiler supports -Wno-missing-attributes... yes
[INFO] [stderr]   checking whether compiler supports -pipe... yes
[INFO] [stderr]   checking whether compiler supports -g3... yes
[INFO] [stderr]   checking how to run the C preprocessor... cc -E
[INFO] [stderr]   checking for grep that handles long lines and -e... /usr/bin/grep
[INFO] [stderr]   checking for egrep... /usr/bin/grep -E
[INFO] [stderr]   checking for ANSI C header files... yes
[INFO] [stderr]   checking for sys/types.h... yes
[INFO] [stderr]   checking for sys/stat.h... yes
[INFO] [stderr]   checking for stdlib.h... yes
[INFO] [stderr]   checking for string.h... yes
[INFO] [stderr]   checking for memory.h... yes
[INFO] [stderr]   checking for strings.h... yes
[INFO] [stderr]   checking for inttypes.h... yes
[INFO] [stderr]   checking for stdint.h... yes
[INFO] [stderr]   checking for unistd.h... yes
[INFO] [stderr]   checking whether byte ordering is bigendian... no
[INFO] [stderr]   checking size of void *... 8
[INFO] [stderr]   checking size of int... 4
[INFO] [stderr]   checking size of long... 8
[INFO] [stderr]   checking size of long long... 8
[INFO] [stderr]   checking size of intmax_t... 8
[INFO] [stderr]   checking build system type... x86_64-unknown-linux-gnu
[INFO] [stderr]   checking host system type... x86_64-unknown-linux-gnu
[INFO] [stderr]   checking whether pause instruction is compilable... yes
[INFO] [stderr]   checking number of significant virtual address bits... 48
[INFO] [stderr]   checking for x86_64-unknown-linux-gnu-ar... no
[INFO] [stderr]   checking for ar... ar
[INFO] [stderr]   checking for x86_64-unknown-linux-gnu-nm... no
[INFO] [stderr]   checking for nm... nm
[INFO] [stderr]   checking for gawk... no
[INFO] [stderr]   checking for mawk... mawk
[INFO] [stderr]   checking malloc.h usability... yes
[INFO] [stderr]   checking malloc.h presence... yes
[INFO] [stderr]   checking for malloc.h... yes
[INFO] [stderr]   checking whether malloc_usable_size definition can use const argument... no
[INFO] [stderr]   checking for library containing log... -lm
[INFO] [stderr]   checking whether __attribute__ syntax is compilable... yes
[INFO] [stderr]   checking whether compiler supports -fvisibility=hidden... yes
[INFO] [stderr]   checking whether compiler supports -fvisibility=hidden... no
[INFO] [stderr]   checking whether compiler supports -Werror... yes
[INFO] [stderr]   checking whether compiler supports -herror_on_warning... no
[INFO] [stderr]   checking whether tls_model attribute is compilable... yes
[INFO] [stderr]   checking whether compiler supports -Werror... yes
[INFO] [stderr]   checking whether compiler supports -herror_on_warning... no
[INFO] [stderr]   checking whether alloc_size attribute is compilable... yes
[INFO] [stderr]   checking whether compiler supports -Werror... yes
[INFO] [stderr]   checking whether compiler supports -herror_on_warning... no
[INFO] [stderr]   checking whether format(gnu_printf, ...) attribute is compilable... yes
[INFO] [stderr]   checking whether compiler supports -Werror... yes
[INFO] [stderr]   checking whether compiler supports -herror_on_warning... no
[INFO] [stderr]   checking whether format(printf, ...) attribute is compilable... yes
[INFO] [stderr]   checking whether compiler supports -Werror... yes
[INFO] [stderr]   checking whether compiler supports -herror_on_warning... no
[INFO] [stderr]   checking whether format(printf, ...) attribute is compilable... yes
[INFO] [stderr]   checking whether compiler supports -Wimplicit-fallthrough... yes
[INFO] [stderr]   checking whether fallthrough attribute is compilable... yes
[INFO] [stderr]   checking whether compiler supports -Wimplicit-fallthrough... yes
[INFO] [stderr]   checking whether compiler supports -Wimplicit-fallthrough... no
[INFO] [stderr]   checking whether compiler supports -Werror... yes
[INFO] [stderr]   checking whether compiler supports -herror_on_warning... no
[INFO] [stderr]   checking whether cold attribute is compilable... yes
[INFO] [stderr]   checking whether vm_make_tag is compilable... no
[INFO] [stderr]   checking for a BSD-compatible install... /usr/bin/install -c
[INFO] [stderr]   checking for x86_64-unknown-linux-gnu-ranlib... no
[INFO] [stderr]   checking for ranlib... ranlib
[INFO] [stderr]   checking for ld... /usr/bin/ld
[INFO] [stderr]   checking for autoconf... /usr/bin/autoconf
[INFO] [stderr]   checking for memalign... yes
[INFO] [stderr]   checking for valloc... yes
[INFO] [stderr]   checking for malloc_size... no
[INFO] [stderr]   checking for __libc_calloc... yes
[INFO] [stderr]   checking for __libc_free... yes
[INFO] [stderr]   checking for __libc_malloc... yes
[INFO] [stderr]   checking for __libc_memalign... yes
[INFO] [stderr]   checking for __libc_realloc... yes
[INFO] [stderr]   checking for __libc_valloc... yes
[INFO] [stderr]   checking for __posix_memalign... no
[INFO] [stderr]   checking whether compiler supports -O3... yes
[INFO] [stderr]   checking whether compiler supports -O3... no
[INFO] [stderr]   checking whether compiler supports -funroll-loops... yes
[INFO] [stderr]   checking configured backtracing method... N/A
[INFO] [stderr]   checking for sbrk... yes
[INFO] [stderr]   checking whether utrace(2) is compilable... no
[INFO] [stderr]   checking whether utrace(2) with label is compilable... no
[INFO] [stderr]   checking whether a program using __builtin_unreachable is compilable... yes
[INFO] [stderr]   checking whether a program using __builtin_ffsl is compilable... yes
[INFO] [stderr]   checking whether a program using __builtin_popcountl is compilable... yes
[INFO] [stderr]   checking LG_PAGE... 12
[INFO] [stderr]   checking pthread.h usability... yes
[INFO] [stderr]   checking pthread.h presence... yes
[INFO] [stderr]   checking for pthread.h... yes
[INFO] [stderr]   checking for pthread_create in -lpthread... yes
[INFO] [stderr]   checking dlfcn.h usability... yes
[INFO] [stderr]   checking dlfcn.h presence... yes
[INFO] [stderr]   checking for dlfcn.h... yes
[INFO] [stderr]   checking for dlsym... yes
[INFO] [stderr]   checking whether pthread_atfork(3) is compilable... yes
[INFO] [stderr]   checking whether pthread_setname_np(3) is compilable... yes
[INFO] [stderr]   checking whether pthread_getname_np(3) is compilable... yes
[INFO] [stderr]   checking whether pthread_get_name_np(3) is compilable... no
[INFO] [stderr]   checking for library containing clock_gettime... none required
[INFO] [stderr]   checking whether clock_gettime(CLOCK_MONOTONIC_COARSE, ...) is compilable... yes
[INFO] [stderr]   checking whether clock_gettime(CLOCK_MONOTONIC, ...) is compilable... yes
[INFO] [stderr]   checking whether mach_absolute_time() is compilable... no
[INFO] [stderr]   checking whether clock_gettime(CLOCK_REALTIME, ...) is compilable... yes
[INFO] [stderr]   checking whether compiler supports -Werror... yes
[INFO] [stderr]   checking whether syscall(2) is compilable... yes
[INFO] [stderr]   checking for secure_getenv... yes
[INFO] [stderr]   checking for sched_getcpu... yes
[INFO] [stderr]   checking for sched_setaffinity... yes
[INFO] [stderr]   checking for issetugid... no
[INFO] [stderr]   checking for _malloc_thread_cleanup... no
[INFO] [stderr]   checking for _pthread_mutex_init_calloc_cb... no
[INFO] [stderr]   checking for memcntl... no
[INFO] [stderr]   checking for TLS... yes
[INFO] [stderr]   checking whether C11 atomics is compilable... yes
[INFO] [stderr]   checking whether GCC __atomic atomics is compilable... yes
[INFO] [stderr]   checking whether GCC 8-bit __atomic atomics is compilable... yes
[INFO] [stderr]   checking whether GCC __sync atomics is compilable... yes
[INFO] [stderr]   checking whether GCC 8-bit __sync atomics is compilable... yes
[INFO] [stderr]   checking whether Darwin OSAtomic*() is compilable... no
[INFO] [stderr]   checking whether madvise(2) is compilable... yes
[INFO] [stderr]   checking whether madvise(..., MADV_FREE) is compilable... yes
[INFO] [stderr]   checking whether madvise(..., MADV_DONTNEED) is compilable... yes
[INFO] [stderr]   checking whether madvise(..., MADV_DO[NT]DUMP) is compilable... yes
[INFO] [stderr]   checking whether madvise(..., MADV_[NO]HUGEPAGE) is compilable... yes
[INFO] [stderr]   checking whether madvise(..., MADV_[NO]CORE) is compilable... no
[INFO] [stderr]   checking whether mprotect(2) is compilable... yes
[INFO] [stderr]   checking for __builtin_clz... yes
[INFO] [stderr]   checking whether Darwin os_unfair_lock_*() is compilable... no
[INFO] [stderr]   checking whether glibc malloc hook is compilable... no
[INFO] [stderr]   checking whether glibc memalign hook is compilable... no
[INFO] [stderr]   checking whether pthreads adaptive mutexes is compilable... yes
[INFO] [stderr]   checking whether compiler supports -D_GNU_SOURCE... yes
[INFO] [stderr]   checking whether compiler supports -Werror... yes
[INFO] [stderr]   checking whether compiler supports -herror_on_warning... no
[INFO] [stderr]   checking whether strerror_r returns char with gnu source is compilable... yes
[INFO] [stderr]   checking for stdbool.h that conforms to C99... yes
[INFO] [stderr]   checking for _Bool... yes
[INFO] [stderr]   configure: creating ./config.status
[INFO] [stderr]   config.status: creating Makefile
[INFO] [stderr]   config.status: creating jemalloc.pc
[INFO] [stderr]   config.status: creating doc/html.xsl
[INFO] [stderr]   config.status: creating doc/manpages.xsl
[INFO] [stderr]   config.status: creating doc/jemalloc.xml
[INFO] [stderr]   config.status: creating include/jemalloc/jemalloc_macros.h
[INFO] [stderr]   config.status: creating include/jemalloc/jemalloc_protos.h
[INFO] [stderr]   config.status: creating include/jemalloc/jemalloc_typedefs.h
[INFO] [stderr]   config.status: creating include/jemalloc/internal/jemalloc_preamble.h
[INFO] [stderr]   config.status: creating test/test.sh
[INFO] [stderr]   config.status: creating test/include/test/jemalloc_test.h
[INFO] [stderr]   config.status: creating config.stamp
[INFO] [stderr]   config.status: creating bin/jemalloc-config
[INFO] [stderr]   config.status: creating bin/jemalloc.sh
[INFO] [stderr]   config.status: creating bin/jeprof
[INFO] [stderr]   config.status: creating include/jemalloc/jemalloc_defs.h
[INFO] [stderr]   config.status: creating include/jemalloc/internal/jemalloc_internal_defs.h
[INFO] [stderr]   config.status: creating test/include/test/jemalloc_test_defs.h
[INFO] [stderr]   config.status: executing include/jemalloc/internal/public_symbols.txt commands
[INFO] [stderr]   config.status: executing include/jemalloc/internal/private_symbols.awk commands
[INFO] [stderr]   config.status: executing include/jemalloc/internal/private_symbols_jet.awk commands
[INFO] [stderr]   config.status: executing include/jemalloc/internal/public_namespace.h commands
[INFO] [stderr]   config.status: executing include/jemalloc/internal/public_unnamespace.h commands
[INFO] [stderr]   config.status: executing include/jemalloc/jemalloc_protos_jet.h commands
[INFO] [stderr]   config.status: executing include/jemalloc/jemalloc_rename.h commands
[INFO] [stderr]   config.status: executing include/jemalloc/jemalloc_mangle.h commands
[INFO] [stderr]   config.status: executing include/jemalloc/jemalloc_mangle_jet.h commands
[INFO] [stderr]   config.status: executing include/jemalloc/jemalloc.h commands
[INFO] [stderr]   ===============================================================================
[INFO] [stderr]   jemalloc version   : 5.3.0-1-ge13ca993e8ccb9ba9847cc330696e02839f328f7
[INFO] [stderr]   library revision   : 2
[INFO] [stderr] 
[INFO] [stderr]   CONFIG             : --with-version=5.3.0-1-ge13ca993e8ccb9ba9847cc330696e02839f328f7 --disable-cxx --enable-doc=no --enable-shared=no --with-private-namespace=_rjem_ --disable-stats --host=x86_64-unknown-linux-gnu --build=x86_64-unknown-linux-gnu --prefix=/opt/rustwide/target/debug/build/tikv-jemalloc-sys/35227cc62d4f8971/out build_alias=x86_64-unknown-linux-gnu host_alias=x86_64-unknown-linux-gnu CC=cc 'CFLAGS=-O0 -ffunction-sections -fdata-sections -fPIC -gdwarf-4 -fno-omit-frame-pointer -m64 -Wall' 'LDFLAGS=-O0 -ffunction-sections -fdata-sections -fPIC -gdwarf-4 -fno-omit-frame-pointer -m64 -Wall' 'CPPFLAGS=-O0 -ffunction-sections -fdata-sections -fPIC -gdwarf-4 -fno-omit-frame-pointer -m64 -Wall'
[INFO] [stderr]   CC                 : cc
[INFO] [stderr]   CONFIGURE_CFLAGS   : -std=gnu11 -Wall -Wextra -Wsign-compare -Wundef -Wno-format-zero-length -Wpointer-arith -Wno-missing-braces -Wno-missing-field-initializers -Wno-missing-attributes -pipe -g3 -fvisibility=hidden -Wimplicit-fallthrough -O3 -funroll-loops
[INFO] [stderr]   SPECIFIED_CFLAGS   : -O0 -ffunction-sections -fdata-sections -fPIC -gdwarf-4 -fno-omit-frame-pointer -m64 -Wall
[INFO] [stderr]   EXTRA_CFLAGS       : 
[INFO] [stderr]   CPPFLAGS           : -O0 -ffunction-sections -fdata-sections -fPIC -gdwarf-4 -fno-omit-frame-pointer -m64 -Wall -D_GNU_SOURCE -D_REENTRANT
[INFO] [stderr]   CXX                : 
[INFO] [stderr]   CONFIGURE_CXXFLAGS : 
[INFO] [stderr]   SPECIFIED_CXXFLAGS : 
[INFO] [stderr]   EXTRA_CXXFLAGS     : 
[INFO] [stderr]   LDFLAGS            : -O0 -ffunction-sections -fdata-sections -fPIC -gdwarf-4 -fno-omit-frame-pointer -m64 -Wall
[INFO] [stderr]   EXTRA_LDFLAGS      : 
[INFO] [stderr]   DSO_LDFLAGS        : -shared -Wl,-soname,$(@F)
[INFO] [stderr]   LIBS               : -lm  -pthread
[INFO] [stderr]   RPATH_EXTRA        : 
[INFO] [stderr] 
[INFO] [stderr]   XSLTPROC           : false
[INFO] [stderr]   XSLROOT            : 
[INFO] [stderr] 
[INFO] [stderr]   PREFIX             : /opt/rustwide/target/debug/build/tikv-jemalloc-sys/35227cc62d4f8971/out
[INFO] [stderr]   BINDIR             : /opt/rustwide/target/debug/build/tikv-jemalloc-sys/35227cc62d4f8971/out/bin
[INFO] [stderr]   DATADIR            : /opt/rustwide/target/debug/build/tikv-jemalloc-sys/35227cc62d4f8971/out/share
[INFO] [stderr]   INCLUDEDIR         : /opt/rustwide/target/debug/build/tikv-jemalloc-sys/35227cc62d4f8971/out/include
[INFO] [stderr]   LIBDIR             : /opt/rustwide/target/debug/build/tikv-jemalloc-sys/35227cc62d4f8971/out/lib
[INFO] [stderr]   MANDIR             : /opt/rustwide/target/debug/build/tikv-jemalloc-sys/35227cc62d4f8971/out/share/man
[INFO] [stderr] 
[INFO] [stderr]   srcroot            : 
[INFO] [stderr]   abs_srcroot        : /opt/rustwide/target/debug/build/tikv-jemalloc-sys/35227cc62d4f8971/out/build/
[INFO] [stderr]   objroot            : 
[INFO] [stderr]   abs_objroot        : /opt/rustwide/target/debug/build/tikv-jemalloc-sys/35227cc62d4f8971/out/build/
[INFO] [stderr] 
[INFO] [stderr]   JEMALLOC_PREFIX    : 
[INFO] [stderr]   JEMALLOC_PRIVATE_NAMESPACE
[INFO] [stderr]                      : _rjem_je_
[INFO] [stderr]   install_suffix     : 
[INFO] [stderr]   malloc_conf        : 
[INFO] [stderr]   documentation      : 0
[INFO] [stderr]   shared libs        : 0
[INFO] [stderr]   static libs        : 1
[INFO] [stderr]   autogen            : 0
[INFO] [stderr]   debug              : 0
[INFO] [stderr]   stats              : 0
[INFO] [stderr]   experimental_smallocx : 0
[INFO] [stderr]   prof               : 0
[INFO] [stderr]   prof-libunwind     : 0
[INFO] [stderr]   prof-libgcc        : 0
[INFO] [stderr]   prof-gcc           : 0
[INFO] [stderr]   fill               : 1
[INFO] [stderr]   utrace             : 0
[INFO] [stderr]   xmalloc            : 0
[INFO] [stderr]   log                : 0
[INFO] [stderr]   lazy_lock          : 0
[INFO] [stderr]   cache-oblivious    : 1
[INFO] [stderr]   cxx                : 0
[INFO] [stderr]   ===============================================================================
[INFO] [stderr]   running: cd "/opt/rustwide/target/debug/build/tikv-jemalloc-sys/35227cc62d4f8971/out/build" && "make" "-j" "8"
[INFO] [stderr]   cc -std=gnu11 -Wall -Wextra -Wsign-compare -Wundef -Wno-format-zero-length -Wpointer-arith -Wno-missing-braces -Wno-missing-field-initializers -Wno-missing-attributes -pipe -g3 -fvisibility=hidden -Wimplicit-fallthrough -O3 -funroll-loops -O0 -ffunction-sections -fdata-sections -fPIC -gdwarf-4 -fno-omit-frame-pointer -m64 -Wall -c -O0 -ffunction-sections -fdata-sections -fPIC -gdwarf-4 -fno-omit-frame-pointer -m64 -Wall -D_GNU_SOURCE -D_REENTRANT -Iinclude -Iinclude -DJEMALLOC_NO_PRIVATE_NAMESPACE -o src/jemalloc.sym.o src/jemalloc.c
[INFO] [stderr]   cc -std=gnu11 -Wall -Wextra -Wsign-compare -Wundef -Wno-format-zero-length -Wpointer-arith -Wno-missing-braces -Wno-missing-field-initializers -Wno-missing-attributes -pipe -g3 -fvisibility=hidden -Wimplicit-fallthrough -O3 -funroll-loops -O0 -ffunction-sections -fdata-sections -fPIC -gdwarf-4 -fno-omit-frame-pointer -m64 -Wall -c -O0 -ffunction-sections -fdata-sections -fPIC -gdwarf-4 -fno-omit-frame-pointer -m64 -Wall -D_GNU_SOURCE -D_REENTRANT -Iinclude -Iinclude -DJEMALLOC_NO_PRIVATE_NAMESPACE -o src/background_thread.sym.o src/background_thread.c
[INFO] [stderr]   cc -std=gnu11 -Wall -Wextra -Wsign-compare -Wundef -Wno-format-zero-length -Wpointer-arith -Wno-missing-braces -Wno-missing-field-initializers -Wno-missing-attributes -pipe -g3 -fvisibility=hidden -Wimplicit-fallthrough -O3 -funroll-loops -O0 -ffunction-sections -fdata-sections -fPIC -gdwarf-4 -fno-omit-frame-pointer -m64 -Wall -c -O0 -ffunction-sections -fdata-sections -fPIC -gdwarf-4 -fno-omit-frame-pointer -m64 -Wall -D_GNU_SOURCE -D_REENTRANT -Iinclude -Iinclude -DJEMALLOC_NO_PRIVATE_NAMESPACE -o src/base.sym.o src/base.c
[INFO] [stderr]   cc -std=gnu11 -Wall -Wextra -Wsign-compare -Wundef -Wno-format-zero-length -Wpointer-arith -Wno-missing-braces -Wno-missing-field-initializers -Wno-missing-attributes -pipe -g3 -fvisibility=hidden -Wimplicit-fallthrough -O3 -funroll-loops -O0 -ffunction-sections -fdata-sections -fPIC -gdwarf-4 -fno-omit-frame-pointer -m64 -Wall -c -O0 -ffunction-sections -fdata-sections -fPIC -gdwarf-4 -fno-omit-frame-pointer -m64 -Wall -D_GNU_SOURCE -D_REENTRANT -Iinclude -Iinclude -DJEMALLOC_NO_PRIVATE_NAMESPACE -o src/arena.sym.o src/arena.c
[INFO] [stderr]   cc -std=gnu11 -Wall -Wextra -Wsign-compare -Wundef -Wno-format-zero-length -Wpointer-arith -Wno-missing-braces -Wno-missing-field-initializers -Wno-missing-attributes -pipe -g3 -fvisibility=hidden -Wimplicit-fallthrough -O3 -funroll-loops -O0 -ffunction-sections -fdata-sections -fPIC -gdwarf-4 -fno-omit-frame-pointer -m64 -Wall -c -O0 -ffunction-sections -fdata-sections -fPIC -gdwarf-4 -fno-omit-frame-pointer -m64 -Wall -D_GNU_SOURCE -D_REENTRANT -Iinclude -Iinclude -DJEMALLOC_NO_PRIVATE_NAMESPACE -o src/bin.sym.o src/bin.c
[INFO] [stderr]   cc -std=gnu11 -Wall -Wextra -Wsign-compare -Wundef -Wno-format-zero-length -Wpointer-arith -Wno-missing-braces -Wno-missing-field-initializers -Wno-missing-attributes -pipe -g3 -fvisibility=hidden -Wimplicit-fallthrough -O3 -funroll-loops -O0 -ffunction-sections -fdata-sections -fPIC -gdwarf-4 -fno-omit-frame-pointer -m64 -Wall -c -O0 -ffunction-sections -fdata-sections -fPIC -gdwarf-4 -fno-omit-frame-pointer -m64 -Wall -D_GNU_SOURCE -D_REENTRANT -Iinclude -Iinclude -DJEMALLOC_NO_PRIVATE_NAMESPACE -o src/bin_info.sym.o src/bin_info.c
[INFO] [stderr]   cc -std=gnu11 -Wall -Wextra -Wsign-compare -Wundef -Wno-format-zero-length -Wpointer-arith -Wno-missing-braces -Wno-missing-field-initializers -Wno-missing-attributes -pipe -g3 -fvisibility=hidden -Wimplicit-fallthrough -O3 -funroll-loops -O0 -ffunction-sections -fdata-sections -fPIC -gdwarf-4 -fno-omit-frame-pointer -m64 -Wall -c -O0 -ffunction-sections -fdata-sections -fPIC -gdwarf-4 -fno-omit-frame-pointer -m64 -Wall -D_GNU_SOURCE -D_REENTRANT -Iinclude -Iinclude -DJEMALLOC_NO_PRIVATE_NAMESPACE -o src/bitmap.sym.o src/bitmap.c
[INFO] [stderr]   cc -std=gnu11 -Wall -Wextra -Wsign-compare -Wundef -Wno-format-zero-length -Wpointer-arith -Wno-missing-braces -Wno-missing-field-initializers -Wno-missing-attributes -pipe -g3 -fvisibility=hidden -Wimplicit-fallthrough -O3 -funroll-loops -O0 -ffunction-sections -fdata-sections -fPIC -gdwarf-4 -fno-omit-frame-pointer -m64 -Wall -c -O0 -ffunction-sections -fdata-sections -fPIC -gdwarf-4 -fno-omit-frame-pointer -m64 -Wall -D_GNU_SOURCE -D_REENTRANT -Iinclude -Iinclude -DJEMALLOC_NO_PRIVATE_NAMESPACE -o src/buf_writer.sym.o src/buf_writer.c
[INFO] [stderr]   cc -std=gnu11 -Wall -Wextra -Wsign-compare -Wundef -Wno-format-zero-length -Wpointer-arith -Wno-missing-braces -Wno-missing-field-initializers -Wno-missing-attributes -pipe -g3 -fvisibility=hidden -Wimplicit-fallthrough -O3 -funroll-loops -O0 -ffunction-sections -fdata-sections -fPIC -gdwarf-4 -fno-omit-frame-pointer -m64 -Wall -c -O0 -ffunction-sections -fdata-sections -fPIC -gdwarf-4 -fno-omit-frame-pointer -m64 -Wall -D_GNU_SOURCE -D_REENTRANT -Iinclude -Iinclude -DJEMALLOC_NO_PRIVATE_NAMESPACE -o src/cache_bin.sym.o src/cache_bin.c
[INFO] [stderr]   cc -std=gnu11 -Wall -Wextra -Wsign-compare -Wundef -Wno-format-zero-length -Wpointer-arith -Wno-missing-braces -Wno-missing-field-initializers -Wno-missing-attributes -pipe -g3 -fvisibility=hidden -Wimplicit-fallthrough -O3 -funroll-loops -O0 -ffunction-sections -fdata-sections -fPIC -gdwarf-4 -fno-omit-frame-pointer -m64 -Wall -c -O0 -ffunction-sections -fdata-sections -fPIC -gdwarf-4 -fno-omit-frame-pointer -m64 -Wall -D_GNU_SOURCE -D_REENTRANT -Iinclude -Iinclude -DJEMALLOC_NO_PRIVATE_NAMESPACE -o src/ckh.sym.o src/ckh.c
[INFO] [stderr]   cc -std=gnu11 -Wall -Wextra -Wsign-compare -Wundef -Wno-format-zero-length -Wpointer-arith -Wno-missing-braces -Wno-missing-field-initializers -Wno-missing-attributes -pipe -g3 -fvisibility=hidden -Wimplicit-fallthrough -O3 -funroll-loops -O0 -ffunction-sections -fdata-sections -fPIC -gdwarf-4 -fno-omit-frame-pointer -m64 -Wall -c -O0 -ffunction-sections -fdata-sections -fPIC -gdwarf-4 -fno-omit-frame-pointer -m64 -Wall -D_GNU_SOURCE -D_REENTRANT -Iinclude -Iinclude -DJEMALLOC_NO_PRIVATE_NAMESPACE -o src/counter.sym.o src/counter.c
[INFO] [stderr]   cc -std=gnu11 -Wall -Wextra -Wsign-compare -Wundef -Wno-format-zero-length -Wpointer-arith -Wno-missing-braces -Wno-missing-field-initializers -Wno-missing-attributes -pipe -g3 -fvisibility=hidden -Wimplicit-fallthrough -O3 -funroll-loops -O0 -ffunction-sections -fdata-sections -fPIC -gdwarf-4 -fno-omit-frame-pointer -m64 -Wall -c -O0 -ffunction-sections -fdata-sections -fPIC -gdwarf-4 -fno-omit-frame-pointer -m64 -Wall -D_GNU_SOURCE -D_REENTRANT -Iinclude -Iinclude -DJEMALLOC_NO_PRIVATE_NAMESPACE -o src/ctl.sym.o src/ctl.c
[INFO] [stderr]   cc -std=gnu11 -Wall -Wextra -Wsign-compare -Wundef -Wno-format-zero-length -Wpointer-arith -Wno-missing-braces -Wno-missing-field-initializers -Wno-missing-attributes -pipe -g3 -fvisibility=hidden -Wimplicit-fallthrough -O3 -funroll-loops -O0 -ffunction-sections -fdata-sections -fPIC -gdwarf-4 -fno-omit-frame-pointer -m64 -Wall -c -O0 -ffunction-sections -fdata-sections -fPIC -gdwarf-4 -fno-omit-frame-pointer -m64 -Wall -D_GNU_SOURCE -D_REENTRANT -Iinclude -Iinclude -DJEMALLOC_NO_PRIVATE_NAMESPACE -o src/decay.sym.o src/decay.c
[INFO] [stderr]   cc -std=gnu11 -Wall -Wextra -Wsign-compare -Wundef -Wno-format-zero-length -Wpointer-arith -Wno-missing-braces -Wno-missing-field-initializers -Wno-missing-attributes -pipe -g3 -fvisibility=hidden -Wimplicit-fallthrough -O3 -funroll-loops -O0 -ffunction-sections -fdata-sections -fPIC -gdwarf-4 -fno-omit-frame-pointer -m64 -Wall -c -O0 -ffunction-sections -fdata-sections -fPIC -gdwarf-4 -fno-omit-frame-pointer -m64 -Wall -D_GNU_SOURCE -D_REENTRANT -Iinclude -Iinclude -DJEMALLOC_NO_PRIVATE_NAMESPACE -o src/div.sym.o src/div.c
[INFO] [stderr]   cc -std=gnu11 -Wall -Wextra -Wsign-compare -Wundef -Wno-format-zero-length -Wpointer-arith -Wno-missing-braces -Wno-missing-field-initializers -Wno-missing-attributes -pipe -g3 -fvisibility=hidden -Wimplicit-fallthrough -O3 -funroll-loops -O0 -ffunction-sections -fdata-sections -fPIC -gdwarf-4 -fno-omit-frame-pointer -m64 -Wall -c -O0 -ffunction-sections -fdata-sections -fPIC -gdwarf-4 -fno-omit-frame-pointer -m64 -Wall -D_GNU_SOURCE -D_REENTRANT -Iinclude -Iinclude -DJEMALLOC_NO_PRIVATE_NAMESPACE -o src/ecache.sym.o src/ecache.c
[INFO] [stderr]   cc -std=gnu11 -Wall -Wextra -Wsign-compare -Wundef -Wno-format-zero-length -Wpointer-arith -Wno-missing-braces -Wno-missing-field-initializers -Wno-missing-attributes -pipe -g3 -fvisibility=hidden -Wimplicit-fallthrough -O3 -funroll-loops -O0 -ffunction-sections -fdata-sections -fPIC -gdwarf-4 -fno-omit-frame-pointer -m64 -Wall -c -O0 -ffunction-sections -fdata-sections -fPIC -gdwarf-4 -fno-omit-frame-pointer -m64 -Wall -D_GNU_SOURCE -D_REENTRANT -Iinclude -Iinclude -DJEMALLOC_NO_PRIVATE_NAMESPACE -o src/edata.sym.o src/edata.c
[INFO] [stderr]   cc -std=gnu11 -Wall -Wextra -Wsign-compare -Wundef -Wno-format-zero-length -Wpointer-arith -Wno-missing-braces -Wno-missing-field-initializers -Wno-missing-attributes -pipe -g3 -fvisibility=hidden -Wimplicit-fallthrough -O3 -funroll-loops -O0 -ffunction-sections -fdata-sections -fPIC -gdwarf-4 -fno-omit-frame-pointer -m64 -Wall -c -O0 -ffunction-sections -fdata-sections -fPIC -gdwarf-4 -fno-omit-frame-pointer -m64 -Wall -D_GNU_SOURCE -D_REENTRANT -Iinclude -Iinclude -DJEMALLOC_NO_PRIVATE_NAMESPACE -o src/edata_cache.sym.o src/edata_cache.c
[INFO] [stderr]   cc -std=gnu11 -Wall -Wextra -Wsign-compare -Wundef -Wno-format-zero-length -Wpointer-arith -Wno-missing-braces -Wno-missing-field-initializers -Wno-missing-attributes -pipe -g3 -fvisibility=hidden -Wimplicit-fallthrough -O3 -funroll-loops -O0 -ffunction-sections -fdata-sections -fPIC -gdwarf-4 -fno-omit-frame-pointer -m64 -Wall -c -O0 -ffunction-sections -fdata-sections -fPIC -gdwarf-4 -fno-omit-frame-pointer -m64 -Wall -D_GNU_SOURCE -D_REENTRANT -Iinclude -Iinclude -DJEMALLOC_NO_PRIVATE_NAMESPACE -o src/ehooks.sym.o src/ehooks.c
[INFO] [stderr]   cc -std=gnu11 -Wall -Wextra -Wsign-compare -Wundef -Wno-format-zero-length -Wpointer-arith -Wno-missing-braces -Wno-missing-field-initializers -Wno-missing-attributes -pipe -g3 -fvisibility=hidden -Wimplicit-fallthrough -O3 -funroll-loops -O0 -ffunction-sections -fdata-sections -fPIC -gdwarf-4 -fno-omit-frame-pointer -m64 -Wall -c -O0 -ffunction-sections -fdata-sections -fPIC -gdwarf-4 -fno-omit-frame-pointer -m64 -Wall -D_GNU_SOURCE -D_REENTRANT -Iinclude -Iinclude -DJEMALLOC_NO_PRIVATE_NAMESPACE -o src/emap.sym.o src/emap.c
[INFO] [stderr]   cc -std=gnu11 -Wall -Wextra -Wsign-compare -Wundef -Wno-format-zero-length -Wpointer-arith -Wno-missing-braces -Wno-missing-field-initializers -Wno-missing-attributes -pipe -g3 -fvisibility=hidden -Wimplicit-fallthrough -O3 -funroll-loops -O0 -ffunction-sections -fdata-sections -fPIC -gdwarf-4 -fno-omit-frame-pointer -m64 -Wall -c -O0 -ffunction-sections -fdata-sections -fPIC -gdwarf-4 -fno-omit-frame-pointer -m64 -Wall -D_GNU_SOURCE -D_REENTRANT -Iinclude -Iinclude -DJEMALLOC_NO_PRIVATE_NAMESPACE -o src/eset.sym.o src/eset.c
[INFO] [stderr]   cc -std=gnu11 -Wall -Wextra -Wsign-compare -Wundef -Wno-format-zero-length -Wpointer-arith -Wno-missing-braces -Wno-missing-field-initializers -Wno-missing-attributes -pipe -g3 -fvisibility=hidden -Wimplicit-fallthrough -O3 -funroll-loops -O0 -ffunction-sections -fdata-sections -fPIC -gdwarf-4 -fno-omit-frame-pointer -m64 -Wall -c -O0 -ffunction-sections -fdata-sections -fPIC -gdwarf-4 -fno-omit-frame-pointer -m64 -Wall -D_GNU_SOURCE -D_REENTRANT -Iinclude -Iinclude -DJEMALLOC_NO_PRIVATE_NAMESPACE -o src/extent.sym.o src/extent.c
[INFO] [stderr]   cc -std=gnu11 -Wall -Wextra -Wsign-compare -Wundef -Wno-format-zero-length -Wpointer-arith -Wno-missing-braces -Wno-missing-field-initializers -Wno-missing-attributes -pipe -g3 -fvisibility=hidden -Wimplicit-fallthrough -O3 -funroll-loops -O0 -ffunction-sections -fdata-sections -fPIC -gdwarf-4 -fno-omit-frame-pointer -m64 -Wall -c -O0 -ffunction-sections -fdata-sections -fPIC -gdwarf-4 -fno-omit-frame-pointer -m64 -Wall -D_GNU_SOURCE -D_REENTRANT -Iinclude -Iinclude -DJEMALLOC_NO_PRIVATE_NAMESPACE -o src/exp_grow.sym.o src/exp_grow.c
[INFO] [stderr]   cc -std=gnu11 -Wall -Wextra -Wsign-compare -Wundef -Wno-format-zero-length -Wpointer-arith -Wno-missing-braces -Wno-missing-field-initializers -Wno-missing-attributes -pipe -g3 -fvisibility=hidden -Wimplicit-fallthrough -O3 -funroll-loops -O0 -ffunction-sections -fdata-sections -fPIC -gdwarf-4 -fno-omit-frame-pointer -m64 -Wall -c -O0 -ffunction-sections -fdata-sections -fPIC -gdwarf-4 -fno-omit-frame-pointer -m64 -Wall -D_GNU_SOURCE -D_REENTRANT -Iinclude -Iinclude -DJEMALLOC_NO_PRIVATE_NAMESPACE -o src/extent_dss.sym.o src/extent_dss.c
[INFO] [stderr]   cc -std=gnu11 -Wall -Wextra -Wsign-compare -Wundef -Wno-format-zero-length -Wpointer-arith -Wno-missing-braces -Wno-missing-field-initializers -Wno-missing-attributes -pipe -g3 -fvisibility=hidden -Wimplicit-fallthrough -O3 -funroll-loops -O0 -ffunction-sections -fdata-sections -fPIC -gdwarf-4 -fno-omit-frame-pointer -m64 -Wall -c -O0 -ffunction-sections -fdata-sections -fPIC -gdwarf-4 -fno-omit-frame-pointer -m64 -Wall -D_GNU_SOURCE -D_REENTRANT -Iinclude -Iinclude -DJEMALLOC_NO_PRIVATE_NAMESPACE -o src/extent_mmap.sym.o src/extent_mmap.c
[INFO] [stderr]   cc -std=gnu11 -Wall -Wextra -Wsign-compare -Wundef -Wno-format-zero-length -Wpointer-arith -Wno-missing-braces -Wno-missing-field-initializers -Wno-missing-attributes -pipe -g3 -fvisibility=hidden -Wimplicit-fallthrough -O3 -funroll-loops -O0 -ffunction-sections -fdata-sections -fPIC -gdwarf-4 -fno-omit-frame-pointer -m64 -Wall -c -O0 -ffunction-sections -fdata-sections -fPIC -gdwarf-4 -fno-omit-frame-pointer -m64 -Wall -D_GNU_SOURCE -D_REENTRANT -Iinclude -Iinclude -DJEMALLOC_NO_PRIVATE_NAMESPACE -o src/fxp.sym.o src/fxp.c
[INFO] [stderr]   cc -std=gnu11 -Wall -Wextra -Wsign-compare -Wundef -Wno-format-zero-length -Wpointer-arith -Wno-missing-braces -Wno-missing-field-initializers -Wno-missing-attributes -pipe -g3 -fvisibility=hidden -Wimplicit-fallthrough -O3 -funroll-loops -O0 -ffunction-sections -fdata-sections -fPIC -gdwarf-4 -fno-omit-frame-pointer -m64 -Wall -c -O0 -ffunction-sections -fdata-sections -fPIC -gdwarf-4 -fno-omit-frame-pointer -m64 -Wall -D_GNU_SOURCE -D_REENTRANT -Iinclude -Iinclude -DJEMALLOC_NO_PRIVATE_NAMESPACE -o src/san.sym.o src/san.c
[INFO] [stderr]   cc -std=gnu11 -Wall -Wextra -Wsign-compare -Wundef -Wno-format-zero-length -Wpointer-arith -Wno-missing-braces -Wno-missing-field-initializers -Wno-missing-attributes -pipe -g3 -fvisibility=hidden -Wimplicit-fallthrough -O3 -funroll-loops -O0 -ffunction-sections -fdata-sections -fPIC -gdwarf-4 -fno-omit-frame-pointer -m64 -Wall -c -O0 -ffunction-sections -fdata-sections -fPIC -gdwarf-4 -fno-omit-frame-pointer -m64 -Wall -D_GNU_SOURCE -D_REENTRANT -Iinclude -Iinclude -DJEMALLOC_NO_PRIVATE_NAMESPACE -o src/san_bump.sym.o src/san_bump.c
[INFO] [stderr]   cc -std=gnu11 -Wall -Wextra -Wsign-compare -Wundef -Wno-format-zero-length -Wpointer-arith -Wno-missing-braces -Wno-missing-field-initializers -Wno-missing-attributes -pipe -g3 -fvisibility=hidden -Wimplicit-fallthrough -O3 -funroll-loops -O0 -ffunction-sections -fdata-sections -fPIC -gdwarf-4 -fno-omit-frame-pointer -m64 -Wall -c -O0 -ffunction-sections -fdata-sections -fPIC -gdwarf-4 -fno-omit-frame-pointer -m64 -Wall -D_GNU_SOURCE -D_REENTRANT -Iinclude -Iinclude -DJEMALLOC_NO_PRIVATE_NAMESPACE -o src/hook.sym.o src/hook.c
[INFO] [stderr]   cc -std=gnu11 -Wall -Wextra -Wsign-compare -Wundef -Wno-format-zero-length -Wpointer-arith -Wno-missing-braces -Wno-missing-field-initializers -Wno-missing-attributes -pipe -g3 -fvisibility=hidden -Wimplicit-fallthrough -O3 -funroll-loops -O0 -ffunction-sections -fdata-sections -fPIC -gdwarf-4 -fno-omit-frame-pointer -m64 -Wall -c -O0 -ffunction-sections -fdata-sections -fPIC -gdwarf-4 -fno-omit-frame-pointer -m64 -Wall -D_GNU_SOURCE -D_REENTRANT -Iinclude -Iinclude -DJEMALLOC_NO_PRIVATE_NAMESPACE -o src/hpa.sym.o src/hpa.c
[INFO] [stderr]   cc -std=gnu11 -Wall -Wextra -Wsign-compare -Wundef -Wno-format-zero-length -Wpointer-arith -Wno-missing-braces -Wno-missing-field-initializers -Wno-missing-attributes -pipe -g3 -fvisibility=hidden -Wimplicit-fallthrough -O3 -funroll-loops -O0 -ffunction-sections -fdata-sections -fPIC -gdwarf-4 -fno-omit-frame-pointer -m64 -Wall -c -O0 -ffunction-sections -fdata-sections -fPIC -gdwarf-4 -fno-omit-frame-pointer -m64 -Wall -D_GNU_SOURCE -D_REENTRANT -Iinclude -Iinclude -DJEMALLOC_NO_PRIVATE_NAMESPACE -o src/hpa_hooks.sym.o src/hpa_hooks.c
[INFO] [stderr]   cc -std=gnu11 -Wall -Wextra -Wsign-compare -Wundef -Wno-format-zero-length -Wpointer-arith -Wno-missing-braces -Wno-missing-field-initializers -Wno-missing-attributes -pipe -g3 -fvisibility=hidden -Wimplicit-fallthrough -O3 -funroll-loops -O0 -ffunction-sections -fdata-sections -fPIC -gdwarf-4 -fno-omit-frame-pointer -m64 -Wall -c -O0 -ffunction-sections -fdata-sections -fPIC -gdwarf-4 -fno-omit-frame-pointer -m64 -Wall -D_GNU_SOURCE -D_REENTRANT -Iinclude -Iinclude -DJEMALLOC_NO_PRIVATE_NAMESPACE -o src/hpdata.sym.o src/hpdata.c
[INFO] [stderr]   cc -std=gnu11 -Wall -Wextra -Wsign-compare -Wundef -Wno-format-zero-length -Wpointer-arith -Wno-missing-braces -Wno-missing-field-initializers -Wno-missing-attributes -pipe -g3 -fvisibility=hidden -Wimplicit-fallthrough -O3 -funroll-loops -O0 -ffunction-sections -fdata-sections -fPIC -gdwarf-4 -fno-omit-frame-pointer -m64 -Wall -c -O0 -ffunction-sections -fdata-sections -fPIC -gdwarf-4 -fno-omit-frame-pointer -m64 -Wall -D_GNU_SOURCE -D_REENTRANT -Iinclude -Iinclude -DJEMALLOC_NO_PRIVATE_NAMESPACE -o src/inspect.sym.o src/inspect.c
[INFO] [stderr]   cc -std=gnu11 -Wall -Wextra -Wsign-compare -Wundef -Wno-format-zero-length -Wpointer-arith -Wno-missing-braces -Wno-missing-field-initializers -Wno-missing-attributes -pipe -g3 -fvisibility=hidden -Wimplicit-fallthrough -O3 -funroll-loops -O0 -ffunction-sections -fdata-sections -fPIC -gdwarf-4 -fno-omit-frame-pointer -m64 -Wall -c -O0 -ffunction-sections -fdata-sections -fPIC -gdwarf-4 -fno-omit-frame-pointer -m64 -Wall -D_GNU_SOURCE -D_REENTRANT -Iinclude -Iinclude -DJEMALLOC_NO_PRIVATE_NAMESPACE -o src/large.sym.o src/large.c
[INFO] [stderr]   cc -std=gnu11 -Wall -Wextra -Wsign-compare -Wundef -Wno-format-zero-length -Wpointer-arith -Wno-missing-braces -Wno-missing-field-initializers -Wno-missing-attributes -pipe -g3 -fvisibility=hidden -Wimplicit-fallthrough -O3 -funroll-loops -O0 -ffunction-sections -fdata-sections -fPIC -gdwarf-4 -fno-omit-frame-pointer -m64 -Wall -c -O0 -ffunction-sections -fdata-sections -fPIC -gdwarf-4 -fno-omit-frame-pointer -m64 -Wall -D_GNU_SOURCE -D_REENTRANT -Iinclude -Iinclude -DJEMALLOC_NO_PRIVATE_NAMESPACE -o src/log.sym.o src/log.c
[INFO] [stderr]   cc -std=gnu11 -Wall -Wextra -Wsign-compare -Wundef -Wno-format-zero-length -Wpointer-arith -Wno-missing-braces -Wno-missing-field-initializers -Wno-missing-attributes -pipe -g3 -fvisibility=hidden -Wimplicit-fallthrough -O3 -funroll-loops -O0 -ffunction-sections -fdata-sections -fPIC -gdwarf-4 -fno-omit-frame-pointer -m64 -Wall -c -O0 -ffunction-sections -fdata-sections -fPIC -gdwarf-4 -fno-omit-frame-pointer -m64 -Wall -D_GNU_SOURCE -D_REENTRANT -Iinclude -Iinclude -DJEMALLOC_NO_PRIVATE_NAMESPACE -o src/malloc_io.sym.o src/malloc_io.c
[INFO] [stderr]   cc -std=gnu11 -Wall -Wextra -Wsign-compare -Wundef -Wno-format-zero-length -Wpointer-arith -Wno-missing-braces -Wno-missing-field-initializers -Wno-missing-attributes -pipe -g3 -fvisibility=hidden -Wimplicit-fallthrough -O3 -funroll-loops -O0 -ffunction-sections -fdata-sections -fPIC -gdwarf-4 -fno-omit-frame-pointer -m64 -Wall -c -O0 -ffunction-sections -fdata-sections -fPIC -gdwarf-4 -fno-omit-frame-pointer -m64 -Wall -D_GNU_SOURCE -D_REENTRANT -Iinclude -Iinclude -DJEMALLOC_NO_PRIVATE_NAMESPACE -o src/mutex.sym.o src/mutex.c
[INFO] [stderr]   cc -std=gnu11 -Wall -Wextra -Wsign-compare -Wundef -Wno-format-zero-length -Wpointer-arith -Wno-missing-braces -Wno-missing-field-initializers -Wno-missing-attributes -pipe -g3 -fvisibility=hidden -Wimplicit-fallthrough -O3 -funroll-loops -O0 -ffunction-sections -fdata-sections -fPIC -gdwarf-4 -fno-omit-frame-pointer -m64 -Wall -c -O0 -ffunction-sections -fdata-sections -fPIC -gdwarf-4 -fno-omit-frame-pointer -m64 -Wall -D_GNU_SOURCE -D_REENTRANT -Iinclude -Iinclude -DJEMALLOC_NO_PRIVATE_NAMESPACE -o src/nstime.sym.o src/nstime.c
[INFO] [stderr]   cc -std=gnu11 -Wall -Wextra -Wsign-compare -Wundef -Wno-format-zero-length -Wpointer-arith -Wno-missing-braces -Wno-missing-field-initializers -Wno-missing-attributes -pipe -g3 -fvisibility=hidden -Wimplicit-fallthrough -O3 -funroll-loops -O0 -ffunction-sections -fdata-sections -fPIC -gdwarf-4 -fno-omit-frame-pointer -m64 -Wall -c -O0 -ffunction-sections -fdata-sections -fPIC -gdwarf-4 -fno-omit-frame-pointer -m64 -Wall -D_GNU_SOURCE -D_REENTRANT -Iinclude -Iinclude -DJEMALLOC_NO_PRIVATE_NAMESPACE -o src/pa.sym.o src/pa.c
[INFO] [stderr]   cc -std=gnu11 -Wall -Wextra -Wsign-compare -Wundef -Wno-format-zero-length -Wpointer-arith -Wno-missing-braces -Wno-missing-field-initializers -Wno-missing-attributes -pipe -g3 -fvisibility=hidden -Wimplicit-fallthrough -O3 -funroll-loops -O0 -ffunction-sections -fdata-sections -fPIC -gdwarf-4 -fno-omit-frame-pointer -m64 -Wall -c -O0 -ffunction-sections -fdata-sections -fPIC -gdwarf-4 -fno-omit-frame-pointer -m64 -Wall -D_GNU_SOURCE -D_REENTRANT -Iinclude -Iinclude -DJEMALLOC_NO_PRIVATE_NAMESPACE -o src/pa_extra.sym.o src/pa_extra.c
[INFO] [stderr]   cc -std=gnu11 -Wall -Wextra -Wsign-compare -Wundef -Wno-format-zero-length -Wpointer-arith -Wno-missing-braces -Wno-missing-field-initializers -Wno-missing-attributes -pipe -g3 -fvisibility=hidden -Wimplicit-fallthrough -O3 -funroll-loops -O0 -ffunction-sections -fdata-sections -fPIC -gdwarf-4 -fno-omit-frame-pointer -m64 -Wall -c -O0 -ffunction-sections -fdata-sections -fPIC -gdwarf-4 -fno-omit-frame-pointer -m64 -Wall -D_GNU_SOURCE -D_REENTRANT -Iinclude -Iinclude -DJEMALLOC_NO_PRIVATE_NAMESPACE -o src/pai.sym.o src/pai.c
[INFO] [stderr]   cc -std=gnu11 -Wall -Wextra -Wsign-compare -Wundef -Wno-format-zero-length -Wpointer-arith -Wno-missing-braces -Wno-missing-field-initializers -Wno-missing-attributes -pipe -g3 -fvisibility=hidden -Wimplicit-fallthrough -O3 -funroll-loops -O0 -ffunction-sections -fdata-sections -fPIC -gdwarf-4 -fno-omit-frame-pointer -m64 -Wall -c -O0 -ffunction-sections -fdata-sections -fPIC -gdwarf-4 -fno-omit-frame-pointer -m64 -Wall -D_GNU_SOURCE -D_REENTRANT -Iinclude -Iinclude -DJEMALLOC_NO_PRIVATE_NAMESPACE -o src/pac.sym.o src/pac.c
[INFO] [stderr]   cc -std=gnu11 -Wall -Wextra -Wsign-compare -Wundef -Wno-format-zero-length -Wpointer-arith -Wno-missing-braces -Wno-missing-field-initializers -Wno-missing-attributes -pipe -g3 -fvisibility=hidden -Wimplicit-fallthrough -O3 -funroll-loops -O0 -ffunction-sections -fdata-sections -fPIC -gdwarf-4 -fno-omit-frame-pointer -m64 -Wall -c -O0 -ffunction-sections -fdata-sections -fPIC -gdwarf-4 -fno-omit-frame-pointer -m64 -Wall -D_GNU_SOURCE -D_REENTRANT -Iinclude -Iinclude -DJEMALLOC_NO_PRIVATE_NAMESPACE -o src/pages.sym.o src/pages.c
[INFO] [stderr]   cc -std=gnu11 -Wall -Wextra -Wsign-compare -Wundef -Wno-format-zero-length -Wpointer-arith -Wno-missing-braces -Wno-missing-field-initializers -Wno-missing-attributes -pipe -g3 -fvisibility=hidden -Wimplicit-fallthrough -O3 -funroll-loops -O0 -ffunction-sections -fdata-sections -fPIC -gdwarf-4 -fno-omit-frame-pointer -m64 -Wall -c -O0 -ffunction-sections -fdata-sections -fPIC -gdwarf-4 -fno-omit-frame-pointer -m64 -Wall -D_GNU_SOURCE -D_REENTRANT -Iinclude -Iinclude -DJEMALLOC_NO_PRIVATE_NAMESPACE -o src/peak_event.sym.o src/peak_event.c
[INFO] [stderr]   cc -std=gnu11 -Wall -Wextra -Wsign-compare -Wundef -Wno-format-zero-length -Wpointer-arith -Wno-missing-braces -Wno-missing-field-initializers -Wno-missing-attributes -pipe -g3 -fvisibility=hidden -Wimplicit-fallthrough -O3 -funroll-loops -O0 -ffunction-sections -fdata-sections -fPIC -gdwarf-4 -fno-omit-frame-pointer -m64 -Wall -c -O0 -ffunction-sections -fdata-sections -fPIC -gdwarf-4 -fno-omit-frame-pointer -m64 -Wall -D_GNU_SOURCE -D_REENTRANT -Iinclude -Iinclude -DJEMALLOC_NO_PRIVATE_NAMESPACE -o src/prof.sym.o src/prof.c
[INFO] [stderr]   cc -std=gnu11 -Wall -Wextra -Wsign-compare -Wundef -Wno-format-zero-length -Wpointer-arith -Wno-missing-braces -Wno-missing-field-initializers -Wno-missing-attributes -pipe -g3 -fvisibility=hidden -Wimplicit-fallthrough -O3 -funroll-loops -O0 -ffunction-sections -fdata-sections -fPIC -gdwarf-4 -fno-omit-frame-pointer -m64 -Wall -c -O0 -ffunction-sections -fdata-sections -fPIC -gdwarf-4 -fno-omit-frame-pointer -m64 -Wall -D_GNU_SOURCE -D_REENTRANT -Iinclude -Iinclude -DJEMALLOC_NO_PRIVATE_NAMESPACE -o src/prof_data.sym.o src/prof_data.c
[INFO] [stderr]   cc -std=gnu11 -Wall -Wextra -Wsign-compare -Wundef -Wno-format-zero-length -Wpointer-arith -Wno-missing-braces -Wno-missing-field-initializers -Wno-missing-attributes -pipe -g3 -fvisibility=hidden -Wimplicit-fallthrough -O3 -funroll-loops -O0 -ffunction-sections -fdata-sections -fPIC -gdwarf-4 -fno-omit-frame-pointer -m64 -Wall -c -O0 -ffunction-sections -fdata-sections -fPIC -gdwarf-4 -fno-omit-frame-pointer -m64 -Wall -D_GNU_SOURCE -D_REENTRANT -Iinclude -Iinclude -DJEMALLOC_NO_PRIVATE_NAMESPACE -o src/prof_log.sym.o src/prof_log.c
[INFO] [stderr]   cc -std=gnu11 -Wall -Wextra -Wsign-compare -Wundef -Wno-format-zero-length -Wpointer-arith -Wno-missing-braces -Wno-missing-field-initializers -Wno-missing-attributes -pipe -g3 -fvisibility=hidden -Wimplicit-fallthrough -O3 -funroll-loops -O0 -ffunction-sections -fdata-sections -fPIC -gdwarf-4 -fno-omit-frame-pointer -m64 -Wall -c -O0 -ffunction-sections -fdata-sections -fPIC -gdwarf-4 -fno-omit-frame-pointer -m64 -Wall -D_GNU_SOURCE -D_REENTRANT -Iinclude -Iinclude -DJEMALLOC_NO_PRIVATE_NAMESPACE -o src/prof_recent.sym.o src/prof_recent.c
[INFO] [stderr]   cc -std=gnu11 -Wall -Wextra -Wsign-compare -Wundef -Wno-format-zero-length -Wpointer-arith -Wno-missing-braces -Wno-missing-field-initializers -Wno-missing-attributes -pipe -g3 -fvisibility=hidden -Wimplicit-fallthrough -O3 -funroll-loops -O0 -ffunction-sections -fdata-sections -fPIC -gdwarf-4 -fno-omit-frame-pointer -m64 -Wall -c -O0 -ffunction-sections -fdata-sections -fPIC -gdwarf-4 -fno-omit-frame-pointer -m64 -Wall -D_GNU_SOURCE -D_REENTRANT -Iinclude -Iinclude -DJEMALLOC_NO_PRIVATE_NAMESPACE -o src/prof_stats.sym.o src/prof_stats.c
[INFO] [stderr]   cc -std=gnu11 -Wall -Wextra -Wsign-compare -Wundef -Wno-format-zero-length -Wpointer-arith -Wno-missing-braces -Wno-missing-field-initializers -Wno-missing-attributes -pipe -g3 -fvisibility=hidden -Wimplicit-fallthrough -O3 -funroll-loops -O0 -ffunction-sections -fdata-sections -fPIC -gdwarf-4 -fno-omit-frame-pointer -m64 -Wall -c -O0 -ffunction-sections -fdata-sections -fPIC -gdwarf-4 -fno-omit-frame-pointer -m64 -Wall -D_GNU_SOURCE -D_REENTRANT -Iinclude -Iinclude -DJEMALLOC_NO_PRIVATE_NAMESPACE -o src/prof_sys.sym.o src/prof_sys.c
[INFO] [stderr]   cc -std=gnu11 -Wall -Wextra -Wsign-compare -Wundef -Wno-format-zero-length -Wpointer-arith -Wno-missing-braces -Wno-missing-field-initializers -Wno-missing-attributes -pipe -g3 -fvisibility=hidden -Wimplicit-fallthrough -O3 -funroll-loops -O0 -ffunction-sections -fdata-sections -fPIC -gdwarf-4 -fno-omit-frame-pointer -m64 -Wall -c -O0 -ffunction-sections -fdata-sections -fPIC -gdwarf-4 -fno-omit-frame-pointer -m64 -Wall -D_GNU_SOURCE -D_REENTRANT -Iinclude -Iinclude -DJEMALLOC_NO_PRIVATE_NAMESPACE -o src/psset.sym.o src/psset.c
[INFO] [stderr]   cc -std=gnu11 -Wall -Wextra -Wsign-compare -Wundef -Wno-format-zero-length -Wpointer-arith -Wno-missing-braces -Wno-missing-field-initializers -Wno-missing-attributes -pipe -g3 -fvisibility=hidden -Wimplicit-fallthrough -O3 -funroll-loops -O0 -ffunction-sections -fdata-sections -fPIC -gdwarf-4 -fno-omit-frame-pointer -m64 -Wall -c -O0 -ffunction-sections -fdata-sections -fPIC -gdwarf-4 -fno-omit-frame-pointer -m64 -Wall -D_GNU_SOURCE -D_REENTRANT -Iinclude -Iinclude -DJEMALLOC_NO_PRIVATE_NAMESPACE -o src/rtree.sym.o src/rtree.c
[INFO] [stderr]   cc -std=gnu11 -Wall -Wextra -Wsign-compare -Wundef -Wno-format-zero-length -Wpointer-arith -Wno-missing-braces -Wno-missing-field-initializers -Wno-missing-attributes -pipe -g3 -fvisibility=hidden -Wimplicit-fallthrough -O3 -funroll-loops -O0 -ffunction-sections -fdata-sections -fPIC -gdwarf-4 -fno-omit-frame-pointer -m64 -Wall -c -O0 -ffunction-sections -fdata-sections -fPIC -gdwarf-4 -fno-omit-frame-pointer -m64 -Wall -D_GNU_SOURCE -D_REENTRANT -Iinclude -Iinclude -DJEMALLOC_NO_PRIVATE_NAMESPACE -o src/safety_check.sym.o src/safety_check.c
[INFO] [stderr]   cc -std=gnu11 -Wall -Wextra -Wsign-compare -Wundef -Wno-format-zero-length -Wpointer-arith -Wno-missing-braces -Wno-missing-field-initializers -Wno-missing-attributes -pipe -g3 -fvisibility=hidden -Wimplicit-fallthrough -O3 -funroll-loops -O0 -ffunction-sections -fdata-sections -fPIC -gdwarf-4 -fno-omit-frame-pointer -m64 -Wall -c -O0 -ffunction-sections -fdata-sections -fPIC -gdwarf-4 -fno-omit-frame-pointer -m64 -Wall -D_GNU_SOURCE -D_REENTRANT -Iinclude -Iinclude -DJEMALLOC_NO_PRIVATE_NAMESPACE -o src/sc.sym.o src/sc.c
[INFO] [stderr]   cc -std=gnu11 -Wall -Wextra -Wsign-compare -Wundef -Wno-format-zero-length -Wpointer-arith -Wno-missing-braces -Wno-missing-field-initializers -Wno-missing-attributes -pipe -g3 -fvisibility=hidden -Wimplicit-fallthrough -O3 -funroll-loops -O0 -ffunction-sections -fdata-sections -fPIC -gdwarf-4 -fno-omit-frame-pointer -m64 -Wall -c -O0 -ffunction-sections -fdata-sections -fPIC -gdwarf-4 -fno-omit-frame-pointer -m64 -Wall -D_GNU_SOURCE -D_REENTRANT -Iinclude -Iinclude -DJEMALLOC_NO_PRIVATE_NAMESPACE -o src/sec.sym.o src/sec.c
[INFO] [stderr]   cc -std=gnu11 -Wall -Wextra -Wsign-compare -Wundef -Wno-format-zero-length -Wpointer-arith -Wno-missing-braces -Wno-missing-field-initializers -Wno-missing-attributes -pipe -g3 -fvisibility=hidden -Wimplicit-fallthrough -O3 -funroll-loops -O0 -ffunction-sections -fdata-sections -fPIC -gdwarf-4 -fno-omit-frame-pointer -m64 -Wall -c -O0 -ffunction-sections -fdata-sections -fPIC -gdwarf-4 -fno-omit-frame-pointer -m64 -Wall -D_GNU_SOURCE -D_REENTRANT -Iinclude -Iinclude -DJEMALLOC_NO_PRIVATE_NAMESPACE -o src/stats.sym.o src/stats.c
[INFO] [stderr]   cc -std=gnu11 -Wall -Wextra -Wsign-compare -Wundef -Wno-format-zero-length -Wpointer-arith -Wno-missing-braces -Wno-missing-field-initializers -Wno-missing-attributes -pipe -g3 -fvisibility=hidden -Wimplicit-fallthrough -O3 -funroll-loops -O0 -ffunction-sections -fdata-sections -fPIC -gdwarf-4 -fno-omit-frame-pointer -m64 -Wall -c -O0 -ffunction-sections -fdata-sections -fPIC -gdwarf-4 -fno-omit-frame-pointer -m64 -Wall -D_GNU_SOURCE -D_REENTRANT -Iinclude -Iinclude -DJEMALLOC_NO_PRIVATE_NAMESPACE -o src/sz.sym.o src/sz.c
[INFO] [stderr]   cc -std=gnu11 -Wall -Wextra -Wsign-compare -Wundef -Wno-format-zero-length -Wpointer-arith -Wno-missing-braces -Wno-missing-field-initializers -Wno-missing-attributes -pipe -g3 -fvisibility=hidden -Wimplicit-fallthrough -O3 -funroll-loops -O0 -ffunction-sections -fdata-sections -fPIC -gdwarf-4 -fno-omit-frame-pointer -m64 -Wall -c -O0 -ffunction-sections -fdata-sections -fPIC -gdwarf-4 -fno-omit-frame-pointer -m64 -Wall -D_GNU_SOURCE -D_REENTRANT -Iinclude -Iinclude -DJEMALLOC_NO_PRIVATE_NAMESPACE -o src/tcache.sym.o src/tcache.c
[INFO] [stderr]   cc -std=gnu11 -Wall -Wextra -Wsign-compare -Wundef -Wno-format-zero-length -Wpointer-arith -Wno-missing-braces -Wno-missing-field-initializers -Wno-missing-attributes -pipe -g3 -fvisibility=hidden -Wimplicit-fallthrough -O3 -funroll-loops -O0 -ffunction-sections -fdata-sections -fPIC -gdwarf-4 -fno-omit-frame-pointer -m64 -Wall -c -O0 -ffunction-sections -fdata-sections -fPIC -gdwarf-4 -fno-omit-frame-pointer -m64 -Wall -D_GNU_SOURCE -D_REENTRANT -Iinclude -Iinclude -DJEMALLOC_NO_PRIVATE_NAMESPACE -o src/test_hooks.sym.o src/test_hooks.c
[INFO] [stderr]   cc -std=gnu11 -Wall -Wextra -Wsign-compare -Wundef -Wno-format-zero-length -Wpointer-arith -Wno-missing-braces -Wno-missing-field-initializers -Wno-missing-attributes -pipe -g3 -fvisibility=hidden -Wimplicit-fallthrough -O3 -funroll-loops -O0 -ffunction-sections -fdata-sections -fPIC -gdwarf-4 -fno-omit-frame-pointer -m64 -Wall -c -O0 -ffunction-sections -fdata-sections -fPIC -gdwarf-4 -fno-omit-frame-pointer -m64 -Wall -D_GNU_SOURCE -D_REENTRANT -Iinclude -Iinclude -DJEMALLOC_NO_PRIVATE_NAMESPACE -o src/thread_event.sym.o src/thread_event.c
[INFO] [stderr]   cc -std=gnu11 -Wall -Wextra -Wsign-compare -Wundef -Wno-format-zero-length -Wpointer-arith -Wno-missing-braces -Wno-missing-field-initializers -Wno-missing-attributes -pipe -g3 -fvisibility=hidden -Wimplicit-fallthrough -O3 -funroll-loops -O0 -ffunction-sections -fdata-sections -fPIC -gdwarf-4 -fno-omit-frame-pointer -m64 -Wall -c -O0 -ffunction-sections -fdata-sections -fPIC -gdwarf-4 -fno-omit-frame-pointer -m64 -Wall -D_GNU_SOURCE -D_REENTRANT -Iinclude -Iinclude -DJEMALLOC_NO_PRIVATE_NAMESPACE -o src/ticker.sym.o src/ticker.c
[INFO] [stderr]   cc -std=gnu11 -Wall -Wextra -Wsign-compare -Wundef -Wno-format-zero-length -Wpointer-arith -Wno-missing-braces -Wno-missing-field-initializers -Wno-missing-attributes -pipe -g3 -fvisibility=hidden -Wimplicit-fallthrough -O3 -funroll-loops -O0 -ffunction-sections -fdata-sections -fPIC -gdwarf-4 -fno-omit-frame-pointer -m64 -Wall -c -O0 -ffunction-sections -fdata-sections -fPIC -gdwarf-4 -fno-omit-frame-pointer -m64 -Wall -D_GNU_SOURCE -D_REENTRANT -Iinclude -Iinclude -DJEMALLOC_NO_PRIVATE_NAMESPACE -o src/tsd.sym.o src/tsd.c
[INFO] [stderr]   cc -std=gnu11 -Wall -Wextra -Wsign-compare -Wundef -Wno-format-zero-length -Wpointer-arith -Wno-missing-braces -Wno-missing-field-initializers -Wno-missing-attributes -pipe -g3 -fvisibility=hidden -Wimplicit-fallthrough -O3 -funroll-loops -O0 -ffunction-sections -fdata-sections -fPIC -gdwarf-4 -fno-omit-frame-pointer -m64 -Wall -c -O0 -ffunction-sections -fdata-sections -fPIC -gdwarf-4 -fno-omit-frame-pointer -m64 -Wall -D_GNU_SOURCE -D_REENTRANT -Iinclude -Iinclude -DJEMALLOC_NO_PRIVATE_NAMESPACE -o src/witness.sym.o src/witness.c
[INFO] [stderr]   nm -a src/arena.sym.o | mawk -f include/jemalloc/internal/private_symbols.awk > src/arena.sym
[INFO] [stderr]   nm -a src/background_thread.sym.o | mawk -f include/jemalloc/internal/private_symbols.awk > src/background_thread.sym
[INFO] [stderr]   nm -a src/base.sym.o | mawk -f include/jemalloc/internal/private_symbols.awk > src/base.sym
[INFO] [stderr]   nm -a src/bin.sym.o | mawk -f include/jemalloc/internal/private_symbols.awk > src/bin.sym
[INFO] [stderr]   nm -a src/bin_info.sym.o | mawk -f include/jemalloc/internal/private_symbols.awk > src/bin_info.sym
[INFO] [stderr]   nm -a src/bitmap.sym.o | mawk -f include/jemalloc/internal/private_symbols.awk > src/bitmap.sym
[INFO] [stderr]   nm -a src/buf_writer.sym.o | mawk -f include/jemalloc/internal/private_symbols.awk > src/buf_writer.sym
[INFO] [stderr]   nm -a src/cache_bin.sym.o | mawk -f include/jemalloc/internal/private_symbols.awk > src/cache_bin.sym
[INFO] [stderr]   nm -a src/ckh.sym.o | mawk -f include/jemalloc/internal/private_symbols.awk > src/ckh.sym
[INFO] [stderr]   nm -a src/ctl.sym.o | mawk -f include/jemalloc/internal/private_symbols.awk > src/ctl.sym
[INFO] [stderr]   nm -a src/counter.sym.o | mawk -f include/jemalloc/internal/private_symbols.awk > src/counter.sym
[INFO] [stderr]   nm -a src/decay.sym.o | mawk -f include/jemalloc/internal/private_symbols.awk > src/decay.sym
[INFO] [stderr]   nm -a src/div.sym.o | mawk -f include/jemalloc/internal/private_symbols.awk > src/div.sym
[INFO] [stderr]   nm -a src/ecache.sym.o | mawk -f include/jemalloc/internal/private_symbols.awk > src/ecache.sym
[INFO] [stderr]   nm -a src/edata_cache.sym.o | mawk -f include/jemalloc/internal/private_symbols.awk > src/edata_cache.sym
[INFO] [stderr]   nm -a src/edata.sym.o | mawk -f include/jemalloc/internal/private_symbols.awk > src/edata.sym
[INFO] [stderr]   nm -a src/ehooks.sym.o | mawk -f include/jemalloc/internal/private_symbols.awk > src/ehooks.sym
[INFO] [stderr]   nm -a src/emap.sym.o | mawk -f include/jemalloc/internal/private_symbols.awk > src/emap.sym
[INFO] [stderr]   nm -a src/eset.sym.o | mawk -f include/jemalloc/internal/private_symbols.awk > src/eset.sym
[INFO] [stderr]   nm -a src/exp_grow.sym.o | mawk -f include/jemalloc/internal/private_symbols.awk > src/exp_grow.sym
[INFO] [stderr]   nm -a src/extent.sym.o | mawk -f include/jemalloc/internal/private_symbols.awk > src/extent.sym
[INFO] [stderr]   nm -a src/extent_dss.sym.o | mawk -f include/jemalloc/internal/private_symbols.awk > src/extent_dss.sym
[INFO] [stderr]   nm -a src/extent_mmap.sym.o | mawk -f include/jemalloc/internal/private_symbols.awk > src/extent_mmap.sym
[INFO] [stderr]   nm -a src/fxp.sym.o | mawk -f include/jemalloc/internal/private_symbols.awk > src/fxp.sym
[INFO] [stderr]   nm -a src/san.sym.o | mawk -f include/jemalloc/internal/private_symbols.awk > src/san.sym
[INFO] [stderr]   nm -a src/san_bump.sym.o | mawk -f include/jemalloc/internal/private_symbols.awk > src/san_bump.sym
[INFO] [stderr]   nm -a src/hook.sym.o | mawk -f include/jemalloc/internal/private_symbols.awk > src/hook.sym
[INFO] [stderr]   nm -a src/hpa.sym.o | mawk -f include/jemalloc/internal/private_symbols.awk > src/hpa.sym
[INFO] [stderr]   nm -a src/hpdata.sym.o | mawk -f include/jemalloc/internal/private_symbols.awk > src/hpdata.sym
[INFO] [stderr]   nm -a src/hpa_hooks.sym.o | mawk -f include/jemalloc/internal/private_symbols.awk > src/hpa_hooks.sym
[INFO] [stderr]   nm -a src/inspect.sym.o | mawk -f include/jemalloc/internal/private_symbols.awk > src/inspect.sym
[INFO] [stderr]   nm -a src/large.sym.o | mawk -f include/jemalloc/internal/private_symbols.awk > src/large.sym
[INFO] [stderr]   nm -a src/log.sym.o | mawk -f include/jemalloc/internal/private_symbols.awk > src/log.sym
[INFO] [stderr]   nm -a src/malloc_io.sym.o | mawk -f include/jemalloc/internal/private_symbols.awk > src/malloc_io.sym
[INFO] [stderr]   nm -a src/mutex.sym.o | mawk -f include/jemalloc/internal/private_symbols.awk > src/mutex.sym
[INFO] [stderr]   nm -a src/nstime.sym.o | mawk -f include/jemalloc/internal/private_symbols.awk > src/nstime.sym
[INFO] [stderr]   nm -a src/pa.sym.o | mawk -f include/jemalloc/internal/private_symbols.awk > src/pa.sym
[INFO] [stderr]   nm -a src/pa_extra.sym.o | mawk -f include/jemalloc/internal/private_symbols.awk > src/pa_extra.sym
[INFO] [stderr]   nm -a src/pai.sym.o | mawk -f include/jemalloc/internal/private_symbols.awk > src/pai.sym
[INFO] [stderr]   nm -a src/pac.sym.o | mawk -f include/jemalloc/internal/private_symbols.awk > src/pac.sym
[INFO] [stderr]   nm -a src/pages.sym.o | mawk -f include/jemalloc/internal/private_symbols.awk > src/pages.sym
[INFO] [stderr]   nm -a src/peak_event.sym.o | mawk -f include/jemalloc/internal/private_symbols.awk > src/peak_event.sym
[INFO] [stderr]   nm -a src/prof.sym.o | mawk -f include/jemalloc/internal/private_symbols.awk > src/prof.sym
[INFO] [stderr]   nm -a src/prof_data.sym.o | mawk -f include/jemalloc/internal/private_symbols.awk > src/prof_data.sym
[INFO] [stderr]   nm -a src/prof_log.sym.o | mawk -f include/jemalloc/internal/private_symbols.awk > src/prof_log.sym
[INFO] [stderr]   nm -a src/prof_recent.sym.o | mawk -f include/jemalloc/internal/private_symbols.awk > src/prof_recent.sym
[INFO] [stderr]   nm -a src/prof_stats.sym.o | mawk -f include/jemalloc/internal/private_symbols.awk > src/prof_stats.sym
[INFO] [stderr]   nm -a src/prof_sys.sym.o | mawk -f include/jemalloc/internal/private_symbols.awk > src/prof_sys.sym
[INFO] [stderr]   nm -a src/psset.sym.o | mawk -f include/jemalloc/internal/private_symbols.awk > src/psset.sym
[INFO] [stderr]   nm -a src/rtree.sym.o | mawk -f include/jemalloc/internal/private_symbols.awk > src/rtree.sym
[INFO] [stderr]   nm -a src/safety_check.sym.o | mawk -f include/jemalloc/internal/private_symbols.awk > src/safety_check.sym
[INFO] [stderr]   nm -a src/sc.sym.o | mawk -f include/jemalloc/internal/private_symbols.awk > src/sc.sym
[INFO] [stderr]   nm -a src/sz.sym.o | mawk -f include/jemalloc/internal/private_symbols.awk > src/sz.sym
[INFO] [stderr]   nm -a src/sec.sym.o | mawk -f include/jemalloc/internal/private_symbols.awk > src/sec.sym
[INFO] [stderr]   nm -a src/tcache.sym.o | mawk -f include/jemalloc/internal/private_symbols.awk > src/tcache.sym
[INFO] [stderr]   nm -a src/test_hooks.sym.o | mawk -f include/jemalloc/internal/private_symbols.awk > src/test_hooks.sym
[INFO] [stderr]   nm -a src/thread_event.sym.o | mawk -f include/jemalloc/internal/private_symbols.awk > src/thread_event.sym
[INFO] [stderr]   nm -a src/ticker.sym.o | mawk -f include/jemalloc/internal/private_symbols.awk > src/ticker.sym
[INFO] [stderr]   nm -a src/tsd.sym.o | mawk -f include/jemalloc/internal/private_symbols.awk > src/tsd.sym
[INFO] [stderr]   nm -a src/witness.sym.o | mawk -f include/jemalloc/internal/private_symbols.awk > src/witness.sym
[INFO] [stderr]   nm -a src/stats.sym.o | mawk -f include/jemalloc/internal/private_symbols.awk > src/stats.sym
[INFO] [stderr]   nm -a src/jemalloc.sym.o | mawk -f include/jemalloc/internal/private_symbols.awk > src/jemalloc.sym
[INFO] [stderr]   /bin/sh include/jemalloc/internal/private_namespace.sh src/jemalloc.sym src/arena.sym src/background_thread.sym src/base.sym src/bin.sym src/bin_info.sym src/bitmap.sym src/buf_writer.sym src/cache_bin.sym src/ckh.sym src/counter.sym src/ctl.sym src/decay.sym src/div.sym src/ecache.sym src/edata.sym src/edata_cache.sym src/ehooks.sym src/emap.sym src/eset.sym src/exp_grow.sym src/extent.sym src/extent_dss.sym src/extent_mmap.sym src/fxp.sym src/san.sym src/san_bump.sym src/hook.sym src/hpa.sym src/hpa_hooks.sym src/hpdata.sym src/inspect.sym src/large.sym src/log.sym src/malloc_io.sym src/mutex.sym src/nstime.sym src/pa.sym src/pa_extra.sym src/pai.sym src/pac.sym src/pages.sym src/peak_event.sym src/prof.sym src/prof_data.sym src/prof_log.sym src/prof_recent.sym src/prof_stats.sym src/prof_sys.sym src/psset.sym src/rtree.sym src/safety_check.sym src/sc.sym src/sec.sym src/stats.sym src/sz.sym src/tcache.sym src/test_hooks.sym src/thread_event.sym src/ticker.sym src/tsd.sym src/witness.sym > include/jemalloc/internal/private_namespace.gen.h
[INFO] [stderr]   cp include/jemalloc/internal/private_namespace.gen.h include/jemalloc/internal/private_namespace.h
[INFO] [stderr]   cc -std=gnu11 -Wall -Wextra -Wsign-compare -Wundef -Wno-format-zero-length -Wpointer-arith -Wno-missing-braces -Wno-missing-field-initializers -Wno-missing-attributes -pipe -g3 -fvisibility=hidden -Wimplicit-fallthrough -O3 -funroll-loops -O0 -ffunction-sections -fdata-sections -fPIC -gdwarf-4 -fno-omit-frame-pointer -m64 -Wall -c -O0 -ffunction-sections -fdata-sections -fPIC -gdwarf-4 -fno-omit-frame-pointer -m64 -Wall -D_GNU_SOURCE -D_REENTRANT -Iinclude -Iinclude -o src/arena.o src/arena.c
[INFO] [stderr]   cc -std=gnu11 -Wall -Wextra -Wsign-compare -Wundef -Wno-format-zero-length -Wpointer-arith -Wno-missing-braces -Wno-missing-field-initializers -Wno-missing-attributes -pipe -g3 -fvisibility=hidden -Wimplicit-fallthrough -O3 -funroll-loops -O0 -ffunction-sections -fdata-sections -fPIC -gdwarf-4 -fno-omit-frame-pointer -m64 -Wall -c -O0 -ffunction-sections -fdata-sections -fPIC -gdwarf-4 -fno-omit-frame-pointer -m64 -Wall -D_GNU_SOURCE -D_REENTRANT -Iinclude -Iinclude -o src/background_thread.o src/background_thread.c
[INFO] [stderr]   cc -std=gnu11 -Wall -Wextra -Wsign-compare -Wundef -Wno-format-zero-length -Wpointer-arith -Wno-missing-braces -Wno-missing-field-initializers -Wno-missing-attributes -pipe -g3 -fvisibility=hidden -Wimplicit-fallthrough -O3 -funroll-loops -O0 -ffunction-sections -fdata-sections -fPIC -gdwarf-4 -fno-omit-frame-pointer -m64 -Wall -c -O0 -ffunction-sections -fdata-sections -fPIC -gdwarf-4 -fno-omit-frame-pointer -m64 -Wall -D_GNU_SOURCE -D_REENTRANT -Iinclude -Iinclude -o src/base.o src/base.c
[INFO] [stderr]   cc -std=gnu11 -Wall -Wextra -Wsign-compare -Wundef -Wno-format-zero-length -Wpointer-arith -Wno-missing-braces -Wno-missing-field-initializers -Wno-missing-attributes -pipe -g3 -fvisibility=hidden -Wimplicit-fallthrough -O3 -funroll-loops -O0 -ffunction-sections -fdata-sections -fPIC -gdwarf-4 -fno-omit-frame-pointer -m64 -Wall -c -O0 -ffunction-sections -fdata-sections -fPIC -gdwarf-4 -fno-omit-frame-pointer -m64 -Wall -D_GNU_SOURCE -D_REENTRANT -Iinclude -Iinclude -o src/jemalloc.o src/jemalloc.c
[INFO] [stderr]   cc -std=gnu11 -Wall -Wextra -Wsign-compare -Wundef -Wno-format-zero-length -Wpointer-arith -Wno-missing-braces -Wno-missing-field-initializers -Wno-missing-attributes -pipe -g3 -fvisibility=hidden -Wimplicit-fallthrough -O3 -funroll-loops -O0 -ffunction-sections -fdata-sections -fPIC -gdwarf-4 -fno-omit-frame-pointer -m64 -Wall -c -O0 -ffunction-sections -fdata-sections -fPIC -gdwarf-4 -fno-omit-frame-pointer -m64 -Wall -D_GNU_SOURCE -D_REENTRANT -Iinclude -Iinclude -o src/bin.o src/bin.c
[INFO] [stderr]   cc -std=gnu11 -Wall -Wextra -Wsign-compare -Wundef -Wno-format-zero-length -Wpointer-arith -Wno-missing-braces -Wno-missing-field-initializers -Wno-missing-attributes -pipe -g3 -fvisibility=hidden -Wimplicit-fallthrough -O3 -funroll-loops -O0 -ffunction-sections -fdata-sections -fPIC -gdwarf-4 -fno-omit-frame-pointer -m64 -Wall -c -O0 -ffunction-sections -fdata-sections -fPIC -gdwarf-4 -fno-omit-frame-pointer -m64 -Wall -D_GNU_SOURCE -D_REENTRANT -Iinclude -Iinclude -o src/bin_info.o src/bin_info.c
[INFO] [stderr]   cc -std=gnu11 -Wall -Wextra -Wsign-compare -Wundef -Wno-format-zero-length -Wpointer-arith -Wno-missing-braces -Wno-missing-field-initializers -Wno-missing-attributes -pipe -g3 -fvisibility=hidden -Wimplicit-fallthrough -O3 -funroll-loops -O0 -ffunction-sections -fdata-sections -fPIC -gdwarf-4 -fno-omit-frame-pointer -m64 -Wall -c -O0 -ffunction-sections -fdata-sections -fPIC -gdwarf-4 -fno-omit-frame-pointer -m64 -Wall -D_GNU_SOURCE -D_REENTRANT -Iinclude -Iinclude -o src/bitmap.o src/bitmap.c
[INFO] [stderr]   cc -std=gnu11 -Wall -Wextra -Wsign-compare -Wundef -Wno-format-zero-length -Wpointer-arith -Wno-missing-braces -Wno-missing-field-initializers -Wno-missing-attributes -pipe -g3 -fvisibility=hidden -Wimplicit-fallthrough -O3 -funroll-loops -O0 -ffunction-sections -fdata-sections -fPIC -gdwarf-4 -fno-omit-frame-pointer -m64 -Wall -c -O0 -ffunction-sections -fdata-sections -fPIC -gdwarf-4 -fno-omit-frame-pointer -m64 -Wall -D_GNU_SOURCE -D_REENTRANT -Iinclude -Iinclude -o src/buf_writer.o src/buf_writer.c
[INFO] [stderr]   cc -std=gnu11 -Wall -Wextra -Wsign-compare -Wundef -Wno-format-zero-length -Wpointer-arith -Wno-missing-braces -Wno-missing-field-initializers -Wno-missing-attributes -pipe -g3 -fvisibility=hidden -Wimplicit-fallthrough -O3 -funroll-loops -O0 -ffunction-sections -fdata-sections -fPIC -gdwarf-4 -fno-omit-frame-pointer -m64 -Wall -c -O0 -ffunction-sections -fdata-sections -fPIC -gdwarf-4 -fno-omit-frame-pointer -m64 -Wall -D_GNU_SOURCE -D_REENTRANT -Iinclude -Iinclude -o src/cache_bin.o src/cache_bin.c
[INFO] [stderr]   cc -std=gnu11 -Wall -Wextra -Wsign-compare -Wundef -Wno-format-zero-length -Wpointer-arith -Wno-missing-braces -Wno-missing-field-initializers -Wno-missing-attributes -pipe -g3 -fvisibility=hidden -Wimplicit-fallthrough -O3 -funroll-loops -O0 -ffunction-sections -fdata-sections -fPIC -gdwarf-4 -fno-omit-frame-pointer -m64 -Wall -c -O0 -ffunction-sections -fdata-sections -fPIC -gdwarf-4 -fno-omit-frame-pointer -m64 -Wall -D_GNU_SOURCE -D_REENTRANT -Iinclude -Iinclude -o src/ckh.o src/ckh.c
[INFO] [stderr]   cc -std=gnu11 -Wall -Wextra -Wsign-compare -Wundef -Wno-format-zero-length -Wpointer-arith -Wno-missing-braces -Wno-missing-field-initializers -Wno-missing-attributes -pipe -g3 -fvisibility=hidden -Wimplicit-fallthrough -O3 -funroll-loops -O0 -ffunction-sections -fdata-sections -fPIC -gdwarf-4 -fno-omit-frame-pointer -m64 -Wall -c -O0 -ffunction-sections -fdata-sections -fPIC -gdwarf-4 -fno-omit-frame-pointer -m64 -Wall -D_GNU_SOURCE -D_REENTRANT -Iinclude -Iinclude -o src/counter.o src/counter.c
[INFO] [stderr]   cc -std=gnu11 -Wall -Wextra -Wsign-compare -Wundef -Wno-format-zero-length -Wpointer-arith -Wno-missing-braces -Wno-missing-field-initializers -Wno-missing-attributes -pipe -g3 -fvisibility=hidden -Wimplicit-fallthrough -O3 -funroll-loops -O0 -ffunction-sections -fdata-sections -fPIC -gdwarf-4 -fno-omit-frame-pointer -m64 -Wall -c -O0 -ffunction-sections -fdata-sections -fPIC -gdwarf-4 -fno-omit-frame-pointer -m64 -Wall -D_GNU_SOURCE -D_REENTRANT -Iinclude -Iinclude -o src/ctl.o src/ctl.c
[INFO] [stderr]   cc -std=gnu11 -Wall -Wextra -Wsign-compare -Wundef -Wno-format-zero-length -Wpointer-arith -Wno-missing-braces -Wno-missing-field-initializers -Wno-missing-attributes -pipe -g3 -fvisibility=hidden -Wimplicit-fallthrough -O3 -funroll-loops -O0 -ffunction-sections -fdata-sections -fPIC -gdwarf-4 -fno-omit-frame-pointer -m64 -Wall -c -O0 -ffunction-sections -fdata-sections -fPIC -gdwarf-4 -fno-omit-frame-pointer -m64 -Wall -D_GNU_SOURCE -D_REENTRANT -Iinclude -Iinclude -o src/decay.o src/decay.c
[INFO] [stderr]   cc -std=gnu11 -Wall -Wextra -Wsign-compare -Wundef -Wno-format-zero-length -Wpointer-arith -Wno-missing-braces -Wno-missing-field-initializers -Wno-missing-attributes -pipe -g3 -fvisibility=hidden -Wimplicit-fallthrough -O3 -funroll-loops -O0 -ffunction-sections -fdata-sections -fPIC -gdwarf-4 -fno-omit-frame-pointer -m64 -Wall -c -O0 -ffunction-sections -fdata-sections -fPIC -gdwarf-4 -fno-omit-frame-pointer -m64 -Wall -D_GNU_SOURCE -D_REENTRANT -Iinclude -Iinclude -o src/div.o src/div.c
[INFO] [stderr]   cc -std=gnu11 -Wall -Wextra -Wsign-compare -Wundef -Wno-format-zero-length -Wpointer-arith -Wno-missing-braces -Wno-missing-field-initializers -Wno-missing-attributes -pipe -g3 -fvisibility=hidden -Wimplicit-fallthrough -O3 -funroll-loops -O0 -ffunction-sections -fdata-sections -fPIC -gdwarf-4 -fno-omit-frame-pointer -m64 -Wall -c -O0 -ffunction-sections -fdata-sections -fPIC -gdwarf-4 -fno-omit-frame-pointer -m64 -Wall -D_GNU_SOURCE -D_REENTRANT -Iinclude -Iinclude -o src/ecache.o src/ecache.c
[INFO] [stderr]   cc -std=gnu11 -Wall -Wextra -Wsign-compare -Wundef -Wno-format-zero-length -Wpointer-arith -Wno-missing-braces -Wno-missing-field-initializers -Wno-missing-attributes -pipe -g3 -fvisibility=hidden -Wimplicit-fallthrough -O3 -funroll-loops -O0 -ffunction-sections -fdata-sections -fPIC -gdwarf-4 -fno-omit-frame-pointer -m64 -Wall -c -O0 -ffunction-sections -fdata-sections -fPIC -gdwarf-4 -fno-omit-frame-pointer -m64 -Wall -D_GNU_SOURCE -D_REENTRANT -Iinclude -Iinclude -o src/edata.o src/edata.c
[INFO] [stderr]   cc -std=gnu11 -Wall -Wextra -Wsign-compare -Wundef -Wno-format-zero-length -Wpointer-arith -Wno-missing-braces -Wno-missing-field-initializers -Wno-missing-attributes -pipe -g3 -fvisibility=hidden -Wimplicit-fallthrough -O3 -funroll-loops -O0 -ffunction-sections -fdata-sections -fPIC -gdwarf-4 -fno-omit-frame-pointer -m64 -Wall -c -O0 -ffunction-sections -fdata-sections -fPIC -gdwarf-4 -fno-omit-frame-pointer -m64 -Wall -D_GNU_SOURCE -D_REENTRANT -Iinclude -Iinclude -o src/edata_cache.o src/edata_cache.c
[INFO] [stderr]   cc -std=gnu11 -Wall -Wextra -Wsign-compare -Wundef -Wno-format-zero-length -Wpointer-arith -Wno-missing-braces -Wno-missing-field-initializers -Wno-missing-attributes -pipe -g3 -fvisibility=hidden -Wimplicit-fallthrough -O3 -funroll-loops -O0 -ffunction-sections -fdata-sections -fPIC -gdwarf-4 -fno-omit-frame-pointer -m64 -Wall -c -O0 -ffunction-sections -fdata-sections -fPIC -gdwarf-4 -fno-omit-frame-pointer -m64 -Wall -D_GNU_SOURCE -D_REENTRANT -Iinclude -Iinclude -o src/ehooks.o src/ehooks.c
[INFO] [stderr]   cc -std=gnu11 -Wall -Wextra -Wsign-compare -Wundef -Wno-format-zero-length -Wpointer-arith -Wno-missing-braces -Wno-missing-field-initializers -Wno-missing-attributes -pipe -g3 -fvisibility=hidden -Wimplicit-fallthrough -O3 -funroll-loops -O0 -ffunction-sections -fdata-sections -fPIC -gdwarf-4 -fno-omit-frame-pointer -m64 -Wall -c -O0 -ffunction-sections -fdata-sections -fPIC -gdwarf-4 -fno-omit-frame-pointer -m64 -Wall -D_GNU_SOURCE -D_REENTRANT -Iinclude -Iinclude -o src/emap.o src/emap.c
[INFO] [stderr]   cc -std=gnu11 -Wall -Wextra -Wsign-compare -Wundef -Wno-format-zero-length -Wpointer-arith -Wno-missing-braces -Wno-missing-field-initializers -Wno-missing-attributes -pipe -g3 -fvisibility=hidden -Wimplicit-fallthrough -O3 -funroll-loops -O0 -ffunction-sections -fdata-sections -fPIC -gdwarf-4 -fno-omit-frame-pointer -m64 -Wall -c -O0 -ffunction-sections -fdata-sections -fPIC -gdwarf-4 -fno-omit-frame-pointer -m64 -Wall -D_GNU_SOURCE -D_REENTRANT -Iinclude -Iinclude -o src/eset.o src/eset.c
[INFO] [stderr]   cc -std=gnu11 -Wall -Wextra -Wsign-compare -Wundef -Wno-format-zero-length -Wpointer-arith -Wno-missing-braces -Wno-missing-field-initializers -Wno-missing-attributes -pipe -g3 -fvisibility=hidden -Wimplicit-fallthrough -O3 -funroll-loops -O0 -ffunction-sections -fdata-sections -fPIC -gdwarf-4 -fno-omit-frame-pointer -m64 -Wall -c -O0 -ffunction-sections -fdata-sections -fPIC -gdwarf-4 -fno-omit-frame-pointer -m64 -Wall -D_GNU_SOURCE -D_REENTRANT -Iinclude -Iinclude -o src/exp_grow.o src/exp_grow.c
[INFO] [stderr]   cc -std=gnu11 -Wall -Wextra -Wsign-compare -Wundef -Wno-format-zero-length -Wpointer-arith -Wno-missing-braces -Wno-missing-field-initializers -Wno-missing-attributes -pipe -g3 -fvisibility=hidden -Wimplicit-fallthrough -O3 -funroll-loops -O0 -ffunction-sections -fdata-sections -fPIC -gdwarf-4 -fno-omit-frame-pointer -m64 -Wall -c -O0 -ffunction-sections -fdata-sections -fPIC -gdwarf-4 -fno-omit-frame-pointer -m64 -Wall -D_GNU_SOURCE -D_REENTRANT -Iinclude -Iinclude -o src/extent.o src/extent.c
[INFO] [stderr]   cc -std=gnu11 -Wall -Wextra -Wsign-compare -Wundef -Wno-format-zero-length -Wpointer-arith -Wno-missing-braces -Wno-missing-field-initializers -Wno-missing-attributes -pipe -g3 -fvisibility=hidden -Wimplicit-fallthrough -O3 -funroll-loops -O0 -ffunction-sections -fdata-sections -fPIC -gdwarf-4 -fno-omit-frame-pointer -m64 -Wall -c -O0 -ffunction-sections -fdata-sections -fPIC -gdwarf-4 -fno-omit-frame-pointer -m64 -Wall -D_GNU_SOURCE -D_REENTRANT -Iinclude -Iinclude -o src/extent_dss.o src/extent_dss.c
[INFO] [stderr]   cc -std=gnu11 -Wall -Wextra -Wsign-compare -Wundef -Wno-format-zero-length -Wpointer-arith -Wno-missing-braces -Wno-missing-field-initializers -Wno-missing-attributes -pipe -g3 -fvisibility=hidden -Wimplicit-fallthrough -O3 -funroll-loops -O0 -ffunction-sections -fdata-sections -fPIC -gdwarf-4 -fno-omit-frame-pointer -m64 -Wall -c -O0 -ffunction-sections -fdata-sections -fPIC -gdwarf-4 -fno-omit-frame-pointer -m64 -Wall -D_GNU_SOURCE -D_REENTRANT -Iinclude -Iinclude -o src/extent_mmap.o src/extent_mmap.c
[INFO] [stderr]   cc -std=gnu11 -Wall -Wextra -Wsign-compare -Wundef -Wno-format-zero-length -Wpointer-arith -Wno-missing-braces -Wno-missing-field-initializers -Wno-missing-attributes -pipe -g3 -fvisibility=hidden -Wimplicit-fallthrough -O3 -funroll-loops -O0 -ffunction-sections -fdata-sections -fPIC -gdwarf-4 -fno-omit-frame-pointer -m64 -Wall -c -O0 -ffunction-sections -fdata-sections -fPIC -gdwarf-4 -fno-omit-frame-pointer -m64 -Wall -D_GNU_SOURCE -D_REENTRANT -Iinclude -Iinclude -o src/fxp.o src/fxp.c
[INFO] [stderr]   cc -std=gnu11 -Wall -Wextra -Wsign-compare -Wundef -Wno-format-zero-length -Wpointer-arith -Wno-missing-braces -Wno-missing-field-initializers -Wno-missing-attributes -pipe -g3 -fvisibility=hidden -Wimplicit-fallthrough -O3 -funroll-loops -O0 -ffunction-sections -fdata-sections -fPIC -gdwarf-4 -fno-omit-frame-pointer -m64 -Wall -c -O0 -ffunction-sections -fdata-sections -fPIC -gdwarf-4 -fno-omit-frame-pointer -m64 -Wall -D_GNU_SOURCE -D_REENTRANT -Iinclude -Iinclude -o src/san.o src/san.c
[INFO] [stderr]   cc -std=gnu11 -Wall -Wextra -Wsign-compare -Wundef -Wno-format-zero-length -Wpointer-arith -Wno-missing-braces -Wno-missing-field-initializers -Wno-missing-attributes -pipe -g3 -fvisibility=hidden -Wimplicit-fallthrough -O3 -funroll-loops -O0 -ffunction-sections -fdata-sections -fPIC -gdwarf-4 -fno-omit-frame-pointer -m64 -Wall -c -O0 -ffunction-sections -fdata-sections -fPIC -gdwarf-4 -fno-omit-frame-pointer -m64 -Wall -D_GNU_SOURCE -D_REENTRANT -Iinclude -Iinclude -o src/san_bump.o src/san_bump.c
[INFO] [stderr]   cc -std=gnu11 -Wall -Wextra -Wsign-compare -Wundef -Wno-format-zero-length -Wpointer-arith -Wno-missing-braces -Wno-missing-field-initializers -Wno-missing-attributes -pipe -g3 -fvisibility=hidden -Wimplicit-fallthrough -O3 -funroll-loops -O0 -ffunction-sections -fdata-sections -fPIC -gdwarf-4 -fno-omit-frame-pointer -m64 -Wall -c -O0 -ffunction-sections -fdata-sections -fPIC -gdwarf-4 -fno-omit-frame-pointer -m64 -Wall -D_GNU_SOURCE -D_REENTRANT -Iinclude -Iinclude -o src/hook.o src/hook.c
[INFO] [stderr]   cc -std=gnu11 -Wall -Wextra -Wsign-compare -Wundef -Wno-format-zero-length -Wpointer-arith -Wno-missing-braces -Wno-missing-field-initializers -Wno-missing-attributes -pipe -g3 -fvisibility=hidden -Wimplicit-fallthrough -O3 -funroll-loops -O0 -ffunction-sections -fdata-sections -fPIC -gdwarf-4 -fno-omit-frame-pointer -m64 -Wall -c -O0 -ffunction-sections -fdata-sections -fPIC -gdwarf-4 -fno-omit-frame-pointer -m64 -Wall -D_GNU_SOURCE -D_REENTRANT -Iinclude -Iinclude -o src/hpa.o src/hpa.c
[INFO] [stderr]   cc -std=gnu11 -Wall -Wextra -Wsign-compare -Wundef -Wno-format-zero-length -Wpointer-arith -Wno-missing-braces -Wno-missing-field-initializers -Wno-missing-attributes -pipe -g3 -fvisibility=hidden -Wimplicit-fallthrough -O3 -funroll-loops -O0 -ffunction-sections -fdata-sections -fPIC -gdwarf-4 -fno-omit-frame-pointer -m64 -Wall -c -O0 -ffunction-sections -fdata-sections -fPIC -gdwarf-4 -fno-omit-frame-pointer -m64 -Wall -D_GNU_SOURCE -D_REENTRANT -Iinclude -Iinclude -o src/hpa_hooks.o src/hpa_hooks.c
[INFO] [stderr]   cc -std=gnu11 -Wall -Wextra -Wsign-compare -Wundef -Wno-format-zero-length -Wpointer-arith -Wno-missing-braces -Wno-missing-field-initializers -Wno-missing-attributes -pipe -g3 -fvisibility=hidden -Wimplicit-fallthrough -O3 -funroll-loops -O0 -ffunction-sections -fdata-sections -fPIC -gdwarf-4 -fno-omit-frame-pointer -m64 -Wall -c -O0 -ffunction-sections -fdata-sections -fPIC -gdwarf-4 -fno-omit-frame-pointer -m64 -Wall -D_GNU_SOURCE -D_REENTRANT -Iinclude -Iinclude -o src/hpdata.o src/hpdata.c
[INFO] [stderr]   cc -std=gnu11 -Wall -Wextra -Wsign-compare -Wundef -Wno-format-zero-length -Wpointer-arith -Wno-missing-braces -Wno-missing-field-initializers -Wno-missing-attributes -pipe -g3 -fvisibility=hidden -Wimplicit-fallthrough -O3 -funroll-loops -O0 -ffunction-sections -fdata-sections -fPIC -gdwarf-4 -fno-omit-frame-pointer -m64 -Wall -c -O0 -ffunction-sections -fdata-sections -fPIC -gdwarf-4 -fno-omit-frame-pointer -m64 -Wall -D_GNU_SOURCE -D_REENTRANT -Iinclude -Iinclude -o src/inspect.o src/inspect.c
[INFO] [stderr]   cc -std=gnu11 -Wall -Wextra -Wsign-compare -Wundef -Wno-format-zero-length -Wpointer-arith -Wno-missing-braces -Wno-missing-field-initializers -Wno-missing-attributes -pipe -g3 -fvisibility=hidden -Wimplicit-fallthrough -O3 -funroll-loops -O0 -ffunction-sections -fdata-sections -fPIC -gdwarf-4 -fno-omit-frame-pointer -m64 -Wall -c -O0 -ffunction-sections -fdata-sections -fPIC -gdwarf-4 -fno-omit-frame-pointer -m64 -Wall -D_GNU_SOURCE -D_REENTRANT -Iinclude -Iinclude -o src/large.o src/large.c
[INFO] [stderr]   cc -std=gnu11 -Wall -Wextra -Wsign-compare -Wundef -Wno-format-zero-length -Wpointer-arith -Wno-missing-braces -Wno-missing-field-initializers -Wno-missing-attributes -pipe -g3 -fvisibility=hidden -Wimplicit-fallthrough -O3 -funroll-loops -O0 -ffunction-sections -fdata-sections -fPIC -gdwarf-4 -fno-omit-frame-pointer -m64 -Wall -c -O0 -ffunction-sections -fdata-sections -fPIC -gdwarf-4 -fno-omit-frame-pointer -m64 -Wall -D_GNU_SOURCE -D_REENTRANT -Iinclude -Iinclude -o src/log.o src/log.c
[INFO] [stderr]   cc -std=gnu11 -Wall -Wextra -Wsign-compare -Wundef -Wno-format-zero-length -Wpointer-arith -Wno-missing-braces -Wno-missing-field-initializers -Wno-missing-attributes -pipe -g3 -fvisibility=hidden -Wimplicit-fallthrough -O3 -funroll-loops -O0 -ffunction-sections -fdata-sections -fPIC -gdwarf-4 -fno-omit-frame-pointer -m64 -Wall -c -O0 -ffunction-sections -fdata-sections -fPIC -gdwarf-4 -fno-omit-frame-pointer -m64 -Wall -D_GNU_SOURCE -D_REENTRANT -Iinclude -Iinclude -o src/malloc_io.o src/malloc_io.c
[INFO] [stderr]   cc -std=gnu11 -Wall -Wextra -Wsign-compare -Wundef -Wno-format-zero-length -Wpointer-arith -Wno-missing-braces -Wno-missing-field-initializers -Wno-missing-attributes -pipe -g3 -fvisibility=hidden -Wimplicit-fallthrough -O3 -funroll-loops -O0 -ffunction-sections -fdata-sections -fPIC -gdwarf-4 -fno-omit-frame-pointer -m64 -Wall -c -O0 -ffunction-sections -fdata-sections -fPIC -gdwarf-4 -fno-omit-frame-pointer -m64 -Wall -D_GNU_SOURCE -D_REENTRANT -Iinclude -Iinclude -o src/mutex.o src/mutex.c
[INFO] [stderr]   cc -std=gnu11 -Wall -Wextra -Wsign-compare -Wundef -Wno-format-zero-length -Wpointer-arith -Wno-missing-braces -Wno-missing-field-initializers -Wno-missing-attributes -pipe -g3 -fvisibility=hidden -Wimplicit-fallthrough -O3 -funroll-loops -O0 -ffunction-sections -fdata-sections -fPIC -gdwarf-4 -fno-omit-frame-pointer -m64 -Wall -c -O0 -ffunction-sections -fdata-sections -fPIC -gdwarf-4 -fno-omit-frame-pointer -m64 -Wall -D_GNU_SOURCE -D_REENTRANT -Iinclude -Iinclude -o src/nstime.o src/nstime.c
[INFO] [stderr]   cc -std=gnu11 -Wall -Wextra -Wsign-compare -Wundef -Wno-format-zero-length -Wpointer-arith -Wno-missing-braces -Wno-missing-field-initializers -Wno-missing-attributes -pipe -g3 -fvisibility=hidden -Wimplicit-fallthrough -O3 -funroll-loops -O0 -ffunction-sections -fdata-sections -fPIC -gdwarf-4 -fno-omit-frame-pointer -m64 -Wall -c -O0 -ffunction-sections -fdata-sections -fPIC -gdwarf-4 -fno-omit-frame-pointer -m64 -Wall -D_GNU_SOURCE -D_REENTRANT -Iinclude -Iinclude -o src/pa.o src/pa.c
[INFO] [stderr]   cc -std=gnu11 -Wall -Wextra -Wsign-compare -Wundef -Wno-format-zero-length -Wpointer-arith -Wno-missing-braces -Wno-missing-field-initializers -Wno-missing-attributes -pipe -g3 -fvisibility=hidden -Wimplicit-fallthrough -O3 -funroll-loops -O0 -ffunction-sections -fdata-sections -fPIC -gdwarf-4 -fno-omit-frame-pointer -m64 -Wall -c -O0 -ffunction-sections -fdata-sections -fPIC -gdwarf-4 -fno-omit-frame-pointer -m64 -Wall -D_GNU_SOURCE -D_REENTRANT -Iinclude -Iinclude -o src/pa_extra.o src/pa_extra.c
[INFO] [stderr]   cc -std=gnu11 -Wall -Wextra -Wsign-compare -Wundef -Wno-format-zero-length -Wpointer-arith -Wno-missing-braces -Wno-missing-field-initializers -Wno-missing-attributes -pipe -g3 -fvisibility=hidden -Wimplicit-fallthrough -O3 -funroll-loops -O0 -ffunction-sections -fdata-sections -fPIC -gdwarf-4 -fno-omit-frame-pointer -m64 -Wall -c -O0 -ffunction-sections -fdata-sections -fPIC -gdwarf-4 -fno-omit-frame-pointer -m64 -Wall -D_GNU_SOURCE -D_REENTRANT -Iinclude -Iinclude -o src/pai.o src/pai.c
[INFO] [stderr]   cc -std=gnu11 -Wall -Wextra -Wsign-compare -Wundef -Wno-format-zero-length -Wpointer-arith -Wno-missing-braces -Wno-missing-field-initializers -Wno-missing-attributes -pipe -g3 -fvisibility=hidden -Wimplicit-fallthrough -O3 -funroll-loops -O0 -ffunction-sections -fdata-sections -fPIC -gdwarf-4 -fno-omit-frame-pointer -m64 -Wall -c -O0 -ffunction-sections -fdata-sections -fPIC -gdwarf-4 -fno-omit-frame-pointer -m64 -Wall -D_GNU_SOURCE -D_REENTRANT -Iinclude -Iinclude -o src/pac.o src/pac.c
[INFO] [stderr]   cc -std=gnu11 -Wall -Wextra -Wsign-compare -Wundef -Wno-format-zero-length -Wpointer-arith -Wno-missing-braces -Wno-missing-field-initializers -Wno-missing-attributes -pipe -g3 -fvisibility=hidden -Wimplicit-fallthrough -O3 -funroll-loops -O0 -ffunction-sections -fdata-sections -fPIC -gdwarf-4 -fno-omit-frame-pointer -m64 -Wall -c -O0 -ffunction-sections -fdata-sections -fPIC -gdwarf-4 -fno-omit-frame-pointer -m64 -Wall -D_GNU_SOURCE -D_REENTRANT -Iinclude -Iinclude -o src/pages.o src/pages.c
[INFO] [stderr]   cc -std=gnu11 -Wall -Wextra -Wsign-compare -Wundef -Wno-format-zero-length -Wpointer-arith -Wno-missing-braces -Wno-missing-field-initializers -Wno-missing-attributes -pipe -g3 -fvisibility=hidden -Wimplicit-fallthrough -O3 -funroll-loops -O0 -ffunction-sections -fdata-sections -fPIC -gdwarf-4 -fno-omit-frame-pointer -m64 -Wall -c -O0 -ffunction-sections -fdata-sections -fPIC -gdwarf-4 -fno-omit-frame-pointer -m64 -Wall -D_GNU_SOURCE -D_REENTRANT -Iinclude -Iinclude -o src/peak_event.o src/peak_event.c
[INFO] [stderr]   cc -std=gnu11 -Wall -Wextra -Wsign-compare -Wundef -Wno-format-zero-length -Wpointer-arith -Wno-missing-braces -Wno-missing-field-initializers -Wno-missing-attributes -pipe -g3 -fvisibility=hidden -Wimplicit-fallthrough -O3 -funroll-loops -O0 -ffunction-sections -fdata-sections -fPIC -gdwarf-4 -fno-omit-frame-pointer -m64 -Wall -c -O0 -ffunction-sections -fdata-sections -fPIC -gdwarf-4 -fno-omit-frame-pointer -m64 -Wall -D_GNU_SOURCE -D_REENTRANT -Iinclude -Iinclude -o src/prof.o src/prof.c
[INFO] [stderr]   cc -std=gnu11 -Wall -Wextra -Wsign-compare -Wundef -Wno-format-zero-length -Wpointer-arith -Wno-missing-braces -Wno-missing-field-initializers -Wno-missing-attributes -pipe -g3 -fvisibility=hidden -Wimplicit-fallthrough -O3 -funroll-loops -O0 -ffunction-sections -fdata-sections -fPIC -gdwarf-4 -fno-omit-frame-pointer -m64 -Wall -c -O0 -ffunction-sections -fdata-sections -fPIC -gdwarf-4 -fno-omit-frame-pointer -m64 -Wall -D_GNU_SOURCE -D_REENTRANT -Iinclude -Iinclude -o src/prof_data.o src/prof_data.c
[INFO] [stderr]   cc -std=gnu11 -Wall -Wextra -Wsign-compare -Wundef -Wno-format-zero-length -Wpointer-arith -Wno-missing-braces -Wno-missing-field-initializers -Wno-missing-attributes -pipe -g3 -fvisibility=hidden -Wimplicit-fallthrough -O3 -funroll-loops -O0 -ffunction-sections -fdata-sections -fPIC -gdwarf-4 -fno-omit-frame-pointer -m64 -Wall -c -O0 -ffunction-sections -fdata-sections -fPIC -gdwarf-4 -fno-omit-frame-pointer -m64 -Wall -D_GNU_SOURCE -D_REENTRANT -Iinclude -Iinclude -o src/prof_log.o src/prof_log.c
[INFO] [stderr]   cc -std=gnu11 -Wall -Wextra -Wsign-compare -Wundef -Wno-format-zero-length -Wpointer-arith -Wno-missing-braces -Wno-missing-field-initializers -Wno-missing-attributes -pipe -g3 -fvisibility=hidden -Wimplicit-fallthrough -O3 -funroll-loops -O0 -ffunction-sections -fdata-sections -fPIC -gdwarf-4 -fno-omit-frame-pointer -m64 -Wall -c -O0 -ffunction-sections -fdata-sections -fPIC -gdwarf-4 -fno-omit-frame-pointer -m64 -Wall -D_GNU_SOURCE -D_REENTRANT -Iinclude -Iinclude -o src/prof_recent.o src/prof_recent.c
[INFO] [stderr]   cc -std=gnu11 -Wall -Wextra -Wsign-compare -Wundef -Wno-format-zero-length -Wpointer-arith -Wno-missing-braces -Wno-missing-field-initializers -Wno-missing-attributes -pipe -g3 -fvisibility=hidden -Wimplicit-fallthrough -O3 -funroll-loops -O0 -ffunction-sections -fdata-sections -fPIC -gdwarf-4 -fno-omit-frame-pointer -m64 -Wall -c -O0 -ffunction-sections -fdata-sections -fPIC -gdwarf-4 -fno-omit-frame-pointer -m64 -Wall -D_GNU_SOURCE -D_REENTRANT -Iinclude -Iinclude -o src/prof_stats.o src/prof_stats.c
[INFO] [stderr]   cc -std=gnu11 -Wall -Wextra -Wsign-compare -Wundef -Wno-format-zero-length -Wpointer-arith -Wno-missing-braces -Wno-missing-field-initializers -Wno-missing-attributes -pipe -g3 -fvisibility=hidden -Wimplicit-fallthrough -O3 -funroll-loops -O0 -ffunction-sections -fdata-sections -fPIC -gdwarf-4 -fno-omit-frame-pointer -m64 -Wall -c -O0 -ffunction-sections -fdata-sections -fPIC -gdwarf-4 -fno-omit-frame-pointer -m64 -Wall -D_GNU_SOURCE -D_REENTRANT -Iinclude -Iinclude -o src/prof_sys.o src/prof_sys.c
[INFO] [stderr]   cc -std=gnu11 -Wall -Wextra -Wsign-compare -Wundef -Wno-format-zero-length -Wpointer-arith -Wno-missing-braces -Wno-missing-field-initializers -Wno-missing-attributes -pipe -g3 -fvisibility=hidden -Wimplicit-fallthrough -O3 -funroll-loops -O0 -ffunction-sections -fdata-sections -fPIC -gdwarf-4 -fno-omit-frame-pointer -m64 -Wall -c -O0 -ffunction-sections -fdata-sections -fPIC -gdwarf-4 -fno-omit-frame-pointer -m64 -Wall -D_GNU_SOURCE -D_REENTRANT -Iinclude -Iinclude -o src/psset.o src/psset.c
[INFO] [stderr]   cc -std=gnu11 -Wall -Wextra -Wsign-compare -Wundef -Wno-format-zero-length -Wpointer-arith -Wno-missing-braces -Wno-missing-field-initializers -Wno-missing-attributes -pipe -g3 -fvisibility=hidden -Wimplicit-fallthrough -O3 -funroll-loops -O0 -ffunction-sections -fdata-sections -fPIC -gdwarf-4 -fno-omit-frame-pointer -m64 -Wall -c -O0 -ffunction-sections -fdata-sections -fPIC -gdwarf-4 -fno-omit-frame-pointer -m64 -Wall -D_GNU_SOURCE -D_REENTRANT -Iinclude -Iinclude -o src/rtree.o src/rtree.c
[INFO] [stderr]   cc -std=gnu11 -Wall -Wextra -Wsign-compare -Wundef -Wno-format-zero-length -Wpointer-arith -Wno-missing-braces -Wno-missing-field-initializers -Wno-missing-attributes -pipe -g3 -fvisibility=hidden -Wimplicit-fallthrough -O3 -funroll-loops -O0 -ffunction-sections -fdata-sections -fPIC -gdwarf-4 -fno-omit-frame-pointer -m64 -Wall -c -O0 -ffunction-sections -fdata-sections -fPIC -gdwarf-4 -fno-omit-frame-pointer -m64 -Wall -D_GNU_SOURCE -D_REENTRANT -Iinclude -Iinclude -o src/safety_check.o src/safety_check.c
[INFO] [stderr]   cc -std=gnu11 -Wall -Wextra -Wsign-compare -Wundef -Wno-format-zero-length -Wpointer-arith -Wno-missing-braces -Wno-missing-field-initializers -Wno-missing-attributes -pipe -g3 -fvisibility=hidden -Wimplicit-fallthrough -O3 -funroll-loops -O0 -ffunction-sections -fdata-sections -fPIC -gdwarf-4 -fno-omit-frame-pointer -m64 -Wall -c -O0 -ffunction-sections -fdata-sections -fPIC -gdwarf-4 -fno-omit-frame-pointer -m64 -Wall -D_GNU_SOURCE -D_REENTRANT -Iinclude -Iinclude -o src/sc.o src/sc.c
[INFO] [stderr]   cc -std=gnu11 -Wall -Wextra -Wsign-compare -Wundef -Wno-format-zero-length -Wpointer-arith -Wno-missing-braces -Wno-missing-field-initializers -Wno-missing-attributes -pipe -g3 -fvisibility=hidden -Wimplicit-fallthrough -O3 -funroll-loops -O0 -ffunction-sections -fdata-sections -fPIC -gdwarf-4 -fno-omit-frame-pointer -m64 -Wall -c -O0 -ffunction-sections -fdata-sections -fPIC -gdwarf-4 -fno-omit-frame-pointer -m64 -Wall -D_GNU_SOURCE -D_REENTRANT -Iinclude -Iinclude -o src/sec.o src/sec.c
[INFO] [stderr]   cc -std=gnu11 -Wall -Wextra -Wsign-compare -Wundef -Wno-format-zero-length -Wpointer-arith -Wno-missing-braces -Wno-missing-field-initializers -Wno-missing-attributes -pipe -g3 -fvisibility=hidden -Wimplicit-fallthrough -O3 -funroll-loops -O0 -ffunction-sections -fdata-sections -fPIC -gdwarf-4 -fno-omit-frame-pointer -m64 -Wall -c -O0 -ffunction-sections -fdata-sections -fPIC -gdwarf-4 -fno-omit-frame-pointer -m64 -Wall -D_GNU_SOURCE -D_REENTRANT -Iinclude -Iinclude -o src/stats.o src/stats.c
[INFO] [stderr]   cc -std=gnu11 -Wall -Wextra -Wsign-compare -Wundef -Wno-format-zero-length -Wpointer-arith -Wno-missing-braces -Wno-missing-field-initializers -Wno-missing-attributes -pipe -g3 -fvisibility=hidden -Wimplicit-fallthrough -O3 -funroll-loops -O0 -ffunction-sections -fdata-sections -fPIC -gdwarf-4 -fno-omit-frame-pointer -m64 -Wall -c -O0 -ffunction-sections -fdata-sections -fPIC -gdwarf-4 -fno-omit-frame-pointer -m64 -Wall -D_GNU_SOURCE -D_REENTRANT -Iinclude -Iinclude -o src/sz.o src/sz.c
[INFO] [stderr]   cc -std=gnu11 -Wall -Wextra -Wsign-compare -Wundef -Wno-format-zero-length -Wpointer-arith -Wno-missing-braces -Wno-missing-field-initializers -Wno-missing-attributes -pipe -g3 -fvisibility=hidden -Wimplicit-fallthrough -O3 -funroll-loops -O0 -ffunction-sections -fdata-sections -fPIC -gdwarf-4 -fno-omit-frame-pointer -m64 -Wall -c -O0 -ffunction-sections -fdata-sections -fPIC -gdwarf-4 -fno-omit-frame-pointer -m64 -Wall -D_GNU_SOURCE -D_REENTRANT -Iinclude -Iinclude -o src/tcache.o src/tcache.c
[INFO] [stderr]   cc -std=gnu11 -Wall -Wextra -Wsign-compare -Wundef -Wno-format-zero-length -Wpointer-arith -Wno-missing-braces -Wno-missing-field-initializers -Wno-missing-attributes -pipe -g3 -fvisibility=hidden -Wimplicit-fallthrough -O3 -funroll-loops -O0 -ffunction-sections -fdata-sections -fPIC -gdwarf-4 -fno-omit-frame-pointer -m64 -Wall -c -O0 -ffunction-sections -fdata-sections -fPIC -gdwarf-4 -fno-omit-frame-pointer -m64 -Wall -D_GNU_SOURCE -D_REENTRANT -Iinclude -Iinclude -o src/test_hooks.o src/test_hooks.c
[INFO] [stderr]   cc -std=gnu11 -Wall -Wextra -Wsign-compare -Wundef -Wno-format-zero-length -Wpointer-arith -Wno-missing-braces -Wno-missing-field-initializers -Wno-missing-attributes -pipe -g3 -fvisibility=hidden -Wimplicit-fallthrough -O3 -funroll-loops -O0 -ffunction-sections -fdata-sections -fPIC -gdwarf-4 -fno-omit-frame-pointer -m64 -Wall -c -O0 -ffunction-sections -fdata-sections -fPIC -gdwarf-4 -fno-omit-frame-pointer -m64 -Wall -D_GNU_SOURCE -D_REENTRANT -Iinclude -Iinclude -o src/thread_event.o src/thread_event.c
[INFO] [stderr]   cc -std=gnu11 -Wall -Wextra -Wsign-compare -Wundef -Wno-format-zero-length -Wpointer-arith -Wno-missing-braces -Wno-missing-field-initializers -Wno-missing-attributes -pipe -g3 -fvisibility=hidden -Wimplicit-fallthrough -O3 -funroll-loops -O0 -ffunction-sections -fdata-sections -fPIC -gdwarf-4 -fno-omit-frame-pointer -m64 -Wall -c -O0 -ffunction-sections -fdata-sections -fPIC -gdwarf-4 -fno-omit-frame-pointer -m64 -Wall -D_GNU_SOURCE -D_REENTRANT -Iinclude -Iinclude -o src/ticker.o src/ticker.c
[INFO] [stderr]   cc -std=gnu11 -Wall -Wextra -Wsign-compare -Wundef -Wno-format-zero-length -Wpointer-arith -Wno-missing-braces -Wno-missing-field-initializers -Wno-missing-attributes -pipe -g3 -fvisibility=hidden -Wimplicit-fallthrough -O3 -funroll-loops -O0 -ffunction-sections -fdata-sections -fPIC -gdwarf-4 -fno-omit-frame-pointer -m64 -Wall -c -O0 -ffunction-sections -fdata-sections -fPIC -gdwarf-4 -fno-omit-frame-pointer -m64 -Wall -D_GNU_SOURCE -D_REENTRANT -Iinclude -Iinclude -o src/tsd.o src/tsd.c
[INFO] [stderr]   cc -std=gnu11 -Wall -Wextra -Wsign-compare -Wundef -Wno-format-zero-length -Wpointer-arith -Wno-missing-braces -Wno-missing-field-initializers -Wno-missing-attributes -pipe -g3 -fvisibility=hidden -Wimplicit-fallthrough -O3 -funroll-loops -O0 -ffunction-sections -fdata-sections -fPIC -gdwarf-4 -fno-omit-frame-pointer -m64 -Wall -c -O0 -ffunction-sections -fdata-sections -fPIC -gdwarf-4 -fno-omit-frame-pointer -m64 -Wall -D_GNU_SOURCE -D_REENTRANT -Iinclude -Iinclude -o src/witness.o src/witness.c
[INFO] [stderr]   cc -std=gnu11 -Wall -Wextra -Wsign-compare -Wundef -Wno-format-zero-length -Wpointer-arith -Wno-missing-braces -Wno-missing-field-initializers -Wno-missing-attributes -pipe -g3 -fvisibility=hidden -Wimplicit-fallthrough -O3 -funroll-loops -O0 -ffunction-sections -fdata-sections -fPIC -gdwarf-4 -fno-omit-frame-pointer -m64 -Wall -fPIC -DPIC -c -O0 -ffunction-sections -fdata-sections -fPIC -gdwarf-4 -fno-omit-frame-pointer -m64 -Wall -D_GNU_SOURCE -D_REENTRANT -Iinclude -Iinclude -o src/jemalloc.pic.o src/jemalloc.c
[INFO] [stderr]   cc -std=gnu11 -Wall -Wextra -Wsign-compare -Wundef -Wno-format-zero-length -Wpointer-arith -Wno-missing-braces -Wno-missing-field-initializers -Wno-missing-attributes -pipe -g3 -fvisibility=hidden -Wimplicit-fallthrough -O3 -funroll-loops -O0 -ffunction-sections -fdata-sections -fPIC -gdwarf-4 -fno-omit-frame-pointer -m64 -Wall -fPIC -DPIC -c -O0 -ffunction-sections -fdata-sections -fPIC -gdwarf-4 -fno-omit-frame-pointer -m64 -Wall -D_GNU_SOURCE -D_REENTRANT -Iinclude -Iinclude -o src/arena.pic.o src/arena.c
[INFO] [stderr]   cc -std=gnu11 -Wall -Wextra -Wsign-compare -Wundef -Wno-format-zero-length -Wpointer-arith -Wno-missing-braces -Wno-missing-field-initializers -Wno-missing-attributes -pipe -g3 -fvisibility=hidden -Wimplicit-fallthrough -O3 -funroll-loops -O0 -ffunction-sections -fdata-sections -fPIC -gdwarf-4 -fno-omit-frame-pointer -m64 -Wall -fPIC -DPIC -c -O0 -ffunction-sections -fdata-sections -fPIC -gdwarf-4 -fno-omit-frame-pointer -m64 -Wall -D_GNU_SOURCE -D_REENTRANT -Iinclude -Iinclude -o src/background_thread.pic.o src/background_thread.c
[INFO] [stderr]   cc -std=gnu11 -Wall -Wextra -Wsign-compare -Wundef -Wno-format-zero-length -Wpointer-arith -Wno-missing-braces -Wno-missing-field-initializers -Wno-missing-attributes -pipe -g3 -fvisibility=hidden -Wimplicit-fallthrough -O3 -funroll-loops -O0 -ffunction-sections -fdata-sections -fPIC -gdwarf-4 -fno-omit-frame-pointer -m64 -Wall -fPIC -DPIC -c -O0 -ffunction-sections -fdata-sections -fPIC -gdwarf-4 -fno-omit-frame-pointer -m64 -Wall -D_GNU_SOURCE -D_REENTRANT -Iinclude -Iinclude -o src/base.pic.o src/base.c
[INFO] [stderr]   cc -std=gnu11 -Wall -Wextra -Wsign-compare -Wundef -Wno-format-zero-length -Wpointer-arith -Wno-missing-braces -Wno-missing-field-initializers -Wno-missing-attributes -pipe -g3 -fvisibility=hidden -Wimplicit-fallthrough -O3 -funroll-loops -O0 -ffunction-sections -fdata-sections -fPIC -gdwarf-4 -fno-omit-frame-pointer -m64 -Wall -fPIC -DPIC -c -O0 -ffunction-sections -fdata-sections -fPIC -gdwarf-4 -fno-omit-frame-pointer -m64 -Wall -D_GNU_SOURCE -D_REENTRANT -Iinclude -Iinclude -o src/bin.pic.o src/bin.c
[INFO] [stderr]   cc -std=gnu11 -Wall -Wextra -Wsign-compare -Wundef -Wno-format-zero-length -Wpointer-arith -Wno-missing-braces -Wno-missing-field-initializers -Wno-missing-attributes -pipe -g3 -fvisibility=hidden -Wimplicit-fallthrough -O3 -funroll-loops -O0 -ffunction-sections -fdata-sections -fPIC -gdwarf-4 -fno-omit-frame-pointer -m64 -Wall -fPIC -DPIC -c -O0 -ffunction-sections -fdata-sections -fPIC -gdwarf-4 -fno-omit-frame-pointer -m64 -Wall -D_GNU_SOURCE -D_REENTRANT -Iinclude -Iinclude -o src/bin_info.pic.o src/bin_info.c
[INFO] [stderr]   cc -std=gnu11 -Wall -Wextra -Wsign-compare -Wundef -Wno-format-zero-length -Wpointer-arith -Wno-missing-braces -Wno-missing-field-initializers -Wno-missing-attributes -pipe -g3 -fvisibility=hidden -Wimplicit-fallthrough -O3 -funroll-loops -O0 -ffunction-sections -fdata-sections -fPIC -gdwarf-4 -fno-omit-frame-pointer -m64 -Wall -fPIC -DPIC -c -O0 -ffunction-sections -fdata-sections -fPIC -gdwarf-4 -fno-omit-frame-pointer -m64 -Wall -D_GNU_SOURCE -D_REENTRANT -Iinclude -Iinclude -o src/bitmap.pic.o src/bitmap.c
[INFO] [stderr]   cc -std=gnu11 -Wall -Wextra -Wsign-compare -Wundef -Wno-format-zero-length -Wpointer-arith -Wno-missing-braces -Wno-missing-field-initializers -Wno-missing-attributes -pipe -g3 -fvisibility=hidden -Wimplicit-fallthrough -O3 -funroll-loops -O0 -ffunction-sections -fdata-sections -fPIC -gdwarf-4 -fno-omit-frame-pointer -m64 -Wall -fPIC -DPIC -c -O0 -ffunction-sections -fdata-sections -fPIC -gdwarf-4 -fno-omit-frame-pointer -m64 -Wall -D_GNU_SOURCE -D_REENTRANT -Iinclude -Iinclude -o src/buf_writer.pic.o src/buf_writer.c
[INFO] [stderr]   cc -std=gnu11 -Wall -Wextra -Wsign-compare -Wundef -Wno-format-zero-length -Wpointer-arith -Wno-missing-braces -Wno-missing-field-initializers -Wno-missing-attributes -pipe -g3 -fvisibility=hidden -Wimplicit-fallthrough -O3 -funroll-loops -O0 -ffunction-sections -fdata-sections -fPIC -gdwarf-4 -fno-omit-frame-pointer -m64 -Wall -fPIC -DPIC -c -O0 -ffunction-sections -fdata-sections -fPIC -gdwarf-4 -fno-omit-frame-pointer -m64 -Wall -D_GNU_SOURCE -D_REENTRANT -Iinclude -Iinclude -o src/cache_bin.pic.o src/cache_bin.c
[INFO] [stderr]   cc -std=gnu11 -Wall -Wextra -Wsign-compare -Wundef -Wno-format-zero-length -Wpointer-arith -Wno-missing-braces -Wno-missing-field-initializers -Wno-missing-attributes -pipe -g3 -fvisibility=hidden -Wimplicit-fallthrough -O3 -funroll-loops -O0 -ffunction-sections -fdata-sections -fPIC -gdwarf-4 -fno-omit-frame-pointer -m64 -Wall -fPIC -DPIC -c -O0 -ffunction-sections -fdata-sections -fPIC -gdwarf-4 -fno-omit-frame-pointer -m64 -Wall -D_GNU_SOURCE -D_REENTRANT -Iinclude -Iinclude -o src/ckh.pic.o src/ckh.c
[INFO] [stderr]   cc -std=gnu11 -Wall -Wextra -Wsign-compare -Wundef -Wno-format-zero-length -Wpointer-arith -Wno-missing-braces -Wno-missing-field-initializers -Wno-missing-attributes -pipe -g3 -fvisibility=hidden -Wimplicit-fallthrough -O3 -funroll-loops -O0 -ffunction-sections -fdata-sections -fPIC -gdwarf-4 -fno-omit-frame-pointer -m64 -Wall -fPIC -DPIC -c -O0 -ffunction-sections -fdata-sections -fPIC -gdwarf-4 -fno-omit-frame-pointer -m64 -Wall -D_GNU_SOURCE -D_REENTRANT -Iinclude -Iinclude -o src/counter.pic.o src/counter.c
[INFO] [stderr]   cc -std=gnu11 -Wall -Wextra -Wsign-compare -Wundef -Wno-format-zero-length -Wpointer-arith -Wno-missing-braces -Wno-missing-field-initializers -Wno-missing-attributes -pipe -g3 -fvisibility=hidden -Wimplicit-fallthrough -O3 -funroll-loops -O0 -ffunction-sections -fdata-sections -fPIC -gdwarf-4 -fno-omit-frame-pointer -m64 -Wall -fPIC -DPIC -c -O0 -ffunction-sections -fdata-sections -fPIC -gdwarf-4 -fno-omit-frame-pointer -m64 -Wall -D_GNU_SOURCE -D_REENTRANT -Iinclude -Iinclude -o src/ctl.pic.o src/ctl.c
[INFO] [stderr]   cc -std=gnu11 -Wall -Wextra -Wsign-compare -Wundef -Wno-format-zero-length -Wpointer-arith -Wno-missing-braces -Wno-missing-field-initializers -Wno-missing-attributes -pipe -g3 -fvisibility=hidden -Wimplicit-fallthrough -O3 -funroll-loops -O0 -ffunction-sections -fdata-sections -fPIC -gdwarf-4 -fno-omit-frame-pointer -m64 -Wall -fPIC -DPIC -c -O0 -ffunction-sections -fdata-sections -fPIC -gdwarf-4 -fno-omit-frame-pointer -m64 -Wall -D_GNU_SOURCE -D_REENTRANT -Iinclude -Iinclude -o src/decay.pic.o src/decay.c
[INFO] [stderr]   cc -std=gnu11 -Wall -Wextra -Wsign-compare -Wundef -Wno-format-zero-length -Wpointer-arith -Wno-missing-braces -Wno-missing-field-initializers -Wno-missing-attributes -pipe -g3 -fvisibility=hidden -Wimplicit-fallthrough -O3 -funroll-loops -O0 -ffunction-sections -fdata-sections -fPIC -gdwarf-4 -fno-omit-frame-pointer -m64 -Wall -fPIC -DPIC -c -O0 -ffunction-sections -fdata-sections -fPIC -gdwarf-4 -fno-omit-frame-pointer -m64 -Wall -D_GNU_SOURCE -D_REENTRANT -Iinclude -Iinclude -o src/div.pic.o src/div.c
[INFO] [stderr]   cc -std=gnu11 -Wall -Wextra -Wsign-compare -Wundef -Wno-format-zero-length -Wpointer-arith -Wno-missing-braces -Wno-missing-field-initializers -Wno-missing-attributes -pipe -g3 -fvisibility=hidden -Wimplicit-fallthrough -O3 -funroll-loops -O0 -ffunction-sections -fdata-sections -fPIC -gdwarf-4 -fno-omit-frame-pointer -m64 -Wall -fPIC -DPIC -c -O0 -ffunction-sections -fdata-sections -fPIC -gdwarf-4 -fno-omit-frame-pointer -m64 -Wall -D_GNU_SOURCE -D_REENTRANT -Iinclude -Iinclude -o src/ecache.pic.o src/ecache.c
[INFO] [stderr]   cc -std=gnu11 -Wall -Wextra -Wsign-compare -Wundef -Wno-format-zero-length -Wpointer-arith -Wno-missing-braces -Wno-missing-field-initializers -Wno-missing-attributes -pipe -g3 -fvisibility=hidden -Wimplicit-fallthrough -O3 -funroll-loops -O0 -ffunction-sections -fdata-sections -fPIC -gdwarf-4 -fno-omit-frame-pointer -m64 -Wall -fPIC -DPIC -c -O0 -ffunction-sections -fdata-sections -fPIC -gdwarf-4 -fno-omit-frame-pointer -m64 -Wall -D_GNU_SOURCE -D_REENTRANT -Iinclude -Iinclude -o src/edata.pic.o src/edata.c
[INFO] [stderr]   cc -std=gnu11 -Wall -Wextra -Wsign-compare -Wundef -Wno-format-zero-length -Wpointer-arith -Wno-missing-braces -Wno-missing-field-initializers -Wno-missing-attributes -pipe -g3 -fvisibility=hidden -Wimplicit-fallthrough -O3 -funroll-loops -O0 -ffunction-sections -fdata-sections -fPIC -gdwarf-4 -fno-omit-frame-pointer -m64 -Wall -fPIC -DPIC -c -O0 -ffunction-sections -fdata-sections -fPIC -gdwarf-4 -fno-omit-frame-pointer -m64 -Wall -D_GNU_SOURCE -D_REENTRANT -Iinclude -Iinclude -o src/edata_cache.pic.o src/edata_cache.c
[INFO] [stderr]   cc -std=gnu11 -Wall -Wextra -Wsign-compare -Wundef -Wno-format-zero-length -Wpointer-arith -Wno-missing-braces -Wno-missing-field-initializers -Wno-missing-attributes -pipe -g3 -fvisibility=hidden -Wimplicit-fallthrough -O3 -funroll-loops -O0 -ffunction-sections -fdata-sections -fPIC -gdwarf-4 -fno-omit-frame-pointer -m64 -Wall -fPIC -DPIC -c -O0 -ffunction-sections -fdata-sections -fPIC -gdwarf-4 -fno-omit-frame-pointer -m64 -Wall -D_GNU_SOURCE -D_REENTRANT -Iinclude -Iinclude -o src/ehooks.pic.o src/ehooks.c
[INFO] [stderr]   cc -std=gnu11 -Wall -Wextra -Wsign-compare -Wundef -Wno-format-zero-length -Wpointer-arith -Wno-missing-braces -Wno-missing-field-initializers -Wno-missing-attributes -pipe -g3 -fvisibility=hidden -Wimplicit-fallthrough -O3 -funroll-loops -O0 -ffunction-sections -fdata-sections -fPIC -gdwarf-4 -fno-omit-frame-pointer -m64 -Wall -fPIC -DPIC -c -O0 -ffunction-sections -fdata-sections -fPIC -gdwarf-4 -fno-omit-frame-pointer -m64 -Wall -D_GNU_SOURCE -D_REENTRANT -Iinclude -Iinclude -o src/emap.pic.o src/emap.c
[INFO] [stderr]   cc -std=gnu11 -Wall -Wextra -Wsign-compare -Wundef -Wno-format-zero-length -Wpointer-arith -Wno-missing-braces -Wno-missing-field-initializers -Wno-missing-attributes -pipe -g3 -fvisibility=hidden -Wimplicit-fallthrough -O3 -funroll-loops -O0 -ffunction-sections -fdata-sections -fPIC -gdwarf-4 -fno-omit-frame-pointer -m64 -Wall -fPIC -DPIC -c -O0 -ffunction-sections -fdata-sections -fPIC -gdwarf-4 -fno-omit-frame-pointer -m64 -Wall -D_GNU_SOURCE -D_REENTRANT -Iinclude -Iinclude -o src/eset.pic.o src/eset.c
[INFO] [stderr] 
[INFO] [stderr]   --- stderr
[INFO] [stderr]   Assembler messages:
[INFO] [stderr]   {standard input}:199384: Warning: end of file not at end of a line; newline inserted
[INFO] [stderr]   {standard input}:200075: Error: unknown pseudo-op: `.lo'
[INFO] [stderr]   {standard input}: Error: open CFI at the end of file; missing .cfi_endproc directive
[INFO] [stderr]   cc: fatal error: Killed signal terminated program cc1
[INFO] [stderr]   compilation terminated.
[INFO] [stderr]   make: *** [Makefile:480: src/jemalloc.o] Error 1
[INFO] [stderr]   make: *** Waiting for unfinished jobs....
[INFO] [stderr]   Assembler messages:
[INFO] [stderr]   {standard input}:470466: Warning: end of file not at end of a line; newline inserted
[INFO] [stderr]   {standard input}:471929: Error: no such instruction: `mo'
[INFO] [stderr]   {standard input}: Error: open CFI at the end of file; missing .cfi_endproc directive
[INFO] [stderr]   cc: fatal error: Killed signal terminated program cc1
[INFO] [stderr]   compilation terminated.
[INFO] [stderr]   make: *** [Makefile:478: src/jemalloc.pic.o] Error 1
[INFO] [stderr] 
[INFO] [stderr]   thread 'main' (4333) panicked at /opt/rustwide/cargo-home/registry/src/index.crates.io-1949cf8c6b5b557f/tikv-jemalloc-sys-0.6.0+5.3.0-1-ge13ca993e8ccb9ba9847cc330696e02839f328f7/build.rs:388:9:
[INFO] [stderr]   command did not execute successfully: cd "/opt/rustwide/target/debug/build/tikv-jemalloc-sys/35227cc62d4f8971/out/build" && "make" "-j" "8"
[INFO] [stderr]   expected success, got: exit status: 2
[INFO] [stderr]   stack backtrace:
[INFO] [stderr]      0:     0x59a1663fbe21 - std[3164a59e47d3bde]::backtrace_rs::backtrace::libunwind::trace
[INFO] [stderr]                                  at /rustc/3154cc1a3e6424e44f438a95007d043ed5ceaaf6/library/std/src/../../backtrace/src/backtrace/libunwind.rs:117:9
[INFO] [stderr]      1:     0x59a1663fbe21 - std[3164a59e47d3bde]::backtrace_rs::backtrace::trace_unsynchronized::<std[3164a59e47d3bde]::sys::backtrace::_print_fmt::{closure#1}>
[INFO] [stderr]                                  at /rustc/3154cc1a3e6424e44f438a95007d043ed5ceaaf6/library/std/src/../../backtrace/src/backtrace/mod.rs:66:14
[INFO] [stderr]      2:     0x59a1663fbe21 - std[3164a59e47d3bde]::sys::backtrace::_print_fmt
[INFO] [stderr]                                  at /rustc/3154cc1a3e6424e44f438a95007d043ed5ceaaf6/library/std/src/sys/backtrace.rs:74:9
[INFO] [stderr]      3:     0x59a1663fbe21 - <<std[3164a59e47d3bde]::sys::backtrace::BacktraceLock>::print::DisplayBacktrace as core[934024a1e6126fb4]::fmt::Display>::fmt
[INFO] [stderr]                                  at /rustc/3154cc1a3e6424e44f438a95007d043ed5ceaaf6/library/std/src/sys/backtrace.rs:44:26
[INFO] [stderr]      4:     0x59a16641226a - <core[934024a1e6126fb4]::fmt::rt::Argument>::fmt
[INFO] [stderr]                                  at /rustc/3154cc1a3e6424e44f438a95007d043ed5ceaaf6/library/core/src/fmt/rt.rs:152:76
[INFO] [stderr]      5:     0x59a16641226a - core[934024a1e6126fb4]::fmt::write
[INFO] [stderr]      6:     0x59a166402dbc - core[934024a1e6126fb4]::io::write::default_write_fmt::<std[3164a59e47d3bde]::sys::stdio::unix::Stderr>
[INFO] [stderr]                                  at /rustc/3154cc1a3e6424e44f438a95007d043ed5ceaaf6/library/core/src/io/write.rs:402:11
[INFO] [stderr]      7:     0x59a166402dbc - <std[3164a59e47d3bde]::sys::stdio::unix::Stderr as core[934024a1e6126fb4]::io::write::Write>::write_fmt
[INFO] [stderr]                                  at /rustc/3154cc1a3e6424e44f438a95007d043ed5ceaaf6/library/core/src/io/write.rs:335:13
[INFO] [stderr]      8:     0x59a1663d79e6 - <std[3164a59e47d3bde]::sys::backtrace::BacktraceLock>::print
[INFO] [stderr]                                  at /rustc/3154cc1a3e6424e44f438a95007d043ed5ceaaf6/library/std/src/sys/backtrace.rs:47:9
[INFO] [stderr]      9:     0x59a1663d79e6 - std[3164a59e47d3bde]::panicking::default_hook::{closure#0}
[INFO] [stderr]                                  at /rustc/3154cc1a3e6424e44f438a95007d043ed5ceaaf6/library/std/src/panicking.rs:289:27
[INFO] [stderr]     10:     0x59a1663f51b1 - std[3164a59e47d3bde]::panicking::default_hook
[INFO] [stderr]                                  at /rustc/3154cc1a3e6424e44f438a95007d043ed5ceaaf6/library/std/src/panicking.rs:316:9
[INFO] [stderr]     11:     0x59a1663f536b - std[3164a59e47d3bde]::panicking::panic_with_hook
[INFO] [stderr]                                  at /rustc/3154cc1a3e6424e44f438a95007d043ed5ceaaf6/library/std/src/panicking.rs:811:13
[INFO] [stderr]     12:     0x59a1663d7a92 - std[3164a59e47d3bde]::panicking::panic_handler::{closure#0}
[INFO] [stderr]                                  at /rustc/3154cc1a3e6424e44f438a95007d043ed5ceaaf6/library/std/src/panicking.rs:685:13
[INFO] [stderr]     13:     0x59a1663d0579 - std[3164a59e47d3bde]::sys::backtrace::__rust_end_short_backtrace::<std[3164a59e47d3bde]::panicking::panic_handler::{closure#0}, !>
[INFO] [stderr]                                  at /rustc/3154cc1a3e6424e44f438a95007d043ed5ceaaf6/library/std/src/sys/backtrace.rs:182:18
[INFO] [stderr]     14:     0x59a1663d83bd - __rustc[2e7b49d4226056d3]::rust_begin_unwind
[INFO] [stderr]                                  at /rustc/3154cc1a3e6424e44f438a95007d043ed5ceaaf6/library/std/src/panicking.rs:676:5
[INFO] [stderr]     15:     0x59a166412a5c - core[934024a1e6126fb4]::panicking::panic_fmt
[INFO] [stderr]                                  at /rustc/3154cc1a3e6424e44f438a95007d043ed5ceaaf6/library/core/src/panicking.rs:80:14
[INFO] [stderr]     16:     0x59a16633b46f - build_script_build[2e6646fd68528983]::execute::<build_script_build[2e6646fd68528983]::run::{closure#0}>
[INFO] [stderr]     17:     0x59a16633e53e - build_script_build[2e6646fd68528983]::run
[INFO] [stderr]     18:     0x59a166341bbd - build_script_build[2e6646fd68528983]::main
[INFO] [stderr]     19:     0x59a1663441e3 - <fn() as core[934024a1e6126fb4]::ops::function::FnOnce<()>>::call_once
[INFO] [stderr]     20:     0x59a16633d0ee - std[3164a59e47d3bde]::sys::backtrace::__rust_begin_short_backtrace::<fn(), ()>
[INFO] [stderr]     21:     0x59a16633d6e9 - std[3164a59e47d3bde]::rt::lang_start::<()>::{closure#0}
[INFO] [stderr]     22:     0x59a1663f44b8 - <&dyn core[934024a1e6126fb4]::ops::function::Fn<(), Output = i32> + core[934024a1e6126fb4]::marker::Sync + core[934024a1e6126fb4]::panic::unwind_safe::RefUnwindSafe as core[934024a1e6126fb4]::ops::function::FnOnce<()>>::call_once
[INFO] [stderr]                                  at /rustc/3154cc1a3e6424e44f438a95007d043ed5ceaaf6/library/core/src/ops/function.rs:287:21
[INFO] [stderr]     23:     0x59a1663f44b8 - std[3164a59e47d3bde]::panicking::catch_unwind::do_call::<&dyn core[934024a1e6126fb4]::ops::function::Fn<(), Output = i32> + core[934024a1e6126fb4]::marker::Sync + core[934024a1e6126fb4]::panic::unwind_safe::RefUnwindSafe, i32>
[INFO] [stderr]                                  at /rustc/3154cc1a3e6424e44f438a95007d043ed5ceaaf6/library/std/src/panicking.rs:573:43
[INFO] [stderr]     24:     0x59a1663f44b8 - std[3164a59e47d3bde]::panicking::catch_unwind::<i32, &dyn core[934024a1e6126fb4]::ops::function::Fn<(), Output = i32> + core[934024a1e6126fb4]::marker::Sync + core[934024a1e6126fb4]::panic::unwind_safe::RefUnwindSafe>
[INFO] [stderr]                                  at /rustc/3154cc1a3e6424e44f438a95007d043ed5ceaaf6/library/std/src/panicking.rs:541:19
[INFO] [stderr]     25:     0x59a1663f44b8 - std[3164a59e47d3bde]::panic::catch_unwind::<&dyn core[934024a1e6126fb4]::ops::function::Fn<(), Output = i32> + core[934024a1e6126fb4]::marker::Sync + core[934024a1e6126fb4]::panic::unwind_safe::RefUnwindSafe, i32>
[INFO] [stderr]                                  at /rustc/3154cc1a3e6424e44f438a95007d043ed5ceaaf6/library/std/src/panic.rs:359:14
[INFO] [stderr]     26:     0x59a1663f44b8 - std[3164a59e47d3bde]::rt::lang_start_internal::{closure#0}
[INFO] [stderr]                                  at /rustc/3154cc1a3e6424e44f438a95007d043ed5ceaaf6/library/std/src/rt.rs:175:24
[INFO] [stderr]     27:     0x59a1663f44b8 - std[3164a59e47d3bde]::panicking::catch_unwind::do_call::<std[3164a59e47d3bde]::rt::lang_start_internal::{closure#0}, isize>
[INFO] [stderr]                                  at /rustc/3154cc1a3e6424e44f438a95007d043ed5ceaaf6/library/std/src/panicking.rs:573:43
[INFO] [stderr]     28:     0x59a1663f44b8 - std[3164a59e47d3bde]::panicking::catch_unwind::<isize, std[3164a59e47d3bde]::rt::lang_start_internal::{closure#0}>
[INFO] [stderr]                                  at /rustc/3154cc1a3e6424e44f438a95007d043ed5ceaaf6/library/std/src/panicking.rs:541:19
[INFO] [stderr]     29:     0x59a1663f44b8 - std[3164a59e47d3bde]::panic::catch_unwind::<std[3164a59e47d3bde]::rt::lang_start_internal::{closure#0}, isize>
[INFO] [stderr]                                  at /rustc/3154cc1a3e6424e44f438a95007d043ed5ceaaf6/library/std/src/panic.rs:359:14
[INFO] [stderr]     30:     0x59a1663f44b8 - std[3164a59e47d3bde]::rt::lang_start_internal
[INFO] [stderr]                                  at /rustc/3154cc1a3e6424e44f438a95007d043ed5ceaaf6/library/std/src/rt.rs:171:5
[INFO] [stderr]     31:     0x59a16633d0e1 - std[3164a59e47d3bde]::rt::lang_start::<()>
[INFO] [stderr]     32:     0x59a166344255 - main
[INFO] [stderr]     33:     0x7ad49d808601 - <unknown>
[INFO] [stderr]     34:     0x7ad49d808718 - __libc_start_main
[INFO] [stderr]     35:     0x59a16633a575 - _start
[INFO] [stderr]     36:                0x0 - <unknown>
[INFO] running `Command { std: "docker" "inspect" "83557c79b99532ef78438e337c1b02ba19888069c2c8544594b5c1499c08bd8b", kill_on_drop: false }`
[INFO] running `Command { std: "docker" "rm" "-f" "83557c79b99532ef78438e337c1b02ba19888069c2c8544594b5c1499c08bd8b", kill_on_drop: false }`
[INFO] [stdout] 83557c79b99532ef78438e337c1b02ba19888069c2c8544594b5c1499c08bd8b
