[INFO] cloning repository https://github.com/TextlineX/DLsite_skills
[INFO] running `Command { std: "git" "-c" "credential.helper=" "-c" "credential.helper=/workspace/cargo-home/bin/git-credential-null" "clone" "--bare" "https://github.com/TextlineX/DLsite_skills" "/workspace/cache/git-repos/https%3A%2F%2Fgithub.com%2FTextlineX%2FDLsite_skills", kill_on_drop: false }`
[INFO] [stderr] Cloning into bare repository '/workspace/cache/git-repos/https%3A%2F%2Fgithub.com%2FTextlineX%2FDLsite_skills'...
[INFO] running `Command { std: "git" "rev-parse" "HEAD", kill_on_drop: false }`
[INFO] [stdout] 6439d7eddaf4bfcbf4d0b60c14fc58530db9ddb8
[INFO] checking TextlineX/DLsite_skills against 3154cc1a3e6424e44f438a95007d043ed5ceaaf6 for pr-133502-30
[INFO] running `Command { std: "git" "clone" "/workspace/cache/git-repos/https%3A%2F%2Fgithub.com%2FTextlineX%2FDLsite_skills" "/workspace/builds/worker-0-tc2/source", kill_on_drop: false }`
[INFO] [stderr] Cloning into '/workspace/builds/worker-0-tc2/source'...
[INFO] [stderr] done.
[INFO] started tweaking git repo https://github.com/TextlineX/DLsite_skills
[INFO] finished tweaking git repo https://github.com/TextlineX/DLsite_skills
[INFO] tweaked toml for git repo https://github.com/TextlineX/DLsite_skills written to /workspace/builds/worker-0-tc2/source/Cargo.toml
[INFO] validating manifest of git repo https://github.com/TextlineX/DLsite_skills on toolchain 3154cc1a3e6424e44f438a95007d043ed5ceaaf6
[INFO] running `Command { std: CARGO_HOME="/workspace/cargo-home" RUSTUP_HOME="/workspace/rustup-home" "/workspace/cargo-home/bin/cargo" "+3154cc1a3e6424e44f438a95007d043ed5ceaaf6" "metadata" "--manifest-path" "Cargo.toml" "--no-deps", kill_on_drop: false }`
[INFO] crate git repo https://github.com/TextlineX/DLsite_skills already has a lockfile, it will not be regenerated
[INFO] running `Command { std: CARGO_HOME="/workspace/cargo-home" RUSTUP_HOME="/workspace/rustup-home" "/workspace/cargo-home/bin/cargo" "+3154cc1a3e6424e44f438a95007d043ed5ceaaf6" "fetch" "--manifest-path" "Cargo.toml", kill_on_drop: false }`
[INFO] [stderr]     Blocking waiting for file lock on package cache
[INFO] [stderr]     Blocking waiting for file lock on package cache
[INFO] running `Command { std: "docker" "create" "-v" "/var/lib/crater-agent-workspace/builds/worker-0-tc2/source:/opt/rustwide/workdir:ro,Z" "-v" "/var/lib/crater-agent-workspace/builds/worker-0-tc2/target:/opt/rustwide/target:rw,Z" "-v" "/var/lib/crater-agent-workspace/cargo-home:/opt/rustwide/cargo-home:ro,Z" "-v" "/var/lib/crater-agent-workspace/rustup-home:/opt/rustwide/rustup-home:ro,Z" "-m" "1610612736" "--network" "none" "ghcr.io/rust-lang/crates-build-env/linux@sha256:77db811e55d90add9212f6832c23229e3de5f1c1f9905e8cb07319ea15df73ac" "sleep" "infinity", kill_on_drop: false }`
[INFO] [stdout] 6fc32bc99db1832d0c2fbbe32ff35f3a89b5c677090cf8eff15eeafbd3911de5
[INFO] running `Command { std: "docker" "start" "6fc32bc99db1832d0c2fbbe32ff35f3a89b5c677090cf8eff15eeafbd3911de5", kill_on_drop: false }`
[INFO] running `Command { std: "docker" "inspect" "6fc32bc99db1832d0c2fbbe32ff35f3a89b5c677090cf8eff15eeafbd3911de5", kill_on_drop: false }`
[INFO] running `Command { std: "docker" "exec" "-e" "SOURCE_DIR=/opt/rustwide/workdir" "-e" "CARGO_HOME=/opt/rustwide/cargo-home" "-e" "RUSTUP_HOME=/opt/rustwide/rustup-home" "-e" "CARGO_TARGET_DIR=/opt/rustwide/target" "-w" "/opt/rustwide/workdir" "--user" "0:0" "6fc32bc99db1832d0c2fbbe32ff35f3a89b5c677090cf8eff15eeafbd3911de5" "/opt/rustwide/cargo-home/bin/cargo" "+3154cc1a3e6424e44f438a95007d043ed5ceaaf6" "metadata" "--no-deps" "--format-version=1", kill_on_drop: false }`
[INFO] running `Command { std: "docker" "inspect" "6fc32bc99db1832d0c2fbbe32ff35f3a89b5c677090cf8eff15eeafbd3911de5", kill_on_drop: false }`
[INFO] running `Command { std: "docker" "exec" "-e" "SOURCE_DIR=/opt/rustwide/workdir" "-e" "CARGO_HOME=/opt/rustwide/cargo-home" "-e" "RUSTUP_HOME=/opt/rustwide/rustup-home" "-e" "CARGO_TARGET_DIR=/opt/rustwide/target" "-e" "CARGO_INCREMENTAL=0" "-e" "RUST_BACKTRACE=full" "-e" "RUSTFLAGS=--cap-lints=forbid" "-e" "RUSTDOCFLAGS=--cap-lints=forbid" "-w" "/opt/rustwide/workdir" "--user" "0:0" "6fc32bc99db1832d0c2fbbe32ff35f3a89b5c677090cf8eff15eeafbd3911de5" "/opt/rustwide/cargo-home/bin/cargo" "+3154cc1a3e6424e44f438a95007d043ed5ceaaf6" "check" "--frozen" "--all" "--all-targets" "--message-format=json", kill_on_drop: false }`
[INFO] [stderr]     Checking smallvec v1.15.0
[INFO] [stderr]    Compiling serde v1.0.219
[INFO] [stderr]     Checking bytes v1.10.1
[INFO] [stderr]    Compiling icu_locid_transform_data v1.5.1
[INFO] [stderr]     Checking litemap v0.7.5
[INFO] [stderr]     Checking tracing-core v0.1.33
[INFO] [stderr]    Compiling icu_properties_data v1.5.1
[INFO] [stderr]    Compiling cc v1.2.19
[INFO] [stderr]    Compiling syn v2.0.100
[INFO] [stderr]     Checking signal-hook-registry v1.4.2
[INFO] [stderr]     Checking mio v1.0.3
[INFO] [stderr]     Checking socket2 v0.6.3
[INFO] [stderr]    Compiling icu_normalizer_data v1.5.1
[INFO] [stderr]     Checking indexmap v2.9.0
[INFO] [stderr]     Checking getrandom v0.2.15
[INFO] [stderr]    Compiling num-traits v0.2.19
[INFO] [stderr]     Checking parking_lot_core v0.9.10
[INFO] [stderr]    Compiling getrandom v0.3.2
[INFO] [stderr]    Compiling rustls v0.23.26
[INFO] [stderr]    Compiling serde_json v1.0.140
[INFO] [stderr]     Checking socket2 v0.5.9
[INFO] [stderr]     Checking log v0.4.27
[INFO] [stderr]    Compiling zerocopy v0.8.24
[INFO] [stderr]    Compiling thiserror v2.0.12
[INFO] [stderr]    Compiling object v0.36.7
[INFO] [stderr]     Checking iana-time-zone v0.1.63
[INFO] [stderr]    Compiling rustix v1.0.5
[INFO] [stderr]     Checking http v1.3.1
[INFO] [stderr]     Checking hashbrown v0.16.0
[INFO] [stderr]     Checking parking_lot v0.12.3
[INFO] [stderr]     Checking aho-corasick v1.1.4
[INFO] [stderr]     Checking bitflags v2.9.0
[INFO] [stderr]     Checking gimli v0.31.1
[INFO] [stderr]     Checking linux-raw-sys v0.9.4
[INFO] [stderr]     Checking miniz_oxide v0.8.8
[INFO] [stderr]     Checking rand_core v0.9.3
[INFO] [stderr]     Checking num_cpus v1.17.0
[INFO] [stderr]     Checking rustc-demangle v0.1.24
[INFO] [stderr]     Checking deadpool-runtime v0.1.4
[INFO] [stderr]    Compiling anyhow v1.0.98
[INFO] [stderr]     Checking tracing-log v0.2.0
[INFO] [stderr]     Checking console v0.15.11
[INFO] [stderr]     Checking thread_local v1.1.8
[INFO] [stderr]     Checking similar v2.7.0
[INFO] [stderr]     Checking ordered-float v2.10.1
[INFO] [stderr]     Checking regex-automata v0.4.14
[INFO] [stderr]     Checking tracing-subscriber v0.3.19
[INFO] [stderr]     Checking http-body v1.0.1
[INFO] [stderr]     Checking lru v0.16.2
[INFO] [stderr]     Checking http-body-util v0.1.3
[INFO] [stderr]    Compiling ring v0.17.14
[INFO] [stderr]     Checking tempfile v3.19.1
[INFO] [stderr]     Checking addr2line v0.24.2
[INFO] [stderr]     Checking ppv-lite86 v0.2.21
[INFO] [stderr]     Checking regex v1.12.3
[INFO] [stderr]     Checking rand_chacha v0.9.0
[INFO] [stderr]     Checking rand v0.9.0
[INFO] [stderr]     Checking backtrace v0.3.74
[INFO] [stderr]    Compiling synstructure v0.13.1
[INFO] [stderr]    Compiling darling_core v0.20.11
[INFO] [stderr]    Compiling test-case-core v3.3.1
[INFO] [stderr]    Compiling zerofrom-derive v0.1.6
[INFO] [stderr]    Compiling yoke-derive v0.7.5
[INFO] [stderr]    Compiling serde_derive v1.0.219
[INFO] [stderr]    Compiling zerovec-derive v0.10.3
[INFO] [stderr]    Compiling displaydoc v0.2.5
[INFO] [stderr]    Compiling tokio-macros v2.6.1
[INFO] [stderr]    Compiling icu_provider_macros v1.5.0
[INFO] [stderr]    Compiling futures-macro v0.3.31
[INFO] [stderr]    Compiling tracing-attributes v0.1.28
[INFO] [stderr]    Compiling thiserror-impl v2.0.12
[INFO] [stderr]    Compiling strum_macros v0.27.1
[INFO] [stderr]    Compiling serde_repr v0.1.20
[INFO] [stderr]    Compiling test-case-macros v3.3.1
[INFO] [stderr]     Checking tokio v1.50.0
[INFO] [stderr]     Checking test-case v3.3.1
[INFO] [stderr]     Checking futures-util v0.3.31
[INFO] [stderr]     Checking rustls-webpki v0.103.1
[INFO] [stderr]     Checking tracing v0.1.41
[INFO] [stderr]     Checking zerofrom v0.1.6
[INFO] [stderr]     Checking yoke v0.7.5
[INFO] [stderr]    Compiling darling_macro v0.20.11
[INFO] [stderr]     Checking zerovec v0.10.4
[INFO] [stderr]     Checking strum v0.27.1
[INFO] [stderr]    Compiling darling v0.20.11
[INFO] [stderr]    Compiling serde_with_macros v3.12.0
[INFO] [stderr]     Checking tinystr v0.7.6
[INFO] [stderr]     Checking icu_collections v1.5.0
[INFO] [stderr]     Checking icu_locid v1.5.0
[INFO] [stderr]     Checking icu_provider v1.5.0
[INFO] [stderr]     Checking futures-executor v0.3.31
[INFO] [stderr]     Checking futures v0.3.31
[INFO] [stderr]     Checking icu_locid_transform v1.5.0
[INFO] [stderr]     Checking icu_properties v1.5.1
[INFO] [stderr]     Checking serde-value v0.7.0
[INFO] [stderr]     Checking serde_urlencoded v0.7.1
[INFO] [stderr]     Checking chrono v0.4.40
[INFO] [stderr]     Checking serde_path_to_error v0.1.17
[INFO] [stderr]     Checking serde_ignored v0.1.11
[INFO] [stderr]     Checking serde_with v3.12.0
[INFO] [stderr]     Checking insta v1.46.3
[INFO] [stderr]     Checking tokio-util v0.7.14
[INFO] [stderr]     Checking tokio-rustls v0.26.2
[INFO] [stderr]     Checking tower v0.5.2
[INFO] [stderr]     Checking deadpool v0.12.3
[INFO] [stderr]     Checking h2 v0.4.9
[INFO] [stderr]     Checking serde-aux v4.6.0
[INFO] [stderr]     Checking assert-json-diff v2.0.2
[INFO] [stderr]     Checking icu_normalizer v1.5.0
[INFO] [stderr]     Checking idna_adapter v1.2.0
[INFO] [stderr]     Checking idna v1.0.3
[INFO] [stderr]     Checking url v2.5.4
[INFO] [stderr]     Checking hyper v1.8.1
[INFO] [stderr]     Checking hyper-util v0.1.11
[INFO] [stderr]     Checking hyper-rustls v0.27.5
[INFO] [stderr]     Checking wiremock v0.6.5
[INFO] [stderr]     Checking reqwest v0.12.15
[INFO] [stderr]     Checking dlsite-rs-next v0.2.1 (/opt/rustwide/workdir)
[INFO] [stdout] error[E0432]: unresolved import `dlsite_rs_next::client::search`
[INFO] [stdout]   --> src/bin/dlsite-search.rs:1:30
[INFO] [stdout]    |
[INFO] [stdout]  1 | use dlsite_rs_next::{client::search::SearchProductQuery, DlsiteClient};
[INFO] [stdout]    |                              ^^^^^^ could not find `search` in `client`
[INFO] [stdout]    |
[INFO] [stdout] note: found an item that was configured out
[INFO] [stdout]   --> src/client/mod.rs:49:9
[INFO] [stdout]    |
[INFO] [stdout] 48 | #[cfg(feature = "search-html")]
[INFO] [stdout]    |       ----------------------- the item is gated behind the `search-html` feature
[INFO] [stdout] 49 | pub mod search;
[INFO] [stdout]    |         ^^^^^^
[INFO] [stdout] 
[INFO] [stdout] 
[INFO] [stdout] error[E0432]: unresolved import `dlsite_rs_next::client::search`
[INFO] [stdout]   --> src/bin/dlsite-search.rs:1:30
[INFO] [stdout]    |
[INFO] [stdout]  1 | use dlsite_rs_next::{client::search::SearchProductQuery, DlsiteClient};
[INFO] [stdout]    |                              ^^^^^^ could not find `search` in `client`
[INFO] [stdout]    |
[INFO] [stdout] note: found an item that was configured out
[INFO] [stdout]   --> src/client/mod.rs:49:9
[INFO] [stdout]    |
[INFO] [stdout] 48 | #[cfg(feature = "search-html")]
[INFO] [stdout]    |       ----------------------- the item is gated behind the `search-html` feature
[INFO] [stdout] 49 | pub mod search;
[INFO] [stdout]    |         ^^^^^^
[INFO] [stdout] 
[INFO] [stdout] 
[INFO] [stdout] error[E0599]: no method named `search` found for struct `DlsiteClient` in the current scope
[INFO] [stdout]   --> src/bin/dlsite-search.rs:13:10
[INFO] [stdout]    |
[INFO] [stdout] 12 |     match client
[INFO] [stdout] 13 |         .search()
[INFO] [stdout]    |          ^^^^^^ method not found in `DlsiteClient`
[INFO] [stdout] 
[INFO] [stdout] 
[INFO] [stdout] Some errors have detailed explanations: E0432, E0599.
[INFO] [stdout] 
[INFO] [stdout] For more information about an error, try `rustc --explain E0432`.
[INFO] [stdout] 
[INFO] [stderr] error: could not compile `dlsite-rs-next` (bin "dlsite-search") due to 2 previous errors
[INFO] [stderr] warning: build failed, waiting for other jobs to finish...
[INFO] [stdout] error[E0599]: no method named `search` found for struct `DlsiteClient` in the current scope
[INFO] [stdout]   --> src/bin/dlsite-search.rs:13:10
[INFO] [stdout]    |
[INFO] [stdout] 12 |     match client
[INFO] [stdout] 13 |         .search()
[INFO] [stdout]    |          ^^^^^^ method not found in `DlsiteClient`
[INFO] [stdout] 
[INFO] [stdout] 
[INFO] [stdout] Some errors have detailed explanations: E0432, E0599.
[INFO] [stdout] 
[INFO] [stdout] For more information about an error, try `rustc --explain E0432`.
[INFO] [stdout] 
[INFO] [stderr] error: could not compile `dlsite-rs-next` (bin "dlsite-search" test) due to 2 previous errors
[INFO] running `Command { std: "docker" "inspect" "6fc32bc99db1832d0c2fbbe32ff35f3a89b5c677090cf8eff15eeafbd3911de5", kill_on_drop: false }`
[INFO] running `Command { std: "docker" "rm" "-f" "6fc32bc99db1832d0c2fbbe32ff35f3a89b5c677090cf8eff15eeafbd3911de5", kill_on_drop: false }`
[INFO] [stdout] 6fc32bc99db1832d0c2fbbe32ff35f3a89b5c677090cf8eff15eeafbd3911de5
