[INFO] cloning repository https://github.com/TerseAI/little-actors
[INFO] running `Command { std: "git" "-c" "credential.helper=" "-c" "credential.helper=/workspace/cargo-home/bin/git-credential-null" "clone" "--bare" "https://github.com/TerseAI/little-actors" "/workspace/cache/git-repos/https%3A%2F%2Fgithub.com%2FTerseAI%2Flittle-actors", kill_on_drop: false }`
[INFO] [stderr] Cloning into bare repository '/workspace/cache/git-repos/https%3A%2F%2Fgithub.com%2FTerseAI%2Flittle-actors'...
[INFO] running `Command { std: "git" "rev-parse" "HEAD", kill_on_drop: false }`
[INFO] [stdout] 8170b8681ba6700abf9011077b3a350a43a9eeb3
[INFO] checking TerseAI/little-actors against 3154cc1a3e6424e44f438a95007d043ed5ceaaf6+rustflags=-Znext-solver=coherence for pr-133502-30
[INFO] running `Command { std: "git" "clone" "/workspace/cache/git-repos/https%3A%2F%2Fgithub.com%2FTerseAI%2Flittle-actors" "/workspace/builds/worker-7-tc1/source", kill_on_drop: false }`
[INFO] [stderr] Cloning into '/workspace/builds/worker-7-tc1/source'...
[INFO] [stderr] done.
[INFO] removed /workspace/builds/worker-7-tc1/source/.cargo/config.toml
[INFO] started tweaking git repo https://github.com/TerseAI/little-actors
[INFO] finished tweaking git repo https://github.com/TerseAI/little-actors
[INFO] tweaked toml for git repo https://github.com/TerseAI/little-actors written to /workspace/builds/worker-7-tc1/source/Cargo.toml
[INFO] validating manifest of git repo https://github.com/TerseAI/little-actors on toolchain 3154cc1a3e6424e44f438a95007d043ed5ceaaf6
[INFO] running `Command { std: CARGO_HOME="/workspace/cargo-home" RUSTUP_HOME="/workspace/rustup-home" "/workspace/cargo-home/bin/cargo" "+3154cc1a3e6424e44f438a95007d043ed5ceaaf6" "metadata" "--manifest-path" "Cargo.toml" "--no-deps", kill_on_drop: false }`
[INFO] crate git repo https://github.com/TerseAI/little-actors already has a lockfile, it will not be regenerated
[INFO] running `Command { std: CARGO_HOME="/workspace/cargo-home" RUSTUP_HOME="/workspace/rustup-home" "/workspace/cargo-home/bin/cargo" "+3154cc1a3e6424e44f438a95007d043ed5ceaaf6" "fetch" "--manifest-path" "Cargo.toml", kill_on_drop: false }`
[INFO] [stderr]     Blocking waiting for file lock on package cache
[INFO] [stderr]     Updating crates.io index
[INFO] [stderr]     Updating git repository `https://github.com/TerseAI/terse-litestream`
[INFO] [stderr]     Updating git repository `https://github.com/TerseAI/terse-ltx`
[INFO] [stderr]  Downloading crates ...
[INFO] [stderr]   Downloaded postgres-native-tls v0.5.3
[INFO] [stderr]   Downloaded refinery v0.9.2
[INFO] [stderr]   Downloaded refinery-macros v0.9.2
[INFO] [stderr]   Downloaded refinery-core v0.9.2
[INFO] [stderr]   Downloaded kube v2.0.1
[INFO] [stderr]   Downloaded jsonpath-rust v0.7.5
[INFO] [stderr]   Downloaded google-cloud-type v1.6.0
[INFO] [stderr]   Downloaded kube-runtime v2.0.1
[INFO] [stderr]   Downloaded google-cloud-rpc v1.6.0
[INFO] [stderr]   Downloaded gcp_auth v0.12.7
[INFO] [stderr]   Downloaded atomic-write-file v0.3.1
[INFO] [stderr]   Downloaded google-cloud-lro v1.11.0
[INFO] [stderr]   Downloaded google-cloud-longrunning v1.14.0
[INFO] [stderr]   Downloaded google-cloud-iam-v1 v1.13.0
[INFO] [stderr]   Downloaded kube-core v2.0.1
[INFO] [stderr]   Downloaded opentelemetry v0.33.0
[INFO] [stderr]   Downloaded google-cloud-gax v1.15.0
[INFO] [stderr]   Downloaded kube-client v2.0.1
[INFO] [stderr]   Downloaded google-cloud-wkt v1.9.0
[INFO] [stderr]   Downloaded opentelemetry-semantic-conventions v0.33.0
[INFO] [stderr]   Downloaded google-cloud-gax-internal v0.7.20
[INFO] [stderr]   Downloaded google-cloud-auth v1.17.0
[INFO] [stderr]   Downloaded opentelemetry_sdk v0.33.0
[INFO] [stderr]   Downloaded google-cloud-storage v1.20.0
[INFO] [stderr]   Downloaded k8s-openapi v0.26.1
[INFO] running `Command { std: "docker" "create" "-v" "/var/lib/crater-agent-workspace/builds/worker-7-tc1/source:/opt/rustwide/workdir:ro,Z" "-v" "/var/lib/crater-agent-workspace/builds/worker-7-tc1/target:/opt/rustwide/target:rw,Z" "-v" "/var/lib/crater-agent-workspace/cargo-home:/opt/rustwide/cargo-home:ro,Z" "-v" "/var/lib/crater-agent-workspace/rustup-home:/opt/rustwide/rustup-home:ro,Z" "-m" "1610612736" "--network" "none" "ghcr.io/rust-lang/crates-build-env/linux@sha256:77db811e55d90add9212f6832c23229e3de5f1c1f9905e8cb07319ea15df73ac" "sleep" "infinity", kill_on_drop: false }`
[INFO] [stdout] 27aafe60244071e5e9fb7a84fa91f5105fc1755fa8528ceb5718f701d778687d
[INFO] running `Command { std: "docker" "start" "27aafe60244071e5e9fb7a84fa91f5105fc1755fa8528ceb5718f701d778687d", kill_on_drop: false }`
[INFO] running `Command { std: "docker" "inspect" "27aafe60244071e5e9fb7a84fa91f5105fc1755fa8528ceb5718f701d778687d", kill_on_drop: false }`
[INFO] running `Command { std: "docker" "exec" "-e" "SOURCE_DIR=/opt/rustwide/workdir" "-e" "CARGO_HOME=/opt/rustwide/cargo-home" "-e" "RUSTUP_HOME=/opt/rustwide/rustup-home" "-e" "CARGO_TARGET_DIR=/opt/rustwide/target" "-w" "/opt/rustwide/workdir" "--user" "0:0" "27aafe60244071e5e9fb7a84fa91f5105fc1755fa8528ceb5718f701d778687d" "/opt/rustwide/cargo-home/bin/cargo" "+3154cc1a3e6424e44f438a95007d043ed5ceaaf6" "metadata" "--no-deps" "--format-version=1", kill_on_drop: false }`
[INFO] running `Command { std: "docker" "inspect" "27aafe60244071e5e9fb7a84fa91f5105fc1755fa8528ceb5718f701d778687d", kill_on_drop: false }`
[INFO] running `Command { std: "docker" "exec" "-e" "SOURCE_DIR=/opt/rustwide/workdir" "-e" "CARGO_HOME=/opt/rustwide/cargo-home" "-e" "RUSTUP_HOME=/opt/rustwide/rustup-home" "-e" "CARGO_TARGET_DIR=/opt/rustwide/target" "-e" "CARGO_INCREMENTAL=0" "-e" "RUST_BACKTRACE=full" "-e" "RUSTFLAGS=--cap-lints=forbid -Znext-solver=coherence" "-e" "RUSTDOCFLAGS=--cap-lints=forbid" "-w" "/opt/rustwide/workdir" "--user" "0:0" "27aafe60244071e5e9fb7a84fa91f5105fc1755fa8528ceb5718f701d778687d" "/opt/rustwide/cargo-home/bin/cargo" "+3154cc1a3e6424e44f438a95007d043ed5ceaaf6" "check" "--frozen" "--all" "--all-targets" "--message-format=json", kill_on_drop: false }`
[INFO] [stderr]    Compiling aws-lc-rs v1.18.0
[INFO] [stderr]    Compiling syn v3.0.3
[INFO] [stderr]    Compiling jobserver v0.1.35
[INFO] [stderr]     Checking serde_json v1.0.151
[INFO] [stderr]    Compiling zeroize_derive v1.5.0
[INFO] [stderr]     Checking tracing v0.1.44
[INFO] [stderr]    Compiling rustls v0.23.43
[INFO] [stderr]     Checking getrandom v0.4.3
[INFO] [stderr]     Checking subtle v2.6.1
[INFO] [stderr]     Checking getrandom v0.3.4
[INFO] [stderr]     Checking ipnet v2.12.1
[INFO] [stderr]     Checking chacha20 v0.10.2
[INFO] [stderr]     Checking digest v0.10.7
[INFO] [stderr]    Compiling prost-derive v0.14.4
[INFO] [stderr]    Compiling pin-project-internal v1.1.13
[INFO] [stderr]    Compiling darling_core v0.23.0
[INFO] [stderr]    Compiling cc v1.4.4
[INFO] [stderr]     Checking rand_core v0.9.5
[INFO] [stderr]     Checking sha2 v0.11.0
[INFO] [stderr]     Checking rand_chacha v0.9.0
[INFO] [stderr]     Checking deranged v0.5.8
[INFO] [stderr]     Checking sha1 v0.10.7
[INFO] [stderr]     Checking base64 v0.23.1
[INFO] [stderr]     Checking parking_lot_core v0.9.12
[INFO] [stderr]     Checking rand v0.10.2
[INFO] [stderr]    Compiling pest v2.9.2
[INFO] [stderr]    Compiling google-cloud-auth v1.17.0
[INFO] [stderr]     Checking fallible-iterator v0.2.0
[INFO] [stderr]     Checking rand v0.9.5
[INFO] [stderr]    Compiling k8s-openapi v0.26.1
[INFO] [stderr]     Checking parking_lot v0.12.5
[INFO] [stderr]     Checking zeroize v1.9.0
[INFO] [stderr]     Checking jiff-core v0.1.0
[INFO] [stderr]    Compiling google-cloud-gax-internal v0.7.20
[INFO] [stderr]     Checking hex v0.4.3
[INFO] [stderr]     Checking rustls-pki-types v1.15.1
[INFO] [stderr]    Compiling indexmap v2.14.0
[INFO] [stderr]    Compiling rustix v1.1.4
[INFO] [stderr]    Compiling pulldown-cmark v0.13.4
[INFO] [stderr]    Compiling cmake v0.1.58
[INFO] [stderr]     Checking phf v0.13.1
[INFO] [stderr]     Checking pin-project v1.1.13
[INFO] [stderr]     Checking rustls-native-certs v0.8.4
[INFO] [stderr]     Checking webpki-roots v1.0.9
[INFO] [stderr]     Checking jiff v0.2.35
[INFO] [stderr]    Compiling prettyplease v0.2.37
[INFO] [stderr]    Compiling pest_meta v2.9.2
[INFO] [stderr]     Checking webpki-roots v0.26.11
[INFO] [stderr]     Checking ordered-float v2.10.1
[INFO] [stderr]    Compiling derive_more-impl v2.1.1
[INFO] [stderr]     Checking whoami v2.1.3
[INFO] [stderr]     Checking opentelemetry-semantic-conventions v0.33.0
[INFO] [stderr]     Checking ucd-trie v0.1.7
[INFO] [stderr]    Compiling openssl-macros v0.1.1
[INFO] [stderr]    Compiling native-tls v0.2.18
[INFO] [stderr]    Compiling nix v0.31.3
[INFO] [stderr]     Checking toml_parser v1.1.3+spec-1.1.0
[INFO] [stderr]    Compiling tonic-build v0.14.6
[INFO] [stderr]    Compiling petgraph v0.8.3
[INFO] [stderr]    Compiling prost v0.14.4
[INFO] [stderr]     Checking secrecy v0.10.3
[INFO] [stderr]    Compiling aws-lc-sys v0.44.0
[INFO] [stderr]    Compiling openssl-sys v0.9.117
[INFO] [stderr]    Compiling libsqlite3-sys v0.38.2
[INFO] [stderr]     Checking derive_more v2.1.1
[INFO] [stderr]    Compiling crc32c v0.6.8
[INFO] [stderr]    Compiling async-stream-impl v0.3.6
[INFO] [stderr]    Compiling pulldown-cmark-to-cmark v22.0.1
[INFO] [stderr]    Compiling prost-types v0.14.4
[INFO] [stderr]     Checking time v0.3.55
[INFO] [stderr]    Compiling pest_generator v2.9.2
[INFO] [stderr]     Checking toml_datetime v1.1.1+spec-1.1.0
[INFO] [stderr]    Compiling openssl v0.10.81
[INFO] [stderr]     Checking serde_spanned v1.1.1
[INFO] [stderr]     Checking twox-hash v2.1.4
[INFO] [stderr]     Checking lz4_flex v0.13.1
[INFO] [stderr]     Checking async-stream v0.3.6
[INFO] [stderr]     Checking toml v1.1.4+spec-1.1.0
[INFO] [stderr]     Checking ahash v0.8.12
[INFO] [stderr]     Checking async-broadcast v0.7.2
[INFO] [stderr]     Checking uuid v1.25.0
[INFO] [stderr]     Checking hostname v0.4.2
[INFO] [stderr]     Checking clap_builder v4.6.6
[INFO] [stderr]     Checking terse-ltx v0.1.0 (https://github.com/TerseAI/terse-ltx?rev=fdc27e08f09a532b8f0b8d72971de4b2772ef86b#fdc27e08)
[INFO] [stderr]     Checking tempfile v3.27.0
[INFO] [stderr]     Checking tracing-futures v0.2.5
[INFO] [stderr]     Checking async-lock v3.4.2
[INFO] [stderr]     Checking md5 v0.8.1
[INFO] [stderr]     Checking signature v2.2.0
[INFO] [stderr]    Compiling prost-build v0.14.4
[INFO] [stderr]    Compiling pest_derive v2.9.2
[INFO] [stderr]    Compiling darling_macro v0.23.0
[INFO] [stderr]    Compiling darling v0.23.0
[INFO] [stderr]    Compiling serde_with_macros v3.22.0
[INFO] [stderr]     Checking atomic-write-file v0.3.1
[INFO] [stderr]    Compiling serde_derive v1.0.229
[INFO] [stderr]    Compiling zerovec-derive v0.11.6
[INFO] [stderr]    Compiling displaydoc v0.2.7
[INFO] [stderr]    Compiling tokio-macros v2.7.2
[INFO] [stderr]    Compiling futures-macro v0.3.34
[INFO] [stderr]    Compiling thiserror-impl v2.0.20
[INFO] [stderr]    Compiling async-trait v0.1.92
[INFO] [stderr]    Compiling enum-ordinalize-derive v4.4.2
[INFO] [stderr]    Compiling clap_derive v4.6.4
[INFO] [stderr]    Compiling tonic-prost-build v0.14.6
[INFO] [stderr]    Compiling enum-ordinalize v4.4.2
[INFO] [stderr]    Compiling educe v0.6.0
[INFO] [stderr]     Checking zerotrie v0.2.5
[INFO] [stderr]     Checking futures-util v0.3.34
[INFO] [stderr]    Compiling durable-actors v0.8.0 (/opt/rustwide/workdir)
[INFO] [stderr]     Checking serde_with v3.22.0
[INFO] [stderr]     Checking thiserror v2.0.20
[INFO] [stderr]     Checking zerovec v0.11.8
[INFO] [stderr]     Checking opentelemetry v0.33.0
[INFO] [stderr]     Checking jsonpath-rust v0.7.5
[INFO] [stderr]     Checking tinystr v0.8.4
[INFO] [stderr]     Checking potential_utf v0.1.6
[INFO] [stderr]    Compiling icu_collections v2.3.0
[INFO] [stderr]     Checking clap v4.6.6
[INFO] [stderr]    Compiling icu_locale_core v2.3.0
[INFO] [stderr]    Compiling icu_provider v2.3.1
[INFO] [stderr]    Compiling icu_properties v2.3.0
[INFO] [stderr]    Compiling icu_normalizer v2.3.0
[INFO] [stderr]     Checking serde v1.0.229
[INFO] [stderr]     Checking bytes v1.12.1
[INFO] [stderr]     Checking serde_urlencoded v0.7.1
[INFO] [stderr]     Checking tracing-serde v0.2.0
[INFO] [stderr]     Checking futures v0.3.34
[INFO] [stderr]     Checking futures-executor v0.3.34
[INFO] [stderr]     Checking chrono v0.4.45
[INFO] [stderr]     Checking opentelemetry_sdk v0.33.0
[INFO] [stderr]     Checking jsonptr v0.7.1
[INFO] [stderr]     Checking tracing-subscriber v0.3.23
[INFO] [stderr]     Checking serde-value v0.7.0
[INFO] [stderr]     Checking serde_yaml v0.9.34+deprecated
[INFO] [stderr]     Checking json-patch v4.2.0
[INFO] [stderr]    Compiling idna_adapter v1.2.2
[INFO] [stderr]     Checking tokio v1.53.1
[INFO] [stderr]     Checking http v1.5.0
[INFO] [stderr]     Checking postgres-protocol v0.6.12
[INFO] [stderr]    Compiling idna v1.1.0
[INFO] [stderr]     Checking moka v0.12.16
[INFO] [stderr]     Checking postgres-types v0.2.14
[INFO] [stderr]     Checking http-body v1.1.0
[INFO] [stderr]     Checking tungstenite v0.27.0
[INFO] [stderr]    Compiling url v2.5.8
[INFO] [stderr]     Checking http-body-util v0.1.5
[INFO] [stderr]     Checking axum-core v0.5.6
[INFO] [stderr]     Checking tracing-opentelemetry v0.34.0
[INFO] [stderr]     Checking google-cloud-wkt v1.9.0
[INFO] [stderr]    Compiling refinery-core v0.9.2
[INFO] [stderr]    Compiling refinery-macros v0.9.2
[INFO] [stderr]     Checking google-cloud-rpc v1.6.0
[INFO] [stderr]     Checking google-cloud-type v1.6.0
[INFO] [stderr]     Checking rusqlite v0.40.2
[INFO] [stderr]     Checking terse-litestream v0.1.0 (https://github.com/TerseAI/terse-litestream?rev=74bbfc3d26528746c58ea892e272e4ea0abd1abd#74bbfc3d)
[INFO] [stderr]     Checking tokio-util v0.7.19
[INFO] [stderr]     Checking tokio-tungstenite v0.27.0
[INFO] [stderr]     Checking deadpool-runtime v0.3.1
[INFO] [stderr]     Checking backon v1.6.0
[INFO] [stderr]     Checking tokio-native-tls v0.3.1
[INFO] [stderr]     Checking deadpool v0.13.1
[INFO] [stderr]     Checking h2 v0.4.18
[INFO] [stderr]     Checking tower v0.5.3
[INFO] [stderr]     Checking tokio-stream v0.1.19
[INFO] [stderr]     Checking tokio-postgres v0.7.18
[INFO] [stderr]     Checking google-cloud-gax v1.15.0
[INFO] [stderr]     Checking tower-http v0.6.11
[INFO] [stderr]     Checking postgres-native-tls v0.5.3
[INFO] [stderr]     Checking deadpool-postgres v0.14.2
[INFO] [stderr]     Checking refinery v0.9.2
[INFO] [stderr]     Checking rustls-webpki v0.103.15
[INFO] [stderr]     Checking jsonwebtoken v10.4.0
[INFO] [stderr]     Checking hyper v1.11.0
[INFO] [stderr]     Checking hyper-util v0.1.20
[INFO] [stderr]     Checking tokio-rustls v0.26.4
[INFO] [stderr]     Checking tungstenite v0.29.0
[INFO] [stderr]     Checking rustls-platform-verifier v0.7.0
[INFO] [stderr]     Checking tokio-tungstenite v0.29.0
[INFO] [stderr]     Checking hyper-rustls v0.27.9
[INFO] [stderr]     Checking hyper-timeout v0.5.2
[INFO] [stderr]     Checking reqwest v0.13.4
[INFO] [stderr]     Checking gcp_auth v0.12.7
[INFO] [stderr]     Checking axum v0.8.9
[INFO] [stderr]     Checking kube-core v2.0.1
[INFO] [stderr]     Checking kube-client v2.0.1
[INFO] [stderr]     Checking kube-runtime v2.0.1
[INFO] [stderr]     Checking tonic v0.14.6
[INFO] [stderr]     Checking kube v2.0.1
[INFO] [stderr]     Checking tonic-prost v0.14.6
[INFO] [stderr]     Checking google-cloud-longrunning v1.14.0
[INFO] [stderr]     Checking google-cloud-iam-v1 v1.13.0
[INFO] [stderr]     Checking google-cloud-lro v1.11.0
[INFO] [stderr]     Checking google-cloud-storage v1.20.0
[INFO] [stdout] error[E0432]: unresolved import `google_cloud_storage::appendable_object_writer`
[INFO] [stdout]   --> src/bucket/rapid/gcs.rs:4:5
[INFO] [stdout]    |
[INFO] [stdout]  4 |     appendable_object_writer::AppendableObjectWriter, model_ext::ReadRange,
[INFO] [stdout]    |     ^^^^^^^^^^^^^^^^^^^^^^^^ could not find `appendable_object_writer` in `google_cloud_storage`
[INFO] [stdout]    |
[INFO] [stdout] note: found an item that was configured out
[INFO] [stdout]   --> /opt/rustwide/cargo-home/registry/src/index.crates.io-1949cf8c6b5b557f/google-cloud-storage-1.20.0/src/lib.rs:60:9
[INFO] [stdout]    |
[INFO] [stdout] 58 | #[cfg(google_cloud_unstable_storage_bidi)]
[INFO] [stdout]    |       ---------------------------------- the item is gated here
[INFO] [stdout] 59 | #[cfg_attr(docsrs, doc(cfg(feature = "unstable-stream")))]
[INFO] [stdout] 60 | pub mod appendable_object_writer;
[INFO] [stdout]    |         ^^^^^^^^^^^^^^^^^^^^^^^^
[INFO] [stdout] 
[INFO] [stdout] 
[INFO] [stdout] error[E0432]: unresolved import `google_cloud_storage::appendable_object_writer`
[INFO] [stdout]   --> src/bucket/rapid/gcs.rs:4:5
[INFO] [stdout]    |
[INFO] [stdout]  4 |     appendable_object_writer::AppendableObjectWriter, model_ext::ReadRange,
[INFO] [stdout]    |     ^^^^^^^^^^^^^^^^^^^^^^^^ could not find `appendable_object_writer` in `google_cloud_storage`
[INFO] [stdout]    |
[INFO] [stdout] note: found an item that was configured out
[INFO] [stdout]   --> /opt/rustwide/cargo-home/registry/src/index.crates.io-1949cf8c6b5b557f/google-cloud-storage-1.20.0/src/lib.rs:60:9
[INFO] [stdout]    |
[INFO] [stdout] 58 | #[cfg(google_cloud_unstable_storage_bidi)]
[INFO] [stdout]    |       ---------------------------------- the item is gated here
[INFO] [stdout] 59 | #[cfg_attr(docsrs, doc(cfg(feature = "unstable-stream")))]
[INFO] [stdout] 60 | pub mod appendable_object_writer;
[INFO] [stdout]    |         ^^^^^^^^^^^^^^^^^^^^^^^^
[INFO] [stdout] 
[INFO] [stdout] 
[INFO] [stdout] error[E0405]: cannot find trait `AppendableObjectWriter` in module `google_cloud_storage::stub`
[INFO] [stdout]   --> src/bucket/rapid/../../../tests/unit/bucket/rapid/gcs.rs:47:34
[INFO] [stdout]    |
[INFO] [stdout] 47 | impl google_cloud_storage::stub::AppendableObjectWriter for UploadStub {
[INFO] [stdout]    |                                  ^^^^^^^^^^^^^^^^^^^^^^ not found in `google_cloud_storage::stub`
[INFO] [stdout] 
[INFO] [stdout] 
[INFO] [stdout] Some errors have detailed explanations: E0405, E0432.
[INFO] [stdout] 
[INFO] [stdout] For more information about an error, try `rustc --explain E0405`.
[INFO] [stdout] 
[INFO] [stderr] error: could not compile `durable-actors` (lib test) due to 2 previous errors
[INFO] [stderr] warning: build failed, waiting for other jobs to finish...
[INFO] [stdout] error[E0599]: no method named `open_appendable_object` found for struct `google_cloud_storage::client::Storage<S>` in the current scope
[INFO] [stdout]    --> src/bucket/rapid/gcs.rs:102:14
[INFO] [stdout]     |
[INFO] [stdout]  99 |         let writer = self
[INFO] [stdout] 100 |             .clients
[INFO] [stdout] 101 |             .storage
[INFO] [stdout] 102 |             .open_appendable_object(&self.bucket, object)
[INFO] [stdout]     |              ^^^^^^^^^^^^^^^^^^^^^^
[INFO] [stdout]     |
[INFO] [stdout] help: there is a method `open_object` with a similar name
[INFO] [stdout]     |
[INFO] [stdout] 102 -             .open_appendable_object(&self.bucket, object)
[INFO] [stdout] 102 +             .open_object(&self.bucket, object)
[INFO] [stdout]     |
[INFO] [stdout] 
[INFO] [stdout] 
[INFO] [stdout] warning: method call on a diverging inference variable
[INFO] [stdout]    --> src/bucket/rapid/gcs.rs:109:32
[INFO] [stdout]     |
[INFO] [stdout] 109 |             generation: writer.generation(),
[INFO] [stdout]     |                                ^^^^^^^^^^
[INFO] [stdout]     |
[INFO] [stdout]     = help: consider providing a type annotation
[INFO] [stdout]     = warning: this was previously accepted by the compiler but is being phased out; it will become a hard error in a future release!
[INFO] [stdout]     = note: for more information, see issue #156047 <https://github.com/rust-lang/rust/issues/156047>
[INFO] [stdout]     = note: `#[warn(method_call_on_diverging_infer_var)]` (part of `#[warn(future_incompatible)]`) on by default
[INFO] [stdout] 
[INFO] [stdout] 
[INFO] [stdout] error[E0599]: no method named `generation` found for type `!` in the current scope
[INFO] [stdout]    --> src/bucket/rapid/gcs.rs:109:32
[INFO] [stdout]     |
[INFO] [stdout] 109 |             generation: writer.generation(),
[INFO] [stdout]     |                                ^^^^^^^^^^ method not found in `!`
[INFO] [stdout] 
[INFO] [stdout] 
[INFO] [stdout] warning: unreachable call
[INFO] [stdout]    --> src/bucket/rapid/gcs.rs:111:31
[INFO] [stdout]     |
[INFO] [stdout] 111 |         Ok((replica, Box::new(GcsWriter(writer))))
[INFO] [stdout]     |                               ^^^^^^^^^ ------ any code following this expression is unreachable
[INFO] [stdout]     |                               |
[INFO] [stdout]     |                               unreachable call
[INFO] [stdout]     |
[INFO] [stdout]     = note: `#[warn(unreachable_code)]` (part of `#[warn(unused)]`) on by default
[INFO] [stdout] 
[INFO] [stdout] 
[INFO] [stdout] error[E0599]: no method named `reopen_appendable_object` found for struct `google_cloud_storage::client::Storage<S>` in the current scope
[INFO] [stdout]    --> src/bucket/rapid/gcs.rs:120:22
[INFO] [stdout]     |
[INFO] [stdout] 118 |                 self.clients
[INFO] [stdout] 119 |                     .storage
[INFO] [stdout] 120 |                     .reopen_appendable_object(&self.bucket, &replica.object, replica.generation)
[INFO] [stdout]     |                      ^^^^^^^^^^^^^^^^^^^^^^^^ method not found in `google_cloud_storage::client::Storage`
[INFO] [stdout] 
[INFO] [stdout] 
[INFO] [stdout] warning: method call on a diverging inference variable
[INFO] [stdout]    --> src/bucket/rapid/gcs.rs:128:25
[INFO] [stdout]     |
[INFO] [stdout] 128 |             Some(writer.flush().await?)
[INFO] [stdout]     |                         ^^^^^
[INFO] [stdout]     |
[INFO] [stdout]     = help: consider providing a type annotation
[INFO] [stdout]     = warning: this was previously accepted by the compiler but is being phased out; it will become a hard error in a future release!
[INFO] [stdout]     = note: for more information, see issue #156047 <https://github.com/rust-lang/rust/issues/156047>
[INFO] [stdout] 
[INFO] [stdout] 
[INFO] [stdout] error[E0599]: no method named `flush` found for mutable reference `&mut !` in the current scope
[INFO] [stdout]    --> src/bucket/rapid/gcs.rs:128:25
[INFO] [stdout]     |
[INFO] [stdout] 128 |             Some(writer.flush().await?)
[INFO] [stdout]     |                         ^^^^^ method not found in `&mut !`
[INFO] [stdout] 
[INFO] [stdout] 
[INFO] [stdout] warning: method call on a diverging inference variable
[INFO] [stdout]    --> src/bucket/rapid/gcs.rs:217:34
[INFO] [stdout]     |
[INFO] [stdout] 217 |         Ok(self.0.flush().await?.try_into()?)
[INFO] [stdout]     |                                  ^^^^^^^^
[INFO] [stdout]     |
[INFO] [stdout]     = help: consider providing a type annotation
[INFO] [stdout]     = warning: this was previously accepted by the compiler but is being phased out; it will become a hard error in a future release!
[INFO] [stdout]     = note: for more information, see issue #156047 <https://github.com/rust-lang/rust/issues/156047>
[INFO] [stdout] 
[INFO] [stdout] 
[INFO] [stdout] error[E0277]: the trait bound `u64: TryFrom<!>` is not satisfied
[INFO] [stdout]    --> src/bucket/rapid/gcs.rs:217:34
[INFO] [stdout]     |
[INFO] [stdout] 217 |         Ok(self.0.flush().await?.try_into()?)
[INFO] [stdout]     |                                  ^^^^^^^^ the trait `From<!>` is not implemented for `u64`
[INFO] [stdout]     |
[INFO] [stdout]     = help: `u64` implements trait `From<T>`:
[INFO] [stdout]               From<PgLsn>
[INFO] [stdout]               From<aws_lc_rs::endian::BigEndian<u64>>
[INFO] [stdout]               From<aws_lc_rs::endian::LittleEndian<u64>>
[INFO] [stdout]               From<bool>
[INFO] [stdout]               From<char>
[INFO] [stdout]               From<deranged::RangedU64<MIN, MAX>>
[INFO] [stdout]               From<std::ascii::Char>
[INFO] [stdout]               From<u16>
[INFO] [stdout]             and 5 others
[INFO] [stdout]     = note: required for `!` to implement `Into<u64>`
[INFO] [stdout]     = note: required for `u64` to implement `TryFrom<!>`
[INFO] [stdout]     = note: required for `!` to implement `TryInto<u64>`
[INFO] [stdout] 
[INFO] [stdout] 
[INFO] [stdout] Some errors have detailed explanations: E0277, E0432, E0599.
[INFO] [stdout] 
[INFO] [stdout] For more information about an error, try `rustc --explain E0277`.
[INFO] [stdout] 
[INFO] [stderr] error: could not compile `durable-actors` (lib) due to 6 previous errors; 7 warnings emitted
[INFO] running `Command { std: "docker" "inspect" "27aafe60244071e5e9fb7a84fa91f5105fc1755fa8528ceb5718f701d778687d", kill_on_drop: false }`
[INFO] running `Command { std: "docker" "rm" "-f" "27aafe60244071e5e9fb7a84fa91f5105fc1755fa8528ceb5718f701d778687d", kill_on_drop: false }`
[INFO] [stdout] 27aafe60244071e5e9fb7a84fa91f5105fc1755fa8528ceb5718f701d778687d
