[INFO] cloning repository https://github.com/TensorGreed/burrow
[INFO] running `Command { std: "git" "-c" "credential.helper=" "-c" "credential.helper=/workspace/cargo-home/bin/git-credential-null" "clone" "--bare" "https://github.com/TensorGreed/burrow" "/workspace/cache/git-repos/https%3A%2F%2Fgithub.com%2FTensorGreed%2Fburrow", kill_on_drop: false }`
[INFO] [stderr] Cloning into bare repository '/workspace/cache/git-repos/https%3A%2F%2Fgithub.com%2FTensorGreed%2Fburrow'...
[INFO] running `Command { std: "git" "rev-parse" "HEAD", kill_on_drop: false }`
[INFO] [stdout] 69b344441947ddbd0f4c50138859c7054574e0a2
[INFO] checking TensorGreed/burrow against 3154cc1a3e6424e44f438a95007d043ed5ceaaf6 for pr-133502-30
[INFO] running `Command { std: "git" "clone" "/workspace/cache/git-repos/https%3A%2F%2Fgithub.com%2FTensorGreed%2Fburrow" "/workspace/builds/worker-3-tc2/source", kill_on_drop: false }`
[INFO] [stderr] Cloning into '/workspace/builds/worker-3-tc2/source'...
[INFO] [stderr] done.
[INFO] removed /workspace/builds/worker-3-tc2/source/rust-toolchain.toml
[INFO] started tweaking git repo https://github.com/TensorGreed/burrow
[INFO] finished tweaking git repo https://github.com/TensorGreed/burrow
[INFO] tweaked toml for git repo https://github.com/TensorGreed/burrow written to /workspace/builds/worker-3-tc2/source/Cargo.toml
[INFO] validating manifest of git repo https://github.com/TensorGreed/burrow on toolchain 3154cc1a3e6424e44f438a95007d043ed5ceaaf6
[INFO] running `Command { std: CARGO_HOME="/workspace/cargo-home" RUSTUP_HOME="/workspace/rustup-home" "/workspace/cargo-home/bin/cargo" "+3154cc1a3e6424e44f438a95007d043ed5ceaaf6" "metadata" "--manifest-path" "Cargo.toml" "--no-deps", kill_on_drop: false }`
[INFO] crate git repo https://github.com/TensorGreed/burrow already has a lockfile, it will not be regenerated
[INFO] running `Command { std: CARGO_HOME="/workspace/cargo-home" RUSTUP_HOME="/workspace/rustup-home" "/workspace/cargo-home/bin/cargo" "+3154cc1a3e6424e44f438a95007d043ed5ceaaf6" "fetch" "--manifest-path" "Cargo.toml", kill_on_drop: false }`
[INFO] [stderr]     Blocking waiting for file lock on package cache
[INFO] [stderr]     Blocking waiting for file lock on package cache
[INFO] running `Command { std: "docker" "create" "-v" "/var/lib/crater-agent-workspace/builds/worker-3-tc2/source:/opt/rustwide/workdir:ro,Z" "-v" "/var/lib/crater-agent-workspace/builds/worker-3-tc2/target:/opt/rustwide/target:rw,Z" "-v" "/var/lib/crater-agent-workspace/cargo-home:/opt/rustwide/cargo-home:ro,Z" "-v" "/var/lib/crater-agent-workspace/rustup-home:/opt/rustwide/rustup-home:ro,Z" "-m" "1610612736" "--network" "none" "ghcr.io/rust-lang/crates-build-env/linux@sha256:77db811e55d90add9212f6832c23229e3de5f1c1f9905e8cb07319ea15df73ac" "sleep" "infinity", kill_on_drop: false }`
[INFO] [stdout] 65ad76d75c704f3ae36c66707bd63a256a24f7b768071a2d50289f5284d05f15
[INFO] running `Command { std: "docker" "start" "65ad76d75c704f3ae36c66707bd63a256a24f7b768071a2d50289f5284d05f15", kill_on_drop: false }`
[INFO] running `Command { std: "docker" "inspect" "65ad76d75c704f3ae36c66707bd63a256a24f7b768071a2d50289f5284d05f15", kill_on_drop: false }`
[INFO] running `Command { std: "docker" "exec" "-e" "SOURCE_DIR=/opt/rustwide/workdir" "-e" "CARGO_HOME=/opt/rustwide/cargo-home" "-e" "RUSTUP_HOME=/opt/rustwide/rustup-home" "-e" "CARGO_TARGET_DIR=/opt/rustwide/target" "-w" "/opt/rustwide/workdir" "--user" "0:0" "65ad76d75c704f3ae36c66707bd63a256a24f7b768071a2d50289f5284d05f15" "/opt/rustwide/cargo-home/bin/cargo" "+3154cc1a3e6424e44f438a95007d043ed5ceaaf6" "metadata" "--no-deps" "--format-version=1", kill_on_drop: false }`
[INFO] running `Command { std: "docker" "inspect" "65ad76d75c704f3ae36c66707bd63a256a24f7b768071a2d50289f5284d05f15", kill_on_drop: false }`
[INFO] running `Command { std: "docker" "exec" "-e" "SOURCE_DIR=/opt/rustwide/workdir" "-e" "CARGO_HOME=/opt/rustwide/cargo-home" "-e" "RUSTUP_HOME=/opt/rustwide/rustup-home" "-e" "CARGO_TARGET_DIR=/opt/rustwide/target" "-e" "CARGO_INCREMENTAL=0" "-e" "RUST_BACKTRACE=full" "-e" "RUSTFLAGS=--cap-lints=forbid" "-e" "RUSTDOCFLAGS=--cap-lints=forbid" "-w" "/opt/rustwide/workdir" "--user" "0:0" "65ad76d75c704f3ae36c66707bd63a256a24f7b768071a2d50289f5284d05f15" "/opt/rustwide/cargo-home/bin/cargo" "+3154cc1a3e6424e44f438a95007d043ed5ceaaf6" "check" "--frozen" "--all" "--all-targets" "--message-format=json", kill_on_drop: false }`
[INFO] [stderr]     Checking zeroize v1.9.0
[INFO] [stderr]    Compiling libc v0.2.189
[INFO] [stderr]    Compiling wasm-bindgen-shared v0.2.128
[INFO] [stderr]    Compiling crypto-common v0.1.7
[INFO] [stderr]     Checking ppv-lite86 v0.2.21
[INFO] [stderr]    Compiling bumpalo v3.20.3
[INFO] [stderr]    Compiling syn v3.0.5
[INFO] [stderr]    Compiling wasm-bindgen v0.2.128
[INFO] [stderr]    Compiling digest v0.10.7
[INFO] [stderr]    Compiling sha2 v0.10.9
[INFO] [stderr]    Compiling burrow-engines v0.0.0 (/opt/rustwide/workdir/core/burrow-engines)
[INFO] [stderr]     Checking getrandom v0.3.4
[INFO] [stderr]     Checking rand_core v0.9.5
[INFO] [stderr]     Checking rand v0.9.5
[INFO] [stderr]     Checking rand_chacha v0.9.0
[INFO] [stderr]     Checking rand_xorshift v0.4.0
[INFO] [stderr]     Checking proptest v1.11.0
[INFO] [stderr]    Compiling wasm-bindgen-macro-support v0.2.128
[INFO] [stderr]    Compiling thiserror-impl v2.0.20
[INFO] [stderr]    Compiling serde_derive v1.0.229
[INFO] [stderr]     Checking thiserror v2.0.20
[INFO] [stderr]     Checking burrow-types v0.0.0 (/opt/rustwide/workdir/core/burrow-types)
[INFO] [stderr]     Checking serde v1.0.229
[INFO] [stderr]     Checking burrow-ops v0.0.0 (/opt/rustwide/workdir/core/burrow-ops)
[INFO] [stderr]     Checking burrow-core v0.0.0 (/opt/rustwide/workdir/core/burrow-core)
[INFO] [stderr]     Checking burrow-ffi v0.0.0 (/opt/rustwide/workdir/bindings/burrow-ffi)
[INFO] [stdout] error[E0432]: unresolved import `burrow_engines::pdfium`
[INFO] [stdout]   --> core/burrow-engines/tests/support/mod.rs:17:21
[INFO] [stdout]    |
[INFO] [stdout] 17 | use burrow_engines::pdfium::{Pdfium, PdfiumDocument};
[INFO] [stdout]    |                     ^^^^^^ could not find `pdfium` in `burrow_engines`
[INFO] [stdout]    |
[INFO] [stdout] note: found an item that was configured out
[INFO] [stdout]   --> core/burrow-engines/src/lib.rs:72:9
[INFO] [stdout]    |
[INFO] [stdout] 71 | #[cfg(all(feature = "native-engines", burrow_native_engines, target_os = "linux"))]
[INFO] [stdout]    |           -------------------------- the item is gated behind the `native-engines` feature
[INFO] [stdout] 72 | pub mod pdfium;
[INFO] [stdout]    |         ^^^^^^
[INFO] [stdout] 
[INFO] [stdout] 
[INFO] [stdout] error[E0432]: unresolved import `support::char_box_oracle`
[INFO] [stdout]   --> core/burrow-engines/tests/annotation_ink.rs:17:14
[INFO] [stdout]    |
[INFO] [stdout] 17 | use support::char_box_oracle::dark_pixels_with_annotations;
[INFO] [stdout]    |              ^^^^^^^^^^^^^^^ could not find `char_box_oracle` in `support`
[INFO] [stdout]    |
[INFO] [stdout] note: found an item that was configured out
[INFO] [stdout]   --> core/burrow-engines/tests/support/mod.rs:13:9
[INFO] [stdout]    |
[INFO] [stdout] 12 | #[cfg(all(feature = "native-engines", burrow_native_engines, target_os = "linux"))]
[INFO] [stdout]    |           -------------------------- the item is gated behind the `native-engines` feature
[INFO] [stdout] 13 | pub mod char_box_oracle;
[INFO] [stdout]    |         ^^^^^^^^^^^^^^^
[INFO] [stdout] 
[INFO] [stdout] 
[INFO] [stdout] error[E0425]: cannot find function `redact_page` in module `support`
[INFO] [stdout]   --> core/burrow-engines/tests/annotation_ink.rs:99:14
[INFO] [stdout]    |
[INFO] [stdout] 99 |     support::redact_page(bytes, 0, BTreeSet::from([0]), region)
[INFO] [stdout]    |              ^^^^^^^^^^^ not found in `support`
[INFO] [stdout]    |
[INFO] [stdout] note: found an item that was configured out
[INFO] [stdout]   --> core/burrow-engines/tests/support/mod.rs:55:8
[INFO] [stdout]    |
[INFO] [stdout] 54 | #[cfg(all(feature = "native-engines", burrow_native_engines, target_os = "linux"))]
[INFO] [stdout]    |           -------------------------- the item is gated behind the `native-engines` feature
[INFO] [stdout] 55 | pub fn redact_page(
[INFO] [stdout]    |        ^^^^^^^^^^^
[INFO] [stdout] 
[INFO] [stdout] 
[INFO] [stdout] Some errors have detailed explanations: E0425, E0432.
[INFO] [stdout] 
[INFO] [stdout] For more information about an error, try `rustc --explain E0425`.
[INFO] [stdout] 
[INFO] [stderr] error: could not compile `burrow-engines` (test "annotation_ink") due to 3 previous errors
[INFO] [stderr] warning: build failed, waiting for other jobs to finish...
[INFO] [stdout] warning: function `appearance_objects_walked` is never used
[INFO] [stdout]     --> core/burrow-engines/src/redact/steps.rs:1563:15
[INFO] [stdout]      |
[INFO] [stdout] 1563 | pub(crate) fn appearance_objects_walked() -> [usize; 4] {
[INFO] [stdout]      |               ^^^^^^^^^^^^^^^^^^^^^^^^^
[INFO] [stdout]      |
[INFO] [stdout]      = note: `#[warn(dead_code)]` (part of `#[warn(unused)]`) on by default
[INFO] [stdout] 
[INFO] [stdout] 
[INFO] running `Command { std: "docker" "inspect" "65ad76d75c704f3ae36c66707bd63a256a24f7b768071a2d50289f5284d05f15", kill_on_drop: false }`
[INFO] running `Command { std: "docker" "rm" "-f" "65ad76d75c704f3ae36c66707bd63a256a24f7b768071a2d50289f5284d05f15", kill_on_drop: false }`
[INFO] [stdout] 65ad76d75c704f3ae36c66707bd63a256a24f7b768071a2d50289f5284d05f15
