[INFO] cloning repository https://github.com/Tenshou170/DMMGamePlayer-Wine
[INFO] running `Command { std: "git" "-c" "credential.helper=" "-c" "credential.helper=/workspace/cargo-home/bin/git-credential-null" "clone" "--bare" "https://github.com/Tenshou170/DMMGamePlayer-Wine" "/workspace/cache/git-repos/https%3A%2F%2Fgithub.com%2FTenshou170%2FDMMGamePlayer-Wine", kill_on_drop: false }`
[INFO] [stderr] Cloning into bare repository '/workspace/cache/git-repos/https%3A%2F%2Fgithub.com%2FTenshou170%2FDMMGamePlayer-Wine'...
[INFO] running `Command { std: "git" "rev-parse" "HEAD", kill_on_drop: false }`
[INFO] [stdout] 7831e8c86deb51a274e02356dec4e2d9b5a9fdfe
[INFO] checking Tenshou170/DMMGamePlayer-Wine against 3154cc1a3e6424e44f438a95007d043ed5ceaaf6 for pr-133502-30
[INFO] running `Command { std: "git" "clone" "/workspace/cache/git-repos/https%3A%2F%2Fgithub.com%2FTenshou170%2FDMMGamePlayer-Wine" "/workspace/builds/worker-6-tc2/source", kill_on_drop: false }`
[INFO] [stderr] Cloning into '/workspace/builds/worker-6-tc2/source'...
[INFO] [stderr] done.
[INFO] started tweaking git repo https://github.com/Tenshou170/DMMGamePlayer-Wine
[INFO] finished tweaking git repo https://github.com/Tenshou170/DMMGamePlayer-Wine
[INFO] tweaked toml for git repo https://github.com/Tenshou170/DMMGamePlayer-Wine written to /workspace/builds/worker-6-tc2/source/Cargo.toml
[INFO] validating manifest of git repo https://github.com/Tenshou170/DMMGamePlayer-Wine on toolchain 3154cc1a3e6424e44f438a95007d043ed5ceaaf6
[INFO] running `Command { std: CARGO_HOME="/workspace/cargo-home" RUSTUP_HOME="/workspace/rustup-home" "/workspace/cargo-home/bin/cargo" "+3154cc1a3e6424e44f438a95007d043ed5ceaaf6" "metadata" "--manifest-path" "Cargo.toml" "--no-deps", kill_on_drop: false }`
[INFO] crate git repo https://github.com/Tenshou170/DMMGamePlayer-Wine already has a lockfile, it will not be regenerated
[INFO] running `Command { std: CARGO_HOME="/workspace/cargo-home" RUSTUP_HOME="/workspace/rustup-home" "/workspace/cargo-home/bin/cargo" "+3154cc1a3e6424e44f438a95007d043ed5ceaaf6" "fetch" "--manifest-path" "Cargo.toml", kill_on_drop: false }`
[INFO] [stderr]     Blocking waiting for file lock on package cache
[INFO] running `Command { std: "docker" "create" "-v" "/var/lib/crater-agent-workspace/builds/worker-6-tc2/source:/opt/rustwide/workdir:ro,Z" "-v" "/var/lib/crater-agent-workspace/builds/worker-6-tc2/target:/opt/rustwide/target:rw,Z" "-v" "/var/lib/crater-agent-workspace/cargo-home:/opt/rustwide/cargo-home:ro,Z" "-v" "/var/lib/crater-agent-workspace/rustup-home:/opt/rustwide/rustup-home:ro,Z" "-m" "1610612736" "--network" "none" "ghcr.io/rust-lang/crates-build-env/linux@sha256:77db811e55d90add9212f6832c23229e3de5f1c1f9905e8cb07319ea15df73ac" "sleep" "infinity", kill_on_drop: false }`
[INFO] [stdout] ee0f6dc261fc3aa363a45453bdbb0485a0a218cf50b0a0c59302940321e0ed80
[INFO] running `Command { std: "docker" "start" "ee0f6dc261fc3aa363a45453bdbb0485a0a218cf50b0a0c59302940321e0ed80", kill_on_drop: false }`
[INFO] running `Command { std: "docker" "inspect" "ee0f6dc261fc3aa363a45453bdbb0485a0a218cf50b0a0c59302940321e0ed80", kill_on_drop: false }`
[INFO] running `Command { std: "docker" "exec" "-e" "SOURCE_DIR=/opt/rustwide/workdir" "-e" "CARGO_HOME=/opt/rustwide/cargo-home" "-e" "RUSTUP_HOME=/opt/rustwide/rustup-home" "-e" "CARGO_TARGET_DIR=/opt/rustwide/target" "-w" "/opt/rustwide/workdir" "--user" "0:0" "ee0f6dc261fc3aa363a45453bdbb0485a0a218cf50b0a0c59302940321e0ed80" "/opt/rustwide/cargo-home/bin/cargo" "+3154cc1a3e6424e44f438a95007d043ed5ceaaf6" "metadata" "--no-deps" "--format-version=1", kill_on_drop: false }`
[INFO] running `Command { std: "docker" "inspect" "ee0f6dc261fc3aa363a45453bdbb0485a0a218cf50b0a0c59302940321e0ed80", kill_on_drop: false }`
[INFO] running `Command { std: "docker" "exec" "-e" "SOURCE_DIR=/opt/rustwide/workdir" "-e" "CARGO_HOME=/opt/rustwide/cargo-home" "-e" "RUSTUP_HOME=/opt/rustwide/rustup-home" "-e" "CARGO_TARGET_DIR=/opt/rustwide/target" "-e" "CARGO_INCREMENTAL=0" "-e" "RUST_BACKTRACE=full" "-e" "RUSTFLAGS=--cap-lints=forbid" "-e" "RUSTDOCFLAGS=--cap-lints=forbid" "-w" "/opt/rustwide/workdir" "--user" "0:0" "ee0f6dc261fc3aa363a45453bdbb0485a0a218cf50b0a0c59302940321e0ed80" "/opt/rustwide/cargo-home/bin/cargo" "+3154cc1a3e6424e44f438a95007d043ed5ceaaf6" "check" "--frozen" "--all" "--all-targets" "--message-format=json", kill_on_drop: false }`
[INFO] [stderr]     Checking hybrid-array v0.4.15
[INFO] [stderr]    Compiling serde v1.0.229
[INFO] [stderr]    Compiling windows_x86_64_gnu v0.52.6
[INFO] [stderr]    Compiling winnow v0.7.15
[INFO] [stderr]    Compiling toml_write v0.1.2
[INFO] [stderr]    Compiling syn v2.0.119
[INFO] [stderr]     Checking windows-link v0.100.0
[INFO] [stderr]    Compiling derive_pod v0.1.2
[INFO] [stderr]     Checking cpubits v0.1.1
[INFO] [stderr]     Checking libbz2-rs-sys v0.2.5
[INFO] [stderr]     Checking windows-targets v0.52.6
[INFO] [stderr]     Checking windows-result v0.2.0
[INFO] [stderr]     Checking dataview v1.0.2
[INFO] [stderr]     Checking windows-result v0.100.0
[INFO] [stderr]     Checking windows-strings v0.1.0
[INFO] [stderr]     Checking windows-strings v0.100.0
[INFO] [stderr]     Checking lzma-rust2 v0.20.1
[INFO] [stderr]     Checking ppmd-rust v1.4.1
[INFO] [stderr]    Compiling pelite-macros v0.1.1
[INFO] [stderr]     Checking no-std-compat v0.4.1
[INFO] [stderr]     Checking bzip2 v0.6.1
[INFO] [stderr]     Checking pelite v0.10.0
[INFO] [stderr]     Checking windows-registry v0.100.0
[INFO] [stderr]     Checking crypto-common v0.2.2
[INFO] [stderr]     Checking block-padding v0.4.2
[INFO] [stderr]     Checking block-buffer v0.12.1
[INFO] [stderr]    Compiling toml_datetime v0.6.11
[INFO] [stderr]    Compiling serde_spanned v0.6.9
[INFO] [stderr]     Checking inout v0.2.2
[INFO] [stderr]     Checking cipher v0.5.2
[INFO] [stderr]     Checking digest v0.11.3
[INFO] [stderr]     Checking sha2 v0.11.0
[INFO] [stderr]     Checking cbc v0.2.1
[INFO] [stderr]     Checking aes v0.9.3
[INFO] [stderr]    Compiling toml_edit v0.22.27
[INFO] [stderr]     Checking sevenz-rust2 v0.22.2
[INFO] [stderr]    Compiling windows-interface v0.58.0
[INFO] [stderr]    Compiling windows-implement v0.58.0
[INFO] [stderr]     Checking windows-core v0.58.0
[INFO] [stderr]     Checking windows v0.58.0
[INFO] [stderr]    Compiling toml v0.8.23
[INFO] [stderr]    Compiling embed-resource v2.4.2 (https://github.com/nabijaczleweli/rust-embed-resource.git?rev=e98e9aa28d66b0c2ff43516b41847cac372310dd#e98e9aa2)
[INFO] [stderr]    Compiling DMMGamePlayer-Setup-Wine v5.5.21 (/opt/rustwide/workdir)
[INFO] [stdout] error[E0432]: unresolved imports `windows_registry::CURRENT_USER`, `windows_registry::LOCAL_MACHINE`
[INFO] [stdout]  --> src/env_check.rs:2:24
[INFO] [stdout]   |
[INFO] [stdout] 2 | use windows_registry::{CURRENT_USER, LOCAL_MACHINE};
[INFO] [stdout]   |                        ^^^^^^^^^^^^  ^^^^^^^^^^^^^ no `LOCAL_MACHINE` in the root
[INFO] [stdout]   |                        |
[INFO] [stdout]   |                        no `CURRENT_USER` in the root
[INFO] [stdout] 
[INFO] [stdout] 
[INFO] [stdout] error[E0433]: cannot find `Win32` in `windows`
[INFO] [stdout]  --> src/env_check.rs:5:5
[INFO] [stdout]   |
[INFO] [stdout] 5 |     Win32::System::LibraryLoader::{GetModuleHandleA, GetProcAddress},
[INFO] [stdout]   |     ^^^^^ could not find `Win32` in `windows`
[INFO] [stdout] 
[INFO] [stdout] 
[INFO] [stdout] error[E0432]: unresolved import `windows::core`
[INFO] [stdout]  --> src/env_check.rs:4:5
[INFO] [stdout]   |
[INFO] [stdout] 4 |     core::s,
[INFO] [stdout]   |     ^^^^ could not find `core` in `windows`
[INFO] [stdout] 
[INFO] [stdout] 
[INFO] [stdout] error[E0433]: cannot find `Win32` in `windows`
[INFO] [stdout]  --> src/gui.rs:4:5
[INFO] [stdout]   |
[INFO] [stdout] 4 |     Win32::{
[INFO] [stdout]   |     ^^^^^ could not find `Win32` in `windows`
[INFO] [stdout] 
[INFO] [stdout] 
[INFO] [stdout] error[E0432]: unresolved import `windows::core`
[INFO] [stdout]  --> src/gui.rs:3:5
[INFO] [stdout]   |
[INFO] [stdout] 3 |     core::{w, HSTRING},
[INFO] [stdout]   |     ^^^^ could not find `core` in `windows`
[INFO] [stdout] 
[INFO] [stdout] 
[INFO] [stdout] error[E0432]: unresolved imports `windows_registry::CLASSES_ROOT`, `windows_registry::CURRENT_USER`, `windows_registry::LOCAL_MACHINE`
[INFO] [stdout]  --> src/registry.rs:2:24
[INFO] [stdout]   |
[INFO] [stdout] 2 | use windows_registry::{CLASSES_ROOT, CURRENT_USER, LOCAL_MACHINE};
[INFO] [stdout]   |                        ^^^^^^^^^^^^  ^^^^^^^^^^^^  ^^^^^^^^^^^^^ no `LOCAL_MACHINE` in the root
[INFO] [stdout]   |                        |             |
[INFO] [stdout]   |                        |             no `CURRENT_USER` in the root
[INFO] [stdout]   |                        no `CLASSES_ROOT` in the root
[INFO] [stdout] 
[INFO] [stdout] 
[INFO] [stdout] error[E0432]: unresolved import `windows::core`
[INFO] [stdout]  --> src/resource.rs:1:14
[INFO] [stdout]   |
[INFO] [stdout] 1 | use windows::core::PCWSTR;
[INFO] [stdout]   |              ^^^^ could not find `core` in `windows`
[INFO] [stdout] 
[INFO] [stdout] 
[INFO] [stdout] error[E0433]: cannot find `Win32` in `windows`
[INFO] [stdout]  --> src/utils.rs:7:5
[INFO] [stdout]   |
[INFO] [stdout] 7 |     Win32::{
[INFO] [stdout]   |     ^^^^^ could not find `Win32` in `windows`
[INFO] [stdout] 
[INFO] [stdout] 
[INFO] [stdout] error[E0432]: unresolved import `windows::core`
[INFO] [stdout]  --> src/utils.rs:6:5
[INFO] [stdout]   |
[INFO] [stdout] 6 |     core::HSTRING,
[INFO] [stdout]   |     ^^^^ could not find `core` in `windows`
[INFO] [stdout] 
[INFO] [stdout] 
[INFO] [stdout] error[E0433]: cannot find `core` in `windows`
[INFO] [stdout]   --> src/gui.rs:33:37
[INFO] [stdout]    |
[INFO] [stdout] 33 | pub fn run() -> Result<(), windows::core::Error> {
[INFO] [stdout]    |                                     ^^^^ could not find `core` in `windows`
[INFO] [stdout] 
[INFO] [stdout] 
[INFO] [stdout] error[E0433]: cannot find `core` in `windows`
[INFO] [stdout]   --> src/utils.rs:36:59
[INFO] [stdout]    |
[INFO] [stdout] 36 | pub fn center_window(window: HWND) -> Result<(), windows::core::Error> {
[INFO] [stdout]    |                                                           ^^^^ could not find `core` in `windows`
[INFO] [stdout] 
[INFO] [stdout] 
[INFO] [stdout] error[E0433]: cannot find `core` in `windows`
[INFO] [stdout]   --> src/gui.rs:57:33
[INFO] [stdout]    |
[INFO] [stdout] 57 |             return Err(windows::core::Error::from_win32());
[INFO] [stdout]    |                                 ^^^^ could not find `core` in `windows`
[INFO] [stdout]    |
[INFO] [stdout] help: consider importing one of these items
[INFO] [stdout]    |
[INFO] [stdout]  1 + use std::error::Error;
[INFO] [stdout]    |
[INFO] [stdout]  1 + use std::fmt::Error;
[INFO] [stdout]    |
[INFO] [stdout]  1 + use std::io::Error;
[INFO] [stdout]    |
[INFO] [stdout]  1 + use pelite::Error;
[INFO] [stdout]    |
[INFO] [stdout]    = and 1 other candidate
[INFO] [stdout] help: if you import `Error`, refer to it directly
[INFO] [stdout]    |
[INFO] [stdout] 57 -             return Err(windows::core::Error::from_win32());
[INFO] [stdout] 57 +             return Err(Error::from_win32());
[INFO] [stdout]    |
[INFO] [stdout] 
[INFO] [stdout] 
[INFO] [stdout] error[E0433]: cannot find `core` in `windows`
[INFO] [stdout]   --> src/gui.rs:62:33
[INFO] [stdout]    |
[INFO] [stdout] 62 |             return Err(windows::core::Error::from_win32());
[INFO] [stdout]    |                                 ^^^^ could not find `core` in `windows`
[INFO] [stdout]    |
[INFO] [stdout] help: consider importing one of these items
[INFO] [stdout]    |
[INFO] [stdout]  1 + use std::error::Error;
[INFO] [stdout]    |
[INFO] [stdout]  1 + use std::fmt::Error;
[INFO] [stdout]    |
[INFO] [stdout]  1 + use std::io::Error;
[INFO] [stdout]    |
[INFO] [stdout]  1 + use pelite::Error;
[INFO] [stdout]    |
[INFO] [stdout]    = and 1 other candidate
[INFO] [stdout] help: if you import `Error`, refer to it directly
[INFO] [stdout]    |
[INFO] [stdout] 62 -             return Err(windows::core::Error::from_win32());
[INFO] [stdout] 62 +             return Err(Error::from_win32());
[INFO] [stdout]    |
[INFO] [stdout] 
[INFO] [stdout] 
[INFO] [stdout] error[E0432]: unresolved imports `windows_registry::CURRENT_USER`, `windows_registry::LOCAL_MACHINE`
[INFO] [stdout]  --> src/env_check.rs:2:24
[INFO] [stdout]   |
[INFO] [stdout] 2 | use windows_registry::{CURRENT_USER, LOCAL_MACHINE};
[INFO] [stdout]   |                        ^^^^^^^^^^^^  ^^^^^^^^^^^^^ no `LOCAL_MACHINE` in the root
[INFO] [stdout]   |                        |
[INFO] [stdout]   |                        no `CURRENT_USER` in the root
[INFO] [stdout] 
[INFO] [stdout] 
[INFO] [stdout] error[E0433]: cannot find `Win32` in `windows`
[INFO] [stdout]  --> src/env_check.rs:5:5
[INFO] [stdout]   |
[INFO] [stdout] 5 |     Win32::System::LibraryLoader::{GetModuleHandleA, GetProcAddress},
[INFO] [stdout]   |     ^^^^^ could not find `Win32` in `windows`
[INFO] [stdout] 
[INFO] [stdout] 
[INFO] [stdout] error[E0432]: unresolved import `windows::core`
[INFO] [stdout]  --> src/env_check.rs:4:5
[INFO] [stdout]   |
[INFO] [stdout] 4 |     core::s,
[INFO] [stdout]   |     ^^^^ could not find `core` in `windows`
[INFO] [stdout] 
[INFO] [stdout] 
[INFO] [stdout] error[E0433]: cannot find `Win32` in `windows`
[INFO] [stdout]  --> src/gui.rs:4:5
[INFO] [stdout]   |
[INFO] [stdout] 4 |     Win32::{
[INFO] [stdout]   |     ^^^^^ could not find `Win32` in `windows`
[INFO] [stdout] 
[INFO] [stdout] 
[INFO] [stdout] error[E0432]: unresolved import `windows::core`
[INFO] [stdout]  --> src/gui.rs:3:5
[INFO] [stdout]   |
[INFO] [stdout] 3 |     core::{w, HSTRING},
[INFO] [stdout]   |     ^^^^ could not find `core` in `windows`
[INFO] [stdout] 
[INFO] [stdout] 
[INFO] [stdout] error[E0432]: unresolved imports `windows_registry::CLASSES_ROOT`, `windows_registry::CURRENT_USER`, `windows_registry::LOCAL_MACHINE`
[INFO] [stdout]  --> src/registry.rs:2:24
[INFO] [stdout]   |
[INFO] [stdout] 2 | use windows_registry::{CLASSES_ROOT, CURRENT_USER, LOCAL_MACHINE};
[INFO] [stdout]   |                        ^^^^^^^^^^^^  ^^^^^^^^^^^^  ^^^^^^^^^^^^^ no `LOCAL_MACHINE` in the root
[INFO] [stdout]   |                        |             |
[INFO] [stdout]   |                        |             no `CURRENT_USER` in the root
[INFO] [stdout]   |                        no `CLASSES_ROOT` in the root
[INFO] [stdout] 
[INFO] [stdout] 
[INFO] [stdout] error[E0432]: unresolved import `windows::core`
[INFO] [stdout]  --> src/resource.rs:1:14
[INFO] [stdout]   |
[INFO] [stdout] 1 | use windows::core::PCWSTR;
[INFO] [stdout]   |              ^^^^ could not find `core` in `windows`
[INFO] [stdout] 
[INFO] [stdout] 
[INFO] [stdout] error[E0433]: cannot find `Win32` in `windows`
[INFO] [stdout]  --> src/utils.rs:7:5
[INFO] [stdout]   |
[INFO] [stdout] 7 |     Win32::{
[INFO] [stdout]   |     ^^^^^ could not find `Win32` in `windows`
[INFO] [stdout] 
[INFO] [stdout] 
[INFO] [stdout] error[E0432]: unresolved import `windows::core`
[INFO] [stdout]  --> src/utils.rs:6:5
[INFO] [stdout]   |
[INFO] [stdout] 6 |     core::HSTRING,
[INFO] [stdout]   |     ^^^^ could not find `core` in `windows`
[INFO] [stdout] 
[INFO] [stdout] 
[INFO] [stdout] error[E0433]: cannot find `core` in `windows`
[INFO] [stdout]   --> src/gui.rs:33:37
[INFO] [stdout]    |
[INFO] [stdout] 33 | pub fn run() -> Result<(), windows::core::Error> {
[INFO] [stdout]    |                                     ^^^^ could not find `core` in `windows`
[INFO] [stdout] 
[INFO] [stdout] 
[INFO] [stdout] error[E0433]: cannot find `core` in `windows`
[INFO] [stdout]   --> src/utils.rs:36:59
[INFO] [stdout]    |
[INFO] [stdout] 36 | pub fn center_window(window: HWND) -> Result<(), windows::core::Error> {
[INFO] [stdout]    |                                                           ^^^^ could not find `core` in `windows`
[INFO] [stdout] 
[INFO] [stdout] 
[INFO] [stdout] error[E0433]: cannot find `core` in `windows`
[INFO] [stdout]   --> src/gui.rs:57:33
[INFO] [stdout]    |
[INFO] [stdout] 57 |             return Err(windows::core::Error::from_win32());
[INFO] [stdout]    |                                 ^^^^ could not find `core` in `windows`
[INFO] [stdout]    |
[INFO] [stdout] help: consider importing one of these items
[INFO] [stdout]    |
[INFO] [stdout]  1 + use std::error::Error;
[INFO] [stdout]    |
[INFO] [stdout]  1 + use std::fmt::Error;
[INFO] [stdout]    |
[INFO] [stdout]  1 + use std::io::Error;
[INFO] [stdout]    |
[INFO] [stdout]  1 + use pelite::Error;
[INFO] [stdout]    |
[INFO] [stdout]    = and 1 other candidate
[INFO] [stdout] help: if you import `Error`, refer to it directly
[INFO] [stdout]    |
[INFO] [stdout] 57 -             return Err(windows::core::Error::from_win32());
[INFO] [stdout] 57 +             return Err(Error::from_win32());
[INFO] [stdout]    |
[INFO] [stdout] 
[INFO] [stdout] 
[INFO] [stdout] error[E0433]: cannot find `core` in `windows`
[INFO] [stdout]   --> src/gui.rs:62:33
[INFO] [stdout]    |
[INFO] [stdout] 62 |             return Err(windows::core::Error::from_win32());
[INFO] [stdout]    |                                 ^^^^ could not find `core` in `windows`
[INFO] [stdout]    |
[INFO] [stdout] help: consider importing one of these items
[INFO] [stdout]    |
[INFO] [stdout]  1 + use std::error::Error;
[INFO] [stdout]    |
[INFO] [stdout]  1 + use std::fmt::Error;
[INFO] [stdout]    |
[INFO] [stdout]  1 + use std::io::Error;
[INFO] [stdout]    |
[INFO] [stdout]  1 + use pelite::Error;
[INFO] [stdout]    |
[INFO] [stdout]    = and 1 other candidate
[INFO] [stdout] help: if you import `Error`, refer to it directly
[INFO] [stdout]    |
[INFO] [stdout] 62 -             return Err(windows::core::Error::from_win32());
[INFO] [stdout] 62 +             return Err(Error::from_win32());
[INFO] [stdout]    |
[INFO] [stdout] 
[INFO] [stdout] 
[INFO] [stdout] Some errors have detailed explanations: E0432, E0433.
[INFO] [stdout] 
[INFO] [stdout] For more information about an error, try `rustc --explain E0432`.
[INFO] [stdout] 
[INFO] [stderr] error: could not compile `DMMGamePlayer-Setup-Wine` (bin "DMMGamePlayer-Setup-Wine") due to 13 previous errors
[INFO] [stderr] warning: build failed, waiting for other jobs to finish...
[INFO] [stdout] Some errors have detailed explanations: E0432, E0433.
[INFO] [stdout] 
[INFO] [stdout] For more information about an error, try `rustc --explain E0432`.
[INFO] [stdout] 
[INFO] [stderr] error: could not compile `DMMGamePlayer-Setup-Wine` (bin "DMMGamePlayer-Setup-Wine" test) due to 13 previous errors
[INFO] [stderr] warning: unused dependency `once_cell`
[INFO] [stderr]   --> Cargo.toml:10:1
[INFO] [stderr]    |
[INFO] [stderr] 10 | once_cell = "1.20"
[INFO] [stderr]    | ^^^^^^^^^^^^^^^^^^
[INFO] [stderr]    |
[INFO] [stderr]    = note: `cargo::unused_dependencies` is set to `warn` by default
[INFO] [stderr] help: consider removing the dependency on `once_cell`
[INFO] [stderr] warning: unused dependency `tinyjson`
[INFO] [stderr]   --> Cargo.toml:13:1
[INFO] [stderr]    |
[INFO] [stderr] 13 | tinyjson = "2.5"
[INFO] [stderr]    | ^^^^^^^^^^^^^^^^
[INFO] [stderr]    |
[INFO] [stderr] help: consider removing the dependency on `tinyjson`
[INFO] [stderr] warning: `DMMGamePlayer-Setup-Wine` (manifest) generated 2 warnings
[INFO] running `Command { std: "docker" "inspect" "ee0f6dc261fc3aa363a45453bdbb0485a0a218cf50b0a0c59302940321e0ed80", kill_on_drop: false }`
[INFO] running `Command { std: "docker" "rm" "-f" "ee0f6dc261fc3aa363a45453bdbb0485a0a218cf50b0a0c59302940321e0ed80", kill_on_drop: false }`
[INFO] [stdout] ee0f6dc261fc3aa363a45453bdbb0485a0a218cf50b0a0c59302940321e0ed80
