[INFO] cloning repository https://github.com/Technical-1/claude-gauge
[INFO] running `Command { std: "git" "-c" "credential.helper=" "-c" "credential.helper=/workspace/cargo-home/bin/git-credential-null" "clone" "--bare" "https://github.com/Technical-1/claude-gauge" "/workspace/cache/git-repos/https%3A%2F%2Fgithub.com%2FTechnical-1%2Fclaude-gauge", kill_on_drop: false }`
[INFO] [stderr] Cloning into bare repository '/workspace/cache/git-repos/https%3A%2F%2Fgithub.com%2FTechnical-1%2Fclaude-gauge'...
[INFO] running `Command { std: "git" "rev-parse" "HEAD", kill_on_drop: false }`
[INFO] [stdout] 806e823321591f2d12b8c9e052c3b85abc877d6f
[INFO] checking Technical-1/claude-gauge against 3154cc1a3e6424e44f438a95007d043ed5ceaaf6 for pr-133502-30
[INFO] running `Command { std: "git" "clone" "/workspace/cache/git-repos/https%3A%2F%2Fgithub.com%2FTechnical-1%2Fclaude-gauge" "/workspace/builds/worker-2-tc2/source", kill_on_drop: false }`
[INFO] [stderr] Cloning into '/workspace/builds/worker-2-tc2/source'...
[INFO] [stderr] done.
[INFO] started tweaking git repo https://github.com/Technical-1/claude-gauge
[INFO] finished tweaking git repo https://github.com/Technical-1/claude-gauge
[INFO] tweaked toml for git repo https://github.com/Technical-1/claude-gauge written to /workspace/builds/worker-2-tc2/source/Cargo.toml
[INFO] validating manifest of git repo https://github.com/Technical-1/claude-gauge on toolchain 3154cc1a3e6424e44f438a95007d043ed5ceaaf6
[INFO] running `Command { std: CARGO_HOME="/workspace/cargo-home" RUSTUP_HOME="/workspace/rustup-home" "/workspace/cargo-home/bin/cargo" "+3154cc1a3e6424e44f438a95007d043ed5ceaaf6" "metadata" "--manifest-path" "Cargo.toml" "--no-deps", kill_on_drop: false }`
[INFO] crate git repo https://github.com/Technical-1/claude-gauge already has a lockfile, it will not be regenerated
[INFO] running `Command { std: CARGO_HOME="/workspace/cargo-home" RUSTUP_HOME="/workspace/rustup-home" "/workspace/cargo-home/bin/cargo" "+3154cc1a3e6424e44f438a95007d043ed5ceaaf6" "fetch" "--manifest-path" "Cargo.toml", kill_on_drop: false }`
[INFO] running `Command { std: "docker" "create" "-v" "/var/lib/crater-agent-workspace/builds/worker-2-tc2/source:/opt/rustwide/workdir:ro,Z" "-v" "/var/lib/crater-agent-workspace/builds/worker-2-tc2/target:/opt/rustwide/target:rw,Z" "-v" "/var/lib/crater-agent-workspace/cargo-home:/opt/rustwide/cargo-home:ro,Z" "-v" "/var/lib/crater-agent-workspace/rustup-home:/opt/rustwide/rustup-home:ro,Z" "-m" "1610612736" "--network" "none" "ghcr.io/rust-lang/crates-build-env/linux@sha256:77db811e55d90add9212f6832c23229e3de5f1c1f9905e8cb07319ea15df73ac" "sleep" "infinity", kill_on_drop: false }`
[INFO] [stdout] ec0de393ed3be72665561fffac336c829ca23a868938bdec7af47b89fb554353
[INFO] running `Command { std: "docker" "start" "ec0de393ed3be72665561fffac336c829ca23a868938bdec7af47b89fb554353", kill_on_drop: false }`
[INFO] running `Command { std: "docker" "inspect" "ec0de393ed3be72665561fffac336c829ca23a868938bdec7af47b89fb554353", kill_on_drop: false }`
[INFO] running `Command { std: "docker" "exec" "-e" "SOURCE_DIR=/opt/rustwide/workdir" "-e" "CARGO_HOME=/opt/rustwide/cargo-home" "-e" "RUSTUP_HOME=/opt/rustwide/rustup-home" "-e" "CARGO_TARGET_DIR=/opt/rustwide/target" "-w" "/opt/rustwide/workdir" "--user" "0:0" "ec0de393ed3be72665561fffac336c829ca23a868938bdec7af47b89fb554353" "/opt/rustwide/cargo-home/bin/cargo" "+3154cc1a3e6424e44f438a95007d043ed5ceaaf6" "metadata" "--no-deps" "--format-version=1", kill_on_drop: false }`
[INFO] running `Command { std: "docker" "inspect" "ec0de393ed3be72665561fffac336c829ca23a868938bdec7af47b89fb554353", kill_on_drop: false }`
[INFO] running `Command { std: "docker" "exec" "-e" "SOURCE_DIR=/opt/rustwide/workdir" "-e" "CARGO_HOME=/opt/rustwide/cargo-home" "-e" "RUSTUP_HOME=/opt/rustwide/rustup-home" "-e" "CARGO_TARGET_DIR=/opt/rustwide/target" "-e" "CARGO_INCREMENTAL=0" "-e" "RUST_BACKTRACE=full" "-e" "RUSTFLAGS=--cap-lints=forbid" "-e" "RUSTDOCFLAGS=--cap-lints=forbid" "-w" "/opt/rustwide/workdir" "--user" "0:0" "ec0de393ed3be72665561fffac336c829ca23a868938bdec7af47b89fb554353" "/opt/rustwide/cargo-home/bin/cargo" "+3154cc1a3e6424e44f438a95007d043ed5ceaaf6" "check" "--frozen" "--all" "--all-targets" "--message-format=json", kill_on_drop: false }`
[INFO] [stderr]    Compiling serde v1.0.229
[INFO] [stderr]    Compiling indexmap v2.14.1
[INFO] [stderr]    Compiling syn v2.0.119
[INFO] [stderr]    Compiling syn v3.0.4
[INFO] [stderr]    Compiling proc-macro-error-attr v1.0.4
[INFO] [stderr]    Compiling syn v1.0.109
[INFO] [stderr]     Checking futures-core v0.3.34
[INFO] [stderr]     Checking bitflags v2.13.1
[INFO] [stderr]     Checking futures-channel v0.3.34
[INFO] [stderr]    Compiling cc v1.4.4
[INFO] [stderr]    Compiling gtk v0.18.2
[INFO] [stderr]    Compiling crc32fast v1.5.1
[INFO] [stderr]    Compiling libxdo-sys v0.11.0
[INFO] [stderr]    Compiling proc-macro-error v1.0.4
[INFO] [stderr]    Compiling httparse v1.10.1
[INFO] [stderr]     Checking flate2 v1.1.10
[INFO] [stderr]     Checking crossbeam-channel v0.5.16
[INFO] [stderr]    Compiling num-traits v0.2.19
[INFO] [stderr]    Compiling toml_datetime v0.6.3
[INFO] [stderr]    Compiling serde_spanned v0.6.9
[INFO] [stderr]    Compiling rustls v0.23.43
[INFO] [stderr]     Checking http v1.5.0
[INFO] [stderr]    Compiling toml_edit v0.20.2
[INFO] [stderr]    Compiling toml_edit v0.19.15
[INFO] [stderr]     Checking libxdo v0.6.0
[INFO] [stderr]     Checking base64 v0.23.1
[INFO] [stderr]     Checking png v0.18.1
[INFO] [stderr]     Checking ureq-proto v0.6.1
[INFO] [stderr]    Compiling ring v0.17.14
[INFO] [stderr]     Checking utf8-zero v0.8.1
[INFO] [stderr]     Checking iana-time-zone v0.1.65
[INFO] [stderr]     Checking sha2 v0.11.0
[INFO] [stderr]     Checking serde_json v1.0.151
[INFO] [stderr]    Compiling proc-macro-crate v1.3.1
[INFO] [stderr]    Compiling toml v0.8.2
[INFO] [stderr]    Compiling proc-macro-crate v2.0.2
[INFO] [stderr]    Compiling system-deps v6.2.2
[INFO] [stderr]    Compiling synstructure v0.13.2
[INFO] [stderr]    Compiling glib-sys v0.18.1
[INFO] [stderr]    Compiling gobject-sys v0.18.0
[INFO] [stderr]    Compiling gio-sys v0.18.1
[INFO] [stderr]    Compiling gdk-sys v0.18.2
[INFO] [stderr]    Compiling pango-sys v0.18.0
[INFO] [stderr]    Compiling gdk-pixbuf-sys v0.18.0
[INFO] [stderr]    Compiling futures-macro v0.3.34
[INFO] [stderr]    Compiling cairo-sys-rs v0.18.2
[INFO] [stderr]    Compiling zerovec-derive v0.11.6
[INFO] [stderr]    Compiling atk-sys v0.18.2
[INFO] [stderr]    Compiling displaydoc v0.2.7
[INFO] [stderr]    Compiling gtk-sys v0.18.2
[INFO] [stderr]    Compiling serde_derive v1.0.229
[INFO] [stderr]    Compiling thiserror-impl v2.0.20
[INFO] [stderr]     Checking futures-util v0.3.34
[INFO] [stderr]    Compiling gdkx11-sys v0.18.2
[INFO] [stderr]    Compiling zerofrom-derive v0.1.7
[INFO] [stderr]    Compiling yoke-derive v0.8.2
[INFO] [stderr]    Compiling thiserror-impl v1.0.69
[INFO] [stderr]    Compiling glib-macros v0.18.5
[INFO] [stderr]    Compiling gtk3-macros v0.18.2
[INFO] [stderr]     Checking zerofrom v0.1.8
[INFO] [stderr]     Checking rustls-webpki v0.103.15
[INFO] [stderr]     Checking thiserror v1.0.69
[INFO] [stderr]     Checking thiserror v2.0.20
[INFO] [stderr]     Checking yoke v0.8.3
[INFO] [stderr]    Compiling dlopen2_derive v0.4.3
[INFO] [stderr]     Checking gdkwayland-sys v0.18.2
[INFO] [stderr]     Checking zerovec v0.11.8
[INFO] [stderr]     Checking zerotrie v0.2.5
[INFO] [stderr]     Checking dlopen2 v0.8.2
[INFO] [stderr]     Checking futures-executor v0.3.34
[INFO] [stderr]     Checking tinystr v0.8.4
[INFO] [stderr]     Checking potential_utf v0.1.6
[INFO] [stderr]     Checking icu_collections v2.3.0
[INFO] [stderr]     Checking icu_locale_core v2.3.0
[INFO] [stderr]     Checking libappindicator-sys v0.9.0
[INFO] [stderr]     Checking keyboard-types v0.7.0
[INFO] [stderr]     Checking chrono v0.4.45
[INFO] [stderr]     Checking glib v0.18.5
[INFO] [stderr]     Checking icu_provider v2.3.1
[INFO] [stderr]     Checking icu_normalizer v2.3.0
[INFO] [stderr]     Checking icu_properties v2.3.0
[INFO] [stderr]     Checking idna_adapter v1.2.2
[INFO] [stderr]     Checking idna v1.1.0
[INFO] [stderr]     Checking ureq v3.4.0
[INFO] [stderr]     Checking url v2.5.8
[INFO] [stderr]     Checking gio v0.18.4
[INFO] [stderr]     Checking cairo-rs v0.18.5
[INFO] [stderr]     Checking atk v0.18.2
[INFO] [stderr]     Checking gdk-pixbuf v0.18.5
[INFO] [stderr]     Checking pango v0.18.3
[INFO] [stderr]     Checking gdk v0.18.2
[INFO] [stderr]     Checking libappindicator v0.9.0
[INFO] [stderr]     Checking muda v0.19.3
[INFO] [stderr]     Checking tao v0.37.0
[INFO] [stderr]     Checking tray-icon v0.24.2
[INFO] [stderr]     Checking claude-gauge v1.0.0 (/opt/rustwide/workdir)
[INFO] [stdout] error[E0432]: unresolved import `tao::platform::macos`
[INFO] [stdout]   --> src/main.rs:25:20
[INFO] [stdout]    |
[INFO] [stdout] 25 | use tao::platform::macos::{ActivationPolicy, EventLoopExtMacOS};
[INFO] [stdout]    |                    ^^^^^ could not find `macos` in `platform`
[INFO] [stdout]    |
[INFO] [stdout] note: found an item that was configured out
[INFO] [stdout]   --> /opt/rustwide/cargo-home/registry/src/index.crates.io-1949cf8c6b5b557f/tao-0.37.0/src/platform/mod.rs:25:9
[INFO] [stdout]    |
[INFO] [stdout] 25 | pub mod macos;
[INFO] [stdout]    |         ^^^^^
[INFO] [stdout]    |
[INFO] [stdout]   ::: /opt/rustwide/cargo-home/registry/src/index.crates.io-1949cf8c6b5b557f/tao-0.37.0/src/platform/macos.rs:5:8
[INFO] [stdout]    |
[INFO] [stdout]  5 | #![cfg(target_os = "macos")]
[INFO] [stdout]    |        ------------------- the item is gated behind the `macos` feature
[INFO] [stdout] 
[INFO] [stdout] 
[INFO] [stdout] error[E0432]: unresolved import `tao::platform::macos`
[INFO] [stdout]   --> src/main.rs:25:20
[INFO] [stdout]    |
[INFO] [stdout] 25 | use tao::platform::macos::{ActivationPolicy, EventLoopExtMacOS};
[INFO] [stdout]    |                    ^^^^^ could not find `macos` in `platform`
[INFO] [stdout]    |
[INFO] [stdout] note: found an item that was configured out
[INFO] [stdout]   --> /opt/rustwide/cargo-home/registry/src/index.crates.io-1949cf8c6b5b557f/tao-0.37.0/src/platform/mod.rs:25:9
[INFO] [stdout]    |
[INFO] [stdout] 25 | pub mod macos;
[INFO] [stdout]    |         ^^^^^
[INFO] [stdout]    |
[INFO] [stdout]   ::: /opt/rustwide/cargo-home/registry/src/index.crates.io-1949cf8c6b5b557f/tao-0.37.0/src/platform/macos.rs:5:8
[INFO] [stdout]    |
[INFO] [stdout]  5 | #![cfg(target_os = "macos")]
[INFO] [stdout]    |        ------------------- the item is gated behind the `macos` feature
[INFO] [stdout] 
[INFO] [stdout] 
[INFO] [stdout] error[E0599]: no method named `set_activation_policy` found for struct `EventLoop<()>` in the current scope
[INFO] [stdout]    --> src/main.rs:613:16
[INFO] [stdout]     |
[INFO] [stdout] 613 |     event_loop.set_activation_policy(ActivationPolicy::Accessory);
[INFO] [stdout]     |                ^^^^^^^^^^^^^^^^^^^^^ method not found in `EventLoop<()>`
[INFO] [stdout] 
[INFO] [stdout] 
[INFO] [stdout] error[E0599]: no method named `set_activation_policy` found for struct `EventLoop<()>` in the current scope
[INFO] [stdout]    --> src/main.rs:613:16
[INFO] [stdout]     |
[INFO] [stdout] 613 |     event_loop.set_activation_policy(ActivationPolicy::Accessory);
[INFO] [stdout]     |                ^^^^^^^^^^^^^^^^^^^^^ method not found in `EventLoop<()>`
[INFO] [stdout] 
[INFO] [stdout] 
[INFO] [stdout] Some errors have detailed explanations: E0432, E0599.
[INFO] [stdout] 
[INFO] [stdout] For more information about an error, try `rustc --explain E0432`.
[INFO] [stdout] 
[INFO] [stderr] error: could not compile `claude-gauge` (bin "claude-gauge") due to 2 previous errors
[INFO] [stderr] warning: build failed, waiting for other jobs to finish...
[INFO] [stdout] Some errors have detailed explanations: E0432, E0599.
[INFO] [stdout] 
[INFO] [stdout] For more information about an error, try `rustc --explain E0432`.
[INFO] [stdout] 
[INFO] [stderr] error: could not compile `claude-gauge` (bin "claude-gauge" test) due to 2 previous errors
[INFO] running `Command { std: "docker" "inspect" "ec0de393ed3be72665561fffac336c829ca23a868938bdec7af47b89fb554353", kill_on_drop: false }`
[INFO] running `Command { std: "docker" "rm" "-f" "ec0de393ed3be72665561fffac336c829ca23a868938bdec7af47b89fb554353", kill_on_drop: false }`
[INFO] [stdout] ec0de393ed3be72665561fffac336c829ca23a868938bdec7af47b89fb554353
