[INFO] cloning repository https://github.com/Team-Arachnid/forensic
[INFO] running `Command { std: "git" "-c" "credential.helper=" "-c" "credential.helper=/workspace/cargo-home/bin/git-credential-null" "clone" "--bare" "https://github.com/Team-Arachnid/forensic" "/workspace/cache/git-repos/https%3A%2F%2Fgithub.com%2FTeam-Arachnid%2Fforensic", kill_on_drop: false }`
[INFO] [stderr] Cloning into bare repository '/workspace/cache/git-repos/https%3A%2F%2Fgithub.com%2FTeam-Arachnid%2Fforensic'...
[INFO] running `Command { std: "git" "rev-parse" "HEAD", kill_on_drop: false }`
[INFO] [stdout] 62304004e944a7334b8af86d6231ffdb7a6705e6
[INFO] checking Team-Arachnid/forensic against 3154cc1a3e6424e44f438a95007d043ed5ceaaf6+rustflags=-Znext-solver=coherence for pr-133502-30
[INFO] running `Command { std: "git" "clone" "/workspace/cache/git-repos/https%3A%2F%2Fgithub.com%2FTeam-Arachnid%2Fforensic" "/workspace/builds/worker-5-tc1/source", kill_on_drop: false }`
[INFO] [stderr] Cloning into '/workspace/builds/worker-5-tc1/source'...
[INFO] [stderr] done.
[INFO] removed /workspace/builds/worker-5-tc1/source/.cargo/config.toml
[INFO] started tweaking git repo https://github.com/Team-Arachnid/forensic
[INFO] finished tweaking git repo https://github.com/Team-Arachnid/forensic
[INFO] tweaked toml for git repo https://github.com/Team-Arachnid/forensic written to /workspace/builds/worker-5-tc1/source/Cargo.toml
[INFO] validating manifest of git repo https://github.com/Team-Arachnid/forensic on toolchain 3154cc1a3e6424e44f438a95007d043ed5ceaaf6
[INFO] running `Command { std: CARGO_HOME="/workspace/cargo-home" RUSTUP_HOME="/workspace/rustup-home" "/workspace/cargo-home/bin/cargo" "+3154cc1a3e6424e44f438a95007d043ed5ceaaf6" "metadata" "--manifest-path" "Cargo.toml" "--no-deps", kill_on_drop: false }`
[INFO] crate git repo https://github.com/Team-Arachnid/forensic already has a lockfile, it will not be regenerated
[INFO] running `Command { std: CARGO_HOME="/workspace/cargo-home" RUSTUP_HOME="/workspace/rustup-home" "/workspace/cargo-home/bin/cargo" "+3154cc1a3e6424e44f438a95007d043ed5ceaaf6" "fetch" "--manifest-path" "Cargo.toml", kill_on_drop: false }`
[INFO] [stderr]     Updating crates.io index
[INFO] [stderr]  Downloading crates ...
[INFO] [stderr]   Downloaded pest_derive v2.9.0
[INFO] [stderr]   Downloaded pest_meta v2.9.0
[INFO] [stderr]   Downloaded pest_generator v2.9.0
[INFO] [stderr]   Downloaded netlink-packet-utils v0.5.2
[INFO] [stderr]   Downloaded netlink-packet-sock-diag v0.4.2
[INFO] [stderr]   Downloaded netstat2 v0.11.2
[INFO] [stderr]   Downloaded netlink-packet-core v0.7.0
[INFO] [stderr]   Downloaded pcap v2.5.0
[INFO] [stderr]   Downloaded objc2-open-directory v0.3.2
[INFO] [stderr]   Downloaded sysinfo v0.39.6
[INFO] [stderr]   Downloaded etherparse v0.21.0
[INFO] running `Command { std: "docker" "create" "-v" "/var/lib/crater-agent-workspace/builds/worker-5-tc1/source:/opt/rustwide/workdir:ro,Z" "-v" "/var/lib/crater-agent-workspace/builds/worker-5-tc1/target:/opt/rustwide/target:rw,Z" "-v" "/var/lib/crater-agent-workspace/cargo-home:/opt/rustwide/cargo-home:ro,Z" "-v" "/var/lib/crater-agent-workspace/rustup-home:/opt/rustwide/rustup-home:ro,Z" "-m" "1610612736" "--network" "none" "ghcr.io/rust-lang/crates-build-env/linux@sha256:77db811e55d90add9212f6832c23229e3de5f1c1f9905e8cb07319ea15df73ac" "sleep" "infinity", kill_on_drop: false }`
[INFO] [stdout] 38fe63ee1b9b71e565ddf44ee877c36ab5d4d9969738577d76a5bf79cea0665f
[INFO] running `Command { std: "docker" "start" "38fe63ee1b9b71e565ddf44ee877c36ab5d4d9969738577d76a5bf79cea0665f", kill_on_drop: false }`
[INFO] running `Command { std: "docker" "inspect" "38fe63ee1b9b71e565ddf44ee877c36ab5d4d9969738577d76a5bf79cea0665f", kill_on_drop: false }`
[INFO] running `Command { std: "docker" "exec" "-e" "SOURCE_DIR=/opt/rustwide/workdir" "-e" "CARGO_HOME=/opt/rustwide/cargo-home" "-e" "RUSTUP_HOME=/opt/rustwide/rustup-home" "-e" "CARGO_TARGET_DIR=/opt/rustwide/target" "-w" "/opt/rustwide/workdir" "--user" "0:0" "38fe63ee1b9b71e565ddf44ee877c36ab5d4d9969738577d76a5bf79cea0665f" "/opt/rustwide/cargo-home/bin/cargo" "+3154cc1a3e6424e44f438a95007d043ed5ceaaf6" "metadata" "--no-deps" "--format-version=1", kill_on_drop: false }`
[INFO] running `Command { std: "docker" "inspect" "38fe63ee1b9b71e565ddf44ee877c36ab5d4d9969738577d76a5bf79cea0665f", kill_on_drop: false }`
[INFO] running `Command { std: "docker" "exec" "-e" "SOURCE_DIR=/opt/rustwide/workdir" "-e" "CARGO_HOME=/opt/rustwide/cargo-home" "-e" "RUSTUP_HOME=/opt/rustwide/rustup-home" "-e" "CARGO_TARGET_DIR=/opt/rustwide/target" "-e" "CARGO_INCREMENTAL=0" "-e" "RUST_BACKTRACE=full" "-e" "RUSTFLAGS=--cap-lints=forbid -Znext-solver=coherence" "-e" "RUSTDOCFLAGS=--cap-lints=forbid" "-w" "/opt/rustwide/workdir" "--user" "0:0" "38fe63ee1b9b71e565ddf44ee877c36ab5d4d9969738577d76a5bf79cea0665f" "/opt/rustwide/cargo-home/bin/cargo" "+3154cc1a3e6424e44f438a95007d043ed5ceaaf6" "check" "--frozen" "--all" "--all-targets" "--message-format=json", kill_on_drop: false }`
[INFO] [stderr]    Compiling libc v0.2.189
[INFO] [stderr]     Checking num_threads v0.1.7
[INFO] [stderr]    Compiling serde_core v1.0.229
[INFO] [stderr]     Checking subtle v2.6.1
[INFO] [stderr]     Checking signature v3.0.0
[INFO] [stderr]     Checking smallvec v1.15.2
[INFO] [stderr]    Compiling syn v2.0.119
[INFO] [stderr]    Compiling syn v3.0.4
[INFO] [stderr]     Checking digest v0.11.3
[INFO] [stderr]    Compiling curve25519-dalek v5.0.0
[INFO] [stderr]    Compiling libloading v0.8.9
[INFO] [stderr]    Compiling glob v0.3.4
[INFO] [stderr]    Compiling regex-automata v0.4.18
[INFO] [stderr]    Compiling prettyplease v0.2.37
[INFO] [stderr]    Compiling nom v7.1.3
[INFO] [stderr]     Checking ed25519 v3.0.0
[INFO] [stderr]     Checking tracing-log v0.2.0
[INFO] [stderr]     Checking thread_local v1.1.10
[INFO] [stderr]    Compiling either v1.18.0
[INFO] [stderr]    Compiling bindgen v0.72.1
[INFO] [stderr]    Compiling rustc-hash v2.1.3
[INFO] [stderr]     Checking sha2 v0.11.0
[INFO] [stderr]    Compiling nix v0.31.3
[INFO] [stderr]     Checking rustix v1.1.4
[INFO] [stderr]     Checking arrayvec v0.7.8
[INFO] [stderr]     Checking clap_builder v4.6.6
[INFO] [stderr]    Compiling itertools v0.13.0
[INFO] [stderr]     Checking itertools v0.14.0
[INFO] [stderr]    Compiling clang-sys v1.9.1
[INFO] [stderr]     Checking etherparse v0.21.0
[INFO] [stderr]     Checking castaway v0.2.4
[INFO] [stderr]    Compiling instability v0.3.13
[INFO] [stderr]     Checking compact_str v0.9.1
[INFO] [stderr]     Checking lru v0.18.2
[INFO] [stderr]     Checking critical-section v1.2.0
[INFO] [stderr]     Checking line-clipping v0.3.8
[INFO] [stderr]    Compiling ring v0.17.14
[INFO] [stderr]    Compiling httparse v1.10.1
[INFO] [stderr]    Compiling rustls v0.23.43
[INFO] [stderr]     Checking http v1.5.0
[INFO] [stderr]     Checking base64 v0.23.1
[INFO] [stderr]     Checking webpki-roots v1.0.9
[INFO] [stderr]    Compiling arachnid-cli v0.1.3 (/opt/rustwide/workdir/crates/arachnid-cli)
[INFO] [stderr]     Checking ureq-proto v0.6.1
[INFO] [stderr]     Checking utf8-zero v0.8.1
[INFO] [stderr]    Compiling cexpr v0.6.0
[INFO] [stderr]     Checking time v0.3.55
[INFO] [stderr]     Checking getrandom v0.4.3
[INFO] [stderr]     Checking errno v0.2.8
[INFO] [stderr]     Checking netlink-sys v0.8.8
[INFO] [stderr]     Checking sysinfo v0.39.6
[INFO] [stderr]     Checking errno v0.3.14
[INFO] [stderr]     Checking mio v1.2.2
[INFO] [stderr]     Checking matchers v0.2.0
[INFO] [stderr]     Checking signal-hook-registry v1.4.8
[INFO] [stderr]     Checking parking_lot_core v0.9.12
[INFO] [stderr]     Checking parking_lot v0.12.5
[INFO] [stderr]     Checking signal-hook v0.3.18
[INFO] [stderr]     Checking unicode-truncate v2.0.1
[INFO] [stderr]     Checking getrandom v0.2.17
[INFO] [stderr]     Checking ctrlc v3.5.2
[INFO] [stderr]    Compiling regex v1.13.1
[INFO] [stderr]     Checking signal-hook-mio v0.2.5
[INFO] [stderr]     Checking serde_json v1.0.151
[INFO] [stderr]    Compiling pcap v2.5.0
[INFO] [stderr]     Checking tempfile v3.27.0
[INFO] [stderr]    Compiling darling_core v0.24.1
[INFO] [stderr]    Compiling tracing-attributes v0.1.31
[INFO] [stderr]    Compiling curve25519-dalek-derive v0.1.1
[INFO] [stderr]    Compiling thiserror-impl v1.0.69
[INFO] [stderr]    Compiling strum_macros v0.28.0
[INFO] [stderr]    Compiling derive_more-impl v2.1.1
[INFO] [stderr]    Compiling serde_derive v1.0.229
[INFO] [stderr]    Compiling thiserror-impl v2.0.20
[INFO] [stderr]    Compiling clap_derive v4.6.4
[INFO] [stderr]     Checking derive_more v2.1.1
[INFO] [stderr]     Checking crossterm v0.29.0
[INFO] [stderr]     Checking thiserror v1.0.69
[INFO] [stderr]     Checking rustls-webpki v0.103.15
[INFO] [stderr]     Checking netlink-packet-utils v0.5.2
[INFO] [stderr]     Checking netlink-packet-core v0.7.0
[INFO] [stderr]     Checking tracing v0.1.44
[INFO] [stderr]     Checking netlink-packet-sock-diag v0.4.2
[INFO] [stderr]     Checking tracing-subscriber v0.3.23
[INFO] [stderr]     Checking ed25519-dalek v3.0.0
[INFO] [stderr]     Checking thiserror v2.0.20
[INFO] [stderr]     Checking kasuari v0.4.12
[INFO] [stderr]     Checking strum v0.28.0
[INFO] [stderr]     Checking ratatui-core v0.1.2
[INFO] [stderr]     Checking clap v4.6.6
[INFO] [stderr]    Compiling darling_macro v0.24.1
[INFO] [stderr]    Compiling darling v0.24.1
[INFO] [stderr]     Checking serde v1.0.229
[INFO] [stderr]     Checking ratatui-widgets v0.3.2
[INFO] [stderr]     Checking ratatui-crossterm v0.1.2
[INFO] [stderr]     Checking arachnid-evidence v0.1.3 (/opt/rustwide/workdir/crates/arachnid-evidence)
[INFO] [stderr]     Checking arachnid-netcap v0.1.3 (/opt/rustwide/workdir/crates/arachnid-netcap)
[INFO] [stderr]     Checking arachnid-sanitize-core v0.1.3 (/opt/rustwide/workdir/crates/arachnid-sanitize-core)
[INFO] [stderr]     Checking arachnid-recover-core v0.1.3 (/opt/rustwide/workdir/crates/arachnid-recover-core)
[INFO] [stderr]     Checking ureq v3.4.0
[INFO] [stdout] error[E0277]: the `?` operator can only be used on `Result`s, not `Option`s, in a function that returns `Result`
[INFO] [stdout]    --> crates/arachnid-recover-core/src/carve.rs:807:48
[INFO] [stdout]     |
[INFO] [stdout] 794 | fn sevenz_length(source: &mut dyn Source, start: u64, budget: u64) -> Result<Option<u64>> {
[INFO] [stdout]     | ----------------------------------------------------------------------------------------- this function returns a `Result`
[INFO] [stdout] ...
[INFO] [stdout] 807 |         .and_then(|l| l.checked_add(next_size))?;
[INFO] [stdout]     |                                                ^ use `.ok_or(...)?` to provide an error compatible with `Result<std::option::Option<u64>, anyhow::Error>`
[INFO] [stdout] 
[INFO] [stdout] 
[INFO] [stdout] error[E0277]: the `?` operator can only be used on `Result`s, not `Option`s, in a function that returns `Result`
[INFO] [stdout]    --> crates/arachnid-recover-core/src/carve.rs:867:43
[INFO] [stdout]     |
[INFO] [stdout] 851 | fn pst_length(source: &mut dyn Source, start: u64, budget: u64) -> Result<Option<u64>> {
[INFO] [stdout]     | -------------------------------------------------------------------------------------- this function returns a `Result`
[INFO] [stdout] ...
[INFO] [stdout] 867 |         v if v >= 23 => u64le(&head, 0xBC)?,
[INFO] [stdout]     |                                           ^ use `.ok_or(...)?` to provide an error compatible with `Result<std::option::Option<u64>, anyhow::Error>`
[INFO] [stdout] 
[INFO] [stdout] 
[INFO] [stdout] error[E0277]: the `?` operator can only be used on `Result`s, not `Option`s, in a function that returns `Result`
[INFO] [stdout]    --> crates/arachnid-recover-core/src/carve.rs:870:38
[INFO] [stdout]     |
[INFO] [stdout] 851 | fn pst_length(source: &mut dyn Source, start: u64, budget: u64) -> Result<Option<u64>> {
[INFO] [stdout]     | -------------------------------------------------------------------------------------- this function returns a `Result`
[INFO] [stdout] ...
[INFO] [stdout] 870 |         14 | 15 => u32le(&head, 0xAC)? as u64,
[INFO] [stdout]     |                                      ^ use `.ok_or(...)?` to provide an error compatible with `Result<std::option::Option<u64>, anyhow::Error>`
[INFO] [stdout] 
[INFO] [stdout] 
[INFO] [stdout] error[E0277]: the `?` operator can only be used on `Result`s, not `Option`s, in a function that returns `Result`
[INFO] [stdout]    --> crates/arachnid-recover-core/src/carve.rs:807:48
[INFO] [stdout]     |
[INFO] [stdout] 794 | fn sevenz_length(source: &mut dyn Source, start: u64, budget: u64) -> Result<Option<u64>> {
[INFO] [stdout]     | ----------------------------------------------------------------------------------------- this function returns a `Result`
[INFO] [stdout] ...
[INFO] [stdout] 807 |         .and_then(|l| l.checked_add(next_size))?;
[INFO] [stdout]     |                                                ^ use `.ok_or(...)?` to provide an error compatible with `Result<std::option::Option<u64>, anyhow::Error>`
[INFO] [stdout] 
[INFO] [stdout] 
[INFO] [stdout] error[E0277]: the `?` operator can only be used on `Result`s, not `Option`s, in a function that returns `Result`
[INFO] [stdout]    --> crates/arachnid-recover-core/src/carve.rs:867:43
[INFO] [stdout]     |
[INFO] [stdout] 851 | fn pst_length(source: &mut dyn Source, start: u64, budget: u64) -> Result<Option<u64>> {
[INFO] [stdout]     | -------------------------------------------------------------------------------------- this function returns a `Result`
[INFO] [stdout] ...
[INFO] [stdout] 867 |         v if v >= 23 => u64le(&head, 0xBC)?,
[INFO] [stdout]     |                                           ^ use `.ok_or(...)?` to provide an error compatible with `Result<std::option::Option<u64>, anyhow::Error>`
[INFO] [stdout] 
[INFO] [stdout] 
[INFO] [stdout] error[E0277]: the `?` operator can only be used on `Result`s, not `Option`s, in a function that returns `Result`
[INFO] [stdout]    --> crates/arachnid-recover-core/src/carve.rs:870:38
[INFO] [stdout]     |
[INFO] [stdout] 851 | fn pst_length(source: &mut dyn Source, start: u64, budget: u64) -> Result<Option<u64>> {
[INFO] [stdout]     | -------------------------------------------------------------------------------------- this function returns a `Result`
[INFO] [stdout] ...
[INFO] [stdout] 870 |         14 | 15 => u32le(&head, 0xAC)? as u64,
[INFO] [stdout]     |                                      ^ use `.ok_or(...)?` to provide an error compatible with `Result<std::option::Option<u64>, anyhow::Error>`
[INFO] [stdout] 
[INFO] [stdout] 
[INFO] [stdout] error[E0308]: mismatched types
[INFO] [stdout]    --> crates/arachnid-recover-core/src/ext4.rs:507:67
[INFO] [stdout]     |
[INFO] [stdout] 507 |                 files.push(superseded_record(files.len(), &inode, &path));
[INFO] [stdout]     |                            -----------------                      ^^^^^ expected `&str`, found `&Option<String>`
[INFO] [stdout]     |                            |
[INFO] [stdout]     |                            arguments to this function are incorrect
[INFO] [stdout]     |
[INFO] [stdout]     = note: expected reference `&str`
[INFO] [stdout]                found reference `&std::option::Option<std::string::String>`
[INFO] [stdout] note: function defined here
[INFO] [stdout]    --> crates/arachnid-recover-core/src/ext4.rs:990:4
[INFO] [stdout]     |
[INFO] [stdout] 990 | fn superseded_record(index: usize, inode: &Inode, path: &str) -> RecoveredFile {
[INFO] [stdout]     |    ^^^^^^^^^^^^^^^^^                              ----------
[INFO] [stdout] 
[INFO] [stdout] 
[INFO] [stdout] error[E0308]: mismatched types
[INFO] [stdout]    --> crates/arachnid-recover-core/src/ext4.rs:507:67
[INFO] [stdout]     |
[INFO] [stdout] 507 |                 files.push(superseded_record(files.len(), &inode, &path));
[INFO] [stdout]     |                            -----------------                      ^^^^^ expected `&str`, found `&Option<String>`
[INFO] [stdout]     |                            |
[INFO] [stdout]     |                            arguments to this function are incorrect
[INFO] [stdout]     |
[INFO] [stdout]     = note: expected reference `&str`
[INFO] [stdout]                found reference `&std::option::Option<std::string::String>`
[INFO] [stdout] note: function defined here
[INFO] [stdout]    --> crates/arachnid-recover-core/src/ext4.rs:990:4
[INFO] [stdout]     |
[INFO] [stdout] 990 | fn superseded_record(index: usize, inode: &Inode, path: &str) -> RecoveredFile {
[INFO] [stdout]     |    ^^^^^^^^^^^^^^^^^                              ----------
[INFO] [stdout] 
[INFO] [stdout] 
[INFO] [stderr]     Checking ratatui-macros v0.7.2
[INFO] [stderr]     Checking ratatui v0.30.2
[INFO] [stderr]     Checking arachnid-sanitize-cli v0.1.3 (/opt/rustwide/workdir/crates/arachnid-sanitize-cli)
[INFO] [stdout] Some errors have detailed explanations: E0277, E0308.
[INFO] [stdout] 
[INFO] [stdout] For more information about an error, try `rustc --explain E0277`.
[INFO] [stdout] 
[INFO] [stderr] error: could not compile `arachnid-recover-core` (lib) due to 4 previous errors
[INFO] [stderr] warning: build failed, waiting for other jobs to finish...
[INFO] [stdout] Some errors have detailed explanations: E0277, E0308.
[INFO] [stdout] 
[INFO] [stdout] For more information about an error, try `rustc --explain E0277`.
[INFO] [stdout] 
[INFO] [stderr] error: could not compile `arachnid-recover-core` (lib test) due to 4 previous errors
[INFO] running `Command { std: "docker" "inspect" "38fe63ee1b9b71e565ddf44ee877c36ab5d4d9969738577d76a5bf79cea0665f", kill_on_drop: false }`
[INFO] running `Command { std: "docker" "rm" "-f" "38fe63ee1b9b71e565ddf44ee877c36ab5d4d9969738577d76a5bf79cea0665f", kill_on_drop: false }`
[INFO] [stdout] 38fe63ee1b9b71e565ddf44ee877c36ab5d4d9969738577d76a5bf79cea0665f
