[INFO] cloning repository https://github.com/Tasswest/xray
[INFO] running `Command { std: "git" "-c" "credential.helper=" "-c" "credential.helper=/workspace/cargo-home/bin/git-credential-null" "clone" "--bare" "https://github.com/Tasswest/xray" "/workspace/cache/git-repos/https%3A%2F%2Fgithub.com%2FTasswest%2Fxray", kill_on_drop: false }`
[INFO] [stderr] Cloning into bare repository '/workspace/cache/git-repos/https%3A%2F%2Fgithub.com%2FTasswest%2Fxray'...
[INFO] running `Command { std: "git" "rev-parse" "HEAD", kill_on_drop: false }`
[INFO] [stdout] ac44c249daf238cdbe539eb0c738c08631264947
[INFO] checking Tasswest/xray against 3154cc1a3e6424e44f438a95007d043ed5ceaaf6 for pr-133502-30
[INFO] running `Command { std: "git" "clone" "/workspace/cache/git-repos/https%3A%2F%2Fgithub.com%2FTasswest%2Fxray" "/workspace/builds/worker-2-tc2/source", kill_on_drop: false }`
[INFO] [stderr] Cloning into '/workspace/builds/worker-2-tc2/source'...
[INFO] [stderr] done.
[INFO] started tweaking git repo https://github.com/Tasswest/xray
[INFO] finished tweaking git repo https://github.com/Tasswest/xray
[INFO] tweaked toml for git repo https://github.com/Tasswest/xray written to /workspace/builds/worker-2-tc2/source/Cargo.toml
[INFO] validating manifest of git repo https://github.com/Tasswest/xray on toolchain 3154cc1a3e6424e44f438a95007d043ed5ceaaf6
[INFO] running `Command { std: CARGO_HOME="/workspace/cargo-home" RUSTUP_HOME="/workspace/rustup-home" "/workspace/cargo-home/bin/cargo" "+3154cc1a3e6424e44f438a95007d043ed5ceaaf6" "metadata" "--manifest-path" "Cargo.toml" "--no-deps", kill_on_drop: false }`
[INFO] crate git repo https://github.com/Tasswest/xray already has a lockfile, it will not be regenerated
[INFO] running `Command { std: CARGO_HOME="/workspace/cargo-home" RUSTUP_HOME="/workspace/rustup-home" "/workspace/cargo-home/bin/cargo" "+3154cc1a3e6424e44f438a95007d043ed5ceaaf6" "fetch" "--manifest-path" "Cargo.toml", kill_on_drop: false }`
[INFO] [stderr] warning: unused workspace dependency `tower-http`
[INFO] [stderr]   --> Cargo.toml:34:25
[INFO] [stderr]    |
[INFO] [stderr] 34 | [workspace.dependencies.tower-http]
[INFO] [stderr]    |                         ^^^^^^^^^^
[INFO] [stderr]    |
[INFO] [stderr]    = note: `cargo::unused_workspace_dependencies` is set to `warn` by default
[INFO] [stderr] help: consider removing the workspace dependency `tower-http`
[INFO] [stderr] warning: unused field `repository` in `workspace.package`
[INFO] [stderr]   --> Cargo.toml:45:1
[INFO] [stderr]    |
[INFO] [stderr] 45 | repository = "https://github.com/Tasswest/xray"
[INFO] [stderr]    | ^^^^^^^^^^
[INFO] [stderr]    |
[INFO] [stderr]    = note: `cargo::unused_workspace_package_fields` is set to `warn` by default
[INFO] [stderr] help: consider removing the field `workspace.package.repository`
[INFO] [stderr] warning: workspace (manifest) generated 2 warnings
[INFO] running `Command { std: "docker" "create" "-v" "/var/lib/crater-agent-workspace/builds/worker-2-tc2/source:/opt/rustwide/workdir:ro,Z" "-v" "/var/lib/crater-agent-workspace/builds/worker-2-tc2/target:/opt/rustwide/target:rw,Z" "-v" "/var/lib/crater-agent-workspace/cargo-home:/opt/rustwide/cargo-home:ro,Z" "-v" "/var/lib/crater-agent-workspace/rustup-home:/opt/rustwide/rustup-home:ro,Z" "-m" "1610612736" "--network" "none" "ghcr.io/rust-lang/crates-build-env/linux@sha256:77db811e55d90add9212f6832c23229e3de5f1c1f9905e8cb07319ea15df73ac" "sleep" "infinity", kill_on_drop: false }`
[INFO] [stdout] 1c0269f460e8c441c27ca73c617757461abe5763476532e4686570c363f22222
[INFO] running `Command { std: "docker" "start" "1c0269f460e8c441c27ca73c617757461abe5763476532e4686570c363f22222", kill_on_drop: false }`
[INFO] running `Command { std: "docker" "inspect" "1c0269f460e8c441c27ca73c617757461abe5763476532e4686570c363f22222", kill_on_drop: false }`
[INFO] running `Command { std: "docker" "exec" "-e" "SOURCE_DIR=/opt/rustwide/workdir" "-e" "CARGO_HOME=/opt/rustwide/cargo-home" "-e" "RUSTUP_HOME=/opt/rustwide/rustup-home" "-e" "CARGO_TARGET_DIR=/opt/rustwide/target" "-w" "/opt/rustwide/workdir" "--user" "0:0" "1c0269f460e8c441c27ca73c617757461abe5763476532e4686570c363f22222" "/opt/rustwide/cargo-home/bin/cargo" "+3154cc1a3e6424e44f438a95007d043ed5ceaaf6" "metadata" "--no-deps" "--format-version=1", kill_on_drop: false }`
[INFO] running `Command { std: "docker" "inspect" "1c0269f460e8c441c27ca73c617757461abe5763476532e4686570c363f22222", kill_on_drop: false }`
[INFO] running `Command { std: "docker" "exec" "-e" "SOURCE_DIR=/opt/rustwide/workdir" "-e" "CARGO_HOME=/opt/rustwide/cargo-home" "-e" "RUSTUP_HOME=/opt/rustwide/rustup-home" "-e" "CARGO_TARGET_DIR=/opt/rustwide/target" "-e" "CARGO_INCREMENTAL=0" "-e" "RUST_BACKTRACE=full" "-e" "RUSTFLAGS=--cap-lints=forbid" "-e" "RUSTDOCFLAGS=--cap-lints=forbid" "-w" "/opt/rustwide/workdir" "--user" "0:0" "1c0269f460e8c441c27ca73c617757461abe5763476532e4686570c363f22222" "/opt/rustwide/cargo-home/bin/cargo" "+3154cc1a3e6424e44f438a95007d043ed5ceaaf6" "check" "--frozen" "--all" "--all-targets" "--message-format=json", kill_on_drop: false }`
[INFO] [stderr] warning: unused workspace dependency `tower-http`
[INFO] [stderr]   --> Cargo.toml:34:25
[INFO] [stderr]    |
[INFO] [stderr] 34 | [workspace.dependencies.tower-http]
[INFO] [stderr]    |                         ^^^^^^^^^^
[INFO] [stderr]    |
[INFO] [stderr]    = note: `cargo::unused_workspace_dependencies` is set to `warn` by default
[INFO] [stderr] help: consider removing the workspace dependency `tower-http`
[INFO] [stderr] warning: unused field `repository` in `workspace.package`
[INFO] [stderr]   --> Cargo.toml:45:1
[INFO] [stderr]    |
[INFO] [stderr] 45 | repository = "https://github.com/Tasswest/xray"
[INFO] [stderr]    | ^^^^^^^^^^
[INFO] [stderr]    |
[INFO] [stderr]    = note: `cargo::unused_workspace_package_fields` is set to `warn` by default
[INFO] [stderr] help: consider removing the field `workspace.package.repository`
[INFO] [stderr] warning: workspace (manifest) generated 2 warnings
[INFO] [stderr]     Checking smallvec v1.16.0
[INFO] [stderr]    Compiling num-traits v0.2.19
[INFO] [stderr]     Checking log v0.4.34
[INFO] [stderr]    Compiling syn v3.0.5
[INFO] [stderr]     Checking mio v1.2.3
[INFO] [stderr]    Compiling hybrid-array v0.4.15
[INFO] [stderr]     Checking uuid v1.26.1
[INFO] [stderr]     Checking regex-automata v0.4.18
[INFO] [stderr]    Compiling const-oid v0.10.2
[INFO] [stderr]     Checking ppv-lite86 v0.2.21
[INFO] [stderr]     Checking digest v0.10.7
[INFO] [stderr]     Checking bitflags v2.13.2
[INFO] [stderr]    Compiling cpufeatures v0.3.1
[INFO] [stderr]    Compiling mime_guess v2.0.5
[INFO] [stderr]     Checking serde_json v1.0.151
[INFO] [stderr]     Checking futures-channel v0.3.34
[INFO] [stderr]    Compiling mime v0.3.17
[INFO] [stderr]     Checking http-body-util v0.1.5
[INFO] [stderr]     Checking tracing v0.1.44
[INFO] [stderr]     Checking rustix v1.1.4
[INFO] [stderr]    Compiling syn v2.0.119
[INFO] [stderr]     Checking sha1 v0.10.7
[INFO] [stderr]     Checking rust-embed-utils v8.12.0
[INFO] [stderr]     Checking parking_lot_core v0.9.12
[INFO] [stderr]     Checking serde_path_to_error v0.1.20
[INFO] [stderr]     Checking axum-core v0.5.6
[INFO] [stderr]     Checking rand_chacha v0.9.0
[INFO] [stderr]     Checking parking_lot v0.12.5
[INFO] [stderr]    Compiling block-buffer v0.12.1
[INFO] [stderr]    Compiling crypto-common v0.2.2
[INFO] [stderr]     Checking rand v0.9.5
[INFO] [stderr]    Compiling digest v0.11.3
[INFO] [stderr]    Compiling sha2 v0.11.0
[INFO] [stderr]     Checking tempfile v3.27.0
[INFO] [stderr]     Checking regex v1.13.1
[INFO] [stderr]    Compiling rust-embed-impl v8.12.0
[INFO] [stderr]     Checking rust-embed v8.12.0
[INFO] [stderr]    Compiling tokio-macros v2.7.2
[INFO] [stderr]    Compiling serde_derive v1.0.229
[INFO] [stderr]    Compiling async-trait v0.1.92
[INFO] [stderr]    Compiling thiserror-impl v2.0.20
[INFO] [stderr]    Compiling futures-macro v0.3.34
[INFO] [stderr]    Compiling clap_derive v4.6.4
[INFO] [stderr]     Checking tokio v1.53.1
[INFO] [stderr]     Checking futures-util v0.3.34
[INFO] [stderr]     Checking thiserror v2.0.20
[INFO] [stderr]     Checking tungstenite v0.29.0
[INFO] [stderr]     Checking clap v4.6.6
[INFO] [stderr]     Checking serde v1.0.229
[INFO] [stderr]     Checking chrono v0.4.45
[INFO] [stderr]     Checking serde_urlencoded v0.7.1
[INFO] [stderr]     Checking xray-core v0.1.0 (/opt/rustwide/workdir/crates/xray-core)
[INFO] [stderr]     Checking hyper v1.11.1
[INFO] [stderr]     Checking tower v0.5.3
[INFO] [stderr]     Checking tokio-tungstenite v0.29.0
[INFO] [stderr]     Checking xray-macos v0.1.0 (/opt/rustwide/workdir/crates/xray-macos)
[INFO] [stderr]     Checking xray-storage v0.1.0 (/opt/rustwide/workdir/crates/xray-storage)
[INFO] [stderr]     Checking xray-linux v0.1.0 (/opt/rustwide/workdir/crates/xray-linux)
[INFO] [stderr]     Checking hyper-util v0.1.20
[INFO] [stderr]     Checking axum v0.8.9
[INFO] [stderr]     Checking xray-cli v0.1.0 (/opt/rustwide/workdir/crates/xray-cli)
[INFO] [stdout] error: #[derive(RustEmbed)] folder '/opt/rustwide/workdir/crates/xray-cli/../../web/dist' does not exist. cwd: '/opt/rustwide/workdir'
[INFO] [stdout]   --> crates/xray-cli/src/main.rs:72:1
[INFO] [stdout]    |
[INFO] [stdout] 72 | / #[folder = "../../web/dist"]
[INFO] [stdout] 73 | | struct WebAssets;
[INFO] [stdout]    | |_________________^
[INFO] [stdout] 
[INFO] [stdout] 
[INFO] [stdout] error: #[derive(RustEmbed)] folder '/opt/rustwide/workdir/crates/xray-cli/../../web/dist' does not exist. cwd: '/opt/rustwide/workdir'
[INFO] [stdout]   --> crates/xray-cli/src/main.rs:72:1
[INFO] [stdout]    |
[INFO] [stdout] 72 | / #[folder = "../../web/dist"]
[INFO] [stdout] 73 | | struct WebAssets;
[INFO] [stdout]    | |_________________^
[INFO] [stdout] 
[INFO] [stdout] 
[INFO] [stdout] error[E0599]: no associated function or constant named `get` found for struct `WebAssets` in the current scope
[INFO] [stdout]    --> crates/xray-cli/src/main.rs:246:28
[INFO] [stdout]     |
[INFO] [stdout]  73 | struct WebAssets;
[INFO] [stdout]     | ---------------- associated function or constant `get` not found for this struct
[INFO] [stdout] ...
[INFO] [stdout] 246 |     let asset = WebAssets::get(path).or_else(|| WebAssets::get("index.html"));
[INFO] [stdout]     |                            ^^^ associated function or constant not found in `WebAssets`
[INFO] [stdout]     |
[INFO] [stdout]     = help: items from traits can only be used if the trait is implemented and in scope
[INFO] [stdout]     = note: the following traits define an item `get`, perhaps you need to implement one of them:
[INFO] [stdout]             candidate #1: `Embed`
[INFO] [stdout]             candidate #2: `SliceIndex`
[INFO] [stdout] 
[INFO] [stdout] 
[INFO] [stdout] error[E0599]: no associated function or constant named `get` found for struct `WebAssets` in the current scope
[INFO] [stdout]    --> crates/xray-cli/src/main.rs:246:60
[INFO] [stdout]     |
[INFO] [stdout]  73 | struct WebAssets;
[INFO] [stdout]     | ---------------- associated function or constant `get` not found for this struct
[INFO] [stdout] ...
[INFO] [stdout] 246 |     let asset = WebAssets::get(path).or_else(|| WebAssets::get("index.html"));
[INFO] [stdout]     |                                                            ^^^ associated function or constant not found in `WebAssets`
[INFO] [stdout]     |
[INFO] [stdout]     = help: items from traits can only be used if the trait is implemented and in scope
[INFO] [stdout]     = note: the following traits define an item `get`, perhaps you need to implement one of them:
[INFO] [stdout]             candidate #1: `Embed`
[INFO] [stdout]             candidate #2: `SliceIndex`
[INFO] [stdout] 
[INFO] [stdout] 
[INFO] [stdout] error[E0599]: no associated function or constant named `get` found for struct `WebAssets` in the current scope
[INFO] [stdout]    --> crates/xray-cli/src/main.rs:246:28
[INFO] [stdout]     |
[INFO] [stdout]  73 | struct WebAssets;
[INFO] [stdout]     | ---------------- associated function or constant `get` not found for this struct
[INFO] [stdout] ...
[INFO] [stdout] 246 |     let asset = WebAssets::get(path).or_else(|| WebAssets::get("index.html"));
[INFO] [stdout]     |                            ^^^ associated function or constant not found in `WebAssets`
[INFO] [stdout]     |
[INFO] [stdout]     = help: items from traits can only be used if the trait is implemented and in scope
[INFO] [stdout]     = note: the following traits define an item `get`, perhaps you need to implement one of them:
[INFO] [stdout]             candidate #1: `Embed`
[INFO] [stdout]             candidate #2: `SliceIndex`
[INFO] [stdout] 
[INFO] [stdout] 
[INFO] [stdout] error[E0599]: no associated function or constant named `get` found for struct `WebAssets` in the current scope
[INFO] [stdout]    --> crates/xray-cli/src/main.rs:246:60
[INFO] [stdout]     |
[INFO] [stdout]  73 | struct WebAssets;
[INFO] [stdout]     | ---------------- associated function or constant `get` not found for this struct
[INFO] [stdout] ...
[INFO] [stdout] 246 |     let asset = WebAssets::get(path).or_else(|| WebAssets::get("index.html"));
[INFO] [stdout]     |                                                            ^^^ associated function or constant not found in `WebAssets`
[INFO] [stdout]     |
[INFO] [stdout]     = help: items from traits can only be used if the trait is implemented and in scope
[INFO] [stdout]     = note: the following traits define an item `get`, perhaps you need to implement one of them:
[INFO] [stdout]             candidate #1: `Embed`
[INFO] [stdout]             candidate #2: `SliceIndex`
[INFO] [stdout] 
[INFO] [stdout] 
[INFO] [stdout] For more information about this error, try `rustc --explain E0599`.
[INFO] [stdout] 
[INFO] [stderr] error: could not compile `xray-cli` (bin "xray" test) due to 3 previous errors
[INFO] [stderr] warning: build failed, waiting for other jobs to finish...
[INFO] [stdout] For more information about this error, try `rustc --explain E0599`.
[INFO] [stdout] 
[INFO] [stderr] error: could not compile `xray-cli` (bin "xray") due to 3 previous errors
[INFO] running `Command { std: "docker" "inspect" "1c0269f460e8c441c27ca73c617757461abe5763476532e4686570c363f22222", kill_on_drop: false }`
[INFO] running `Command { std: "docker" "rm" "-f" "1c0269f460e8c441c27ca73c617757461abe5763476532e4686570c363f22222", kill_on_drop: false }`
[INFO] [stdout] 1c0269f460e8c441c27ca73c617757461abe5763476532e4686570c363f22222
