[INFO] cloning repository https://github.com/TRANTOR-Orbital-Research-Group/Balloon-CubeSat-Platform
[INFO] running `Command { std: "git" "-c" "credential.helper=" "-c" "credential.helper=/workspace/cargo-home/bin/git-credential-null" "clone" "--bare" "https://github.com/TRANTOR-Orbital-Research-Group/Balloon-CubeSat-Platform" "/workspace/cache/git-repos/https%3A%2F%2Fgithub.com%2FTRANTOR-Orbital-Research-Group%2FBalloon-CubeSat-Platform", kill_on_drop: false }`
[INFO] [stderr] Cloning into bare repository '/workspace/cache/git-repos/https%3A%2F%2Fgithub.com%2FTRANTOR-Orbital-Research-Group%2FBalloon-CubeSat-Platform'...
[INFO] running `Command { std: "git" "rev-parse" "HEAD", kill_on_drop: false }`
[INFO] [stdout] a531a9575081539f014fa4fdf9eb0633abe7287b
[INFO] checking TRANTOR-Orbital-Research-Group/Balloon-CubeSat-Platform against 3154cc1a3e6424e44f438a95007d043ed5ceaaf6 for pr-133502-30
[INFO] running `Command { std: "git" "clone" "/workspace/cache/git-repos/https%3A%2F%2Fgithub.com%2FTRANTOR-Orbital-Research-Group%2FBalloon-CubeSat-Platform" "/workspace/builds/worker-4-tc2/source", kill_on_drop: false }`
[INFO] [stderr] Cloning into '/workspace/builds/worker-4-tc2/source'...
[INFO] [stderr] done.
[INFO] removed /workspace/builds/worker-4-tc2/source/.cargo/config.toml
[INFO] started tweaking git repo https://github.com/TRANTOR-Orbital-Research-Group/Balloon-CubeSat-Platform
[INFO] finished tweaking git repo https://github.com/TRANTOR-Orbital-Research-Group/Balloon-CubeSat-Platform
[INFO] tweaked toml for git repo https://github.com/TRANTOR-Orbital-Research-Group/Balloon-CubeSat-Platform written to /workspace/builds/worker-4-tc2/source/Cargo.toml
[INFO] validating manifest of git repo https://github.com/TRANTOR-Orbital-Research-Group/Balloon-CubeSat-Platform on toolchain 3154cc1a3e6424e44f438a95007d043ed5ceaaf6
[INFO] running `Command { std: CARGO_HOME="/workspace/cargo-home" RUSTUP_HOME="/workspace/rustup-home" "/workspace/cargo-home/bin/cargo" "+3154cc1a3e6424e44f438a95007d043ed5ceaaf6" "metadata" "--manifest-path" "Cargo.toml" "--no-deps", kill_on_drop: false }`
[INFO] crate git repo https://github.com/TRANTOR-Orbital-Research-Group/Balloon-CubeSat-Platform already has a lockfile, it will not be regenerated
[INFO] running `Command { std: CARGO_HOME="/workspace/cargo-home" RUSTUP_HOME="/workspace/rustup-home" "/workspace/cargo-home/bin/cargo" "+3154cc1a3e6424e44f438a95007d043ed5ceaaf6" "fetch" "--manifest-path" "Cargo.toml", kill_on_drop: false }`
[INFO] running `Command { std: "docker" "create" "-v" "/var/lib/crater-agent-workspace/builds/worker-4-tc2/source:/opt/rustwide/workdir:ro,Z" "-v" "/var/lib/crater-agent-workspace/builds/worker-4-tc2/target:/opt/rustwide/target:rw,Z" "-v" "/var/lib/crater-agent-workspace/cargo-home:/opt/rustwide/cargo-home:ro,Z" "-v" "/var/lib/crater-agent-workspace/rustup-home:/opt/rustwide/rustup-home:ro,Z" "-m" "1610612736" "--network" "none" "ghcr.io/rust-lang/crates-build-env/linux@sha256:77db811e55d90add9212f6832c23229e3de5f1c1f9905e8cb07319ea15df73ac" "sleep" "infinity", kill_on_drop: false }`
[INFO] [stdout] 17a25e6f32719b4ead60b21443f483bfcda939193ed7012456f204f53a64de64
[INFO] running `Command { std: "docker" "start" "17a25e6f32719b4ead60b21443f483bfcda939193ed7012456f204f53a64de64", kill_on_drop: false }`
[INFO] running `Command { std: "docker" "inspect" "17a25e6f32719b4ead60b21443f483bfcda939193ed7012456f204f53a64de64", kill_on_drop: false }`
[INFO] running `Command { std: "docker" "exec" "-e" "SOURCE_DIR=/opt/rustwide/workdir" "-e" "CARGO_HOME=/opt/rustwide/cargo-home" "-e" "RUSTUP_HOME=/opt/rustwide/rustup-home" "-e" "CARGO_TARGET_DIR=/opt/rustwide/target" "-w" "/opt/rustwide/workdir" "--user" "0:0" "17a25e6f32719b4ead60b21443f483bfcda939193ed7012456f204f53a64de64" "/opt/rustwide/cargo-home/bin/cargo" "+3154cc1a3e6424e44f438a95007d043ed5ceaaf6" "metadata" "--no-deps" "--format-version=1", kill_on_drop: false }`
[INFO] running `Command { std: "docker" "inspect" "17a25e6f32719b4ead60b21443f483bfcda939193ed7012456f204f53a64de64", kill_on_drop: false }`
[INFO] running `Command { std: "docker" "exec" "-e" "SOURCE_DIR=/opt/rustwide/workdir" "-e" "CARGO_HOME=/opt/rustwide/cargo-home" "-e" "RUSTUP_HOME=/opt/rustwide/rustup-home" "-e" "CARGO_TARGET_DIR=/opt/rustwide/target" "-e" "CARGO_INCREMENTAL=0" "-e" "RUST_BACKTRACE=full" "-e" "RUSTFLAGS=--cap-lints=forbid" "-e" "RUSTDOCFLAGS=--cap-lints=forbid" "-w" "/opt/rustwide/workdir" "--user" "0:0" "17a25e6f32719b4ead60b21443f483bfcda939193ed7012456f204f53a64de64" "/opt/rustwide/cargo-home/bin/cargo" "+3154cc1a3e6424e44f438a95007d043ed5ceaaf6" "check" "--frozen" "--all" "--all-targets" "--message-format=json", kill_on_drop: false }`
[INFO] [stderr]     Checking critical-section v1.2.0
[INFO] [stderr]    Compiling syn v1.0.109
[INFO] [stderr]    Compiling cortex-m v0.7.9
[INFO] [stderr]     Checking nb v0.1.3
[INFO] [stderr]    Compiling thiserror v2.0.20
[INFO] [stderr]    Compiling cortex-m-macros v0.7.8
[INFO] [stderr]     Checking gcd v2.3.0
[INFO] [stderr]    Compiling embedded-hal-async v1.0.0
[INFO] [stderr]    Compiling frunk_core v0.5.0
[INFO] [stderr]    Compiling proc-macro-utils v0.10.0
[INFO] [stderr]    Compiling pulldown-cmark v0.11.3
[INFO] [stderr]    Compiling rp235x-pac v0.1.0
[INFO] [stderr]    Compiling thiserror-impl v2.0.20
[INFO] [stderr]     Checking embedded-hal v0.2.7
[INFO] [stderr]    Compiling rtic-macros v2.3.1
[INFO] [stderr]    Compiling rp235x-pac v0.2.0
[INFO] [stderr]     Checking futures-core v0.3.34
[INFO] [stderr]     Checking fugit v0.3.9
[INFO] [stderr]     Checking futures-task v0.3.34
[INFO] [stderr]    Compiling cortex-m-rt v0.7.6
[INFO] [stderr]     Checking rtic-common v1.1.0
[INFO] [stderr]     Checking usb-device v0.3.2
[INFO] [stderr]     Checking embedded-io v0.6.1
[INFO] [stderr]    Compiling rtic-monotonics v2.2.1
[INFO] [stderr]    Compiling rtic v2.3.1
[INFO] [stderr]     Checking frunk_core v0.4.4
[INFO] [stderr]     Checking futures-util v0.3.34
[INFO] [stderr]    Compiling panic-probe v1.0.0
[INFO] [stderr]     Checking itertools v0.13.0
[INFO] [stderr]    Compiling rp235x-hal-macros v0.1.0
[INFO] [stderr]     Checking rp-hal-common v0.1.0
[INFO] [stderr]    Compiling cortex-m-rt-macros v0.7.6
[INFO] [stderr]     Checking embedded-hal-nb v1.0.0
[INFO] [stderr]    Compiling manyhow-macros v0.11.4
[INFO] [stderr]     Checking bitfield v0.14.0
[INFO] [stderr]    Compiling balloon-cubesat-platform v0.2.0 (/opt/rustwide/workdir)
[INFO] [stderr]     Checking rtic-core v1.0.0
[INFO] [stderr]     Checking rp-binary-info v0.1.2
[INFO] [stderr]     Checking embedded-sdmmc v0.8.2
[INFO] [stderr]     Checking usbd-serial v0.2.2
[INFO] [stderr]     Checking embedded-hal-bus v0.3.0
[INFO] [stderr]     Checking mfrc522 v0.8.0
[INFO] [stderr]     Checking bno080 v0.1.3 (https://github.com/tstellanova/bno080.git#f8037de9)
[INFO] [stderr]     Checking panic-halt v1.0.0
[INFO] [stderr]    Compiling defmt-parser v1.0.0
[INFO] [stderr]    Compiling defmt-macros v1.1.1
[INFO] [stderr]     Checking rtic-time v2.0.1
[INFO] [stderr]     Checking defmt v1.1.1
[INFO] [stderr]     Checking defmt-rtt v1.3.0
[INFO] [stderr]    Compiling frunk_proc_macro_helpers v0.1.5
[INFO] [stderr]    Compiling frunk_derives v0.4.4
[INFO] [stderr]     Checking frunk v0.4.4
[INFO] [stderr]    Compiling manyhow v0.11.4
[INFO] [stderr]    Compiling num_enum_derive v0.5.11
[INFO] [stderr]    Compiling maybe-async-cfg v0.2.5
[INFO] [stderr]     Checking bme280 v0.5.1
[INFO] [stderr]     Checking num_enum v0.5.11
[INFO] [stderr]     Checking pio v0.2.1
[INFO] [stdout] error[E0277]: the trait bound `rp235x_pac::Interrupt: InterruptNumber` is not satisfied
[INFO] [stdout]    --> /opt/rustwide/cargo-home/registry/src/index.crates.io-1949cf8c6b5b557f/rtic-monotonics-2.2.1/src/rp235x.rs:67:67
[INFO] [stdout]     |
[INFO] [stdout]  67 |             crate::set_monotonic_prio(rp235x_pac::NVIC_PRIO_BITS, Interrupt::TIMER0_IRQ_0);
[INFO] [stdout]     |             -------------------------                             ^^^^^^^^^^^^^^^^^^^^^^^ the trait `Nr` is not implemented for `rp235x_pac::Interrupt`
[INFO] [stdout]     |             |
[INFO] [stdout]     |             required by a bound introduced by this call
[INFO] [stdout]     |
[INFO] [stdout]     = note: required for `rp235x_pac::Interrupt` to implement `InterruptNumber`
[INFO] [stdout] note: required by a bound in `set_monotonic_prio`
[INFO] [stdout]    --> /opt/rustwide/cargo-home/registry/src/index.crates.io-1949cf8c6b5b557f/rtic-monotonics-2.2.1/src/lib.rs:139:21
[INFO] [stdout]     |
[INFO] [stdout] 137 | pub(crate) unsafe fn set_monotonic_prio(
[INFO] [stdout] 138 |     prio_bits: u8,
[INFO] [stdout] 139 |     interrupt: impl cortex_m::interrupt::InterruptNumber,
[INFO] [stdout]     |                     ^^^^^^^^^^^^^^^^^^^^^^^^^^^^^^^^^^^^ required by this bound in `set_monotonic_prio`
[INFO] [stdout] 
[INFO] [stdout] 
[INFO] [stdout] error[E0277]: the trait bound `rp235x_pac::Interrupt: InterruptNumber` is not satisfied
[INFO] [stdout]    --> /opt/rustwide/cargo-home/registry/src/index.crates.io-1949cf8c6b5b557f/rtic-monotonics-2.2.1/src/rp235x.rs:68:26
[INFO] [stdout]     |
[INFO] [stdout]  68 |             NVIC::unmask(Interrupt::TIMER0_IRQ_0);
[INFO] [stdout]     |             ------------ ^^^^^^^^^^^^^^^^^^^^^^^ the trait `Nr` is not implemented for `rp235x_pac::Interrupt`
[INFO] [stdout]     |             |
[INFO] [stdout]     |             required by a bound introduced by this call
[INFO] [stdout]     |
[INFO] [stdout]     = note: required for `rp235x_pac::Interrupt` to implement `InterruptNumber`
[INFO] [stdout] note: required by a bound in `nvic::<impl NVIC>::unmask`
[INFO] [stdout]    --> /opt/rustwide/cargo-home/registry/src/index.crates.io-1949cf8c6b5b557f/cortex-m-0.7.9/src/peripheral/nvic.rs:125:12
[INFO] [stdout]     |
[INFO] [stdout]  85 | impl NVIC {
[INFO] [stdout] ...
[INFO] [stdout] 123 |     pub unsafe fn unmask<I>(interrupt: I)
[INFO] [stdout] 124 |     where
[INFO] [stdout] 125 |         I: InterruptNumber,
[INFO] [stdout]     |            ^^^^^^^^^^^^^^^ required by this bound in `nvic::<impl NVIC>::unmask`
[INFO] [stdout] 
[INFO] [stdout] 
[INFO] [stdout] error[E0277]: the trait bound `rp235x_pac::Interrupt: InterruptNumber` is not satisfied
[INFO] [stdout]    --> /opt/rustwide/cargo-home/registry/src/index.crates.io-1949cf8c6b5b557f/rtic-monotonics-2.2.1/src/rp235x.rs:120:20
[INFO] [stdout]     |
[INFO] [stdout] 120 |         NVIC::pend(Interrupt::TIMER0_IRQ_0);
[INFO] [stdout]     |         ---------- ^^^^^^^^^^^^^^^^^^^^^^^ the trait `Nr` is not implemented for `rp235x_pac::Interrupt`
[INFO] [stdout]     |         |
[INFO] [stdout]     |         required by a bound introduced by this call
[INFO] [stdout]     |
[INFO] [stdout]     = note: required for `rp235x_pac::Interrupt` to implement `InterruptNumber`
[INFO] [stdout] note: required by a bound in `nvic::<impl NVIC>::pend`
[INFO] [stdout]    --> /opt/rustwide/cargo-home/registry/src/index.crates.io-1949cf8c6b5b557f/cortex-m-0.7.9/src/peripheral/nvic.rs:204:12
[INFO] [stdout]     |
[INFO] [stdout]  85 | impl NVIC {
[INFO] [stdout] ...
[INFO] [stdout] 202 |     pub fn pend<I>(interrupt: I)
[INFO] [stdout] 203 |     where
[INFO] [stdout] 204 |         I: InterruptNumber,
[INFO] [stdout]     |            ^^^^^^^^^^^^^^^ required by this bound in `nvic::<impl NVIC>::pend`
[INFO] [stdout] 
[INFO] [stdout] 
[INFO] [stdout] For more information about this error, try `rustc --explain E0277`.
[INFO] [stdout] 
[INFO] [stderr] error: could not compile `rtic-monotonics` (lib) due to 3 previous errors
[INFO] [stderr] warning: build failed, waiting for other jobs to finish...
[INFO] running `Command { std: "docker" "inspect" "17a25e6f32719b4ead60b21443f483bfcda939193ed7012456f204f53a64de64", kill_on_drop: false }`
[INFO] running `Command { std: "docker" "rm" "-f" "17a25e6f32719b4ead60b21443f483bfcda939193ed7012456f204f53a64de64", kill_on_drop: false }`
[INFO] [stdout] 17a25e6f32719b4ead60b21443f483bfcda939193ed7012456f204f53a64de64
