[INFO] cloning repository https://github.com/T0ikeri/LlamaLab
[INFO] running `Command { std: "git" "-c" "credential.helper=" "-c" "credential.helper=/workspace/cargo-home/bin/git-credential-null" "clone" "--bare" "https://github.com/T0ikeri/LlamaLab" "/workspace/cache/git-repos/https%3A%2F%2Fgithub.com%2FT0ikeri%2FLlamaLab", kill_on_drop: false }`
[INFO] [stderr] Cloning into bare repository '/workspace/cache/git-repos/https%3A%2F%2Fgithub.com%2FT0ikeri%2FLlamaLab'...
[INFO] running `Command { std: "git" "rev-parse" "HEAD", kill_on_drop: false }`
[INFO] [stdout] 8c4f8480f7c4670b156f9625f23b2f0e75d3ec38
[INFO] checking T0ikeri/LlamaLab against 3154cc1a3e6424e44f438a95007d043ed5ceaaf6 for pr-133502-30
[INFO] running `Command { std: "git" "clone" "/workspace/cache/git-repos/https%3A%2F%2Fgithub.com%2FT0ikeri%2FLlamaLab" "/workspace/builds/worker-6-tc2/source", kill_on_drop: false }`
[INFO] [stderr] Cloning into '/workspace/builds/worker-6-tc2/source'...
[INFO] [stderr] done.
[INFO] started tweaking git repo https://github.com/T0ikeri/LlamaLab
[INFO] finished tweaking git repo https://github.com/T0ikeri/LlamaLab
[INFO] tweaked toml for git repo https://github.com/T0ikeri/LlamaLab written to /workspace/builds/worker-6-tc2/source/Cargo.toml
[INFO] validating manifest of git repo https://github.com/T0ikeri/LlamaLab on toolchain 3154cc1a3e6424e44f438a95007d043ed5ceaaf6
[INFO] running `Command { std: CARGO_HOME="/workspace/cargo-home" RUSTUP_HOME="/workspace/rustup-home" "/workspace/cargo-home/bin/cargo" "+3154cc1a3e6424e44f438a95007d043ed5ceaaf6" "metadata" "--manifest-path" "Cargo.toml" "--no-deps", kill_on_drop: false }`
[INFO] crate git repo https://github.com/T0ikeri/LlamaLab already has a lockfile, it will not be regenerated
[INFO] running `Command { std: CARGO_HOME="/workspace/cargo-home" RUSTUP_HOME="/workspace/rustup-home" "/workspace/cargo-home/bin/cargo" "+3154cc1a3e6424e44f438a95007d043ed5ceaaf6" "fetch" "--manifest-path" "Cargo.toml", kill_on_drop: false }`
[INFO] running `Command { std: "docker" "create" "-v" "/var/lib/crater-agent-workspace/builds/worker-6-tc2/source:/opt/rustwide/workdir:ro,Z" "-v" "/var/lib/crater-agent-workspace/builds/worker-6-tc2/target:/opt/rustwide/target:rw,Z" "-v" "/var/lib/crater-agent-workspace/cargo-home:/opt/rustwide/cargo-home:ro,Z" "-v" "/var/lib/crater-agent-workspace/rustup-home:/opt/rustwide/rustup-home:ro,Z" "-m" "1610612736" "--network" "none" "ghcr.io/rust-lang/crates-build-env/linux@sha256:77db811e55d90add9212f6832c23229e3de5f1c1f9905e8cb07319ea15df73ac" "sleep" "infinity", kill_on_drop: false }`
[INFO] [stdout] 684e099d11a037f33658bdccdb6ffafac81095149b2cc9a3fb3963a2b0cbadbb
[INFO] running `Command { std: "docker" "start" "684e099d11a037f33658bdccdb6ffafac81095149b2cc9a3fb3963a2b0cbadbb", kill_on_drop: false }`
[INFO] running `Command { std: "docker" "inspect" "684e099d11a037f33658bdccdb6ffafac81095149b2cc9a3fb3963a2b0cbadbb", kill_on_drop: false }`
[INFO] running `Command { std: "docker" "exec" "-e" "SOURCE_DIR=/opt/rustwide/workdir" "-e" "CARGO_HOME=/opt/rustwide/cargo-home" "-e" "RUSTUP_HOME=/opt/rustwide/rustup-home" "-e" "CARGO_TARGET_DIR=/opt/rustwide/target" "-w" "/opt/rustwide/workdir" "--user" "0:0" "684e099d11a037f33658bdccdb6ffafac81095149b2cc9a3fb3963a2b0cbadbb" "/opt/rustwide/cargo-home/bin/cargo" "+3154cc1a3e6424e44f438a95007d043ed5ceaaf6" "metadata" "--no-deps" "--format-version=1", kill_on_drop: false }`
[INFO] running `Command { std: "docker" "inspect" "684e099d11a037f33658bdccdb6ffafac81095149b2cc9a3fb3963a2b0cbadbb", kill_on_drop: false }`
[INFO] running `Command { std: "docker" "exec" "-e" "SOURCE_DIR=/opt/rustwide/workdir" "-e" "CARGO_HOME=/opt/rustwide/cargo-home" "-e" "RUSTUP_HOME=/opt/rustwide/rustup-home" "-e" "CARGO_TARGET_DIR=/opt/rustwide/target" "-e" "CARGO_INCREMENTAL=0" "-e" "RUST_BACKTRACE=full" "-e" "RUSTFLAGS=--cap-lints=forbid" "-e" "RUSTDOCFLAGS=--cap-lints=forbid" "-w" "/opt/rustwide/workdir" "--user" "0:0" "684e099d11a037f33658bdccdb6ffafac81095149b2cc9a3fb3963a2b0cbadbb" "/opt/rustwide/cargo-home/bin/cargo" "+3154cc1a3e6424e44f438a95007d043ed5ceaaf6" "check" "--frozen" "--all" "--all-targets" "--message-format=json", kill_on_drop: false }`
[INFO] [stderr]    Compiling serde_core v1.0.229
[INFO] [stderr]    Compiling serde v1.0.229
[INFO] [stderr]    Compiling displaydoc v0.2.6
[INFO] [stderr]    Compiling cc v1.4.0
[INFO] [stderr]    Compiling stable_deref_trait v1.2.1
[INFO] [stderr]    Compiling zerofrom v0.1.8
[INFO] [stderr]    Compiling crossbeam-utils v0.8.22
[INFO] [stderr]    Compiling getrandom v0.4.3
[INFO] [stderr]     Checking futures-io v0.3.33
[INFO] [stderr]     Checking getrandom v0.2.17
[INFO] [stderr]    Compiling writeable v0.6.3
[INFO] [stderr]    Compiling litemap v0.8.2
[INFO] [stderr]    Compiling indexmap v2.14.0
[INFO] [stderr]    Compiling hybrid-array v0.4.13
[INFO] [stderr]    Compiling utf8_iter v1.0.4
[INFO] [stderr]    Compiling rustls v0.23.42
[INFO] [stderr]    Compiling tokio-macros v2.7.1
[INFO] [stderr]     Checking futures-util v0.3.33
[INFO] [stderr]    Compiling yoke v0.8.3
[INFO] [stderr]    Compiling pin-project-lite v0.2.17
[INFO] [stderr]    Compiling cmov v0.5.4
[INFO] [stderr]    Compiling generic-array v0.14.7
[INFO] [stderr]    Compiling icu_normalizer_data v2.2.0
[INFO] [stderr]    Compiling icu_properties_data v2.2.0
[INFO] [stderr]    Compiling num-traits v0.2.19
[INFO] [stderr]    Compiling futures-core v0.3.33
[INFO] [stderr]    Compiling ctutils v0.4.2
[INFO] [stderr]     Checking tracing v0.1.44
[INFO] [stderr]    Compiling zerovec v0.11.6
[INFO] [stderr]    Compiling once_cell v1.21.4
[INFO] [stderr]    Compiling scopeguard v1.2.0
[INFO] [stderr]    Compiling lock_api v0.4.14
[INFO] [stderr]     Checking tinystr v0.8.3
[INFO] [stderr]    Compiling zerotrie v0.2.4
[INFO] [stderr]     Checking tokio v1.53.1
[INFO] [stderr]     Checking icu_collections v2.2.0
[INFO] [stderr]     Checking block-buffer v0.10.4
[INFO] [stderr]     Checking icu_locale_core v2.2.0
[INFO] [stderr]    Compiling crypto-common v0.1.7
[INFO] [stderr]    Compiling mio v1.2.2
[INFO] [stderr]    Compiling socket2 v0.6.5
[INFO] [stderr]    Compiling crypto-common v0.2.2
[INFO] [stderr]    Compiling block-buffer v0.12.1
[INFO] [stderr]    Compiling tinyvec_macros v0.1.1
[INFO] [stderr]    Compiling foldhash v0.2.0
[INFO] [stderr]    Compiling futures-sink v0.3.33
[INFO] [stderr]    Compiling rand_core v0.10.1
[INFO] [stderr]    Compiling thiserror v2.0.19
[INFO] [stderr]    Compiling potential_utf v0.1.5
[INFO] [stderr]    Compiling allocator-api2 v0.2.21
[INFO] [stderr]    Compiling form_urlencoded v1.2.2
[INFO] [stderr]    Compiling tinyvec v1.12.0
[INFO] [stderr]    Compiling digest v0.10.7
[INFO] [stderr]    Compiling hashbrown v0.16.1
[INFO] [stderr]    Compiling digest v0.11.3
[INFO] [stderr]    Compiling concurrent-queue v2.5.0
[INFO] [stderr]    Compiling tracing-core v0.1.36
[INFO] [stderr]     Checking icu_provider v2.2.0
[INFO] [stderr]    Compiling async-trait v0.1.91
[INFO] [stderr]    Compiling parking v2.2.1
[INFO] [stderr]    Compiling ring v0.17.14
[INFO] [stderr]    Compiling futures-task v0.3.33
[INFO] [stderr]    Compiling iana-time-zone v0.1.65
[INFO] [stderr]    Compiling crc-catalog v2.5.0
[INFO] [stderr]    Compiling slab v0.4.12
[INFO] [stderr]     Checking icu_properties v2.2.0
[INFO] [stderr]    Compiling crc v3.4.0
[INFO] [stderr]    Compiling chrono v0.4.45
[INFO] [stderr]    Compiling event-listener v5.4.1
[INFO] [stderr]    Compiling sha2 v0.10.9
[INFO] [stderr]    Compiling unicode-normalization v0.1.25
[INFO] [stderr]    Compiling hmac v0.13.0
[INFO] [stderr]    Compiling hashlink v0.11.1
[INFO] [stderr]    Compiling chacha20 v0.10.1
[INFO] [stderr]     Checking serde_json v1.0.151
[INFO] [stderr]     Checking uuid v1.24.0
[INFO] [stderr]    Compiling crossbeam-queue v0.3.13
[INFO] [stderr]     Checking http v1.4.2
[INFO] [stderr]    Compiling unicode-properties v0.1.4
[INFO] [stderr]    Compiling unicode-bidi v0.3.18
[INFO] [stderr]    Compiling base64 v0.22.1
[INFO] [stderr]     Checking smallvec v1.15.2
[INFO] [stderr]     Checking icu_normalizer v2.2.0
[INFO] [stderr]     Checking parking_lot_core v0.9.12
[INFO] [stderr]    Compiling stringprep v0.1.5
[INFO] [stderr]    Compiling rand v0.10.2
[INFO] [stderr]    Compiling either v1.17.0
[INFO] [stderr]     Checking parking_lot v0.12.5
[INFO] [stderr]    Compiling hkdf v0.13.0
[INFO] [stderr]    Compiling sha2 v0.11.0
[INFO] [stderr]     Checking idna_adapter v1.2.2
[INFO] [stderr]    Compiling md-5 v0.11.0
[INFO] [stderr]    Compiling atoi v2.0.0
[INFO] [stderr]     Checking idna v1.1.0
[INFO] [stderr]    Compiling futures-channel v0.3.33
[INFO] [stderr]    Compiling whoami v2.1.2
[INFO] [stderr]    Compiling dotenvy v0.15.7
[INFO] [stderr]     Checking url v2.5.8
[INFO] [stderr]    Compiling futures-intrusive v0.5.0
[INFO] [stderr]    Compiling bitflags v2.13.1
[INFO] [stderr]    Compiling byteorder v1.5.0
[INFO] [stderr]     Checking http-body v1.1.0
[INFO] [stderr]     Checking rand_core v0.6.4
[INFO] [stderr]    Compiling zerocopy v0.8.55
[INFO] [stderr]     Checking time v0.3.54
[INFO] [stderr]     Checking llamalab-core v0.1.0 (/opt/rustwide/workdir/crates/llamalab-core)
[INFO] [stderr]     Checking http-body-util v0.1.4
[INFO] [stderr]     Checking serde_urlencoded v0.7.1
[INFO] [stderr]     Checking serde_path_to_error v0.1.20
[INFO] [stderr]     Checking matchit v0.7.3
[INFO] [stderr]     Checking password-hash v0.5.0
[INFO] [stderr]     Checking tokio-stream v0.1.19
[INFO] [stderr]     Checking hyper v1.11.0
[INFO] [stderr]     Checking tower v0.5.3
[INFO] [stderr]     Checking blake2 v0.10.6
[INFO] [stderr]     Checking axum-core v0.4.5
[INFO] [stderr]    Compiling cookie v0.18.1
[INFO] [stderr]    Compiling toml_parser v1.1.2+spec-1.1.0
[INFO] [stderr]     Checking tower-http v0.6.11
[INFO] [stderr]    Compiling aho-corasick v1.1.4
[INFO] [stderr]     Checking argon2 v0.5.3
[INFO] [stderr]     Checking diff v0.1.13
[INFO] [stderr]     Checking yansi v1.0.1
[INFO] [stderr]    Compiling regex-syntax v0.8.11
[INFO] [stderr]     Checking pretty_assertions v1.4.1
[INFO] [stderr]    Compiling rstest_macros v0.21.0
[INFO] [stderr]     Checking assert-json-diff v2.0.2
[INFO] [stderr]     Checking reserve-port v2.5.0
[INFO] [stderr]     Checking auto-future v1.0.0
[INFO] [stderr]     Checking bytesize v1.3.3
[INFO] [stderr]     Checking futures-executor v0.3.33
[INFO] [stderr]    Compiling relative-path v1.9.3
[INFO] [stderr]    Compiling glob v0.3.4
[INFO] [stderr]     Checking futures v0.3.33
[INFO] [stderr]    Compiling toml_edit v0.25.13+spec-1.1.0
[INFO] [stderr]     Checking rustls-webpki v0.103.13
[INFO] [stderr]     Checking futures-timer v3.0.4
[INFO] [stderr]     Checking pollster v0.3.0
[INFO] [stderr]     Checking hyper-util v0.1.20
[INFO] [stderr]    Compiling proc-macro-crate v3.5.0
[INFO] [stderr]     Checking simple_asn1 v0.6.4
[INFO] [stderr]     Checking jsonwebtoken v9.3.1
[INFO] [stderr]    Compiling regex-automata v0.4.16
[INFO] [stderr]     Checking axum v0.7.9
[INFO] [stderr]     Checking sqlx-core v0.9.0
[INFO] [stderr]    Compiling regex v1.13.1
[INFO] [stderr]     Checking ppv-lite86 v0.2.21
[INFO] [stderr]     Checking rand_chacha v0.3.1
[INFO] [stderr]     Checking rand v0.8.7
[INFO] [stderr]     Checking rust-multipart-rfc7578_2 v0.6.1
[INFO] [stderr]     Checking sqlx-postgres v0.9.0
[INFO] [stderr]     Checking rstest v0.21.0
[INFO] [stderr]     Checking axum-test v16.4.1
[INFO] [stderr]    Compiling sqlx-macros-core v0.9.0
[INFO] [stderr]    Compiling sqlx-macros v0.9.0
[INFO] [stderr]     Checking sqlx v0.9.0
[INFO] [stderr]     Checking llamalab-db v0.1.0 (/opt/rustwide/workdir/crates/llamalab-db)
[INFO] [stdout] error: error communicating with database: Connection refused (os error 111)
[INFO] [stdout]   --> crates/llamalab-db/src/audit.rs:51:19
[INFO] [stdout]    |
[INFO] [stdout] 51 |           let row = sqlx::query_as!(
[INFO] [stdout]    |  ___________________^
[INFO] [stdout] 52 | |             AuditRow,
[INFO] [stdout] 53 | |             r#"INSERT INTO audit_events (entity_type, entity_id, action, actor, old_value, new_value)
[INFO] [stdout] 54 | |                VALUES ($1, $2, $3, $4, $5, $6)
[INFO] [stdout] ...  |
[INFO] [stdout] 61 | |             event.new_value,
[INFO] [stdout] 62 | |         )
[INFO] [stdout]    | |_________^
[INFO] [stdout]    |
[INFO] [stdout]    = note: this error originates in the macro `$crate::sqlx_macros::expand_query` which comes from the expansion of the macro `sqlx::query_as` (in Nightly builds, run with -Z macro-backtrace for more info)
[INFO] [stdout] 
[INFO] [stdout] 
[INFO] [stdout] error: error communicating with database: Connection refused (os error 111)
[INFO] [stdout]   --> crates/llamalab-db/src/audit.rs:74:20
[INFO] [stdout]    |
[INFO] [stdout] 74 |           let rows = sqlx::query_as!(
[INFO] [stdout]    |  ____________________^
[INFO] [stdout] 75 | |             AuditRow,
[INFO] [stdout] 76 | |             r#"SELECT id, entity_type, entity_id, action, actor, old_value, new_value, occurred_at
[INFO] [stdout] 77 | |                FROM audit_events
[INFO] [stdout] ...  |
[INFO] [stdout] 81 | |             entity_id,
[INFO] [stdout] 82 | |         )
[INFO] [stdout]    | |_________^
[INFO] [stdout]    |
[INFO] [stdout]    = note: this error originates in the macro `$crate::sqlx_macros::expand_query` which comes from the expansion of the macro `sqlx::query_as` (in Nightly builds, run with -Z macro-backtrace for more info)
[INFO] [stdout] 
[INFO] [stdout] 
[INFO] [stdout] error: error communicating with database: Connection refused (os error 111)
[INFO] [stdout]   --> crates/llamalab-db/src/audit.rs:51:19
[INFO] [stdout]    |
[INFO] [stdout] 51 |           let row = sqlx::query_as!(
[INFO] [stdout]    |  ___________________^
[INFO] [stdout] 52 | |             AuditRow,
[INFO] [stdout] 53 | |             r#"INSERT INTO audit_events (entity_type, entity_id, action, actor, old_value, new_value)
[INFO] [stdout] 54 | |                VALUES ($1, $2, $3, $4, $5, $6)
[INFO] [stdout] ...  |
[INFO] [stdout] 61 | |             event.new_value,
[INFO] [stdout] 62 | |         )
[INFO] [stdout]    | |_________^
[INFO] [stdout]    |
[INFO] [stdout]    = note: this error originates in the macro `$crate::sqlx_macros::expand_query` which comes from the expansion of the macro `sqlx::query_as` (in Nightly builds, run with -Z macro-backtrace for more info)
[INFO] [stdout] 
[INFO] [stdout] 
[INFO] [stdout] error: error communicating with database: Connection refused (os error 111)
[INFO] [stdout]   --> crates/llamalab-db/src/audit.rs:74:20
[INFO] [stdout]    |
[INFO] [stdout] 74 |           let rows = sqlx::query_as!(
[INFO] [stdout]    |  ____________________^
[INFO] [stdout] 75 | |             AuditRow,
[INFO] [stdout] 76 | |             r#"SELECT id, entity_type, entity_id, action, actor, old_value, new_value, occurred_at
[INFO] [stdout] 77 | |                FROM audit_events
[INFO] [stdout] ...  |
[INFO] [stdout] 81 | |             entity_id,
[INFO] [stdout] 82 | |         )
[INFO] [stdout]    | |_________^
[INFO] [stdout]    |
[INFO] [stdout]    = note: this error originates in the macro `$crate::sqlx_macros::expand_query` which comes from the expansion of the macro `sqlx::query_as` (in Nightly builds, run with -Z macro-backtrace for more info)
[INFO] [stdout] 
[INFO] [stdout] 
[INFO] [stdout] error: error communicating with database: Connection refused (os error 111)
[INFO] [stdout]   --> crates/llamalab-db/src/methods.rs:46:9
[INFO] [stdout]    |
[INFO] [stdout] 46 | /         sqlx::query!(
[INFO] [stdout] 47 | |             r#"INSERT INTO methods (id, method_code, name, default_unit, active, created_at)
[INFO] [stdout] 48 | |                VALUES ($1, $2, $3, $4, $5, $6)"#,
[INFO] [stdout] 49 | |             method.id,
[INFO] [stdout] ...  |
[INFO] [stdout] 54 | |             method.created_at,
[INFO] [stdout] 55 | |         )
[INFO] [stdout]    | |_________^
[INFO] [stdout]    |
[INFO] [stdout]    = note: this error originates in the macro `$crate::sqlx_macros::expand_query` which comes from the expansion of the macro `sqlx::query` (in Nightly builds, run with -Z macro-backtrace for more info)
[INFO] [stdout] 
[INFO] [stdout] 
[INFO] [stdout] error: error communicating with database: Connection refused (os error 111)
[INFO] [stdout]   --> crates/llamalab-db/src/methods.rs:63:19
[INFO] [stdout]    |
[INFO] [stdout] 63 |           let row = sqlx::query_as!(
[INFO] [stdout]    |  ___________________^
[INFO] [stdout] 64 | |             MethodRow,
[INFO] [stdout] 65 | |             r#"SELECT id, method_code, name, default_unit, active, created_at
[INFO] [stdout] 66 | |                FROM methods WHERE id = $1"#,
[INFO] [stdout] 67 | |             id,
[INFO] [stdout] 68 | |         )
[INFO] [stdout]    | |_________^
[INFO] [stdout]    |
[INFO] [stdout]    = note: this error originates in the macro `$crate::sqlx_macros::expand_query` which comes from the expansion of the macro `sqlx::query_as` (in Nightly builds, run with -Z macro-backtrace for more info)
[INFO] [stdout] 
[INFO] [stdout] 
[INFO] [stdout] error: error communicating with database: Connection refused (os error 111)
[INFO] [stdout]   --> crates/llamalab-db/src/methods.rs:46:9
[INFO] [stdout]    |
[INFO] [stdout] 46 | /         sqlx::query!(
[INFO] [stdout] 47 | |             r#"INSERT INTO methods (id, method_code, name, default_unit, active, created_at)
[INFO] [stdout] 48 | |                VALUES ($1, $2, $3, $4, $5, $6)"#,
[INFO] [stdout] 49 | |             method.id,
[INFO] [stdout] ...  |
[INFO] [stdout] 54 | |             method.created_at,
[INFO] [stdout] 55 | |         )
[INFO] [stdout]    | |_________^
[INFO] [stdout]    |
[INFO] [stdout]    = note: this error originates in the macro `$crate::sqlx_macros::expand_query` which comes from the expansion of the macro `sqlx::query` (in Nightly builds, run with -Z macro-backtrace for more info)
[INFO] [stdout] 
[INFO] [stdout] 
[INFO] [stdout] error: error communicating with database: Connection refused (os error 111)
[INFO] [stdout]   --> crates/llamalab-db/src/methods.rs:76:19
[INFO] [stdout]    |
[INFO] [stdout] 76 |           let row = sqlx::query_as!(
[INFO] [stdout]    |  ___________________^
[INFO] [stdout] 77 | |             MethodRow,
[INFO] [stdout] 78 | |             r#"SELECT id, method_code, name, default_unit, active, created_at
[INFO] [stdout] 79 | |                FROM methods WHERE method_code = $1"#,
[INFO] [stdout] 80 | |             method_code,
[INFO] [stdout] 81 | |         )
[INFO] [stdout]    | |_________^
[INFO] [stdout]    |
[INFO] [stdout]    = note: this error originates in the macro `$crate::sqlx_macros::expand_query` which comes from the expansion of the macro `sqlx::query_as` (in Nightly builds, run with -Z macro-backtrace for more info)
[INFO] [stdout] 
[INFO] [stdout] 
[INFO] [stdout] error: error communicating with database: Connection refused (os error 111)
[INFO] [stdout]   --> crates/llamalab-db/src/methods.rs:89:20
[INFO] [stdout]    |
[INFO] [stdout] 89 |           let rows = sqlx::query_as!(
[INFO] [stdout]    |  ____________________^
[INFO] [stdout] 90 | |             MethodRow,
[INFO] [stdout] 91 | |             r#"SELECT id, method_code, name, default_unit, active, created_at
[INFO] [stdout] 92 | |                FROM methods WHERE active = true ORDER BY method_code"#,
[INFO] [stdout] 93 | |         )
[INFO] [stdout]    | |_________^
[INFO] [stdout]    |
[INFO] [stdout]    = note: this error originates in the macro `$crate::sqlx_macros::expand_query` which comes from the expansion of the macro `sqlx::query_as` (in Nightly builds, run with -Z macro-backtrace for more info)
[INFO] [stdout] 
[INFO] [stdout] 
[INFO] [stdout] error: error communicating with database: Connection refused (os error 111)
[INFO] [stdout]   --> crates/llamalab-db/src/methods.rs:63:19
[INFO] [stdout]    |
[INFO] [stdout] 63 |           let row = sqlx::query_as!(
[INFO] [stdout]    |  ___________________^
[INFO] [stdout] 64 | |             MethodRow,
[INFO] [stdout] 65 | |             r#"SELECT id, method_code, name, default_unit, active, created_at
[INFO] [stdout] 66 | |                FROM methods WHERE id = $1"#,
[INFO] [stdout] 67 | |             id,
[INFO] [stdout] 68 | |         )
[INFO] [stdout]    | |_________^
[INFO] [stdout]    |
[INFO] [stdout]    = note: this error originates in the macro `$crate::sqlx_macros::expand_query` which comes from the expansion of the macro `sqlx::query_as` (in Nightly builds, run with -Z macro-backtrace for more info)
[INFO] [stdout] 
[INFO] [stdout] 
[INFO] [stdout] error: error communicating with database: Connection refused (os error 111)
[INFO] [stdout]    --> crates/llamalab-db/src/methods.rs:101:20
[INFO] [stdout]     |
[INFO] [stdout] 101 |           let rows = sqlx::query_as!(
[INFO] [stdout]     |  ____________________^
[INFO] [stdout] 102 | |             MethodRow,
[INFO] [stdout] 103 | |             r#"SELECT id, method_code, name, default_unit, active, created_at
[INFO] [stdout] 104 | |                FROM methods ORDER BY method_code"#,
[INFO] [stdout] 105 | |         )
[INFO] [stdout]     | |_________^
[INFO] [stdout]     |
[INFO] [stdout]     = note: this error originates in the macro `$crate::sqlx_macros::expand_query` which comes from the expansion of the macro `sqlx::query_as` (in Nightly builds, run with -Z macro-backtrace for more info)
[INFO] [stdout] 
[INFO] [stdout] 
[INFO] [stdout] error: error communicating with database: Connection refused (os error 111)
[INFO] [stdout]   --> crates/llamalab-db/src/methods.rs:76:19
[INFO] [stdout]    |
[INFO] [stdout] 76 |           let row = sqlx::query_as!(
[INFO] [stdout]    |  ___________________^
[INFO] [stdout] 77 | |             MethodRow,
[INFO] [stdout] 78 | |             r#"SELECT id, method_code, name, default_unit, active, created_at
[INFO] [stdout] 79 | |                FROM methods WHERE method_code = $1"#,
[INFO] [stdout] 80 | |             method_code,
[INFO] [stdout] 81 | |         )
[INFO] [stdout]    | |_________^
[INFO] [stdout]    |
[INFO] [stdout]    = note: this error originates in the macro `$crate::sqlx_macros::expand_query` which comes from the expansion of the macro `sqlx::query_as` (in Nightly builds, run with -Z macro-backtrace for more info)
[INFO] [stdout] 
[INFO] [stdout] 
[INFO] [stdout] error: error communicating with database: Connection refused (os error 111)
[INFO] [stdout]   --> crates/llamalab-db/src/methods.rs:89:20
[INFO] [stdout]    |
[INFO] [stdout] 89 |           let rows = sqlx::query_as!(
[INFO] [stdout]    |  ____________________^
[INFO] [stdout] 90 | |             MethodRow,
[INFO] [stdout] 91 | |             r#"SELECT id, method_code, name, default_unit, active, created_at
[INFO] [stdout] 92 | |                FROM methods WHERE active = true ORDER BY method_code"#,
[INFO] [stdout] 93 | |         )
[INFO] [stdout]    | |_________^
[INFO] [stdout]    |
[INFO] [stdout]    = note: this error originates in the macro `$crate::sqlx_macros::expand_query` which comes from the expansion of the macro `sqlx::query_as` (in Nightly builds, run with -Z macro-backtrace for more info)
[INFO] [stdout] 
[INFO] [stdout] 
[INFO] [stdout] error: error communicating with database: Connection refused (os error 111)
[INFO] [stdout]    --> crates/llamalab-db/src/methods.rs:101:20
[INFO] [stdout]     |
[INFO] [stdout] 101 |           let rows = sqlx::query_as!(
[INFO] [stdout]     |  ____________________^
[INFO] [stdout] 102 | |             MethodRow,
[INFO] [stdout] 103 | |             r#"SELECT id, method_code, name, default_unit, active, created_at
[INFO] [stdout] 104 | |                FROM methods ORDER BY method_code"#,
[INFO] [stdout] 105 | |         )
[INFO] [stdout]     | |_________^
[INFO] [stdout]     |
[INFO] [stdout]     = note: this error originates in the macro `$crate::sqlx_macros::expand_query` which comes from the expansion of the macro `sqlx::query_as` (in Nightly builds, run with -Z macro-backtrace for more info)
[INFO] [stdout] 
[INFO] [stdout] 
[INFO] [stdout] error: error communicating with database: Connection refused (os error 111)
[INFO] [stdout]    --> crates/llamalab-db/src/methods.rs:113:22
[INFO] [stdout]     |
[INFO] [stdout] 113 |           let result = sqlx::query!(
[INFO] [stdout]     |  ______________________^
[INFO] [stdout] 114 | |             r#"UPDATE methods SET name = $2, default_unit = $3, active = $4 WHERE id = $1"#,
[INFO] [stdout] 115 | |             method.id,
[INFO] [stdout] 116 | |             method.name,
[INFO] [stdout] 117 | |             method.default_unit,
[INFO] [stdout] 118 | |             method.active,
[INFO] [stdout] 119 | |         )
[INFO] [stdout]     | |_________^
[INFO] [stdout]     |
[INFO] [stdout]     = note: this error originates in the macro `$crate::sqlx_macros::expand_query` which comes from the expansion of the macro `sqlx::query` (in Nightly builds, run with -Z macro-backtrace for more info)
[INFO] [stdout] 
[INFO] [stdout] 
[INFO] [stdout] error: error communicating with database: Connection refused (os error 111)
[INFO] [stdout]    --> crates/llamalab-db/src/methods.rs:113:22
[INFO] [stdout]     |
[INFO] [stdout] 113 |           let result = sqlx::query!(
[INFO] [stdout]     |  ______________________^
[INFO] [stdout] 114 | |             r#"UPDATE methods SET name = $2, default_unit = $3, active = $4 WHERE id = $1"#,
[INFO] [stdout] 115 | |             method.id,
[INFO] [stdout] 116 | |             method.name,
[INFO] [stdout] 117 | |             method.default_unit,
[INFO] [stdout] 118 | |             method.active,
[INFO] [stdout] 119 | |         )
[INFO] [stdout]     | |_________^
[INFO] [stdout]     |
[INFO] [stdout]     = note: this error originates in the macro `$crate::sqlx_macros::expand_query` which comes from the expansion of the macro `sqlx::query` (in Nightly builds, run with -Z macro-backtrace for more info)
[INFO] [stdout] 
[INFO] [stdout] 
[INFO] [stdout] error: error communicating with database: Connection refused (os error 111)
[INFO] [stdout]   --> crates/llamalab-db/src/results.rs:71:21
[INFO] [stdout]    |
[INFO] [stdout] 71 |           let prior = sqlx::query!(
[INFO] [stdout]    |  _____________________^
[INFO] [stdout] 72 | |             r#"UPDATE results SET superseded = true
[INFO] [stdout] 73 | |                WHERE test_assignment_id = $1 AND parameter = $2 AND superseded = false
[INFO] [stdout] 74 | |                RETURNING version"#,
[INFO] [stdout] 75 | |             input.test_assignment_id,
[INFO] [stdout] 76 | |             input.parameter,
[INFO] [stdout] 77 | |         )
[INFO] [stdout]    | |_________^
[INFO] [stdout]    |
[INFO] [stdout]    = note: this error originates in the macro `$crate::sqlx_macros::expand_query` which comes from the expansion of the macro `sqlx::query` (in Nightly builds, run with -Z macro-backtrace for more info)
[INFO] [stdout] 
[INFO] [stdout] 
[INFO] [stdout] error: error communicating with database: Connection refused (os error 111)
[INFO] [stdout]    --> crates/llamalab-db/src/results.rs:83:19
[INFO] [stdout]     |
[INFO] [stdout]  83 |           let row = sqlx::query_as!(
[INFO] [stdout]     |  ___________________^
[INFO] [stdout]  84 | |             ResultRow,
[INFO] [stdout]  85 | |             r#"INSERT INTO results
[INFO] [stdout]  86 | |                  (id, test_assignment_id, parameter, value_numeric, value_text,
[INFO] [stdout] ...   |
[INFO] [stdout]  99 | |             input.entered_by,
[INFO] [stdout] 100 | |         )
[INFO] [stdout]     | |_________^
[INFO] [stdout]     |
[INFO] [stdout]     = note: this error originates in the macro `$crate::sqlx_macros::expand_query` which comes from the expansion of the macro `sqlx::query_as` (in Nightly builds, run with -Z macro-backtrace for more info)
[INFO] [stdout] 
[INFO] [stdout] 
[INFO] [stdout] error: error communicating with database: Connection refused (os error 111)
[INFO] [stdout]    --> crates/llamalab-db/src/results.rs:113:20
[INFO] [stdout]     |
[INFO] [stdout] 113 |           let rows = sqlx::query_as!(
[INFO] [stdout]     |  ____________________^
[INFO] [stdout] 114 | |             ResultRow,
[INFO] [stdout] 115 | |             r#"SELECT id, test_assignment_id, parameter, value_numeric, value_text,
[INFO] [stdout] 116 | |                       unit, is_oos, version, superseded, entered_by, entered_at
[INFO] [stdout] ...   |
[INFO] [stdout] 120 | |             test_assignment_id,
[INFO] [stdout] 121 | |         )
[INFO] [stdout]     | |_________^
[INFO] [stdout]     |
[INFO] [stdout]     = note: this error originates in the macro `$crate::sqlx_macros::expand_query` which comes from the expansion of the macro `sqlx::query_as` (in Nightly builds, run with -Z macro-backtrace for more info)
[INFO] [stdout] 
[INFO] [stdout] 
[INFO] [stdout] error: error communicating with database: Connection refused (os error 111)
[INFO] [stdout]    --> crates/llamalab-db/src/results.rs:133:20
[INFO] [stdout]     |
[INFO] [stdout] 133 |           let rows = sqlx::query_as!(
[INFO] [stdout]     |  ____________________^
[INFO] [stdout] 134 | |             ResultRow,
[INFO] [stdout] 135 | |             r#"SELECT id, test_assignment_id, parameter, value_numeric, value_text,
[INFO] [stdout] 136 | |                       unit, is_oos, version, superseded, entered_by, entered_at
[INFO] [stdout] ...   |
[INFO] [stdout] 141 | |             parameter,
[INFO] [stdout] 142 | |         )
[INFO] [stdout]     | |_________^
[INFO] [stdout]     |
[INFO] [stdout]     = note: this error originates in the macro `$crate::sqlx_macros::expand_query` which comes from the expansion of the macro `sqlx::query_as` (in Nightly builds, run with -Z macro-backtrace for more info)
[INFO] [stdout] 
[INFO] [stdout] 
[INFO] [stdout] error: error communicating with database: Connection refused (os error 111)
[INFO] [stdout]   --> crates/llamalab-db/src/results.rs:71:21
[INFO] [stdout]    |
[INFO] [stdout] 71 |           let prior = sqlx::query!(
[INFO] [stdout]    |  _____________________^
[INFO] [stdout] 72 | |             r#"UPDATE results SET superseded = true
[INFO] [stdout] 73 | |                WHERE test_assignment_id = $1 AND parameter = $2 AND superseded = false
[INFO] [stdout] 74 | |                RETURNING version"#,
[INFO] [stdout] 75 | |             input.test_assignment_id,
[INFO] [stdout] 76 | |             input.parameter,
[INFO] [stdout] 77 | |         )
[INFO] [stdout]    | |_________^
[INFO] [stdout]    |
[INFO] [stdout]    = note: this error originates in the macro `$crate::sqlx_macros::expand_query` which comes from the expansion of the macro `sqlx::query` (in Nightly builds, run with -Z macro-backtrace for more info)
[INFO] [stdout] 
[INFO] [stdout] 
[INFO] [stdout] error: error communicating with database: Connection refused (os error 111)
[INFO] [stdout]    --> crates/llamalab-db/src/results.rs:83:19
[INFO] [stdout]     |
[INFO] [stdout]  83 |           let row = sqlx::query_as!(
[INFO] [stdout]     |  ___________________^
[INFO] [stdout]  84 | |             ResultRow,
[INFO] [stdout]  85 | |             r#"INSERT INTO results
[INFO] [stdout]  86 | |                  (id, test_assignment_id, parameter, value_numeric, value_text,
[INFO] [stdout] ...   |
[INFO] [stdout]  99 | |             input.entered_by,
[INFO] [stdout] 100 | |         )
[INFO] [stdout]     | |_________^
[INFO] [stdout]     |
[INFO] [stdout]     = note: this error originates in the macro `$crate::sqlx_macros::expand_query` which comes from the expansion of the macro `sqlx::query_as` (in Nightly builds, run with -Z macro-backtrace for more info)
[INFO] [stdout] 
[INFO] [stdout] 
[INFO] [stdout] error: error communicating with database: Connection refused (os error 111)
[INFO] [stdout]    --> crates/llamalab-db/src/results.rs:113:20
[INFO] [stdout]     |
[INFO] [stdout] 113 |           let rows = sqlx::query_as!(
[INFO] [stdout]     |  ____________________^
[INFO] [stdout] 114 | |             ResultRow,
[INFO] [stdout] 115 | |             r#"SELECT id, test_assignment_id, parameter, value_numeric, value_text,
[INFO] [stdout] 116 | |                       unit, is_oos, version, superseded, entered_by, entered_at
[INFO] [stdout] ...   |
[INFO] [stdout] 120 | |             test_assignment_id,
[INFO] [stdout] 121 | |         )
[INFO] [stdout]     | |_________^
[INFO] [stdout]     |
[INFO] [stdout]     = note: this error originates in the macro `$crate::sqlx_macros::expand_query` which comes from the expansion of the macro `sqlx::query_as` (in Nightly builds, run with -Z macro-backtrace for more info)
[INFO] [stdout] 
[INFO] [stdout] 
[INFO] [stdout] error: error communicating with database: Connection refused (os error 111)
[INFO] [stdout]    --> crates/llamalab-db/src/results.rs:133:20
[INFO] [stdout]     |
[INFO] [stdout] 133 |           let rows = sqlx::query_as!(
[INFO] [stdout]     |  ____________________^
[INFO] [stdout] 134 | |             ResultRow,
[INFO] [stdout] 135 | |             r#"SELECT id, test_assignment_id, parameter, value_numeric, value_text,
[INFO] [stdout] 136 | |                       unit, is_oos, version, superseded, entered_by, entered_at
[INFO] [stdout] ...   |
[INFO] [stdout] 141 | |             parameter,
[INFO] [stdout] 142 | |         )
[INFO] [stdout]     | |_________^
[INFO] [stdout]     |
[INFO] [stdout]     = note: this error originates in the macro `$crate::sqlx_macros::expand_query` which comes from the expansion of the macro `sqlx::query_as` (in Nightly builds, run with -Z macro-backtrace for more info)
[INFO] [stdout] 
[INFO] [stdout] 
[INFO] [stdout] error: error communicating with database: Connection refused (os error 111)
[INFO] [stdout]   --> crates/llamalab-db/src/samples.rs:55:9
[INFO] [stdout]    |
[INFO] [stdout] 55 | /         sqlx::query!(
[INFO] [stdout] 56 | |             r#"INSERT INTO samples
[INFO] [stdout] 57 | |                  (id, sample_code, matrix, status, storage_location, submitted_by,
[INFO] [stdout] 58 | |                   registered_by, parent_sample_id, received_at, created_at)
[INFO] [stdout] ...  |
[INFO] [stdout] 69 | |             sample.created_at,
[INFO] [stdout] 70 | |         )
[INFO] [stdout]    | |_________^
[INFO] [stdout]    |
[INFO] [stdout]    = note: this error originates in the macro `$crate::sqlx_macros::expand_query` which comes from the expansion of the macro `sqlx::query` (in Nightly builds, run with -Z macro-backtrace for more info)
[INFO] [stdout] 
[INFO] [stdout] 
[INFO] [stdout] error: error communicating with database: Connection refused (os error 111)
[INFO] [stdout]   --> crates/llamalab-db/src/samples.rs:78:19
[INFO] [stdout]    |
[INFO] [stdout] 78 |           let row = sqlx::query_as!(
[INFO] [stdout]    |  ___________________^
[INFO] [stdout] 79 | |             SampleRow,
[INFO] [stdout] 80 | |             r#"SELECT id, sample_code, matrix, status AS "status: DbSampleStatus",
[INFO] [stdout] 81 | |                       storage_location, submitted_by, registered_by, parent_sample_id,
[INFO] [stdout] ...  |
[INFO] [stdout] 84 | |             id,
[INFO] [stdout] 85 | |         )
[INFO] [stdout]    | |_________^
[INFO] [stdout]    |
[INFO] [stdout]    = note: this error originates in the macro `$crate::sqlx_macros::expand_query` which comes from the expansion of the macro `sqlx::query_as` (in Nightly builds, run with -Z macro-backtrace for more info)
[INFO] [stdout] 
[INFO] [stdout] 
[INFO] [stdout] error: error communicating with database: Connection refused (os error 111)
[INFO] [stdout]    --> crates/llamalab-db/src/samples.rs:93:19
[INFO] [stdout]     |
[INFO] [stdout]  93 |           let row = sqlx::query_as!(
[INFO] [stdout]     |  ___________________^
[INFO] [stdout]  94 | |             SampleRow,
[INFO] [stdout]  95 | |             r#"SELECT id, sample_code, matrix, status AS "status: DbSampleStatus",
[INFO] [stdout]  96 | |                       storage_location, submitted_by, registered_by, parent_sample_id,
[INFO] [stdout] ...   |
[INFO] [stdout]  99 | |             sample_code,
[INFO] [stdout] 100 | |         )
[INFO] [stdout]     | |_________^
[INFO] [stdout]     |
[INFO] [stdout]     = note: this error originates in the macro `$crate::sqlx_macros::expand_query` which comes from the expansion of the macro `sqlx::query_as` (in Nightly builds, run with -Z macro-backtrace for more info)
[INFO] [stdout] 
[INFO] [stdout] 
[INFO] [stdout] error: error communicating with database: Connection refused (os error 111)
[INFO] [stdout]   --> crates/llamalab-db/src/samples.rs:55:9
[INFO] [stdout]    |
[INFO] [stdout] 55 | /         sqlx::query!(
[INFO] [stdout] 56 | |             r#"INSERT INTO samples
[INFO] [stdout] 57 | |                  (id, sample_code, matrix, status, storage_location, submitted_by,
[INFO] [stdout] 58 | |                   registered_by, parent_sample_id, received_at, created_at)
[INFO] [stdout] ...  |
[INFO] [stdout] 69 | |             sample.created_at,
[INFO] [stdout] 70 | |         )
[INFO] [stdout]    | |_________^
[INFO] [stdout]    |
[INFO] [stdout]    = note: this error originates in the macro `$crate::sqlx_macros::expand_query` which comes from the expansion of the macro `sqlx::query` (in Nightly builds, run with -Z macro-backtrace for more info)
[INFO] [stdout] 
[INFO] [stdout] 
[INFO] [stdout] error: error communicating with database: Connection refused (os error 111)
[INFO] [stdout]    --> crates/llamalab-db/src/samples.rs:108:20
[INFO] [stdout]     |
[INFO] [stdout] 108 |           let rows = sqlx::query_as!(
[INFO] [stdout]     |  ____________________^
[INFO] [stdout] 109 | |             SampleRow,
[INFO] [stdout] 110 | |             r#"SELECT id, sample_code, matrix, status AS "status: DbSampleStatus",
[INFO] [stdout] 111 | |                       storage_location, submitted_by, registered_by, parent_sample_id,
[INFO] [stdout] 112 | |                       received_at, created_at
[INFO] [stdout] 113 | |                FROM samples ORDER BY created_at DESC"#,
[INFO] [stdout] 114 | |         )
[INFO] [stdout]     | |_________^
[INFO] [stdout]     |
[INFO] [stdout]     = note: this error originates in the macro `$crate::sqlx_macros::expand_query` which comes from the expansion of the macro `sqlx::query_as` (in Nightly builds, run with -Z macro-backtrace for more info)
[INFO] [stdout] 
[INFO] [stdout] 
[INFO] [stdout] error: error communicating with database: Connection refused (os error 111)
[INFO] [stdout]   --> crates/llamalab-db/src/samples.rs:78:19
[INFO] [stdout]    |
[INFO] [stdout] 78 |           let row = sqlx::query_as!(
[INFO] [stdout]    |  ___________________^
[INFO] [stdout] 79 | |             SampleRow,
[INFO] [stdout] 80 | |             r#"SELECT id, sample_code, matrix, status AS "status: DbSampleStatus",
[INFO] [stdout] 81 | |                       storage_location, submitted_by, registered_by, parent_sample_id,
[INFO] [stdout] ...  |
[INFO] [stdout] 84 | |             id,
[INFO] [stdout] 85 | |         )
[INFO] [stdout]    | |_________^
[INFO] [stdout]    |
[INFO] [stdout]    = note: this error originates in the macro `$crate::sqlx_macros::expand_query` which comes from the expansion of the macro `sqlx::query_as` (in Nightly builds, run with -Z macro-backtrace for more info)
[INFO] [stdout] 
[INFO] [stdout] 
[INFO] [stdout] error: error communicating with database: Connection refused (os error 111)
[INFO] [stdout]    --> crates/llamalab-db/src/samples.rs:93:19
[INFO] [stdout]     |
[INFO] [stdout]  93 |           let row = sqlx::query_as!(
[INFO] [stdout]     |  ___________________^
[INFO] [stdout]  94 | |             SampleRow,
[INFO] [stdout]  95 | |             r#"SELECT id, sample_code, matrix, status AS "status: DbSampleStatus",
[INFO] [stdout]  96 | |                       storage_location, submitted_by, registered_by, parent_sample_id,
[INFO] [stdout] ...   |
[INFO] [stdout]  99 | |             sample_code,
[INFO] [stdout] 100 | |         )
[INFO] [stdout]     | |_________^
[INFO] [stdout]     |
[INFO] [stdout]     = note: this error originates in the macro `$crate::sqlx_macros::expand_query` which comes from the expansion of the macro `sqlx::query_as` (in Nightly builds, run with -Z macro-backtrace for more info)
[INFO] [stdout] 
[INFO] [stdout] 
[INFO] [stdout] error: error communicating with database: Connection refused (os error 111)
[INFO] [stdout]    --> crates/llamalab-db/src/samples.rs:108:20
[INFO] [stdout]     |
[INFO] [stdout] 108 |           let rows = sqlx::query_as!(
[INFO] [stdout]     |  ____________________^
[INFO] [stdout] 109 | |             SampleRow,
[INFO] [stdout] 110 | |             r#"SELECT id, sample_code, matrix, status AS "status: DbSampleStatus",
[INFO] [stdout] 111 | |                       storage_location, submitted_by, registered_by, parent_sample_id,
[INFO] [stdout] 112 | |                       received_at, created_at
[INFO] [stdout] 113 | |                FROM samples ORDER BY created_at DESC"#,
[INFO] [stdout] 114 | |         )
[INFO] [stdout]     | |_________^
[INFO] [stdout]     |
[INFO] [stdout]     = note: this error originates in the macro `$crate::sqlx_macros::expand_query` which comes from the expansion of the macro `sqlx::query_as` (in Nightly builds, run with -Z macro-backtrace for more info)
[INFO] [stdout] 
[INFO] [stdout] 
[INFO] [stdout] error: error communicating with database: Connection refused (os error 111)
[INFO] [stdout]    --> crates/llamalab-db/src/samples.rs:124:22
[INFO] [stdout]     |
[INFO] [stdout] 124 |           let result = sqlx::query!(
[INFO] [stdout]     |  ______________________^
[INFO] [stdout] 125 | |             r#"UPDATE samples
[INFO] [stdout] 126 | |                SET status = $2, storage_location = $3, submitted_by = $4
[INFO] [stdout] 127 | |                WHERE id = $1"#,
[INFO] [stdout] ...   |
[INFO] [stdout] 131 | |             sample.submitted_by,
[INFO] [stdout] 132 | |         )
[INFO] [stdout]     | |_________^
[INFO] [stdout]     |
[INFO] [stdout]     = note: this error originates in the macro `$crate::sqlx_macros::expand_query` which comes from the expansion of the macro `sqlx::query` (in Nightly builds, run with -Z macro-backtrace for more info)
[INFO] [stdout] 
[INFO] [stdout] 
[INFO] [stdout] error: error communicating with database: Connection refused (os error 111)
[INFO] [stdout]    --> crates/llamalab-db/src/samples.rs:124:22
[INFO] [stdout]     |
[INFO] [stdout] 124 |           let result = sqlx::query!(
[INFO] [stdout]     |  ______________________^
[INFO] [stdout] 125 | |             r#"UPDATE samples
[INFO] [stdout] 126 | |                SET status = $2, storage_location = $3, submitted_by = $4
[INFO] [stdout] 127 | |                WHERE id = $1"#,
[INFO] [stdout] ...   |
[INFO] [stdout] 131 | |             sample.submitted_by,
[INFO] [stdout] 132 | |         )
[INFO] [stdout]     | |_________^
[INFO] [stdout]     |
[INFO] [stdout]     = note: this error originates in the macro `$crate::sqlx_macros::expand_query` which comes from the expansion of the macro `sqlx::query` (in Nightly builds, run with -Z macro-backtrace for more info)
[INFO] [stdout] 
[INFO] [stdout] 
[INFO] [stdout] error: error communicating with database: Connection refused (os error 111)
[INFO] [stdout]   --> crates/llamalab-db/src/test_assignments.rs:47:9
[INFO] [stdout]    |
[INFO] [stdout] 47 | /         sqlx::query!(
[INFO] [stdout] 48 | |             r#"INSERT INTO test_assignments
[INFO] [stdout] 49 | |                  (id, sample_id, method_id, status, assigned_analyst, created_at)
[INFO] [stdout] 50 | |                VALUES ($1, $2, $3, $4, $5, $6)"#,
[INFO] [stdout] ...  |
[INFO] [stdout] 56 | |             assignment.created_at,
[INFO] [stdout] 57 | |         )
[INFO] [stdout]    | |_________^
[INFO] [stdout]    |
[INFO] [stdout]    = note: this error originates in the macro `$crate::sqlx_macros::expand_query` which comes from the expansion of the macro `sqlx::query` (in Nightly builds, run with -Z macro-backtrace for more info)
[INFO] [stdout] 
[INFO] [stdout] 
[INFO] [stdout] error: error communicating with database: Connection refused (os error 111)
[INFO] [stdout]   --> crates/llamalab-db/src/test_assignments.rs:65:19
[INFO] [stdout]    |
[INFO] [stdout] 65 |           let row = sqlx::query_as!(
[INFO] [stdout]    |  ___________________^
[INFO] [stdout] 66 | |             AssignmentRow,
[INFO] [stdout] 67 | |             r#"SELECT id, sample_id, method_id, status AS "status: DbTestStatus",
[INFO] [stdout] 68 | |                       assigned_analyst, created_at
[INFO] [stdout] 69 | |                FROM test_assignments WHERE id = $1"#,
[INFO] [stdout] 70 | |             id,
[INFO] [stdout] 71 | |         )
[INFO] [stdout]    | |_________^
[INFO] [stdout]    |
[INFO] [stdout]    = note: this error originates in the macro `$crate::sqlx_macros::expand_query` which comes from the expansion of the macro `sqlx::query_as` (in Nightly builds, run with -Z macro-backtrace for more info)
[INFO] [stdout] 
[INFO] [stdout] 
[INFO] [stdout] error: error communicating with database: Connection refused (os error 111)
[INFO] [stdout]   --> crates/llamalab-db/src/test_assignments.rs:82:20
[INFO] [stdout]    |
[INFO] [stdout] 82 |           let rows = sqlx::query_as!(
[INFO] [stdout]    |  ____________________^
[INFO] [stdout] 83 | |             AssignmentRow,
[INFO] [stdout] 84 | |             r#"SELECT id, sample_id, method_id, status AS "status: DbTestStatus",
[INFO] [stdout] 85 | |                       assigned_analyst, created_at
[INFO] [stdout] 86 | |                FROM test_assignments WHERE sample_id = $1 ORDER BY created_at"#,
[INFO] [stdout] 87 | |             sample_id,
[INFO] [stdout] 88 | |         )
[INFO] [stdout]    | |_________^
[INFO] [stdout]    |
[INFO] [stdout]    = note: this error originates in the macro `$crate::sqlx_macros::expand_query` which comes from the expansion of the macro `sqlx::query_as` (in Nightly builds, run with -Z macro-backtrace for more info)
[INFO] [stdout] 
[INFO] [stdout] 
[INFO] [stdout] error: error communicating with database: Connection refused (os error 111)
[INFO] [stdout]   --> crates/llamalab-db/src/test_assignments.rs:47:9
[INFO] [stdout]    |
[INFO] [stdout] 47 | /         sqlx::query!(
[INFO] [stdout] 48 | |             r#"INSERT INTO test_assignments
[INFO] [stdout] 49 | |                  (id, sample_id, method_id, status, assigned_analyst, created_at)
[INFO] [stdout] 50 | |                VALUES ($1, $2, $3, $4, $5, $6)"#,
[INFO] [stdout] ...  |
[INFO] [stdout] 56 | |             assignment.created_at,
[INFO] [stdout] 57 | |         )
[INFO] [stdout]    | |_________^
[INFO] [stdout]    |
[INFO] [stdout]    = note: this error originates in the macro `$crate::sqlx_macros::expand_query` which comes from the expansion of the macro `sqlx::query` (in Nightly builds, run with -Z macro-backtrace for more info)
[INFO] [stdout] 
[INFO] [stdout] 
[INFO] [stdout] error: error communicating with database: Connection refused (os error 111)
[INFO] [stdout]   --> crates/llamalab-db/src/test_assignments.rs:65:19
[INFO] [stdout]    |
[INFO] [stdout] 65 |           let row = sqlx::query_as!(
[INFO] [stdout]    |  ___________________^
[INFO] [stdout] 66 | |             AssignmentRow,
[INFO] [stdout] 67 | |             r#"SELECT id, sample_id, method_id, status AS "status: DbTestStatus",
[INFO] [stdout] 68 | |                       assigned_analyst, created_at
[INFO] [stdout] 69 | |                FROM test_assignments WHERE id = $1"#,
[INFO] [stdout] 70 | |             id,
[INFO] [stdout] 71 | |         )
[INFO] [stdout]    | |_________^
[INFO] [stdout]    |
[INFO] [stdout]    = note: this error originates in the macro `$crate::sqlx_macros::expand_query` which comes from the expansion of the macro `sqlx::query_as` (in Nightly builds, run with -Z macro-backtrace for more info)
[INFO] [stdout] 
[INFO] [stdout] 
[INFO] [stdout] error: error communicating with database: Connection refused (os error 111)
[INFO] [stdout]   --> crates/llamalab-db/src/test_assignments.rs:82:20
[INFO] [stdout]    |
[INFO] [stdout] 82 |           let rows = sqlx::query_as!(
[INFO] [stdout]    |  ____________________^
[INFO] [stdout] 83 | |             AssignmentRow,
[INFO] [stdout] 84 | |             r#"SELECT id, sample_id, method_id, status AS "status: DbTestStatus",
[INFO] [stdout] 85 | |                       assigned_analyst, created_at
[INFO] [stdout] 86 | |                FROM test_assignments WHERE sample_id = $1 ORDER BY created_at"#,
[INFO] [stdout] 87 | |             sample_id,
[INFO] [stdout] 88 | |         )
[INFO] [stdout]    | |_________^
[INFO] [stdout]    |
[INFO] [stdout]    = note: this error originates in the macro `$crate::sqlx_macros::expand_query` which comes from the expansion of the macro `sqlx::query_as` (in Nightly builds, run with -Z macro-backtrace for more info)
[INFO] [stdout] 
[INFO] [stdout] 
[INFO] [stdout] error: error communicating with database: Connection refused (os error 111)
[INFO] [stdout]   --> crates/llamalab-db/src/users.rs:50:9
[INFO] [stdout]    |
[INFO] [stdout] 50 | /         sqlx::query!(
[INFO] [stdout] 51 | |             r#"INSERT INTO users (id, username, password_hash, full_name, role, active, created_at)
[INFO] [stdout] 52 | |                VALUES ($1, $2, $3, $4, $5, $6, $7)"#,
[INFO] [stdout] 53 | |             user.id,
[INFO] [stdout] ...  |
[INFO] [stdout] 59 | |             user.created_at,
[INFO] [stdout] 60 | |         )
[INFO] [stdout]    | |_________^
[INFO] [stdout]    |
[INFO] [stdout]    = note: this error originates in the macro `$crate::sqlx_macros::expand_query` which comes from the expansion of the macro `sqlx::query` (in Nightly builds, run with -Z macro-backtrace for more info)
[INFO] [stdout] 
[INFO] [stdout] 
[INFO] [stdout] error: error communicating with database: Connection refused (os error 111)
[INFO] [stdout]   --> crates/llamalab-db/src/users.rs:68:19
[INFO] [stdout]    |
[INFO] [stdout] 68 |           let row = sqlx::query_as!(
[INFO] [stdout]    |  ___________________^
[INFO] [stdout] 69 | |             UserRow,
[INFO] [stdout] 70 | |             r#"SELECT id, username, password_hash, full_name,
[INFO] [stdout] 71 | |                       role AS "role: DbUserRole", active, created_at
[INFO] [stdout] 72 | |                FROM users WHERE id = $1"#,
[INFO] [stdout] 73 | |             id,
[INFO] [stdout] 74 | |         )
[INFO] [stdout]    | |_________^
[INFO] [stdout]    |
[INFO] [stdout]    = note: this error originates in the macro `$crate::sqlx_macros::expand_query` which comes from the expansion of the macro `sqlx::query_as` (in Nightly builds, run with -Z macro-backtrace for more info)
[INFO] [stdout] 
[INFO] [stdout] 
[INFO] [stdout] error: error communicating with database: Connection refused (os error 111)
[INFO] [stdout]   --> crates/llamalab-db/src/users.rs:82:19
[INFO] [stdout]    |
[INFO] [stdout] 82 |           let row = sqlx::query_as!(
[INFO] [stdout]    |  ___________________^
[INFO] [stdout] 83 | |             UserRow,
[INFO] [stdout] 84 | |             r#"SELECT id, username, password_hash, full_name,
[INFO] [stdout] 85 | |                       role AS "role: DbUserRole", active, created_at
[INFO] [stdout] 86 | |                FROM users WHERE username = $1"#,
[INFO] [stdout] 87 | |             username,
[INFO] [stdout] 88 | |         )
[INFO] [stdout]    | |_________^
[INFO] [stdout]    |
[INFO] [stdout]    = note: this error originates in the macro `$crate::sqlx_macros::expand_query` which comes from the expansion of the macro `sqlx::query_as` (in Nightly builds, run with -Z macro-backtrace for more info)
[INFO] [stdout] 
[INFO] [stdout] 
[INFO] [stdout] error: error communicating with database: Connection refused (os error 111)
[INFO] [stdout]   --> crates/llamalab-db/src/users.rs:50:9
[INFO] [stdout]    |
[INFO] [stdout] 50 | /         sqlx::query!(
[INFO] [stdout] 51 | |             r#"INSERT INTO users (id, username, password_hash, full_name, role, active, created_at)
[INFO] [stdout] 52 | |                VALUES ($1, $2, $3, $4, $5, $6, $7)"#,
[INFO] [stdout] 53 | |             user.id,
[INFO] [stdout] ...  |
[INFO] [stdout] 59 | |             user.created_at,
[INFO] [stdout] 60 | |         )
[INFO] [stdout]    | |_________^
[INFO] [stdout]    |
[INFO] [stdout]    = note: this error originates in the macro `$crate::sqlx_macros::expand_query` which comes from the expansion of the macro `sqlx::query` (in Nightly builds, run with -Z macro-backtrace for more info)
[INFO] [stdout] 
[INFO] [stdout] 
[INFO] [stdout] error: error communicating with database: Connection refused (os error 111)
[INFO] [stdout]   --> crates/llamalab-db/src/users.rs:68:19
[INFO] [stdout]    |
[INFO] [stdout] 68 |           let row = sqlx::query_as!(
[INFO] [stdout]    |  ___________________^
[INFO] [stdout] 69 | |             UserRow,
[INFO] [stdout] 70 | |             r#"SELECT id, username, password_hash, full_name,
[INFO] [stdout] 71 | |                       role AS "role: DbUserRole", active, created_at
[INFO] [stdout] 72 | |                FROM users WHERE id = $1"#,
[INFO] [stdout] 73 | |             id,
[INFO] [stdout] 74 | |         )
[INFO] [stdout]    | |_________^
[INFO] [stdout]    |
[INFO] [stdout]    = note: this error originates in the macro `$crate::sqlx_macros::expand_query` which comes from the expansion of the macro `sqlx::query_as` (in Nightly builds, run with -Z macro-backtrace for more info)
[INFO] [stdout] 
[INFO] [stdout] 
[INFO] [stdout] error: error communicating with database: Connection refused (os error 111)
[INFO] [stdout]   --> crates/llamalab-db/src/users.rs:82:19
[INFO] [stdout]    |
[INFO] [stdout] 82 |           let row = sqlx::query_as!(
[INFO] [stdout]    |  ___________________^
[INFO] [stdout] 83 | |             UserRow,
[INFO] [stdout] 84 | |             r#"SELECT id, username, password_hash, full_name,
[INFO] [stdout] 85 | |                       role AS "role: DbUserRole", active, created_at
[INFO] [stdout] 86 | |                FROM users WHERE username = $1"#,
[INFO] [stdout] 87 | |             username,
[INFO] [stdout] 88 | |         )
[INFO] [stdout]    | |_________^
[INFO] [stdout]    |
[INFO] [stdout]    = note: this error originates in the macro `$crate::sqlx_macros::expand_query` which comes from the expansion of the macro `sqlx::query_as` (in Nightly builds, run with -Z macro-backtrace for more info)
[INFO] [stdout] 
[INFO] [stdout] 
[INFO] [stderr] error: could not compile `llamalab-db` (lib) due to 23 previous errors
[INFO] [stderr] warning: build failed, waiting for other jobs to finish...
[INFO] [stderr] error: could not compile `llamalab-db` (lib test) due to 23 previous errors
[INFO] running `Command { std: "docker" "inspect" "684e099d11a037f33658bdccdb6ffafac81095149b2cc9a3fb3963a2b0cbadbb", kill_on_drop: false }`
[INFO] running `Command { std: "docker" "rm" "-f" "684e099d11a037f33658bdccdb6ffafac81095149b2cc9a3fb3963a2b0cbadbb", kill_on_drop: false }`
[INFO] [stdout] 684e099d11a037f33658bdccdb6ffafac81095149b2cc9a3fb3963a2b0cbadbb
