[INFO] cloning repository https://github.com/Syojhin/LarusX
[INFO] running `Command { std: "git" "-c" "credential.helper=" "-c" "credential.helper=/workspace/cargo-home/bin/git-credential-null" "clone" "--bare" "https://github.com/Syojhin/LarusX" "/workspace/cache/git-repos/https%3A%2F%2Fgithub.com%2FSyojhin%2FLarusX", kill_on_drop: false }`
[INFO] [stderr] Cloning into bare repository '/workspace/cache/git-repos/https%3A%2F%2Fgithub.com%2FSyojhin%2FLarusX'...
[INFO] running `Command { std: "git" "rev-parse" "HEAD", kill_on_drop: false }`
[INFO] [stdout] f1dc9dd5c08878e14d0aed00b792619526202ce8
[INFO] checking Syojhin/LarusX against 3154cc1a3e6424e44f438a95007d043ed5ceaaf6 for pr-133502-30
[INFO] running `Command { std: "git" "clone" "/workspace/cache/git-repos/https%3A%2F%2Fgithub.com%2FSyojhin%2FLarusX" "/workspace/builds/worker-7-tc2/source", kill_on_drop: false }`
[INFO] [stderr] Cloning into '/workspace/builds/worker-7-tc2/source'...
[INFO] [stderr] done.
[INFO] started tweaking git repo https://github.com/Syojhin/LarusX
[INFO] finished tweaking git repo https://github.com/Syojhin/LarusX
[INFO] tweaked toml for git repo https://github.com/Syojhin/LarusX written to /workspace/builds/worker-7-tc2/source/Cargo.toml
[INFO] validating manifest of git repo https://github.com/Syojhin/LarusX on toolchain 3154cc1a3e6424e44f438a95007d043ed5ceaaf6
[INFO] running `Command { std: CARGO_HOME="/workspace/cargo-home" RUSTUP_HOME="/workspace/rustup-home" "/workspace/cargo-home/bin/cargo" "+3154cc1a3e6424e44f438a95007d043ed5ceaaf6" "metadata" "--manifest-path" "Cargo.toml" "--no-deps", kill_on_drop: false }`
[INFO] crate git repo https://github.com/Syojhin/LarusX already has a lockfile, it will not be regenerated
[INFO] running `Command { std: CARGO_HOME="/workspace/cargo-home" RUSTUP_HOME="/workspace/rustup-home" "/workspace/cargo-home/bin/cargo" "+3154cc1a3e6424e44f438a95007d043ed5ceaaf6" "fetch" "--manifest-path" "Cargo.toml", kill_on_drop: false }`
[INFO] running `Command { std: "docker" "create" "-v" "/var/lib/crater-agent-workspace/builds/worker-7-tc2/source:/opt/rustwide/workdir:ro,Z" "-v" "/var/lib/crater-agent-workspace/builds/worker-7-tc2/target:/opt/rustwide/target:rw,Z" "-v" "/var/lib/crater-agent-workspace/cargo-home:/opt/rustwide/cargo-home:ro,Z" "-v" "/var/lib/crater-agent-workspace/rustup-home:/opt/rustwide/rustup-home:ro,Z" "-m" "1610612736" "--network" "none" "ghcr.io/rust-lang/crates-build-env/linux@sha256:77db811e55d90add9212f6832c23229e3de5f1c1f9905e8cb07319ea15df73ac" "sleep" "infinity", kill_on_drop: false }`
[INFO] [stdout] ad2fa1d986bea7292e86562ec160ed8ec8ee1cbc17ee07e1057e905cb8530fd1
[INFO] running `Command { std: "docker" "start" "ad2fa1d986bea7292e86562ec160ed8ec8ee1cbc17ee07e1057e905cb8530fd1", kill_on_drop: false }`
[INFO] running `Command { std: "docker" "inspect" "ad2fa1d986bea7292e86562ec160ed8ec8ee1cbc17ee07e1057e905cb8530fd1", kill_on_drop: false }`
[INFO] running `Command { std: "docker" "exec" "-e" "SOURCE_DIR=/opt/rustwide/workdir" "-e" "CARGO_HOME=/opt/rustwide/cargo-home" "-e" "RUSTUP_HOME=/opt/rustwide/rustup-home" "-e" "CARGO_TARGET_DIR=/opt/rustwide/target" "-w" "/opt/rustwide/workdir" "--user" "0:0" "ad2fa1d986bea7292e86562ec160ed8ec8ee1cbc17ee07e1057e905cb8530fd1" "/opt/rustwide/cargo-home/bin/cargo" "+3154cc1a3e6424e44f438a95007d043ed5ceaaf6" "metadata" "--no-deps" "--format-version=1", kill_on_drop: false }`
[INFO] running `Command { std: "docker" "inspect" "ad2fa1d986bea7292e86562ec160ed8ec8ee1cbc17ee07e1057e905cb8530fd1", kill_on_drop: false }`
[INFO] running `Command { std: "docker" "exec" "-e" "SOURCE_DIR=/opt/rustwide/workdir" "-e" "CARGO_HOME=/opt/rustwide/cargo-home" "-e" "RUSTUP_HOME=/opt/rustwide/rustup-home" "-e" "CARGO_TARGET_DIR=/opt/rustwide/target" "-e" "CARGO_INCREMENTAL=0" "-e" "RUST_BACKTRACE=full" "-e" "RUSTFLAGS=--cap-lints=forbid" "-e" "RUSTDOCFLAGS=--cap-lints=forbid" "-w" "/opt/rustwide/workdir" "--user" "0:0" "ad2fa1d986bea7292e86562ec160ed8ec8ee1cbc17ee07e1057e905cb8530fd1" "/opt/rustwide/cargo-home/bin/cargo" "+3154cc1a3e6424e44f438a95007d043ed5ceaaf6" "check" "--frozen" "--all" "--all-targets" "--message-format=json", kill_on_drop: false }`
[INFO] [stderr]     Checking bitflags v2.13.1
[INFO] [stderr]     Checking smallvec v1.15.2
[INFO] [stderr]    Compiling rustix v1.1.4
[INFO] [stderr]     Checking linux-raw-sys v0.12.1
[INFO] [stderr]     Checking libloading v0.8.9
[INFO] [stderr]    Compiling syn v3.0.4
[INFO] [stderr]    Compiling wayland-sys v0.31.11
[INFO] [stderr]    Compiling wayland-backend v0.3.17
[INFO] [stderr]     Checking dlib v0.5.3
[INFO] [stderr]     Checking scoped-tls v1.0.1
[INFO] [stderr]     Checking downcast-rs v1.2.1
[INFO] [stderr]    Compiling quick-xml v0.41.0
[INFO] [stderr]    Compiling zerofrom-derive v0.1.7
[INFO] [stderr]    Compiling wayland-client v0.31.15
[INFO] [stderr]    Compiling yoke-derive v0.8.2
[INFO] [stderr]    Compiling khronos_api v3.1.0
[INFO] [stderr]    Compiling zerocopy v0.8.56
[INFO] [stderr]    Compiling xml-rs v0.8.29
[INFO] [stderr]    Compiling ahash v0.8.12
[INFO] [stderr]     Checking tracing-core v0.1.36
[INFO] [stderr]    Compiling rustix v0.38.44
[INFO] [stderr]     Checking getrandom v0.3.4
[INFO] [stderr]     Checking zerofrom v0.1.8
[INFO] [stderr]     Checking tracing v0.1.44
[INFO] [stderr]    Compiling thiserror-impl v1.0.69
[INFO] [stderr]     Checking yoke v0.8.3
[INFO] [stderr]    Compiling gl_generator v0.14.0
[INFO] [stderr]    Compiling x11-dl v2.21.0
[INFO] [stderr]     Checking cursor-icon v1.2.0
[INFO] [stderr]     Checking linux-raw-sys v0.4.15
[INFO] [stderr]    Compiling wayland-scanner v0.31.11
[INFO] [stderr]     Checking xcursor v0.3.11
[INFO] [stderr]     Checking xkeysym v0.2.1
[INFO] [stderr]    Compiling serde_core v1.0.229
[INFO] [stderr]     Checking thiserror v1.0.69
[INFO] [stderr]     Checking parking_lot_core v0.9.12
[INFO] [stderr]     Checking memmap2 v0.9.11
[INFO] [stderr]     Checking ttf-parser v0.25.1
[INFO] [stderr]     Checking parking_lot v0.12.5
[INFO] [stderr]     Checking as-raw-xcb-connection v1.0.1
[INFO] [stderr]     Checking x11rb-protocol v0.13.2
[INFO] [stderr]    Compiling zerovec-derive v0.11.6
[INFO] [stderr]    Compiling displaydoc v0.2.7
[INFO] [stderr]     Checking zerovec v0.11.8
[INFO] [stderr]    Compiling bytemuck_derive v1.12.0
[INFO] [stderr]     Checking zerotrie v0.2.5
[INFO] [stderr]     Checking tinystr v0.8.4
[INFO] [stderr]     Checking potential_utf v0.1.6
[INFO] [stderr]     Checking icu_collections v2.3.0
[INFO] [stderr]     Checking icu_locale_core v2.3.0
[INFO] [stderr]     Checking owned_ttf_parser v0.25.1
[INFO] [stderr]    Compiling smithay-client-toolkit v0.19.2
[INFO] [stderr]     Checking ab_glyph_rasterizer v0.1.10
[INFO] [stderr]    Compiling crc32fast v1.5.1
[INFO] [stderr]     Checking ab_glyph v0.2.32
[INFO] [stderr]    Compiling thiserror-impl v2.0.20
[INFO] [stderr]    Compiling glutin_glx_sys v0.6.1
[INFO] [stderr]     Checking bytemuck v1.25.2
[INFO] [stderr]    Compiling glutin_egl_sys v0.7.1
[INFO] [stderr]     Checking emath v0.29.1
[INFO] [stderr]     Checking ecolor v0.29.1
[INFO] [stderr]     Checking icu_provider v2.3.1
[INFO] [stderr]     Checking polling v3.11.0
[INFO] [stderr]     Checking gethostname v1.1.0
[INFO] [stderr]    Compiling num-traits v0.2.19
[INFO] [stderr]     Checking calloop v0.13.0
[INFO] [stderr]     Checking calloop v0.14.4
[INFO] [stderr]    Compiling winit v0.30.13
[INFO] [stderr]     Checking raw-window-handle v0.6.2
[INFO] [stderr]     Checking icu_properties v2.3.0
[INFO] [stderr]     Checking icu_normalizer v2.3.0
[INFO] [stderr]     Checking nohash-hasher v0.2.0
[INFO] [stderr]     Checking epaint_default_fonts v0.29.1
[INFO] [stderr]    Compiling smithay-client-toolkit v0.20.0
[INFO] [stderr]     Checking epaint v0.29.1
[INFO] [stderr]     Checking thiserror v2.0.20
[INFO] [stderr]     Checking wayland-csd-frame v0.3.0
[INFO] [stderr]    Compiling serde_spanned v1.1.1
[INFO] [stderr]    Compiling toml_datetime v1.1.1+spec-1.1.0
[INFO] [stderr]     Checking xkbcommon-dl v0.4.2
[INFO] [stderr]     Checking form_urlencoded v1.2.2
[INFO] [stderr]    Compiling glutin v0.32.3
[INFO] [stderr]     Checking dpi v0.1.2
[INFO] [stderr]     Checking smol_str v0.2.2
[INFO] [stderr]    Compiling toml v1.1.4+spec-1.1.0
[INFO] [stderr]     Checking flate2 v1.1.10
[INFO] [stderr]     Checking miniz_oxide v0.8.9
[INFO] [stderr]     Checking fdeflate v0.3.7
[INFO] [stderr]     Checking egui v0.29.1
[INFO] [stderr]     Checking idna_adapter v1.2.2
[INFO] [stderr]     Checking idna v1.1.0
[INFO] [stderr]    Compiling glutin-winit v0.5.0
[INFO] [stderr]     Checking pxfm v0.1.30
[INFO] [stderr]     Checking url v2.5.8
[INFO] [stderr]     Checking png v0.18.1
[INFO] [stderr]    Compiling winresource v0.1.31
[INFO] [stderr]     Checking webbrowser v1.2.4
[INFO] [stderr]     Checking wayland-protocols v0.32.13
[INFO] [stderr]     Checking wayland-cursor v0.31.14
[INFO] [stderr]     Checking calloop-wayland-source v0.3.0
[INFO] [stderr]     Checking calloop-wayland-source v0.4.1
[INFO] [stderr]     Checking web-time v1.1.0
[INFO] [stderr]     Checking byteorder-lite v0.1.0
[INFO] [stderr]     Checking glow v0.14.2
[INFO] [stderr]    Compiling litrs v1.0.0
[INFO] [stderr]    Compiling larusx v0.1.0 (/opt/rustwide/workdir)
[INFO] [stderr]    Compiling serde_derive v1.0.229
[INFO] [stderr]    Compiling document-features v0.2.12
[INFO] [stderr]     Checking moxcms v0.8.1
[INFO] [stderr]     Checking egui_glow v0.29.1
[INFO] [stderr]     Checking serde v1.0.229
[INFO] [stderr]     Checking x11rb v0.13.2
[INFO] [stderr]     Checking image v0.25.10
[INFO] [stderr]     Checking wayland-protocols-wlr v0.3.12
[INFO] [stderr]     Checking wayland-protocols-experimental v20250721.0.1
[INFO] [stderr]     Checking wayland-protocols-misc v0.3.12
[INFO] [stderr]     Checking wayland-protocols-plasma v0.3.12
[INFO] [stderr]     Checking arboard v3.6.1
[INFO] [stderr]     Checking smithay-clipboard v0.7.3
[INFO] [stderr]     Checking egui-winit v0.29.1
[INFO] [stderr]     Checking eframe v0.29.1
[INFO] [stdout] error[E0433]: cannot find module or crate `windows_sys` in this scope
[INFO] [stdout]  --> src/color_engine/gamma.rs:4:5
[INFO] [stdout]   |
[INFO] [stdout] 4 | use windows_sys::Win32::Graphics::Gdi::{GetDC, ReleaseDC, HDC};
[INFO] [stdout]   |     ^^^^^^^^^^^ use of unresolved module or unlinked crate `windows_sys`
[INFO] [stdout]   |
[INFO] [stdout]   = help: if you wanted to use a crate named `windows_sys`, use `cargo add windows_sys` to add it to your `Cargo.toml`
[INFO] [stdout] 
[INFO] [stdout] 
[INFO] [stdout] error[E0433]: cannot find module or crate `windows_sys` in this scope
[INFO] [stdout]  --> src/color_engine/gamma.rs:4:5
[INFO] [stdout]   |
[INFO] [stdout] 4 | use windows_sys::Win32::Graphics::Gdi::{GetDC, ReleaseDC, HDC};
[INFO] [stdout]   |     ^^^^^^^^^^^ use of unresolved module or unlinked crate `windows_sys`
[INFO] [stdout]   |
[INFO] [stdout]   = help: if you wanted to use a crate named `windows_sys`, use `cargo add windows_sys` to add it to your `Cargo.toml`
[INFO] [stdout] 
[INFO] [stdout] 
[INFO] [stdout] error[E0425]: cannot find type `HWND` in this scope
[INFO] [stdout]   --> src/crosshair/mod.rs:38:15
[INFO] [stdout]    |
[INFO] [stdout] 38 |         hwnd: HWND,
[INFO] [stdout]    |               ^^^^ not found in this scope
[INFO] [stdout] 
[INFO] [stdout] 
[INFO] [stdout] error[E0425]: cannot find type `HDC` in this scope
[INFO] [stdout]   --> src/crosshair/mod.rs:39:18
[INFO] [stdout]    |
[INFO] [stdout] 39 |         hdc_dst: HDC,
[INFO] [stdout]    |                  ^^^ not found in this scope
[INFO] [stdout] 
[INFO] [stdout] 
[INFO] [stdout] error[E0425]: cannot find type `POINT` in this scope
[INFO] [stdout]   --> src/crosshair/mod.rs:40:25
[INFO] [stdout]    |
[INFO] [stdout] 40 |         ppt_dst: *const POINT,
[INFO] [stdout]    |                         ^^^^^ not found in this scope
[INFO] [stdout] 
[INFO] [stdout] 
[INFO] [stdout] error[E0425]: cannot find type `SIZE` in this scope
[INFO] [stdout]   --> src/crosshair/mod.rs:41:23
[INFO] [stdout]    |
[INFO] [stdout] 41 |         psize: *const SIZE,
[INFO] [stdout]    |                       ^^^^ not found in this scope
[INFO] [stdout] 
[INFO] [stdout] 
[INFO] [stdout] error[E0425]: cannot find type `HDC` in this scope
[INFO] [stdout]   --> src/crosshair/mod.rs:42:18
[INFO] [stdout]    |
[INFO] [stdout] 42 |         hdc_src: HDC,
[INFO] [stdout]    |                  ^^^ not found in this scope
[INFO] [stdout] 
[INFO] [stdout] 
[INFO] [stdout] error[E0425]: cannot find type `POINT` in this scope
[INFO] [stdout]   --> src/crosshair/mod.rs:43:25
[INFO] [stdout]    |
[INFO] [stdout] 43 |         ppt_src: *const POINT,
[INFO] [stdout]    |                         ^^^^^ not found in this scope
[INFO] [stdout] 
[INFO] [stdout] 
[INFO] [stdout] error[E0425]: cannot find type `HDC` in this scope
[INFO] [stdout]   --> src/crosshair/mod.rs:72:31
[INFO] [stdout]    |
[INFO] [stdout] 72 |     fn GdipCreateFromHDC(hdc: HDC, graphics: *mut *mut std::ffi::c_void) -> i32;
[INFO] [stdout]    |                               ^^^ not found in this scope
[INFO] [stdout] 
[INFO] [stdout] 
[INFO] [stdout] warning: unused import: `channel`
[INFO] [stdout]  --> src/crosshair/mod.rs:3:23
[INFO] [stdout]   |
[INFO] [stdout] 3 | use std::sync::mpsc::{channel, Sender};
[INFO] [stdout]   |                       ^^^^^^^
[INFO] [stdout]   |
[INFO] [stdout]   = note: `#[warn(unused_imports)]` (part of `#[warn(unused)]`) on by default
[INFO] [stdout] 
[INFO] [stdout] 
[INFO] [stdout] warning: unused import: `CrosshairStyle`
[INFO] [stdout]  --> src/crosshair/mod.rs:5:40
[INFO] [stdout]   |
[INFO] [stdout] 5 | use crate::profiles::{CrosshairConfig, CrosshairStyle};
[INFO] [stdout]   |                                        ^^^^^^^^^^^^^^
[INFO] [stdout] 
[INFO] [stdout] 
[INFO] [stdout] error[E0425]: cannot find type `HWND` in this scope
[INFO] [stdout]   --> src/crosshair/mod.rs:38:15
[INFO] [stdout]    |
[INFO] [stdout] 38 |         hwnd: HWND,
[INFO] [stdout]    |               ^^^^ not found in this scope
[INFO] [stdout] 
[INFO] [stdout] 
[INFO] [stdout] error[E0425]: cannot find type `HDC` in this scope
[INFO] [stdout]   --> src/crosshair/mod.rs:39:18
[INFO] [stdout]    |
[INFO] [stdout] 39 |         hdc_dst: HDC,
[INFO] [stdout]    |                  ^^^ not found in this scope
[INFO] [stdout] 
[INFO] [stdout] 
[INFO] [stdout] error[E0425]: cannot find type `POINT` in this scope
[INFO] [stdout]   --> src/crosshair/mod.rs:40:25
[INFO] [stdout]    |
[INFO] [stdout] 40 |         ppt_dst: *const POINT,
[INFO] [stdout]    |                         ^^^^^ not found in this scope
[INFO] [stdout] 
[INFO] [stdout] 
[INFO] [stdout] error[E0425]: cannot find type `SIZE` in this scope
[INFO] [stdout]   --> src/crosshair/mod.rs:41:23
[INFO] [stdout]    |
[INFO] [stdout] 41 |         psize: *const SIZE,
[INFO] [stdout]    |                       ^^^^ not found in this scope
[INFO] [stdout] 
[INFO] [stdout] 
[INFO] [stdout] error[E0425]: cannot find type `HDC` in this scope
[INFO] [stdout]   --> src/crosshair/mod.rs:42:18
[INFO] [stdout]    |
[INFO] [stdout] 42 |         hdc_src: HDC,
[INFO] [stdout]    |                  ^^^ not found in this scope
[INFO] [stdout] 
[INFO] [stdout] 
[INFO] [stdout] error[E0425]: cannot find type `POINT` in this scope
[INFO] [stdout]   --> src/crosshair/mod.rs:43:25
[INFO] [stdout]    |
[INFO] [stdout] 43 |         ppt_src: *const POINT,
[INFO] [stdout]    |                         ^^^^^ not found in this scope
[INFO] [stdout] 
[INFO] [stdout] 
[INFO] [stdout] error[E0425]: cannot find type `HDC` in this scope
[INFO] [stdout]   --> src/crosshair/mod.rs:72:31
[INFO] [stdout]    |
[INFO] [stdout] 72 |     fn GdipCreateFromHDC(hdc: HDC, graphics: *mut *mut std::ffi::c_void) -> i32;
[INFO] [stdout]    |                               ^^^ not found in this scope
[INFO] [stdout] 
[INFO] [stdout] 
[INFO] [stdout] warning: unused import: `channel`
[INFO] [stdout]  --> src/crosshair/mod.rs:3:23
[INFO] [stdout]   |
[INFO] [stdout] 3 | use std::sync::mpsc::{channel, Sender};
[INFO] [stdout]   |                       ^^^^^^^
[INFO] [stdout]   |
[INFO] [stdout]   = note: `#[warn(unused_imports)]` (part of `#[warn(unused)]`) on by default
[INFO] [stdout] 
[INFO] [stdout] 
[INFO] [stdout] warning: unused import: `CrosshairStyle`
[INFO] [stdout]  --> src/crosshair/mod.rs:5:40
[INFO] [stdout]   |
[INFO] [stdout] 5 | use crate::profiles::{CrosshairConfig, CrosshairStyle};
[INFO] [stdout]   |                                        ^^^^^^^^^^^^^^
[INFO] [stdout] 
[INFO] [stdout] 
[INFO] [stdout] Some errors have detailed explanations: E0425, E0433.
[INFO] [stdout] 
[INFO] [stdout] For more information about an error, try `rustc --explain E0425`.
[INFO] [stdout] 
[INFO] [stderr] error: could not compile `larusx` (bin "larusx" test) due to 8 previous errors; 2 warnings emitted
[INFO] [stderr] warning: build failed, waiting for other jobs to finish...
[INFO] [stdout] Some errors have detailed explanations: E0425, E0433.
[INFO] [stdout] 
[INFO] [stdout] For more information about an error, try `rustc --explain E0425`.
[INFO] [stdout] 
[INFO] [stderr] error: could not compile `larusx` (bin "larusx") due to 8 previous errors; 2 warnings emitted
[INFO] [stderr] warning: unused dependency `winresource`
[INFO] [stderr]  --> Cargo.toml:2:1
[INFO] [stderr]   |
[INFO] [stderr] 2 | winresource = "0.1.31"
[INFO] [stderr]   | ^^^^^^^^^^^^^^^^^^^^^^
[INFO] [stderr]   |
[INFO] [stderr]   = note: `cargo::unused_dependencies` is set to `warn` by default
[INFO] [stderr] help: consider removing the dependency on `winresource`
[INFO] [stderr] warning: `larusx` (manifest) generated 1 warning
[INFO] running `Command { std: "docker" "inspect" "ad2fa1d986bea7292e86562ec160ed8ec8ee1cbc17ee07e1057e905cb8530fd1", kill_on_drop: false }`
[INFO] running `Command { std: "docker" "rm" "-f" "ad2fa1d986bea7292e86562ec160ed8ec8ee1cbc17ee07e1057e905cb8530fd1", kill_on_drop: false }`
[INFO] [stdout] ad2fa1d986bea7292e86562ec160ed8ec8ee1cbc17ee07e1057e905cb8530fd1
