[INFO] cloning repository https://github.com/SylphxAI/video-reader-mcp
[INFO] running `Command { std: "git" "-c" "credential.helper=" "-c" "credential.helper=/workspace/cargo-home/bin/git-credential-null" "clone" "--bare" "https://github.com/SylphxAI/video-reader-mcp" "/workspace/cache/git-repos/https%3A%2F%2Fgithub.com%2FSylphxAI%2Fvideo-reader-mcp", kill_on_drop: false }`
[INFO] [stderr] Cloning into bare repository '/workspace/cache/git-repos/https%3A%2F%2Fgithub.com%2FSylphxAI%2Fvideo-reader-mcp'...
[INFO] running `Command { std: "git" "rev-parse" "HEAD", kill_on_drop: false }`
[INFO] [stdout] 30773b7b9cb3b03350852bd74b2991298a38bc94
[INFO] checking SylphxAI/video-reader-mcp against 3154cc1a3e6424e44f438a95007d043ed5ceaaf6 for pr-133502-30
[INFO] running `Command { std: "git" "clone" "/workspace/cache/git-repos/https%3A%2F%2Fgithub.com%2FSylphxAI%2Fvideo-reader-mcp" "/workspace/builds/worker-7-tc2/source", kill_on_drop: false }`
[INFO] [stderr] Cloning into '/workspace/builds/worker-7-tc2/source'...
[INFO] [stderr] done.
[INFO] started tweaking git repo https://github.com/SylphxAI/video-reader-mcp
[INFO] finished tweaking git repo https://github.com/SylphxAI/video-reader-mcp
[INFO] tweaked toml for git repo https://github.com/SylphxAI/video-reader-mcp written to /workspace/builds/worker-7-tc2/source/Cargo.toml
[INFO] validating manifest of git repo https://github.com/SylphxAI/video-reader-mcp on toolchain 3154cc1a3e6424e44f438a95007d043ed5ceaaf6
[INFO] running `Command { std: CARGO_HOME="/workspace/cargo-home" RUSTUP_HOME="/workspace/rustup-home" "/workspace/cargo-home/bin/cargo" "+3154cc1a3e6424e44f438a95007d043ed5ceaaf6" "metadata" "--manifest-path" "Cargo.toml" "--no-deps", kill_on_drop: false }`
[INFO] crate git repo https://github.com/SylphxAI/video-reader-mcp already has a lockfile, it will not be regenerated
[INFO] running `Command { std: CARGO_HOME="/workspace/cargo-home" RUSTUP_HOME="/workspace/rustup-home" "/workspace/cargo-home/bin/cargo" "+3154cc1a3e6424e44f438a95007d043ed5ceaaf6" "fetch" "--manifest-path" "Cargo.toml", kill_on_drop: false }`
[INFO] [stderr]     Blocking waiting for file lock on package cache
[INFO] [stderr]     Blocking waiting for file lock on package cache
[INFO] running `Command { std: "docker" "create" "-v" "/var/lib/crater-agent-workspace/builds/worker-7-tc2/source:/opt/rustwide/workdir:ro,Z" "-v" "/var/lib/crater-agent-workspace/builds/worker-7-tc2/target:/opt/rustwide/target:rw,Z" "-v" "/var/lib/crater-agent-workspace/cargo-home:/opt/rustwide/cargo-home:ro,Z" "-v" "/var/lib/crater-agent-workspace/rustup-home:/opt/rustwide/rustup-home:ro,Z" "-m" "1610612736" "--network" "none" "ghcr.io/rust-lang/crates-build-env/linux@sha256:77db811e55d90add9212f6832c23229e3de5f1c1f9905e8cb07319ea15df73ac" "sleep" "infinity", kill_on_drop: false }`
[INFO] [stdout] d0a66961cb5e6b52461c56eef86fbb5a3a4bbdd50c63902d92174af8d5fdfacb
[INFO] running `Command { std: "docker" "start" "d0a66961cb5e6b52461c56eef86fbb5a3a4bbdd50c63902d92174af8d5fdfacb", kill_on_drop: false }`
[INFO] running `Command { std: "docker" "inspect" "d0a66961cb5e6b52461c56eef86fbb5a3a4bbdd50c63902d92174af8d5fdfacb", kill_on_drop: false }`
[INFO] running `Command { std: "docker" "exec" "-e" "SOURCE_DIR=/opt/rustwide/workdir" "-e" "CARGO_HOME=/opt/rustwide/cargo-home" "-e" "RUSTUP_HOME=/opt/rustwide/rustup-home" "-e" "CARGO_TARGET_DIR=/opt/rustwide/target" "-w" "/opt/rustwide/workdir" "--user" "0:0" "d0a66961cb5e6b52461c56eef86fbb5a3a4bbdd50c63902d92174af8d5fdfacb" "/opt/rustwide/cargo-home/bin/cargo" "+3154cc1a3e6424e44f438a95007d043ed5ceaaf6" "metadata" "--no-deps" "--format-version=1", kill_on_drop: false }`
[INFO] running `Command { std: "docker" "inspect" "d0a66961cb5e6b52461c56eef86fbb5a3a4bbdd50c63902d92174af8d5fdfacb", kill_on_drop: false }`
[INFO] running `Command { std: "docker" "exec" "-e" "SOURCE_DIR=/opt/rustwide/workdir" "-e" "CARGO_HOME=/opt/rustwide/cargo-home" "-e" "RUSTUP_HOME=/opt/rustwide/rustup-home" "-e" "CARGO_TARGET_DIR=/opt/rustwide/target" "-e" "CARGO_INCREMENTAL=0" "-e" "RUST_BACKTRACE=full" "-e" "RUSTFLAGS=--cap-lints=forbid" "-e" "RUSTDOCFLAGS=--cap-lints=forbid" "-w" "/opt/rustwide/workdir" "--user" "0:0" "d0a66961cb5e6b52461c56eef86fbb5a3a4bbdd50c63902d92174af8d5fdfacb" "/opt/rustwide/cargo-home/bin/cargo" "+3154cc1a3e6424e44f438a95007d043ed5ceaaf6" "check" "--frozen" "--all" "--all-targets" "--message-format=json", kill_on_drop: false }`
[INFO] [stderr]    Compiling quote v1.0.46
[INFO] [stderr]    Compiling serde_json v1.0.151
[INFO] [stderr]     Checking hybrid-array v0.4.15
[INFO] [stderr]     Checking http-body v1.0.1
[INFO] [stderr]     Checking getrandom v0.4.3
[INFO] [stderr]     Checking rustix v1.1.4
[INFO] [stderr]    Compiling serde_core v1.0.229
[INFO] [stderr]     Checking chacha20 v0.10.1
[INFO] [stderr]    Compiling rmcp v2.2.0
[INFO] [stderr]    Compiling video-reader-mcp-server v0.1.0 (/opt/rustwide/workdir/crates/video-reader-mcp-server)
[INFO] [stderr]     Checking subtle v2.6.1
[INFO] [stderr]     Checking uuid v1.23.4
[INFO] [stderr]     Checking http-body-util v0.1.3
[INFO] [stderr]    Compiling syn v2.0.118
[INFO] [stderr]    Compiling syn v3.0.6
[INFO] [stderr]     Checking rand v0.10.2
[INFO] [stderr]     Checking block-buffer v0.12.1
[INFO] [stderr]     Checking crypto-common v0.2.2
[INFO] [stderr]     Checking digest v0.11.3
[INFO] [stderr]     Checking sha2 v0.11.0
[INFO] [stderr]     Checking tempfile v3.27.0
[INFO] [stderr]    Compiling serde_derive_internals v0.30.0
[INFO] [stderr]    Compiling serde_derive v1.0.229
[INFO] [stderr]    Compiling schemars_derive v1.2.2
[INFO] [stderr]    Compiling darling_core v0.23.0
[INFO] [stderr]    Compiling tokio-macros v2.7.0
[INFO] [stderr]    Compiling futures-macro v0.3.32
[INFO] [stderr]    Compiling tracing-attributes v0.1.31
[INFO] [stderr]    Compiling ref-cast-impl v1.0.25
[INFO] [stderr]    Compiling thiserror-impl v2.0.18
[INFO] [stderr]    Compiling async-trait v0.1.89
[INFO] [stderr]     Checking ref-cast v1.0.25
[INFO] [stderr]     Checking tokio v1.53.1
[INFO] [stderr]     Checking tracing v0.1.44
[INFO] [stderr]     Checking futures-util v0.3.32
[INFO] [stderr]     Checking serde v1.0.229
[INFO] [stderr]     Checking axum-core v0.5.6
[INFO] [stderr]     Checking thiserror v2.0.18
[INFO] [stderr]     Checking video-reader-core v0.1.0 (/opt/rustwide/workdir/crates/video-reader-core)
[INFO] [stderr]     Checking chrono v0.4.45
[INFO] [stderr]     Checking serde_urlencoded v0.7.1
[INFO] [stderr]    Compiling darling_macro v0.23.0
[INFO] [stderr]    Compiling darling v0.23.0
[INFO] [stderr]    Compiling rmcp-macros v2.2.0
[INFO] [stdout] error[E0277]: the trait bound `Array<u8, UInt<UInt<UInt<UInt<_, B0>, B0>, B0>, B0>>: LowerHex` is not satisfied
[INFO] [stdout]    --> crates/video-reader-core/src/frames.rs:349:38
[INFO] [stdout]     |
[INFO] [stdout] 349 |     let frame_hash = format!("{:x}", Sha256::digest(&output.stdout));
[INFO] [stdout]     |                               ----   ^^^^^^^^^^^^^^^^^^^^^^^^^^^^^^ the trait `LowerHex` is not implemented for `Array<u8, UInt<UInt<UInt<UInt<UInt<_, B0>, B0>, B0>, B0>, B0>>`
[INFO] [stdout]     |                               |
[INFO] [stdout]     |                               required by this formatting parameter
[INFO] [stdout]     |
[INFO] [stdout]     = help: the following other types implement trait `LowerHex`:
[INFO] [stdout]               &T
[INFO] [stdout]               &mut T
[INFO] [stdout]               Saturating<T>
[INFO] [stdout]               Wrapping<T>
[INFO] [stdout]               compiler_builtins::math::libm_math::support::big::i256
[INFO] [stdout]               compiler_builtins::math::libm_math::support::big::u256
[INFO] [stdout]               compiler_builtins::math::libm_math::support::hex_float::hex_fmt::Hex<T>
[INFO] [stdout]               i128
[INFO] [stdout]             and 54 others
[INFO] [stdout]     = note: the full name for the type has been written to '/opt/rustwide/target/debug/build/video-reader-core/bacba60ece6c06f1/out/video_reader_core-bacba60ece6c06f1.long-type-12829592633537381151.txt'
[INFO] [stdout]     = note: consider using `--verbose` to print the full type name to the console
[INFO] [stdout] 
[INFO] [stdout] 
[INFO] [stdout] error[E0277]: the trait bound `Array<u8, UInt<UInt<UInt<UInt<_, B0>, B0>, B0>, B0>>: LowerHex` is not satisfied
[INFO] [stdout]   --> crates/video-reader-core/src/hash.rs:45:24
[INFO] [stdout]    |
[INFO] [stdout] 45 |     Ok(format!("{:x}", Sha256::digest(bytes)))
[INFO] [stdout]    |                 ----   ^^^^^^^^^^^^^^^^^^^^^ the trait `LowerHex` is not implemented for `Array<u8, UInt<UInt<UInt<UInt<UInt<_, B0>, B0>, B0>, B0>, B0>>`
[INFO] [stdout]    |                 |
[INFO] [stdout]    |                 required by this formatting parameter
[INFO] [stdout]    |
[INFO] [stdout]    = help: the following other types implement trait `LowerHex`:
[INFO] [stdout]              &T
[INFO] [stdout]              &mut T
[INFO] [stdout]              Saturating<T>
[INFO] [stdout]              Wrapping<T>
[INFO] [stdout]              compiler_builtins::math::libm_math::support::big::i256
[INFO] [stdout]              compiler_builtins::math::libm_math::support::big::u256
[INFO] [stdout]              compiler_builtins::math::libm_math::support::hex_float::hex_fmt::Hex<T>
[INFO] [stdout]              i128
[INFO] [stdout]            and 54 others
[INFO] [stdout]    = note: the full name for the type has been written to '/opt/rustwide/target/debug/build/video-reader-core/bacba60ece6c06f1/out/video_reader_core-bacba60ece6c06f1.long-type-12829592633537381151.txt'
[INFO] [stdout]    = note: consider using `--verbose` to print the full type name to the console
[INFO] [stdout] 
[INFO] [stdout] 
[INFO] [stdout] error[E0277]: the trait bound `Array<u8, UInt<UInt<UInt<UInt<_, B0>, B0>, B0>, B0>>: LowerHex` is not satisfied
[INFO] [stdout]   --> crates/video-reader-core/src/hash.rs:51:21
[INFO] [stdout]    |
[INFO] [stdout] 51 |     format!("{:x}", Sha256::digest(payload.as_bytes()))
[INFO] [stdout]    |              ----   ^^^^^^^^^^^^^^^^^^^^^^^^^^^^^^^^^^ the trait `LowerHex` is not implemented for `Array<u8, UInt<UInt<UInt<UInt<UInt<_, B0>, B0>, B0>, B0>, B0>>`
[INFO] [stdout]    |              |
[INFO] [stdout]    |              required by this formatting parameter
[INFO] [stdout]    |
[INFO] [stdout]    = help: the following other types implement trait `LowerHex`:
[INFO] [stdout]              &T
[INFO] [stdout]              &mut T
[INFO] [stdout]              Saturating<T>
[INFO] [stdout]              Wrapping<T>
[INFO] [stdout]              compiler_builtins::math::libm_math::support::big::i256
[INFO] [stdout]              compiler_builtins::math::libm_math::support::big::u256
[INFO] [stdout]              compiler_builtins::math::libm_math::support::hex_float::hex_fmt::Hex<T>
[INFO] [stdout]              i128
[INFO] [stdout]            and 54 others
[INFO] [stdout]    = note: the full name for the type has been written to '/opt/rustwide/target/debug/build/video-reader-core/bacba60ece6c06f1/out/video_reader_core-bacba60ece6c06f1.long-type-12829592633537381151.txt'
[INFO] [stdout]    = note: consider using `--verbose` to print the full type name to the console
[INFO] [stdout] 
[INFO] [stdout] 
[INFO] [stdout] error[E0277]: the trait bound `Array<u8, UInt<UInt<UInt<UInt<_, B0>, B0>, B0>, B0>>: LowerHex` is not satisfied
[INFO] [stdout]    --> crates/video-reader-core/src/frames.rs:349:38
[INFO] [stdout]     |
[INFO] [stdout] 349 |     let frame_hash = format!("{:x}", Sha256::digest(&output.stdout));
[INFO] [stdout]     |                               ----   ^^^^^^^^^^^^^^^^^^^^^^^^^^^^^^ the trait `LowerHex` is not implemented for `Array<u8, UInt<UInt<UInt<UInt<UInt<_, B0>, B0>, B0>, B0>, B0>>`
[INFO] [stdout]     |                               |
[INFO] [stdout]     |                               required by this formatting parameter
[INFO] [stdout]     |
[INFO] [stdout]     = help: the following other types implement trait `LowerHex`:
[INFO] [stdout]               &T
[INFO] [stdout]               &mut T
[INFO] [stdout]               Saturating<T>
[INFO] [stdout]               Wrapping<T>
[INFO] [stdout]               compiler_builtins::math::libm_math::support::big::i256
[INFO] [stdout]               compiler_builtins::math::libm_math::support::big::u256
[INFO] [stdout]               compiler_builtins::math::libm_math::support::hex_float::hex_fmt::Hex<T>
[INFO] [stdout]               i128
[INFO] [stdout]             and 54 others
[INFO] [stdout]     = note: the full name for the type has been written to '/opt/rustwide/target/debug/build/video-reader-core/32697f051231d851/out/video_reader_core-32697f051231d851.long-type-1953062511283483544.txt'
[INFO] [stdout]     = note: consider using `--verbose` to print the full type name to the console
[INFO] [stdout] 
[INFO] [stdout] 
[INFO] [stdout] error[E0277]: the trait bound `Array<u8, UInt<UInt<UInt<UInt<_, B0>, B0>, B0>, B0>>: LowerHex` is not satisfied
[INFO] [stdout]   --> crates/video-reader-core/src/hash.rs:45:24
[INFO] [stdout]    |
[INFO] [stdout] 45 |     Ok(format!("{:x}", Sha256::digest(bytes)))
[INFO] [stdout]    |                 ----   ^^^^^^^^^^^^^^^^^^^^^ the trait `LowerHex` is not implemented for `Array<u8, UInt<UInt<UInt<UInt<UInt<_, B0>, B0>, B0>, B0>, B0>>`
[INFO] [stdout]    |                 |
[INFO] [stdout]    |                 required by this formatting parameter
[INFO] [stdout]    |
[INFO] [stdout]    = help: the following other types implement trait `LowerHex`:
[INFO] [stdout]              &T
[INFO] [stdout]              &mut T
[INFO] [stdout]              Saturating<T>
[INFO] [stdout]              Wrapping<T>
[INFO] [stdout]              compiler_builtins::math::libm_math::support::big::i256
[INFO] [stdout]              compiler_builtins::math::libm_math::support::big::u256
[INFO] [stdout]              compiler_builtins::math::libm_math::support::hex_float::hex_fmt::Hex<T>
[INFO] [stdout]              i128
[INFO] [stdout]            and 54 others
[INFO] [stdout]    = note: the full name for the type has been written to '/opt/rustwide/target/debug/build/video-reader-core/32697f051231d851/out/video_reader_core-32697f051231d851.long-type-1953062511283483544.txt'
[INFO] [stdout]    = note: consider using `--verbose` to print the full type name to the console
[INFO] [stdout] 
[INFO] [stdout] 
[INFO] [stdout] error[E0277]: the trait bound `Array<u8, UInt<UInt<UInt<UInt<_, B0>, B0>, B0>, B0>>: LowerHex` is not satisfied
[INFO] [stdout]   --> crates/video-reader-core/src/hash.rs:51:21
[INFO] [stdout]    |
[INFO] [stdout] 51 |     format!("{:x}", Sha256::digest(payload.as_bytes()))
[INFO] [stdout]    |              ----   ^^^^^^^^^^^^^^^^^^^^^^^^^^^^^^^^^^ the trait `LowerHex` is not implemented for `Array<u8, UInt<UInt<UInt<UInt<UInt<_, B0>, B0>, B0>, B0>, B0>>`
[INFO] [stdout]    |              |
[INFO] [stdout]    |              required by this formatting parameter
[INFO] [stdout]    |
[INFO] [stdout]    = help: the following other types implement trait `LowerHex`:
[INFO] [stdout]              &T
[INFO] [stdout]              &mut T
[INFO] [stdout]              Saturating<T>
[INFO] [stdout]              Wrapping<T>
[INFO] [stdout]              compiler_builtins::math::libm_math::support::big::i256
[INFO] [stdout]              compiler_builtins::math::libm_math::support::big::u256
[INFO] [stdout]              compiler_builtins::math::libm_math::support::hex_float::hex_fmt::Hex<T>
[INFO] [stdout]              i128
[INFO] [stdout]            and 54 others
[INFO] [stdout]    = note: the full name for the type has been written to '/opt/rustwide/target/debug/build/video-reader-core/32697f051231d851/out/video_reader_core-32697f051231d851.long-type-1953062511283483544.txt'
[INFO] [stdout]    = note: consider using `--verbose` to print the full type name to the console
[INFO] [stdout] 
[INFO] [stdout] 
[INFO] [stdout] For more information about this error, try `rustc --explain E0277`.
[INFO] [stdout] 
[INFO] [stderr] error: could not compile `video-reader-core` (lib) due to 3 previous errors
[INFO] [stderr] warning: build failed, waiting for other jobs to finish...
[INFO] [stdout] For more information about this error, try `rustc --explain E0277`.
[INFO] [stdout] 
[INFO] [stderr] error: could not compile `video-reader-core` (lib test) due to 3 previous errors
[INFO] running `Command { std: "docker" "inspect" "d0a66961cb5e6b52461c56eef86fbb5a3a4bbdd50c63902d92174af8d5fdfacb", kill_on_drop: false }`
[INFO] running `Command { std: "docker" "rm" "-f" "d0a66961cb5e6b52461c56eef86fbb5a3a4bbdd50c63902d92174af8d5fdfacb", kill_on_drop: false }`
[INFO] [stdout] d0a66961cb5e6b52461c56eef86fbb5a3a4bbdd50c63902d92174af8d5fdfacb
