[INFO] cloning repository https://github.com/Suvranil3/pharmapulse-inventory
[INFO] running `Command { std: "git" "-c" "credential.helper=" "-c" "credential.helper=/workspace/cargo-home/bin/git-credential-null" "clone" "--bare" "https://github.com/Suvranil3/pharmapulse-inventory" "/workspace/cache/git-repos/https%3A%2F%2Fgithub.com%2FSuvranil3%2Fpharmapulse-inventory", kill_on_drop: false }`
[INFO] [stderr] Cloning into bare repository '/workspace/cache/git-repos/https%3A%2F%2Fgithub.com%2FSuvranil3%2Fpharmapulse-inventory'...
[INFO] running `Command { std: "git" "rev-parse" "HEAD", kill_on_drop: false }`
[INFO] [stdout] 2e4b55df933ce101ff5b0e99f085737d6e4d66a0
[INFO] checking Suvranil3/pharmapulse-inventory against 3154cc1a3e6424e44f438a95007d043ed5ceaaf6+rustflags=-Znext-solver=coherence for pr-133502-30
[INFO] running `Command { std: "git" "clone" "/workspace/cache/git-repos/https%3A%2F%2Fgithub.com%2FSuvranil3%2Fpharmapulse-inventory" "/workspace/builds/worker-4-tc1/source", kill_on_drop: false }`
[INFO] [stderr] Cloning into '/workspace/builds/worker-4-tc1/source'...
[INFO] [stderr] done.
[INFO] started tweaking git repo https://github.com/Suvranil3/pharmapulse-inventory
[INFO] finished tweaking git repo https://github.com/Suvranil3/pharmapulse-inventory
[INFO] tweaked toml for git repo https://github.com/Suvranil3/pharmapulse-inventory written to /workspace/builds/worker-4-tc1/source/Cargo.toml
[INFO] validating manifest of git repo https://github.com/Suvranil3/pharmapulse-inventory on toolchain 3154cc1a3e6424e44f438a95007d043ed5ceaaf6
[INFO] running `Command { std: CARGO_HOME="/workspace/cargo-home" RUSTUP_HOME="/workspace/rustup-home" "/workspace/cargo-home/bin/cargo" "+3154cc1a3e6424e44f438a95007d043ed5ceaaf6" "metadata" "--manifest-path" "Cargo.toml" "--no-deps", kill_on_drop: false }`
[INFO] crate git repo https://github.com/Suvranil3/pharmapulse-inventory already has a lockfile, it will not be regenerated
[INFO] running `Command { std: CARGO_HOME="/workspace/cargo-home" RUSTUP_HOME="/workspace/rustup-home" "/workspace/cargo-home/bin/cargo" "+3154cc1a3e6424e44f438a95007d043ed5ceaaf6" "fetch" "--manifest-path" "Cargo.toml", kill_on_drop: false }`
[INFO] running `Command { std: "docker" "create" "-v" "/var/lib/crater-agent-workspace/builds/worker-4-tc1/source:/opt/rustwide/workdir:ro,Z" "-v" "/var/lib/crater-agent-workspace/builds/worker-4-tc1/target:/opt/rustwide/target:rw,Z" "-v" "/var/lib/crater-agent-workspace/cargo-home:/opt/rustwide/cargo-home:ro,Z" "-v" "/var/lib/crater-agent-workspace/rustup-home:/opt/rustwide/rustup-home:ro,Z" "-m" "1610612736" "--network" "none" "ghcr.io/rust-lang/crates-build-env/linux@sha256:77db811e55d90add9212f6832c23229e3de5f1c1f9905e8cb07319ea15df73ac" "sleep" "infinity", kill_on_drop: false }`
[INFO] [stdout] 21ca23fc8af007c960af787aec88a347805795c2e8bf911b92b356bede01a1c5
[INFO] running `Command { std: "docker" "start" "21ca23fc8af007c960af787aec88a347805795c2e8bf911b92b356bede01a1c5", kill_on_drop: false }`
[INFO] running `Command { std: "docker" "inspect" "21ca23fc8af007c960af787aec88a347805795c2e8bf911b92b356bede01a1c5", kill_on_drop: false }`
[INFO] running `Command { std: "docker" "exec" "-e" "SOURCE_DIR=/opt/rustwide/workdir" "-e" "CARGO_HOME=/opt/rustwide/cargo-home" "-e" "RUSTUP_HOME=/opt/rustwide/rustup-home" "-e" "CARGO_TARGET_DIR=/opt/rustwide/target" "-w" "/opt/rustwide/workdir" "--user" "0:0" "21ca23fc8af007c960af787aec88a347805795c2e8bf911b92b356bede01a1c5" "/opt/rustwide/cargo-home/bin/cargo" "+3154cc1a3e6424e44f438a95007d043ed5ceaaf6" "metadata" "--no-deps" "--format-version=1", kill_on_drop: false }`
[INFO] running `Command { std: "docker" "inspect" "21ca23fc8af007c960af787aec88a347805795c2e8bf911b92b356bede01a1c5", kill_on_drop: false }`
[INFO] running `Command { std: "docker" "exec" "-e" "SOURCE_DIR=/opt/rustwide/workdir" "-e" "CARGO_HOME=/opt/rustwide/cargo-home" "-e" "RUSTUP_HOME=/opt/rustwide/rustup-home" "-e" "CARGO_TARGET_DIR=/opt/rustwide/target" "-e" "CARGO_INCREMENTAL=0" "-e" "RUST_BACKTRACE=full" "-e" "RUSTFLAGS=--cap-lints=forbid -Znext-solver=coherence" "-e" "RUSTDOCFLAGS=--cap-lints=forbid" "-w" "/opt/rustwide/workdir" "--user" "0:0" "21ca23fc8af007c960af787aec88a347805795c2e8bf911b92b356bede01a1c5" "/opt/rustwide/cargo-home/bin/cargo" "+3154cc1a3e6424e44f438a95007d043ed5ceaaf6" "check" "--frozen" "--all" "--all-targets" "--message-format=json", kill_on_drop: false }`
[INFO] [stderr]    Compiling syn v3.0.3
[INFO] [stderr]     Checking mio v1.2.2
[INFO] [stderr]     Checking parking_lot_core v0.9.12
[INFO] [stderr]    Compiling syn v2.0.119
[INFO] [stderr]     Checking futures-task v0.3.34
[INFO] [stderr]     Checking slab v0.4.12
[INFO] [stderr]    Compiling mime_guess v2.0.5
[INFO] [stderr]    Compiling serde_json v1.0.151
[INFO] [stderr]     Checking sharded-slab v0.1.7
[INFO] [stderr]     Checking futures-util v0.3.34
[INFO] [stderr]     Checking parking_lot v0.12.5
[INFO] [stderr]     Checking serde_path_to_error v0.1.20
[INFO] [stderr]     Checking tracing-log v0.2.0
[INFO] [stderr]     Checking http-range-header v0.4.2
[INFO] [stderr]     Checking uuid v1.24.0
[INFO] [stderr]     Checking tracing-subscriber v0.3.23
[INFO] [stderr]    Compiling tokio-macros v2.7.2
[INFO] [stderr]    Compiling serde_derive v1.0.229
[INFO] [stderr]    Compiling async-trait v0.1.92
[INFO] [stderr]     Checking tokio v1.53.1
[INFO] [stderr]    Compiling tracing-attributes v0.1.31
[INFO] [stderr]     Checking tracing v0.1.44
[INFO] [stderr]     Checking axum-core v0.4.5
[INFO] [stderr]     Checking serde v1.0.229
[INFO] [stderr]     Checking serde_urlencoded v0.7.1
[INFO] [stderr]     Checking chrono v0.4.45
[INFO] [stderr]     Checking hyper v1.11.0
[INFO] [stderr]     Checking tokio-util v0.7.19
[INFO] [stderr]     Checking tower v0.5.3
[INFO] [stderr]     Checking tower-http v0.5.2
[INFO] [stderr]     Checking hyper-util v0.1.20
[INFO] [stderr]     Checking axum v0.7.9
[INFO] [stderr]     Checking pharmapulse-inventory v0.1.0 (/opt/rustwide/workdir)
[INFO] [stdout] warning: unused import: `put`
[INFO] [stdout]  --> src/main.rs:3:34
[INFO] [stdout]   |
[INFO] [stdout] 3 |     routing::{delete, get, post, put},
[INFO] [stdout]   |                                  ^^^
[INFO] [stdout]   |
[INFO] [stdout]   = note: `#[warn(unused_imports)]` (part of `#[warn(unused)]`) on by default
[INFO] [stdout] 
[INFO] [stdout] 
[INFO] [stdout] warning: unused import: `put`
[INFO] [stdout]  --> src/main.rs:3:34
[INFO] [stdout]   |
[INFO] [stdout] 3 |     routing::{delete, get, post, put},
[INFO] [stdout]   |                                  ^^^
[INFO] [stdout]   |
[INFO] [stdout]   = note: `#[warn(unused_imports)]` (part of `#[warn(unused)]`) on by default
[INFO] [stdout] 
[INFO] [stdout] 
[INFO] [stdout] error[E0277]: can't compare `std::string::String` with `&str`
[INFO] [stdout]   --> src/handlers.rs:53:44
[INFO] [stdout]    |
[INFO] [stdout] 53 |             items.retain(|m| m.expiry_date <= "2026-10-31");
[INFO] [stdout]    |                                            ^^ no implementation for `std::string::String < &str` and `std::string::String > &str`
[INFO] [stdout]    |
[INFO] [stdout]    = help: the trait `PartialOrd<&str>` is not implemented for `std::string::String`
[INFO] [stdout] help: consider dereferencing both sides of the expression
[INFO] [stdout]    |
[INFO] [stdout] 53 |             items.retain(|m| *m.expiry_date <= *"2026-10-31");
[INFO] [stdout]    |                              +                 +
[INFO] [stdout] 
[INFO] [stdout] 
[INFO] [stdout] error[E0515]: cannot return value referencing local variable `app_state`
[INFO] [stdout]   --> src/handlers.rs:76:5
[INFO] [stdout]    |
[INFO] [stdout] 76 |     (StatusCode::OK, Json(&app_state.logs))
[INFO] [stdout]    |     ^^^^^^^^^^^^^^^^^^^^^^^---------^^^^^^^
[INFO] [stdout]    |     |                      |
[INFO] [stdout]    |     |                      `app_state` is borrowed here
[INFO] [stdout]    |     returns a value referencing data owned by the current function
[INFO] [stdout] 
[INFO] [stdout] 
[INFO] [stdout] error[E0515]: cannot return value referencing local variable `state`
[INFO] [stdout]   --> src/handlers.rs:76:5
[INFO] [stdout]    |
[INFO] [stdout] 75 |     let app_state = state.read().await;
[INFO] [stdout]    |                     ----- `state` is borrowed here
[INFO] [stdout] 76 |     (StatusCode::OK, Json(&app_state.logs))
[INFO] [stdout]    |     ^^^^^^^^^^^^^^^^^^^^^^^^^^^^^^^^^^^^^^^ returns a value referencing data owned by the current function
[INFO] [stdout] 
[INFO] [stdout] 
[INFO] [stdout] error[E0277]: can't compare `std::string::String` with `&str`
[INFO] [stdout]   --> src/handlers.rs:53:44
[INFO] [stdout]    |
[INFO] [stdout] 53 |             items.retain(|m| m.expiry_date <= "2026-10-31");
[INFO] [stdout]    |                                            ^^ no implementation for `std::string::String < &str` and `std::string::String > &str`
[INFO] [stdout]    |
[INFO] [stdout]    = help: the trait `PartialOrd<&str>` is not implemented for `std::string::String`
[INFO] [stdout] help: consider dereferencing both sides of the expression
[INFO] [stdout]    |
[INFO] [stdout] 53 |             items.retain(|m| *m.expiry_date <= *"2026-10-31");
[INFO] [stdout]    |                              +                 +
[INFO] [stdout] 
[INFO] [stdout] 
[INFO] [stdout] error[E0515]: cannot return value referencing local variable `app_state`
[INFO] [stdout]   --> src/handlers.rs:76:5
[INFO] [stdout]    |
[INFO] [stdout] 76 |     (StatusCode::OK, Json(&app_state.logs))
[INFO] [stdout]    |     ^^^^^^^^^^^^^^^^^^^^^^^---------^^^^^^^
[INFO] [stdout]    |     |                      |
[INFO] [stdout]    |     |                      `app_state` is borrowed here
[INFO] [stdout]    |     returns a value referencing data owned by the current function
[INFO] [stdout] 
[INFO] [stdout] 
[INFO] [stdout] error[E0515]: cannot return value referencing local variable `state`
[INFO] [stdout]   --> src/handlers.rs:76:5
[INFO] [stdout]    |
[INFO] [stdout] 75 |     let app_state = state.read().await;
[INFO] [stdout]    |                     ----- `state` is borrowed here
[INFO] [stdout] 76 |     (StatusCode::OK, Json(&app_state.logs))
[INFO] [stdout]    |     ^^^^^^^^^^^^^^^^^^^^^^^^^^^^^^^^^^^^^^^ returns a value referencing data owned by the current function
[INFO] [stdout] 
[INFO] [stdout] 
[INFO] [stdout] error[E0277]: can't compare `std::string::String` with `&str`
[INFO] [stdout]    --> src/state.rs:215:27
[INFO] [stdout]     |
[INFO] [stdout] 215 |             m.expiry_date <= "2026-10-31"
[INFO] [stdout]     |                           ^^ no implementation for `std::string::String < &str` and `std::string::String > &str`
[INFO] [stdout]     |
[INFO] [stdout]     = help: the trait `PartialOrd<&str>` is not implemented for `std::string::String`
[INFO] [stdout] help: consider dereferencing both sides of the expression
[INFO] [stdout]     |
[INFO] [stdout] 215 |             *m.expiry_date <= *"2026-10-31"
[INFO] [stdout]     |             +                 +
[INFO] [stdout] 
[INFO] [stdout] 
[INFO] [stdout] error[E0277]: can't compare `std::string::String` with `&str`
[INFO] [stdout]    --> src/state.rs:245:32
[INFO] [stdout]     |
[INFO] [stdout] 245 |             if med.expiry_date <= "2026-10-31" {
[INFO] [stdout]     |                                ^^ no implementation for `std::string::String < &str` and `std::string::String > &str`
[INFO] [stdout]     |
[INFO] [stdout]     = help: the trait `PartialOrd<&str>` is not implemented for `std::string::String`
[INFO] [stdout] help: consider dereferencing both sides of the expression
[INFO] [stdout]     |
[INFO] [stdout] 245 |             if *med.expiry_date <= *"2026-10-31" {
[INFO] [stdout]     |                +                   +
[INFO] [stdout] 
[INFO] [stdout] 
[INFO] [stdout] error[E0277]: can't compare `std::string::String` with `&str`
[INFO] [stdout]    --> src/state.rs:215:27
[INFO] [stdout]     |
[INFO] [stdout] 215 |             m.expiry_date <= "2026-10-31"
[INFO] [stdout]     |                           ^^ no implementation for `std::string::String < &str` and `std::string::String > &str`
[INFO] [stdout]     |
[INFO] [stdout]     = help: the trait `PartialOrd<&str>` is not implemented for `std::string::String`
[INFO] [stdout] help: consider dereferencing both sides of the expression
[INFO] [stdout]     |
[INFO] [stdout] 215 |             *m.expiry_date <= *"2026-10-31"
[INFO] [stdout]     |             +                 +
[INFO] [stdout] 
[INFO] [stdout] 
[INFO] [stdout] error[E0277]: can't compare `std::string::String` with `&str`
[INFO] [stdout]    --> src/state.rs:245:32
[INFO] [stdout]     |
[INFO] [stdout] 245 |             if med.expiry_date <= "2026-10-31" {
[INFO] [stdout]     |                                ^^ no implementation for `std::string::String < &str` and `std::string::String > &str`
[INFO] [stdout]     |
[INFO] [stdout]     = help: the trait `PartialOrd<&str>` is not implemented for `std::string::String`
[INFO] [stdout] help: consider dereferencing both sides of the expression
[INFO] [stdout]     |
[INFO] [stdout] 245 |             if *med.expiry_date <= *"2026-10-31" {
[INFO] [stdout]     |                +                   +
[INFO] [stdout] 
[INFO] [stdout] 
[INFO] [stdout] Some errors have detailed explanations: E0277, E0515.
[INFO] [stdout] 
[INFO] [stdout] For more information about an error, try `rustc --explain E0277`.
[INFO] [stdout] 
[INFO] [stderr] error: could not compile `pharmapulse-inventory` (bin "pharmapulse-inventory") due to 5 previous errors; 1 warning emitted
[INFO] [stderr] warning: build failed, waiting for other jobs to finish...
[INFO] [stdout] Some errors have detailed explanations: E0277, E0515.
[INFO] [stdout] 
[INFO] [stdout] For more information about an error, try `rustc --explain E0277`.
[INFO] [stdout] 
[INFO] [stderr] error: could not compile `pharmapulse-inventory` (bin "pharmapulse-inventory" test) due to 5 previous errors; 1 warning emitted
[INFO] running `Command { std: "docker" "inspect" "21ca23fc8af007c960af787aec88a347805795c2e8bf911b92b356bede01a1c5", kill_on_drop: false }`
[INFO] running `Command { std: "docker" "rm" "-f" "21ca23fc8af007c960af787aec88a347805795c2e8bf911b92b356bede01a1c5", kill_on_drop: false }`
[INFO] [stdout] 21ca23fc8af007c960af787aec88a347805795c2e8bf911b92b356bede01a1c5
