[INFO] cloning repository https://github.com/Suk-ldev/remote-mic-app-windows
[INFO] running `Command { std: "git" "-c" "credential.helper=" "-c" "credential.helper=/workspace/cargo-home/bin/git-credential-null" "clone" "--bare" "https://github.com/Suk-ldev/remote-mic-app-windows" "/workspace/cache/git-repos/https%3A%2F%2Fgithub.com%2FSuk-ldev%2Fremote-mic-app-windows", kill_on_drop: false }`
[INFO] [stderr] Cloning into bare repository '/workspace/cache/git-repos/https%3A%2F%2Fgithub.com%2FSuk-ldev%2Fremote-mic-app-windows'...
[INFO] running `Command { std: "git" "rev-parse" "HEAD", kill_on_drop: false }`
[INFO] [stdout] f1805e19c0ad98676e4d00711d0c0dbbc3c70d6e
[INFO] checking Suk-ldev/remote-mic-app-windows against 3154cc1a3e6424e44f438a95007d043ed5ceaaf6 for pr-133502-30
[INFO] running `Command { std: "git" "clone" "/workspace/cache/git-repos/https%3A%2F%2Fgithub.com%2FSuk-ldev%2Fremote-mic-app-windows" "/workspace/builds/worker-6-tc2/source", kill_on_drop: false }`
[INFO] [stderr] Cloning into '/workspace/builds/worker-6-tc2/source'...
[INFO] [stderr] done.
[INFO] started tweaking git repo https://github.com/Suk-ldev/remote-mic-app-windows
[INFO] finished tweaking git repo https://github.com/Suk-ldev/remote-mic-app-windows
[INFO] tweaked toml for git repo https://github.com/Suk-ldev/remote-mic-app-windows written to /workspace/builds/worker-6-tc2/source/Cargo.toml
[INFO] validating manifest of git repo https://github.com/Suk-ldev/remote-mic-app-windows on toolchain 3154cc1a3e6424e44f438a95007d043ed5ceaaf6
[INFO] running `Command { std: CARGO_HOME="/workspace/cargo-home" RUSTUP_HOME="/workspace/rustup-home" "/workspace/cargo-home/bin/cargo" "+3154cc1a3e6424e44f438a95007d043ed5ceaaf6" "metadata" "--manifest-path" "Cargo.toml" "--no-deps", kill_on_drop: false }`
[INFO] crate git repo https://github.com/Suk-ldev/remote-mic-app-windows already has a lockfile, it will not be regenerated
[INFO] running `Command { std: CARGO_HOME="/workspace/cargo-home" RUSTUP_HOME="/workspace/rustup-home" "/workspace/cargo-home/bin/cargo" "+3154cc1a3e6424e44f438a95007d043ed5ceaaf6" "fetch" "--manifest-path" "Cargo.toml", kill_on_drop: false }`
[INFO] [stderr] warning: unused workspace dependency `chrono`
[INFO] [stderr]  --> Cargo.toml:9:25
[INFO] [stderr]   |
[INFO] [stderr] 9 | [workspace.dependencies.chrono]
[INFO] [stderr]   |                         ^^^^^^
[INFO] [stderr]   |
[INFO] [stderr]   = note: `cargo::unused_workspace_dependencies` is set to `warn` by default
[INFO] [stderr] help: consider removing the workspace dependency `chrono`
[INFO] [stderr] warning: unused workspace dependency `tokio`
[INFO] [stderr]   --> Cargo.toml:18:25
[INFO] [stderr]    |
[INFO] [stderr] 18 | [workspace.dependencies.tokio]
[INFO] [stderr]    |                         ^^^^^
[INFO] [stderr]    |
[INFO] [stderr] help: consider removing the workspace dependency `tokio`
[INFO] [stderr] warning: workspace (manifest) generated 2 warnings
[INFO] running `Command { std: "docker" "create" "-v" "/var/lib/crater-agent-workspace/builds/worker-6-tc2/source:/opt/rustwide/workdir:ro,Z" "-v" "/var/lib/crater-agent-workspace/builds/worker-6-tc2/target:/opt/rustwide/target:rw,Z" "-v" "/var/lib/crater-agent-workspace/cargo-home:/opt/rustwide/cargo-home:ro,Z" "-v" "/var/lib/crater-agent-workspace/rustup-home:/opt/rustwide/rustup-home:ro,Z" "-m" "1610612736" "--network" "none" "ghcr.io/rust-lang/crates-build-env/linux@sha256:77db811e55d90add9212f6832c23229e3de5f1c1f9905e8cb07319ea15df73ac" "sleep" "infinity", kill_on_drop: false }`
[INFO] [stdout] bb4892503bdd74102ddd05d81d27b9b2a92ce98b8d3339e83947e6a63f3d922d
[INFO] running `Command { std: "docker" "start" "bb4892503bdd74102ddd05d81d27b9b2a92ce98b8d3339e83947e6a63f3d922d", kill_on_drop: false }`
[INFO] running `Command { std: "docker" "inspect" "bb4892503bdd74102ddd05d81d27b9b2a92ce98b8d3339e83947e6a63f3d922d", kill_on_drop: false }`
[INFO] running `Command { std: "docker" "exec" "-e" "SOURCE_DIR=/opt/rustwide/workdir" "-e" "CARGO_HOME=/opt/rustwide/cargo-home" "-e" "RUSTUP_HOME=/opt/rustwide/rustup-home" "-e" "CARGO_TARGET_DIR=/opt/rustwide/target" "-w" "/opt/rustwide/workdir" "--user" "0:0" "bb4892503bdd74102ddd05d81d27b9b2a92ce98b8d3339e83947e6a63f3d922d" "/opt/rustwide/cargo-home/bin/cargo" "+3154cc1a3e6424e44f438a95007d043ed5ceaaf6" "metadata" "--no-deps" "--format-version=1", kill_on_drop: false }`
[INFO] running `Command { std: "docker" "inspect" "bb4892503bdd74102ddd05d81d27b9b2a92ce98b8d3339e83947e6a63f3d922d", kill_on_drop: false }`
[INFO] running `Command { std: "docker" "exec" "-e" "SOURCE_DIR=/opt/rustwide/workdir" "-e" "CARGO_HOME=/opt/rustwide/cargo-home" "-e" "RUSTUP_HOME=/opt/rustwide/rustup-home" "-e" "CARGO_TARGET_DIR=/opt/rustwide/target" "-e" "CARGO_INCREMENTAL=0" "-e" "RUST_BACKTRACE=full" "-e" "RUSTFLAGS=--cap-lints=forbid" "-e" "RUSTDOCFLAGS=--cap-lints=forbid" "-w" "/opt/rustwide/workdir" "--user" "0:0" "bb4892503bdd74102ddd05d81d27b9b2a92ce98b8d3339e83947e6a63f3d922d" "/opt/rustwide/cargo-home/bin/cargo" "+3154cc1a3e6424e44f438a95007d043ed5ceaaf6" "check" "--frozen" "--all" "--all-targets" "--message-format=json", kill_on_drop: false }`
[INFO] [stderr] warning: unused workspace dependency `chrono`
[INFO] [stderr]  --> Cargo.toml:9:25
[INFO] [stderr]   |
[INFO] [stderr] 9 | [workspace.dependencies.chrono]
[INFO] [stderr]   |                         ^^^^^^
[INFO] [stderr]   |
[INFO] [stderr]   = note: `cargo::unused_workspace_dependencies` is set to `warn` by default
[INFO] [stderr] help: consider removing the workspace dependency `chrono`
[INFO] [stderr] warning: unused workspace dependency `tokio`
[INFO] [stderr]   --> Cargo.toml:18:25
[INFO] [stderr]    |
[INFO] [stderr] 18 | [workspace.dependencies.tokio]
[INFO] [stderr]    |                         ^^^^^
[INFO] [stderr]    |
[INFO] [stderr] help: consider removing the workspace dependency `tokio`
[INFO] [stderr] warning: workspace (manifest) generated 2 warnings
[INFO] [stderr]    Compiling semver v1.0.28
[INFO] [stderr]    Compiling toml_datetime v1.1.1+spec-1.1.0
[INFO] [stderr]    Compiling syn v3.0.4
[INFO] [stderr]    Compiling synstructure v0.13.2
[INFO] [stderr]    Compiling thiserror-impl v1.0.69
[INFO] [stderr]    Compiling phf_macros v0.13.1
[INFO] [stderr]    Compiling litemap v0.8.3
[INFO] [stderr]    Compiling writeable v0.6.4
[INFO] [stderr]    Compiling darling_core v0.23.0
[INFO] [stderr]    Compiling icu_properties_data v2.3.0
[INFO] [stderr]    Compiling icu_normalizer_data v2.3.0
[INFO] [stderr]    Compiling web_atoms v0.2.6
[INFO] [stderr]    Compiling serde_spanned v1.1.1
[INFO] [stderr]    Compiling serde_json v1.0.151
[INFO] [stderr]    Compiling uuid v1.26.0
[INFO] [stderr]    Compiling cssparser-macros v0.6.1
[INFO] [stderr]    Compiling derive_more-impl v2.1.1
[INFO] [stderr]    Compiling serde_derive_internals v0.29.1
[INFO] [stderr]    Compiling rustc_version v0.4.1
[INFO] [stderr]    Compiling toml v1.1.4+spec-1.1.0
[INFO] [stderr]    Compiling time v0.3.55
[INFO] [stderr]    Compiling erased-serde v0.4.10
[INFO] [stderr]    Compiling regex v1.13.1
[INFO] [stderr]    Compiling camino v1.2.5
[INFO] [stderr]    Compiling cfb v0.7.3
[INFO] [stderr]    Compiling serde-untagged v0.1.9
[INFO] [stderr]    Compiling field-offset v0.3.6
[INFO] [stderr]    Compiling gtk v0.18.2
[INFO] [stderr]    Compiling zerofrom-derive v0.1.7
[INFO] [stderr]    Compiling yoke-derive v0.8.2
[INFO] [stderr]    Compiling phf v0.13.1
[INFO] [stderr]    Compiling toml_datetime v0.7.5+spec-1.1.0
[INFO] [stderr]    Compiling dirs-sys v0.5.0
[INFO] [stderr]     Checking thiserror v1.0.69
[INFO] [stderr]     Checking tokio v1.53.1
[INFO] [stderr]    Compiling cssparser v0.36.0
[INFO] [stderr]    Compiling toml v0.9.12+spec-1.1.0
[INFO] [stderr]     Checking rustix v1.1.4
[INFO] [stderr]    Compiling dirs v6.0.0
[INFO] [stderr]    Compiling x11 v2.21.0
[INFO] [stderr]    Compiling toml_edit v0.25.13+spec-1.1.0
[INFO] [stderr]    Compiling infer v0.19.0
[INFO] [stderr]    Compiling schemars_derive v0.8.22
[INFO] [stderr]    Compiling derive_more v2.1.1
[INFO] [stderr]    Compiling enumflags2_derive v0.7.12
[INFO] [stderr]    Compiling embed-resource v3.0.11
[INFO] [stderr]    Compiling markup5ever v0.38.0
[INFO] [stderr]    Compiling selectors v0.36.1
[INFO] [stderr]    Compiling zerofrom v0.1.8
[INFO] [stderr]    Compiling html5ever v0.38.0
[INFO] [stderr]    Compiling tauri-winres v0.3.6
[INFO] [stderr]    Compiling cookie v0.18.2
[INFO] [stderr]     Checking yoke v0.8.3
[INFO] [stderr]    Compiling proc-macro-crate v3.5.0
[INFO] [stderr]    Compiling libdbus-sys v0.2.7
[INFO] [stderr]     Checking windows-link v0.2.1
[INFO] [stderr]     Checking ring v0.17.14
[INFO] [stderr]     Checking unic-ucd-ident v0.9.0
[INFO] [stderr]     Checking toml_parser v1.1.3+spec-1.1.0
[INFO] [stderr]    Compiling tracing-attributes v0.1.31
[INFO] [stderr]    Compiling bitflags v1.3.2
[INFO] [stderr]    Compiling png v0.17.16
[INFO] [stderr]    Compiling rustls v0.23.43
[INFO] [stderr]     Checking brotli v8.0.4
[INFO] [stderr]     Checking ctor v0.8.0
[INFO] [stderr]    Compiling dlopen2_derive v0.4.3
[INFO] [stderr]     Checking libloading v0.7.4
[INFO] [stderr]    Compiling tauri-runtime v2.11.3
[INFO] [stderr]     Checking dunce v1.0.5
[INFO] [stderr]    Compiling wry v0.55.1
[INFO] [stderr]    Compiling sha2 v0.10.9
[INFO] [stderr]     Checking dbus v0.9.12
[INFO] [stderr]     Checking windows-strings v0.5.1
[INFO] [stderr]     Checking windows-result v0.4.1
[INFO] [stderr]    Compiling windows-interface v0.59.3
[INFO] [stderr]    Compiling windows-implement v0.60.2
[INFO] [stderr]    Compiling tauri-runtime-wry v2.11.4
[INFO] [stderr]     Checking dlopen2 v0.8.2
[INFO] [stderr]    Compiling serialize-to-javascript-impl v0.1.2
[INFO] [stderr]     Checking is-docker v0.2.0
[INFO] [stderr]    Compiling dom_query v0.27.0
[INFO] [stderr]    Compiling ico v0.5.0
[INFO] [stderr]     Checking heck v0.5.0
[INFO] [stderr]     Checking is-wsl v0.4.0
[INFO] [stderr]     Checking windows-threading v0.2.1
[INFO] [stderr]    Compiling darling_macro v0.23.0
[INFO] [stderr]    Compiling async-recursion v1.1.1
[INFO] [stderr]     Checking filetime v0.2.29
[INFO] [stderr]     Checking open v5.4.3
[INFO] [stderr]     Checking minisign-verify v0.2.5
[INFO] [stderr]    Compiling darling v0.23.0
[INFO] [stderr]    Compiling serde_with_macros v3.22.0
[INFO] [stderr]     Checking windows-core v0.62.2
[INFO] [stderr]     Checking tracing v0.1.44
[INFO] [stderr]     Checking windows-numerics v0.3.1
[INFO] [stderr]     Checking windows-future v0.3.2
[INFO] [stderr]     Checking windows-collections v0.3.2
[INFO] [stderr]     Checking rustls-webpki v0.103.15
[INFO] [stdout] error[E0425]: cannot find type `IMarshal` in module `windows_core::imp`
[INFO] [stdout]   --> /opt/rustwide/cargo-home/registry/src/index.crates.io-1949cf8c6b5b557f/windows-future-0.3.2/src/bindings.rs:87:51
[INFO] [stdout]    |
[INFO] [stdout] 87 |             } else if *iid == <windows_core::imp::IMarshal as windows_core::Interface>::IID {
[INFO] [stdout]    |                                                   ^^^^^^^^ not found in `windows_core::imp`
[INFO] [stdout] 
[INFO] [stdout] 
[INFO] [stdout] error[E0425]: cannot find function `marshaler` in module `windows_core::imp`
[INFO] [stdout]   --> /opt/rustwide/cargo-home/registry/src/index.crates.io-1949cf8c6b5b557f/windows-future-0.3.2/src/bindings.rs:89:43
[INFO] [stdout]    |
[INFO] [stdout] 89 |                 return windows_core::imp::marshaler(
[INFO] [stdout]    |                                           ^^^^^^^^^ not found in `windows_core::imp`
[INFO] [stdout] 
[INFO] [stdout] 
[INFO] [stdout] error[E0425]: cannot find type `IMarshal` in module `windows_core::imp`
[INFO] [stdout]    --> /opt/rustwide/cargo-home/registry/src/index.crates.io-1949cf8c6b5b557f/windows-future-0.3.2/src/bindings.rs:255:51
[INFO] [stdout]     |
[INFO] [stdout] 255 |             } else if *iid == <windows_core::imp::IMarshal as windows_core::Interface>::IID {
[INFO] [stdout]     |                                                   ^^^^^^^^ not found in `windows_core::imp`
[INFO] [stdout] 
[INFO] [stdout] 
[INFO] [stdout] error[E0425]: cannot find function `marshaler` in module `windows_core::imp`
[INFO] [stdout]    --> /opt/rustwide/cargo-home/registry/src/index.crates.io-1949cf8c6b5b557f/windows-future-0.3.2/src/bindings.rs:257:43
[INFO] [stdout]     |
[INFO] [stdout] 257 |                 return windows_core::imp::marshaler(
[INFO] [stdout]     |                                           ^^^^^^^^^ not found in `windows_core::imp`
[INFO] [stdout] 
[INFO] [stdout] 
[INFO] [stdout] error[E0425]: cannot find type `IMarshal` in module `windows_core::imp`
[INFO] [stdout]    --> /opt/rustwide/cargo-home/registry/src/index.crates.io-1949cf8c6b5b557f/windows-future-0.3.2/src/bindings.rs:422:364
[INFO] [stdout]     |
[INFO] [stdout] 422 | ... _ } else if * iid == < windows_core::imp::IMarshal as windows_core::Interface >::IID { ( * this ) . count . add_ref ( ) ; retur...
[INFO] [stdout]     |                                               ^^^^^^^^ not found in `windows_core::imp`
[INFO] [stdout] 
[INFO] [stdout] 
[INFO] [stdout] error[E0425]: cannot find function `marshaler` in module `windows_core::imp`
[INFO] [stdout]    --> /opt/rustwide/cargo-home/registry/src/index.crates.io-1949cf8c6b5b557f/windows-future-0.3.2/src/bindings.rs:422:470
[INFO] [stdout]     |
[INFO] [stdout] 422 | ... . add_ref ( ) ; return windows_core::imp::marshaler ( core::mem::transmute ( & mut ( * this ) . vtable as * mut _ as * mut core...
[INFO] [stdout]     |                                               ^^^^^^^^^ not found in `windows_core::imp`
[INFO] [stdout] 
[INFO] [stdout] 
[INFO] [stdout] error[E0425]: cannot find type `IMarshal` in module `windows_core::imp`
[INFO] [stdout]    --> /opt/rustwide/cargo-home/registry/src/index.crates.io-1949cf8c6b5b557f/windows-future-0.3.2/src/bindings.rs:572:51
[INFO] [stdout]     |
[INFO] [stdout] 572 |             } else if *iid == <windows_core::imp::IMarshal as windows_core::Interface>::IID {
[INFO] [stdout]     |                                                   ^^^^^^^^ not found in `windows_core::imp`
[INFO] [stdout] 
[INFO] [stdout] 
[INFO] [stdout] error[E0425]: cannot find function `marshaler` in module `windows_core::imp`
[INFO] [stdout]    --> /opt/rustwide/cargo-home/registry/src/index.crates.io-1949cf8c6b5b557f/windows-future-0.3.2/src/bindings.rs:574:43
[INFO] [stdout]     |
[INFO] [stdout] 574 |                 return windows_core::imp::marshaler(
[INFO] [stdout]     |                                           ^^^^^^^^^ not found in `windows_core::imp`
[INFO] [stdout] 
[INFO] [stdout] 
[INFO] [stdout] error[E0425]: cannot find type `IMarshal` in module `windows_core::imp`
[INFO] [stdout]    --> /opt/rustwide/cargo-home/registry/src/index.crates.io-1949cf8c6b5b557f/windows-future-0.3.2/src/bindings.rs:752:364
[INFO] [stdout]     |
[INFO] [stdout] 752 | ... _ } else if * iid == < windows_core::imp::IMarshal as windows_core::Interface >::IID { ( * this ) . count . add_ref ( ) ; retur...
[INFO] [stdout]     |                                               ^^^^^^^^ not found in `windows_core::imp`
[INFO] [stdout] 
[INFO] [stdout] 
[INFO] [stdout] error[E0425]: cannot find function `marshaler` in module `windows_core::imp`
[INFO] [stdout]    --> /opt/rustwide/cargo-home/registry/src/index.crates.io-1949cf8c6b5b557f/windows-future-0.3.2/src/bindings.rs:752:470
[INFO] [stdout]     |
[INFO] [stdout] 752 | ... . add_ref ( ) ; return windows_core::imp::marshaler ( core::mem::transmute ( & mut ( * this ) . vtable as * mut _ as * mut core...
[INFO] [stdout]     |                                               ^^^^^^^^^ not found in `windows_core::imp`
[INFO] [stdout] 
[INFO] [stdout] 
[INFO] [stdout] error[E0425]: cannot find type `IMarshal` in module `windows_core::imp`
[INFO] [stdout]    --> /opt/rustwide/cargo-home/registry/src/index.crates.io-1949cf8c6b5b557f/windows-future-0.3.2/src/bindings.rs:927:377
[INFO] [stdout]     |
[INFO] [stdout] 927 | ... _ } else if * iid == < windows_core::imp::IMarshal as windows_core::Interface >::IID { ( * this ) . count . add_ref ( ) ; retur...
[INFO] [stdout]     |                                               ^^^^^^^^ not found in `windows_core::imp`
[INFO] [stdout] 
[INFO] [stdout] 
[INFO] [stdout] error[E0425]: cannot find function `marshaler` in module `windows_core::imp`
[INFO] [stdout]    --> /opt/rustwide/cargo-home/registry/src/index.crates.io-1949cf8c6b5b557f/windows-future-0.3.2/src/bindings.rs:927:483
[INFO] [stdout]     |
[INFO] [stdout] 927 | ... . add_ref ( ) ; return windows_core::imp::marshaler ( core::mem::transmute ( & mut ( * this ) . vtable as * mut _ as * mut core...
[INFO] [stdout]     |                                               ^^^^^^^^^ not found in `windows_core::imp`
[INFO] [stdout] 
[INFO] [stdout] 
[INFO] [stdout] error[E0425]: cannot find function `submit` in crate `windows_threading`
[INFO] [stdout]    --> /opt/rustwide/cargo-home/registry/src/index.crates.io-1949cf8c6b5b557f/windows-future-0.3.2/src/async_spawn.rs:264:28
[INFO] [stdout]     |
[INFO] [stdout] 264 |         windows_threading::submit(move || {
[INFO] [stdout]     |                            ^^^^^^ not found in `windows_threading`
[INFO] [stdout] 
[INFO] [stdout] 
[INFO] [stdout] error[E0425]: cannot find function `submit` in crate `windows_threading`
[INFO] [stdout]    --> /opt/rustwide/cargo-home/registry/src/index.crates.io-1949cf8c6b5b557f/windows-future-0.3.2/src/async_spawn.rs:281:28
[INFO] [stdout]     |
[INFO] [stdout] 281 |         windows_threading::submit(move || {
[INFO] [stdout]     |                            ^^^^^^ not found in `windows_threading`
[INFO] [stdout] 
[INFO] [stdout] 
[INFO] [stdout] error[E0425]: cannot find function `submit` in crate `windows_threading`
[INFO] [stdout]    --> /opt/rustwide/cargo-home/registry/src/index.crates.io-1949cf8c6b5b557f/windows-future-0.3.2/src/async_spawn.rs:298:28
[INFO] [stdout]     |
[INFO] [stdout] 298 |         windows_threading::submit(move || {
[INFO] [stdout]     |                            ^^^^^^ not found in `windows_threading`
[INFO] [stdout] 
[INFO] [stdout] 
[INFO] [stdout] error[E0425]: cannot find function `submit` in crate `windows_threading`
[INFO] [stdout]    --> /opt/rustwide/cargo-home/registry/src/index.crates.io-1949cf8c6b5b557f/windows-future-0.3.2/src/async_spawn.rs:315:28
[INFO] [stdout]     |
[INFO] [stdout] 315 |         windows_threading::submit(move || {
[INFO] [stdout]     |                            ^^^^^^ not found in `windows_threading`
[INFO] [stdout] 
[INFO] [stdout] 
[INFO] [stderr]     Checking polling v3.11.0
[INFO] [stderr]     Checking xattr v1.6.1
[INFO] [stderr]     Checking tempfile v3.27.0
[INFO] [stderr]    Compiling serde_with v3.22.0
[INFO] [stderr]     Checking tar v0.4.46
[INFO] [stderr]     Checking async-io v2.6.0
[INFO] [stdout] For more information about this error, try `rustc --explain E0425`.
[INFO] [stdout] 
[INFO] [stderr] error: could not compile `windows-future` (lib) due to 16 previous errors
[INFO] [stderr] warning: build failed, waiting for other jobs to finish...
[INFO] running `Command { std: "docker" "inspect" "bb4892503bdd74102ddd05d81d27b9b2a92ce98b8d3339e83947e6a63f3d922d", kill_on_drop: false }`
[INFO] running `Command { std: "docker" "rm" "-f" "bb4892503bdd74102ddd05d81d27b9b2a92ce98b8d3339e83947e6a63f3d922d", kill_on_drop: false }`
[INFO] [stdout] bb4892503bdd74102ddd05d81d27b9b2a92ce98b8d3339e83947e6a63f3d922d
