[INFO] cloning repository https://github.com/StupidArthur/datafactory_next
[INFO] running `Command { std: "git" "-c" "credential.helper=" "-c" "credential.helper=/workspace/cargo-home/bin/git-credential-null" "clone" "--bare" "https://github.com/StupidArthur/datafactory_next" "/workspace/cache/git-repos/https%3A%2F%2Fgithub.com%2FStupidArthur%2Fdatafactory_next", kill_on_drop: false }`
[INFO] [stderr] Cloning into bare repository '/workspace/cache/git-repos/https%3A%2F%2Fgithub.com%2FStupidArthur%2Fdatafactory_next'...
[INFO] running `Command { std: "git" "rev-parse" "HEAD", kill_on_drop: false }`
[INFO] [stdout] db701fbef781a3aeeb1edf4169d4943769b6351b
[INFO] checking StupidArthur/datafactory_next against 3154cc1a3e6424e44f438a95007d043ed5ceaaf6 for pr-133502-30
[INFO] running `Command { std: "git" "clone" "/workspace/cache/git-repos/https%3A%2F%2Fgithub.com%2FStupidArthur%2Fdatafactory_next" "/workspace/builds/worker-4-tc2/source", kill_on_drop: false }`
[INFO] [stderr] Cloning into '/workspace/builds/worker-4-tc2/source'...
[INFO] [stderr] done.
[INFO] started tweaking git repo https://github.com/StupidArthur/datafactory_next
[INFO] finished tweaking git repo https://github.com/StupidArthur/datafactory_next
[INFO] tweaked toml for git repo https://github.com/StupidArthur/datafactory_next written to /workspace/builds/worker-4-tc2/source/Cargo.toml
[INFO] validating manifest of git repo https://github.com/StupidArthur/datafactory_next on toolchain 3154cc1a3e6424e44f438a95007d043ed5ceaaf6
[INFO] running `Command { std: CARGO_HOME="/workspace/cargo-home" RUSTUP_HOME="/workspace/rustup-home" "/workspace/cargo-home/bin/cargo" "+3154cc1a3e6424e44f438a95007d043ed5ceaaf6" "metadata" "--manifest-path" "Cargo.toml" "--no-deps", kill_on_drop: false }`
[INFO] crate git repo https://github.com/StupidArthur/datafactory_next already has a lockfile, it will not be regenerated
[INFO] running `Command { std: CARGO_HOME="/workspace/cargo-home" RUSTUP_HOME="/workspace/rustup-home" "/workspace/cargo-home/bin/cargo" "+3154cc1a3e6424e44f438a95007d043ed5ceaaf6" "fetch" "--manifest-path" "Cargo.toml", kill_on_drop: false }`
[INFO] running `Command { std: "docker" "create" "-v" "/var/lib/crater-agent-workspace/builds/worker-4-tc2/source:/opt/rustwide/workdir:ro,Z" "-v" "/var/lib/crater-agent-workspace/builds/worker-4-tc2/target:/opt/rustwide/target:rw,Z" "-v" "/var/lib/crater-agent-workspace/cargo-home:/opt/rustwide/cargo-home:ro,Z" "-v" "/var/lib/crater-agent-workspace/rustup-home:/opt/rustwide/rustup-home:ro,Z" "-m" "1610612736" "--network" "none" "ghcr.io/rust-lang/crates-build-env/linux@sha256:77db811e55d90add9212f6832c23229e3de5f1c1f9905e8cb07319ea15df73ac" "sleep" "infinity", kill_on_drop: false }`
[INFO] [stdout] beae0f92be8ca4440aabf55b746ece320df5d68ea1b3e6070bd609997ed0b5d0
[INFO] running `Command { std: "docker" "start" "beae0f92be8ca4440aabf55b746ece320df5d68ea1b3e6070bd609997ed0b5d0", kill_on_drop: false }`
[INFO] running `Command { std: "docker" "inspect" "beae0f92be8ca4440aabf55b746ece320df5d68ea1b3e6070bd609997ed0b5d0", kill_on_drop: false }`
[INFO] running `Command { std: "docker" "exec" "-e" "SOURCE_DIR=/opt/rustwide/workdir" "-e" "CARGO_HOME=/opt/rustwide/cargo-home" "-e" "RUSTUP_HOME=/opt/rustwide/rustup-home" "-e" "CARGO_TARGET_DIR=/opt/rustwide/target" "-w" "/opt/rustwide/workdir" "--user" "0:0" "beae0f92be8ca4440aabf55b746ece320df5d68ea1b3e6070bd609997ed0b5d0" "/opt/rustwide/cargo-home/bin/cargo" "+3154cc1a3e6424e44f438a95007d043ed5ceaaf6" "metadata" "--no-deps" "--format-version=1", kill_on_drop: false }`
[INFO] running `Command { std: "docker" "inspect" "beae0f92be8ca4440aabf55b746ece320df5d68ea1b3e6070bd609997ed0b5d0", kill_on_drop: false }`
[INFO] running `Command { std: "docker" "exec" "-e" "SOURCE_DIR=/opt/rustwide/workdir" "-e" "CARGO_HOME=/opt/rustwide/cargo-home" "-e" "RUSTUP_HOME=/opt/rustwide/rustup-home" "-e" "CARGO_TARGET_DIR=/opt/rustwide/target" "-e" "CARGO_INCREMENTAL=0" "-e" "RUST_BACKTRACE=full" "-e" "RUSTFLAGS=--cap-lints=forbid" "-e" "RUSTDOCFLAGS=--cap-lints=forbid" "-w" "/opt/rustwide/workdir" "--user" "0:0" "beae0f92be8ca4440aabf55b746ece320df5d68ea1b3e6070bd609997ed0b5d0" "/opt/rustwide/cargo-home/bin/cargo" "+3154cc1a3e6424e44f438a95007d043ed5ceaaf6" "check" "--frozen" "--all" "--all-targets" "--message-format=json", kill_on_drop: false }`
[INFO] [stderr]     Checking arrow-schema v59.2.0
[INFO] [stderr]     Checking bitflags v2.13.1
[INFO] [stderr]    Compiling num-traits v0.2.19
[INFO] [stderr]    Compiling syn v2.0.119
[INFO] [stderr]    Compiling ahash v0.8.12
[INFO] [stderr]    Compiling syn v3.0.4
[INFO] [stderr]    Compiling snap v1.1.2
[INFO] [stderr]    Compiling flatbuffers v25.12.19
[INFO] [stderr]     Checking getrandom v0.3.4
[INFO] [stderr]     Checking indexmap v2.14.1
[INFO] [stderr]     Checking base64 v0.23.1
[INFO] [stderr]    Compiling seq-macro v0.3.6
[INFO] [stderr]     Checking unsafe-libyaml v0.2.11
[INFO] [stderr]     Checking num-integer v0.1.47
[INFO] [stderr]     Checking num-complex v0.4.6
[INFO] [stderr]     Checking chrono v0.4.45
[INFO] [stderr]     Checking num-bigint v0.5.1
[INFO] [stderr]    Compiling serde_derive v1.0.229
[INFO] [stderr]    Compiling thiserror-impl v2.0.20
[INFO] [stderr]    Compiling zerocopy-derive v0.8.56
[INFO] [stderr]     Checking thiserror v2.0.20
[INFO] [stderr]     Checking zerocopy v0.8.56
[INFO] [stderr]     Checking serde v1.0.229
[INFO] [stderr]     Checking serde_yaml v0.9.34+deprecated
[INFO] [stderr]     Checking half v2.7.1
[INFO] [stderr]     Checking arrow-buffer v59.2.0
[INFO] [stderr]     Checking arrow-data v59.2.0
[INFO] [stderr]     Checking arrow-array v59.2.0
[INFO] [stderr]     Checking arrow-select v59.2.0
[INFO] [stderr]     Checking arrow-ipc v59.2.0
[INFO] [stderr]     Checking parquet v59.2.0
[INFO] [stderr]     Checking df-core v0.1.0 (/opt/rustwide/workdir/crates/df-core)
[INFO] [stderr]     Checking df-sdk v0.1.0 (/opt/rustwide/workdir/crates/df-sdk)
[INFO] [stderr]     Checking df-engine v0.1.0 (/opt/rustwide/workdir/crates/df-engine)
[INFO] [stdout] error[E0433]: cannot find `windows` in `os`
[INFO] [stdout]    --> crates/df-sdk/src/lib.rs:188:18
[INFO] [stdout]     |
[INFO] [stdout] 188 |     use std::os::windows::process::ExitStatusExt;
[INFO] [stdout]     |                  ^^^^^^^ could not find `windows` in `os`
[INFO] [stdout]     |
[INFO] [stdout] note: found an item that was configured out
[INFO] [stdout]    --> /rustc/3154cc1a3e6424e44f438a95007d043ed5ceaaf6/library/std/src/os/mod.rs:62:4
[INFO] [stdout]     |
[INFO] [stdout]     = note: the item is gated behind the `windows` feature
[INFO] [stdout] 
[INFO] [stdout] 
[INFO] [stdout] error[E0599]: no associated function or constant named `from_raw` found for struct `ExitStatus` in the current scope
[INFO] [stdout]    --> crates/df-sdk/src/lib.rs:211:64
[INFO] [stdout]     |
[INFO] [stdout] 211 |         assert!(validate_exit_status(std::process::ExitStatus::from_raw(0)).is_ok());
[INFO] [stdout]     |                                                                ^^^^^^^^ associated function or constant not found in `ExitStatus`
[INFO] [stdout]     |
[INFO] [stdout]     = help: items from traits can only be used if the trait is in scope
[INFO] [stdout] help: trait `ExitStatusExt` which provides `from_raw` is implemented but not in scope; perhaps you want to import it
[INFO] [stdout]     |
[INFO] [stdout] 187 +     use std::os::unix::process::ExitStatusExt;
[INFO] [stdout]     |
[INFO] [stdout] help: there is an associated function `from` with a similar name
[INFO] [stdout]     |
[INFO] [stdout] 211 -         assert!(validate_exit_status(std::process::ExitStatus::from_raw(0)).is_ok());
[INFO] [stdout] 211 +         assert!(validate_exit_status(std::process::ExitStatus::from(0)).is_ok());
[INFO] [stdout]     |
[INFO] [stdout] 
[INFO] [stdout] 
[INFO] [stdout] error[E0599]: no associated function or constant named `from_raw` found for struct `ExitStatus` in the current scope
[INFO] [stdout]    --> crates/df-sdk/src/lib.rs:213:60
[INFO] [stdout]     |
[INFO] [stdout] 213 |             validate_exit_status(std::process::ExitStatus::from_raw(1)),
[INFO] [stdout]     |                                                            ^^^^^^^^ associated function or constant not found in `ExitStatus`
[INFO] [stdout]     |
[INFO] [stdout]     = help: items from traits can only be used if the trait is in scope
[INFO] [stdout] help: trait `ExitStatusExt` which provides `from_raw` is implemented but not in scope; perhaps you want to import it
[INFO] [stdout]     |
[INFO] [stdout] 187 +     use std::os::unix::process::ExitStatusExt;
[INFO] [stdout]     |
[INFO] [stdout] help: there is an associated function `from` with a similar name
[INFO] [stdout]     |
[INFO] [stdout] 213 -             validate_exit_status(std::process::ExitStatus::from_raw(1)),
[INFO] [stdout] 213 +             validate_exit_status(std::process::ExitStatus::from(1)),
[INFO] [stdout]     |
[INFO] [stdout] 
[INFO] [stdout] 
[INFO] [stdout] error[E0599]: no associated function or constant named `from_raw` found for struct `ExitStatus` in the current scope
[INFO] [stdout]    --> crates/df-sdk/src/lib.rs:217:58
[INFO] [stdout]     |
[INFO] [stdout] 217 |         assert!(wait_result(Ok(std::process::ExitStatus::from_raw(0))).is_ok());
[INFO] [stdout]     |                                                          ^^^^^^^^ associated function or constant not found in `ExitStatus`
[INFO] [stdout]     |
[INFO] [stdout]     = help: items from traits can only be used if the trait is in scope
[INFO] [stdout] help: trait `ExitStatusExt` which provides `from_raw` is implemented but not in scope; perhaps you want to import it
[INFO] [stdout]     |
[INFO] [stdout] 187 +     use std::os::unix::process::ExitStatusExt;
[INFO] [stdout]     |
[INFO] [stdout] help: there is an associated function `from` with a similar name
[INFO] [stdout]     |
[INFO] [stdout] 217 -         assert!(wait_result(Ok(std::process::ExitStatus::from_raw(0))).is_ok());
[INFO] [stdout] 217 +         assert!(wait_result(Ok(std::process::ExitStatus::from(0))).is_ok());
[INFO] [stdout]     |
[INFO] [stdout] 
[INFO] [stdout] 
[INFO] [stdout] Some errors have detailed explanations: E0433, E0599.
[INFO] [stdout] 
[INFO] [stdout] For more information about an error, try `rustc --explain E0433`.
[INFO] [stdout] 
[INFO] [stderr] error: could not compile `df-sdk` (lib test) due to 4 previous errors
[INFO] [stderr] warning: build failed, waiting for other jobs to finish...
[INFO] running `Command { std: "docker" "inspect" "beae0f92be8ca4440aabf55b746ece320df5d68ea1b3e6070bd609997ed0b5d0", kill_on_drop: false }`
[INFO] running `Command { std: "docker" "rm" "-f" "beae0f92be8ca4440aabf55b746ece320df5d68ea1b3e6070bd609997ed0b5d0", kill_on_drop: false }`
[INFO] [stdout] beae0f92be8ca4440aabf55b746ece320df5d68ea1b3e6070bd609997ed0b5d0
