[INFO] cloning repository https://github.com/Stufusic/CyberV
[INFO] running `Command { std: "git" "-c" "credential.helper=" "-c" "credential.helper=/workspace/cargo-home/bin/git-credential-null" "clone" "--bare" "https://github.com/Stufusic/CyberV" "/workspace/cache/git-repos/https%3A%2F%2Fgithub.com%2FStufusic%2FCyberV", kill_on_drop: false }`
[INFO] [stderr] Cloning into bare repository '/workspace/cache/git-repos/https%3A%2F%2Fgithub.com%2FStufusic%2FCyberV'...
[INFO] running `Command { std: "git" "rev-parse" "HEAD", kill_on_drop: false }`
[INFO] [stdout] f4887c23946c13f955aa5f1b91897690a9f45600
[INFO] checking Stufusic/CyberV against 3154cc1a3e6424e44f438a95007d043ed5ceaaf6+rustflags=-Znext-solver=coherence for pr-133502-30
[INFO] running `Command { std: "git" "clone" "/workspace/cache/git-repos/https%3A%2F%2Fgithub.com%2FStufusic%2FCyberV" "/workspace/builds/worker-1-tc1/source", kill_on_drop: false }`
[INFO] [stderr] Cloning into '/workspace/builds/worker-1-tc1/source'...
[INFO] [stderr] done.
[INFO] removed /workspace/builds/worker-1-tc1/source/.cargo/config.toml
[INFO] removed /workspace/builds/worker-1-tc1/source/rust-toolchain.toml
[INFO] started tweaking git repo https://github.com/Stufusic/CyberV
[INFO] finished tweaking git repo https://github.com/Stufusic/CyberV
[INFO] tweaked toml for git repo https://github.com/Stufusic/CyberV written to /workspace/builds/worker-1-tc1/source/Cargo.toml
[INFO] validating manifest of git repo https://github.com/Stufusic/CyberV on toolchain 3154cc1a3e6424e44f438a95007d043ed5ceaaf6
[INFO] running `Command { std: CARGO_HOME="/workspace/cargo-home" RUSTUP_HOME="/workspace/rustup-home" "/workspace/cargo-home/bin/cargo" "+3154cc1a3e6424e44f438a95007d043ed5ceaaf6" "metadata" "--manifest-path" "Cargo.toml" "--no-deps", kill_on_drop: false }`
[INFO] crate git repo https://github.com/Stufusic/CyberV already has a lockfile, it will not be regenerated
[INFO] running `Command { std: CARGO_HOME="/workspace/cargo-home" RUSTUP_HOME="/workspace/rustup-home" "/workspace/cargo-home/bin/cargo" "+3154cc1a3e6424e44f438a95007d043ed5ceaaf6" "fetch" "--manifest-path" "Cargo.toml", kill_on_drop: false }`
[INFO] [stderr]     Updating crates.io index
[INFO] [stderr]  Downloading crates ...
[INFO] [stderr]   Downloaded wmi v0.18.4
[INFO] [stderr]   Downloaded x25519-dalek v2.0.1
[INFO] [stderr]   Downloaded tokio-rustls v0.26.5
[INFO] [stderr]   Downloaded sysinfo v0.30.13
[INFO] [stderr]   Downloaded socket-pktinfo v0.4.1
[INFO] [stderr]   Downloaded if-addrs v0.15.0
[INFO] [stderr]   Downloaded mdns-sd v0.21.5
[INFO] running `Command { std: "docker" "create" "-v" "/var/lib/crater-agent-workspace/builds/worker-1-tc1/source:/opt/rustwide/workdir:ro,Z" "-v" "/var/lib/crater-agent-workspace/builds/worker-1-tc1/target:/opt/rustwide/target:rw,Z" "-v" "/var/lib/crater-agent-workspace/cargo-home:/opt/rustwide/cargo-home:ro,Z" "-v" "/var/lib/crater-agent-workspace/rustup-home:/opt/rustwide/rustup-home:ro,Z" "-m" "1610612736" "--network" "none" "ghcr.io/rust-lang/crates-build-env/linux@sha256:77db811e55d90add9212f6832c23229e3de5f1c1f9905e8cb07319ea15df73ac" "sleep" "infinity", kill_on_drop: false }`
[INFO] [stdout] 24761a73e9700cd4e1893ad41dedb266730d937f5604f9b7d83292e052c352f6
[INFO] running `Command { std: "docker" "start" "24761a73e9700cd4e1893ad41dedb266730d937f5604f9b7d83292e052c352f6", kill_on_drop: false }`
[INFO] running `Command { std: "docker" "inspect" "24761a73e9700cd4e1893ad41dedb266730d937f5604f9b7d83292e052c352f6", kill_on_drop: false }`
[INFO] running `Command { std: "docker" "exec" "-e" "SOURCE_DIR=/opt/rustwide/workdir" "-e" "CARGO_HOME=/opt/rustwide/cargo-home" "-e" "RUSTUP_HOME=/opt/rustwide/rustup-home" "-e" "CARGO_TARGET_DIR=/opt/rustwide/target" "-w" "/opt/rustwide/workdir" "--user" "0:0" "24761a73e9700cd4e1893ad41dedb266730d937f5604f9b7d83292e052c352f6" "/opt/rustwide/cargo-home/bin/cargo" "+3154cc1a3e6424e44f438a95007d043ed5ceaaf6" "metadata" "--no-deps" "--format-version=1", kill_on_drop: false }`
[INFO] running `Command { std: "docker" "inspect" "24761a73e9700cd4e1893ad41dedb266730d937f5604f9b7d83292e052c352f6", kill_on_drop: false }`
[INFO] running `Command { std: "docker" "exec" "-e" "SOURCE_DIR=/opt/rustwide/workdir" "-e" "CARGO_HOME=/opt/rustwide/cargo-home" "-e" "RUSTUP_HOME=/opt/rustwide/rustup-home" "-e" "CARGO_TARGET_DIR=/opt/rustwide/target" "-e" "CARGO_INCREMENTAL=0" "-e" "RUST_BACKTRACE=full" "-e" "RUSTFLAGS=--cap-lints=forbid -Znext-solver=coherence" "-e" "RUSTDOCFLAGS=--cap-lints=forbid" "-w" "/opt/rustwide/workdir" "--user" "0:0" "24761a73e9700cd4e1893ad41dedb266730d937f5604f9b7d83292e052c352f6" "/opt/rustwide/cargo-home/bin/cargo" "+3154cc1a3e6424e44f438a95007d043ed5ceaaf6" "check" "--frozen" "--all" "--all-targets" "--message-format=json", kill_on_drop: false }`
[INFO] [stderr]    Compiling syn v2.0.119
[INFO] [stderr]    Compiling syn v3.0.5
[INFO] [stderr]     Checking typenum v1.20.1
[INFO] [stderr]     Checking smallvec v1.16.0
[INFO] [stderr]     Checking bytes v1.12.1
[INFO] [stderr]     Checking subtle v2.6.1
[INFO] [stderr]    Compiling serde_core v1.0.229
[INFO] [stderr]    Compiling openssl-sys v0.9.117
[INFO] [stderr]     Checking socket2 v0.6.5
[INFO] [stderr]     Checking mio v1.2.3
[INFO] [stderr]     Checking futures-sink v0.3.34
[INFO] [stderr]    Compiling crossbeam-utils v0.8.22
[INFO] [stderr]     Checking hashbrown v0.17.1
[INFO] [stderr]    Compiling serde v1.0.229
[INFO] [stderr]    Compiling semver v1.0.28
[INFO] [stderr]    Compiling httparse v1.10.1
[INFO] [stderr]    Compiling openssl v0.10.81
[INFO] [stderr]     Checking futures-task v0.3.34
[INFO] [stderr]     Checking parking_lot_core v0.9.12
[INFO] [stderr]     Checking tracing v0.1.44
[INFO] [stderr]     Checking futures-util v0.3.34
[INFO] [stderr]    Compiling rustc_version v0.4.1
[INFO] [stderr]     Checking getrandom v0.2.17
[INFO] [stderr]     Checking parking_lot v0.12.5
[INFO] [stderr]    Compiling getrandom v0.4.3
[INFO] [stderr]     Checking try-lock v0.2.5
[INFO] [stderr]    Compiling native-tls v0.2.18
[INFO] [stderr]     Checking rand_core v0.10.1
[INFO] [stderr]     Checking tower-service v0.3.3
[INFO] [stderr]     Checking want v0.3.1
[INFO] [stderr]     Checking rand_core v0.6.4
[INFO] [stderr]     Checking form_urlencoded v1.2.2
[INFO] [stderr]     Checking openssl-probe v0.2.1
[INFO] [stderr]     Checking sync_wrapper v1.0.2
[INFO] [stderr]     Checking ipnet v2.12.1
[INFO] [stderr]     Checking cpufeatures v0.3.1
[INFO] [stderr]    Compiling curve25519-dalek v4.1.3
[INFO] [stderr]     Checking tower-layer v0.3.3
[INFO] [stderr]     Checking chacha20 v0.10.2
[INFO] [stderr]    Compiling serde_json v1.0.151
[INFO] [stderr]     Checking spin v0.9.9
[INFO] [stderr]     Checking opaque-debug v0.3.1
[INFO] [stderr]     Checking memchr v2.8.3
[INFO] [stderr]     Checking indexmap v2.14.2
[INFO] [stderr]     Checking either v1.18.0
[INFO] [stderr]     Checking signature v2.2.0
[INFO] [stderr]     Checking crossbeam-epoch v0.9.20
[INFO] [stderr]     Checking rand_chacha v0.3.1
[INFO] [stderr]     Checking socket-pktinfo v0.4.1
[INFO] [stderr]     Checking flume v0.12.0
[INFO] [stderr]     Checking http v1.5.0
[INFO] [stderr]     Checking if-addrs v0.15.0
[INFO] [stderr]    Compiling cyberv-agent v0.1.0 (/opt/rustwide/workdir/agent)
[INFO] [stderr]     Checking rand v0.10.2
[INFO] [stderr]     Checking encoding_rs v0.8.35
[INFO] [stderr]     Checking tempfile v3.27.0
[INFO] [stderr]     Checking generic-array v0.14.7
[INFO] [stderr]     Checking rand v0.8.8
[INFO] [stderr]     Checking crossbeam-deque v0.8.7
[INFO] [stderr]     Checking mdns-sd v0.21.5
[INFO] [stderr]     Checking rayon-core v1.13.0
[INFO] [stderr] warning: cyberv-agent@0.1.0: c++: warning: /std:c++17: linker input file unused because linking not done
[INFO] [stderr] warning: cyberv-agent@0.1.0: c++: error: /std:c++17: linker input file not found: No such file or directory
[INFO] [stderr] warning: cyberv-agent@0.1.0: c++: warning: /EHsc: linker input file unused because linking not done
[INFO] [stderr] warning: cyberv-agent@0.1.0: c++: error: /EHsc: linker input file not found: No such file or directory
[INFO] [stderr] error: failed to run custom build command for `cyberv-agent v0.1.0 (/opt/rustwide/workdir/agent)`
[INFO] [stderr] note: To improve backtraces for build dependencies, set the CARGO_PROFILE_DEV_BUILD_OVERRIDE_DEBUG=true environment variable to enable debug information generation.
[INFO] [stderr] 
[INFO] [stderr] Caused by:
[INFO] [stderr]   process didn't exit successfully: `/opt/rustwide/target/debug/build/cyberv-agent/4a53b2e0ced28d7c/out/build_script_build` (exit status: 1)
[INFO] [stderr]   --- stdout
[INFO] [stderr]   cargo:rerun-if-env-changed=CC_FORCE_DISABLE
[INFO] [stderr]   CC_FORCE_DISABLE = None
[INFO] [stderr]   cargo:rerun-if-env-changed=CXX_x86_64-unknown-linux-gnu
[INFO] [stderr]   CXX_x86_64-unknown-linux-gnu = None
[INFO] [stderr]   cargo:rerun-if-env-changed=CXX_x86_64_unknown_linux_gnu
[INFO] [stderr]   CXX_x86_64_unknown_linux_gnu = None
[INFO] [stderr]   cargo:rerun-if-env-changed=HOST_CXX
[INFO] [stderr]   HOST_CXX = None
[INFO] [stderr]   cargo:rerun-if-env-changed=CXX
[INFO] [stderr]   CXX = None
[INFO] [stderr]   cargo:rerun-if-env-changed=CC_ENABLE_DEBUG_OUTPUT
[INFO] [stderr]   cargo:rerun-if-env-changed=CRATE_CC_NO_DEFAULTS
[INFO] [stderr]   CRATE_CC_NO_DEFAULTS = None
[INFO] [stderr]   cargo:rerun-if-env-changed=CRATE_CC_NO_DEFAULTS
[INFO] [stderr]   CRATE_CC_NO_DEFAULTS = None
[INFO] [stderr]   cargo:rerun-if-env-changed=CXXFLAGS
[INFO] [stderr]   CXXFLAGS = None
[INFO] [stderr]   cargo:rerun-if-env-changed=HOST_CXXFLAGS
[INFO] [stderr]   HOST_CXXFLAGS = None
[INFO] [stderr]   cargo:rerun-if-env-changed=CXXFLAGS_x86_64_unknown_linux_gnu
[INFO] [stderr]   CXXFLAGS_x86_64_unknown_linux_gnu = None
[INFO] [stderr]   cargo:rerun-if-env-changed=CXXFLAGS_x86_64-unknown-linux-gnu
[INFO] [stderr]   CXXFLAGS_x86_64-unknown-linux-gnu = None
[INFO] [stderr]   cargo:rerun-if-env-changed=CXXFLAGS
[INFO] [stderr]   CXXFLAGS = None
[INFO] [stderr]   cargo:rerun-if-env-changed=HOST_CXXFLAGS
[INFO] [stderr]   HOST_CXXFLAGS = None
[INFO] [stderr]   cargo:rerun-if-env-changed=CXXFLAGS_x86_64_unknown_linux_gnu
[INFO] [stderr]   CXXFLAGS_x86_64_unknown_linux_gnu = None
[INFO] [stderr]   cargo:rerun-if-env-changed=CXXFLAGS_x86_64-unknown-linux-gnu
[INFO] [stderr]   CXXFLAGS_x86_64-unknown-linux-gnu = None
[INFO] [stderr]   cargo:warning=c++: warning: /std:c++17: linker input file unused because linking not done
[INFO] [stderr]   cargo:warning=c++: error: /std:c++17: linker input file not found: No such file or directory
[INFO] [stderr]   cargo:warning=c++: warning: /EHsc: linker input file unused because linking not done
[INFO] [stderr]   cargo:warning=c++: error: /EHsc: linker input file not found: No such file or directory
[INFO] [stderr] 
[INFO] [stderr]   --- stderr
[INFO] [stderr] 
[INFO] [stderr] 
[INFO] [stderr]   error occurred in cc-rs: command did not execute successfully (status code exit status: 1): LC_ALL="C" "c++" "-O0" "-ffunction-sections" "-fdata-sections" "-fPIC" "-g" "-gdwarf-4" "-fno-omit-frame-pointer" "-mno-omit-leaf-frame-pointer" "-m64" "-w" "/std:c++17" "/EHsc" "-o" "/opt/rustwide/target/debug/build/cyberv-agent/0797a3e7aa21fafe/out/2c5c70506b2b8209-cyberv_shim_stub.o" "-c" "shim/cyberv_shim_stub.cpp"
[INFO] [stderr] 
[INFO] [stderr] 
[INFO] [stderr] warning: build failed, waiting for other jobs to finish...
[INFO] running `Command { std: "docker" "inspect" "24761a73e9700cd4e1893ad41dedb266730d937f5604f9b7d83292e052c352f6", kill_on_drop: false }`
[INFO] running `Command { std: "docker" "rm" "-f" "24761a73e9700cd4e1893ad41dedb266730d937f5604f9b7d83292e052c352f6", kill_on_drop: false }`
[INFO] [stdout] 24761a73e9700cd4e1893ad41dedb266730d937f5604f9b7d83292e052c352f6
