[INFO] cloning repository https://github.com/StarGazerM/inline-proc
[INFO] running `Command { std: "git" "-c" "credential.helper=" "-c" "credential.helper=/workspace/cargo-home/bin/git-credential-null" "clone" "--bare" "https://github.com/StarGazerM/inline-proc" "/workspace/cache/git-repos/https%3A%2F%2Fgithub.com%2FStarGazerM%2Finline-proc", kill_on_drop: false }`
[INFO] [stderr] Cloning into bare repository '/workspace/cache/git-repos/https%3A%2F%2Fgithub.com%2FStarGazerM%2Finline-proc'...
[INFO] running `Command { std: "git" "rev-parse" "HEAD", kill_on_drop: false }`
[INFO] [stdout] 08c389f6fce8eb26d430a834082967e4f85ffe5b
[INFO] checking StarGazerM/inline-proc against 3154cc1a3e6424e44f438a95007d043ed5ceaaf6+rustflags=-Znext-solver=coherence for pr-133502-30
[INFO] running `Command { std: "git" "clone" "/workspace/cache/git-repos/https%3A%2F%2Fgithub.com%2FStarGazerM%2Finline-proc" "/workspace/builds/worker-2-tc1/source", kill_on_drop: false }`
[INFO] [stderr] Cloning into '/workspace/builds/worker-2-tc1/source'...
[INFO] [stderr] done.
[INFO] started tweaking git repo https://github.com/StarGazerM/inline-proc
[INFO] finished tweaking git repo https://github.com/StarGazerM/inline-proc
[INFO] tweaked toml for git repo https://github.com/StarGazerM/inline-proc written to /workspace/builds/worker-2-tc1/source/Cargo.toml
[INFO] validating manifest of git repo https://github.com/StarGazerM/inline-proc on toolchain 3154cc1a3e6424e44f438a95007d043ed5ceaaf6
[INFO] running `Command { std: CARGO_HOME="/workspace/cargo-home" RUSTUP_HOME="/workspace/rustup-home" "/workspace/cargo-home/bin/cargo" "+3154cc1a3e6424e44f438a95007d043ed5ceaaf6" "metadata" "--manifest-path" "Cargo.toml" "--no-deps", kill_on_drop: false }`
[INFO] crate git repo https://github.com/StarGazerM/inline-proc already has a lockfile, it will not be regenerated
[INFO] running `Command { std: CARGO_HOME="/workspace/cargo-home" RUSTUP_HOME="/workspace/rustup-home" "/workspace/cargo-home/bin/cargo" "+3154cc1a3e6424e44f438a95007d043ed5ceaaf6" "fetch" "--manifest-path" "Cargo.toml", kill_on_drop: false }`
[INFO] [stderr]     Updating crates.io index
[INFO] [stderr]  Downloading crates ...
[INFO] [stderr]   Downloaded boxcar v0.1.0
[INFO] [stderr]   Downloaded duplicate v2.0.1
[INFO] running `Command { std: "docker" "create" "-v" "/var/lib/crater-agent-workspace/builds/worker-2-tc1/source:/opt/rustwide/workdir:ro,Z" "-v" "/var/lib/crater-agent-workspace/builds/worker-2-tc1/target:/opt/rustwide/target:rw,Z" "-v" "/var/lib/crater-agent-workspace/cargo-home:/opt/rustwide/cargo-home:ro,Z" "-v" "/var/lib/crater-agent-workspace/rustup-home:/opt/rustwide/rustup-home:ro,Z" "-m" "1610612736" "--network" "none" "ghcr.io/rust-lang/crates-build-env/linux@sha256:77db811e55d90add9212f6832c23229e3de5f1c1f9905e8cb07319ea15df73ac" "sleep" "infinity", kill_on_drop: false }`
[INFO] [stdout] 571a949eaa285c70837f308a36d72f5619e939ca886acd9350684fedab2e9d2b
[INFO] running `Command { std: "docker" "start" "571a949eaa285c70837f308a36d72f5619e939ca886acd9350684fedab2e9d2b", kill_on_drop: false }`
[INFO] running `Command { std: "docker" "inspect" "571a949eaa285c70837f308a36d72f5619e939ca886acd9350684fedab2e9d2b", kill_on_drop: false }`
[INFO] running `Command { std: "docker" "exec" "-e" "SOURCE_DIR=/opt/rustwide/workdir" "-e" "CARGO_HOME=/opt/rustwide/cargo-home" "-e" "RUSTUP_HOME=/opt/rustwide/rustup-home" "-e" "CARGO_TARGET_DIR=/opt/rustwide/target" "-w" "/opt/rustwide/workdir" "--user" "0:0" "571a949eaa285c70837f308a36d72f5619e939ca886acd9350684fedab2e9d2b" "/opt/rustwide/cargo-home/bin/cargo" "+3154cc1a3e6424e44f438a95007d043ed5ceaaf6" "metadata" "--no-deps" "--format-version=1", kill_on_drop: false }`
[INFO] running `Command { std: "docker" "inspect" "571a949eaa285c70837f308a36d72f5619e939ca886acd9350684fedab2e9d2b", kill_on_drop: false }`
[INFO] running `Command { std: "docker" "exec" "-e" "SOURCE_DIR=/opt/rustwide/workdir" "-e" "CARGO_HOME=/opt/rustwide/cargo-home" "-e" "RUSTUP_HOME=/opt/rustwide/rustup-home" "-e" "CARGO_TARGET_DIR=/opt/rustwide/target" "-e" "CARGO_INCREMENTAL=0" "-e" "RUST_BACKTRACE=full" "-e" "RUSTFLAGS=--cap-lints=forbid -Znext-solver=coherence" "-e" "RUSTDOCFLAGS=--cap-lints=forbid" "-w" "/opt/rustwide/workdir" "--user" "0:0" "571a949eaa285c70837f308a36d72f5619e939ca886acd9350684fedab2e9d2b" "/opt/rustwide/cargo-home/bin/cargo" "+3154cc1a3e6424e44f438a95007d043ed5ceaaf6" "check" "--frozen" "--all" "--all-targets" "--message-format=json", kill_on_drop: false }`
[INFO] [stderr]    Compiling quote v1.0.47
[INFO] [stderr]    Compiling blake3 v1.8.6
[INFO] [stderr]    Compiling arrayvec v0.7.8
[INFO] [stderr]    Compiling proc-macro2 v1.0.107
[INFO] [stderr]     Checking either v1.17.0
[INFO] [stderr]     Checking ahash v0.8.12
[INFO] [stderr]     Checking rand_chacha v0.9.0
[INFO] [stderr]     Checking boxcar v0.1.0
[INFO] [stderr]    Compiling duplicate v2.0.1
[INFO] [stderr]     Checking rayon v1.12.0
[INFO] [stderr]    Compiling syn v2.0.119
[INFO] [stderr]     Checking rand v0.9.5
[INFO] [stderr]     Checking itertools v0.14.0
[INFO] [stderr]    Compiling syn v3.0.3
[INFO] [stderr]     Checking winnow v1.0.4
[INFO] [stderr]     Checking toml_datetime v0.7.5+spec-1.1.0
[INFO] [stderr]     Checking toml_parser v1.1.3+spec-1.1.0
[INFO] [stderr]     Checking serde_spanned v1.1.1
[INFO] [stderr]     Checking winnow v0.7.15
[INFO] [stderr]     Checking hashbrown v0.14.5
[INFO] [stderr]     Checking toml v0.9.12+spec-1.1.0
[INFO] [stderr]    Compiling serde_derive v1.0.229
[INFO] [stderr]     Checking dashmap v5.5.3
[INFO] [stderr]     Checking inline-proc-tag v0.1.0 (/opt/rustwide/workdir/tag)
[INFO] [stderr]    Compiling derive_more v0.99.20
[INFO] [stderr]    Compiling derive-syn-parse v0.2.0
[INFO] [stderr]     Checking inline-proc v0.1.0 (/opt/rustwide/workdir)
[INFO] [stderr]     Checking ascent v0.8.0-inline-proc (/opt/rustwide/workdir/tests/ascent)
[INFO] [stderr]     Checking inline-proc-acceptance v0.0.0 (/opt/rustwide/workdir/tests/acceptance)
[INFO] [stdout] error: inline procedural macros require the Cargo pre-driver; run this command as `cargo inline-proc <command>`
[INFO] [stdout]  --> tests/acceptance/src/lib.rs:2:4
[INFO] [stdout]   |
[INFO] [stdout] 2 | fn twice(input: TokenStream) -> TokenStream {
[INFO] [stdout]   |    ^^^^^
[INFO] [stdout] 
[INFO] [stdout] 
[INFO] [stdout] error: inline procedural macros require the Cargo pre-driver; run this command as `cargo inline-proc <command>`
[INFO] [stdout]  --> tests/acceptance/src/lib.rs:7:4
[INFO] [stdout]   |
[INFO] [stdout] 7 | fn make_struct(input: syn::Ident) -> TokenStream {
[INFO] [stdout]   |    ^^^^^^^^^^^
[INFO] [stdout] 
[INFO] [stdout] 
[INFO] [stdout] error: inline procedural macros require the Cargo pre-driver; run this command as `cargo inline-proc <command>`
[INFO] [stdout]   --> tests/acceptance/src/lib.rs:17:4
[INFO] [stdout]    |
[INFO] [stdout] 17 | fn caller_secret(_: TokenStream) -> TokenStream {
[INFO] [stdout]    |    ^^^^^^^^^^^^^
[INFO] [stdout] 
[INFO] [stdout] 
[INFO] [stdout] error: inline procedural macros require the Cargo pre-driver; run this command as `cargo inline-proc <command>`
[INFO] [stdout]   --> tests/acceptance/src/lib.rs:22:4
[INFO] [stdout]    |
[INFO] [stdout] 22 | fn string_item(_: TokenStream) -> String {
[INFO] [stdout]    |    ^^^^^^^^^^^
[INFO] [stdout] 
[INFO] [stdout] 
[INFO] [stdout] error: inline procedural macros require the Cargo pre-driver; run this command as `cargo inline-proc <command>`
[INFO] [stdout]   --> tests/acceptance/src/lib.rs:27:4
[INFO] [stdout]    |
[INFO] [stdout] 27 | fn unit_output(_: TokenStream) {}
[INFO] [stdout]    |    ^^^^^^^^^^^
[INFO] [stdout] 
[INFO] [stdout] 
[INFO] [stdout] error: inline procedural macros require the Cargo pre-driver; run this command as `cargo inline-proc <command>`
[INFO] [stdout]   --> tests/acceptance/src/lib.rs:30:5
[INFO] [stdout]    |
[INFO] [stdout] 30 | mod arithmetic {
[INFO] [stdout]    |     ^^^^^^^^^^
[INFO] [stdout] 
[INFO] [stdout] 
[INFO] [stdout] error: inline procedural macros require the Cargo pre-driver; run this command as `cargo inline-proc <command>`
[INFO] [stdout]   --> tests/acceptance/src/lib.rs:53:9
[INFO] [stdout]    |
[INFO] [stdout] 53 |     mod compiler;
[INFO] [stdout]    |         ^^^^^^^^
[INFO] [stdout] 
[INFO] [stdout] 
[INFO] [stdout] error[E0433]: cannot find module or crate `compiler` in this scope
[INFO] [stdout]   --> tests/acceptance/src/lib.rs:66:1
[INFO] [stdout]    |
[INFO] [stdout] 66 | compiler::make_const!(GENERATED_BY_MODULE = 40 + 2);
[INFO] [stdout]    | ^^^^^^^^ use of unresolved module or unlinked crate `compiler`
[INFO] [stdout] 
[INFO] [stdout] 
[INFO] [stdout] error: inline procedural macros require the Cargo pre-driver; run this command as `cargo inline-proc <command>`
[INFO] [stdout]  --> tests/acceptance/src/lib.rs:2:4
[INFO] [stdout]   |
[INFO] [stdout] 2 | fn twice(input: TokenStream) -> TokenStream {
[INFO] [stdout]   |    ^^^^^
[INFO] [stdout] 
[INFO] [stdout] 
[INFO] [stdout] error: inline procedural macros require the Cargo pre-driver; run this command as `cargo inline-proc <command>`
[INFO] [stdout]  --> tests/acceptance/src/lib.rs:7:4
[INFO] [stdout]   |
[INFO] [stdout] 7 | fn make_struct(input: syn::Ident) -> TokenStream {
[INFO] [stdout]   |    ^^^^^^^^^^^
[INFO] [stdout] 
[INFO] [stdout] 
[INFO] [stdout] error: inline procedural macros require the Cargo pre-driver; run this command as `cargo inline-proc <command>`
[INFO] [stdout]   --> tests/acceptance/src/lib.rs:17:4
[INFO] [stdout]    |
[INFO] [stdout] 17 | fn caller_secret(_: TokenStream) -> TokenStream {
[INFO] [stdout]    |    ^^^^^^^^^^^^^
[INFO] [stdout] 
[INFO] [stdout] 
[INFO] [stdout] error: inline procedural macros require the Cargo pre-driver; run this command as `cargo inline-proc <command>`
[INFO] [stdout]   --> tests/acceptance/src/lib.rs:22:4
[INFO] [stdout]    |
[INFO] [stdout] 22 | fn string_item(_: TokenStream) -> String {
[INFO] [stdout]    |    ^^^^^^^^^^^
[INFO] [stdout] 
[INFO] [stdout] 
[INFO] [stdout] error: inline procedural macros require the Cargo pre-driver; run this command as `cargo inline-proc <command>`
[INFO] [stdout]   --> tests/acceptance/src/lib.rs:27:4
[INFO] [stdout]    |
[INFO] [stdout] 27 | fn unit_output(_: TokenStream) {}
[INFO] [stdout]    |    ^^^^^^^^^^^
[INFO] [stdout] 
[INFO] [stdout] 
[INFO] [stdout] error: inline procedural macros require the Cargo pre-driver; run this command as `cargo inline-proc <command>`
[INFO] [stdout]   --> tests/acceptance/src/lib.rs:30:5
[INFO] [stdout]    |
[INFO] [stdout] 30 | mod arithmetic {
[INFO] [stdout]    |     ^^^^^^^^^^
[INFO] [stdout] 
[INFO] [stdout] 
[INFO] [stdout] error: inline procedural macros require the Cargo pre-driver; run this command as `cargo inline-proc <command>`
[INFO] [stdout]   --> tests/acceptance/src/lib.rs:53:9
[INFO] [stdout]    |
[INFO] [stdout] 53 |     mod compiler;
[INFO] [stdout]    |         ^^^^^^^^
[INFO] [stdout] 
[INFO] [stdout] 
[INFO] [stdout] error: cannot find macro `twice` in this scope
[INFO] [stdout]   --> tests/acceptance/src/lib.rs:58:9
[INFO] [stdout]    |
[INFO] [stdout] 56 | macro_rules! invoke_existing_proc_macro {
[INFO] [stdout] 57 |     ($expression:expr) => {
[INFO] [stdout] 58 |         twice!($expression)
[INFO] [stdout]    |         ^^^^^
[INFO] [stdout] ...
[INFO] [stdout] 62 | pub const ANSWER: i32 = invoke_existing_proc_macro!(21);
[INFO] [stdout]    |                         ------------------------------- in this macro invocation
[INFO] [stdout] 
[INFO] [stdout] 
[INFO] [stdout] error: cannot find macro `make_struct` in this scope
[INFO] [stdout]   --> tests/acceptance/src/lib.rs:63:1
[INFO] [stdout]    |
[INFO] [stdout] 63 | make_struct!(GeneratedInTheSameCrate);
[INFO] [stdout]    | ^^^^^^^^^^^
[INFO] [stdout] 
[INFO] [stdout] 
[INFO] [stdout] error: cannot find macro `string_item` in this scope
[INFO] [stdout]   --> tests/acceptance/src/lib.rs:64:1
[INFO] [stdout]    |
[INFO] [stdout] 64 | string_item!();
[INFO] [stdout]    | ^^^^^^^^^^^
[INFO] [stdout] 
[INFO] [stdout] 
[INFO] [stdout] error: cannot find macro `unit_output` in this scope
[INFO] [stdout]   --> tests/acceptance/src/lib.rs:65:1
[INFO] [stdout]    |
[INFO] [stdout] 65 | unit_output!();
[INFO] [stdout]    | ^^^^^^^^^^^
[INFO] [stdout] 
[INFO] [stdout] 
[INFO] [stdout] For more information about this error, try `rustc --explain E0433`.
[INFO] [stdout] 
[INFO] [stdout] error[E0433]: cannot find module or crate `compiler` in this scope
[INFO] [stdout]   --> tests/acceptance/src/lib.rs:66:1
[INFO] [stdout]    |
[INFO] [stdout] 66 | compiler::make_const!(GENERATED_BY_MODULE = 40 + 2);
[INFO] [stdout]    | ^^^^^^^^ use of unresolved module or unlinked crate `compiler`
[INFO] [stdout] 
[INFO] [stdout] 
[INFO] [stdout] error[E0433]: cannot find module or crate `arithmetic` in this scope
[INFO] [stdout]   --> tests/acceptance/src/lib.rs:76:20
[INFO] [stdout]    |
[INFO] [stdout] 76 |         assert_eq!(arithmetic::add!(20 + 1, 21), 42);
[INFO] [stdout]    |                    ^^^^^^^^^^ use of unresolved module or unlinked crate `arithmetic`
[INFO] [stdout] 
[INFO] [stdout] 
[INFO] [stderr] error: could not compile `inline-proc-acceptance` (lib) due to 12 previous errors
[INFO] [stderr] warning: build failed, waiting for other jobs to finish...
[INFO] [stdout] error: cannot find macro `twice` in this scope
[INFO] [stdout]   --> tests/acceptance/src/lib.rs:58:9
[INFO] [stdout]    |
[INFO] [stdout] 56 | macro_rules! invoke_existing_proc_macro {
[INFO] [stdout] 57 |     ($expression:expr) => {
[INFO] [stdout] 58 |         twice!($expression)
[INFO] [stdout]    |         ^^^^^
[INFO] [stdout] ...
[INFO] [stdout] 62 | pub const ANSWER: i32 = invoke_existing_proc_macro!(21);
[INFO] [stdout]    |                         ------------------------------- in this macro invocation
[INFO] [stdout] 
[INFO] [stdout] 
[INFO] [stdout] error: cannot find macro `make_struct` in this scope
[INFO] [stdout]   --> tests/acceptance/src/lib.rs:63:1
[INFO] [stdout]    |
[INFO] [stdout] 63 | make_struct!(GeneratedInTheSameCrate);
[INFO] [stdout]    | ^^^^^^^^^^^
[INFO] [stdout] 
[INFO] [stdout] 
[INFO] [stdout] error: cannot find macro `string_item` in this scope
[INFO] [stdout]   --> tests/acceptance/src/lib.rs:64:1
[INFO] [stdout]    |
[INFO] [stdout] 64 | string_item!();
[INFO] [stdout]    | ^^^^^^^^^^^
[INFO] [stdout] 
[INFO] [stdout] 
[INFO] [stdout] error: cannot find macro `unit_output` in this scope
[INFO] [stdout]   --> tests/acceptance/src/lib.rs:65:1
[INFO] [stdout]    |
[INFO] [stdout] 65 | unit_output!();
[INFO] [stdout]    | ^^^^^^^^^^^
[INFO] [stdout] 
[INFO] [stdout] 
[INFO] [stdout] error: cannot find macro `twice` in this scope
[INFO] [stdout]   --> tests/acceptance/src/lib.rs:75:20
[INFO] [stdout]    |
[INFO] [stdout] 75 |         assert_eq!(twice!(7 + 2), 18);
[INFO] [stdout]    |                    ^^^^^
[INFO] [stdout] 
[INFO] [stdout] 
[INFO] [stdout] error: cannot find macro `caller_secret` in this scope
[INFO] [stdout]   --> tests/acceptance/src/lib.rs:90:20
[INFO] [stdout]    |
[INFO] [stdout] 90 |         assert_eq!(caller_secret!(), secret);
[INFO] [stdout]    |                    ^^^^^^^^^^^^^
[INFO] [stdout] 
[INFO] [stdout] 
[INFO] [stdout] error[E0422]: cannot find struct, variant or union type `GeneratedInTheSameCrate` in this scope
[INFO] [stdout]   --> tests/acceptance/src/lib.rs:77:25
[INFO] [stdout]    |
[INFO] [stdout] 77 |         let generated = GeneratedInTheSameCrate { value: 9 };
[INFO] [stdout]    |                         ^^^^^^^^^^^^^^^^^^^^^^^ not found in this scope
[INFO] [stdout] 
[INFO] [stdout] 
[INFO] [stdout] error[E0425]: cannot find value `GeneratedFromString` in this scope
[INFO] [stdout]   --> tests/acceptance/src/lib.rs:79:17
[INFO] [stdout]    |
[INFO] [stdout] 79 |         let _ = GeneratedFromString;
[INFO] [stdout]    |                 ^^^^^^^^^^^^^^^^^^^ not found in this scope
[INFO] [stdout] 
[INFO] [stdout] 
[INFO] [stdout] error[E0425]: cannot find value `GENERATED_BY_MODULE` in this scope
[INFO] [stdout]   --> tests/acceptance/src/lib.rs:84:20
[INFO] [stdout]    |
[INFO] [stdout] 84 |         assert_eq!(GENERATED_BY_MODULE, 42);
[INFO] [stdout]    |                    ^^^^^^^^^^^^^^^^^^^ not found in this scope
[INFO] [stdout] 
[INFO] [stdout] 
[INFO] [stdout] Some errors have detailed explanations: E0422, E0425, E0433.
[INFO] [stdout] 
[INFO] [stdout] For more information about an error, try `rustc --explain E0422`.
[INFO] [stdout] 
[INFO] [stderr] error: could not compile `inline-proc-acceptance` (lib test) due to 18 previous errors
[INFO] [stdout] error: inline procedural macros require the Cargo pre-driver; run this command as `cargo inline-proc <command>`
[INFO] [stdout]   --> tests/ascent/src/lib.rs:45:13
[INFO] [stdout]    |
[INFO] [stdout] 45 |     pub mod ascent_macro_impl;
[INFO] [stdout]    |             ^^^^^^^^^^^^^^^^^
[INFO] [stdout] 
[INFO] [stdout] 
[INFO] [stdout] error[E0432]: unresolved import `ascent_macro_impl`
[INFO] [stdout]   --> tests/ascent/src/lib.rs:48:9
[INFO] [stdout]    |
[INFO] [stdout] 48 | pub use ascent_macro_impl::{ascent, ascent_run, ascent_source};
[INFO] [stdout]    |         ^^^^^^^^^^^^^^^^^ use of unresolved module or unlinked crate `ascent_macro_impl`
[INFO] [stdout]    |
[INFO] [stdout] help: to make use of source file tests/ascent/src/ascent_macro_impl/mod.rs, use `mod ascent_macro_impl` in this file to declare the module
[INFO] [stdout]    |
[INFO] [stdout]  7 + mod ascent_macro_impl;
[INFO] [stdout]    |
[INFO] [stdout] 
[INFO] [stdout] 
[INFO] [stdout] error[E0432]: unresolved import `ascent_macro_impl`
[INFO] [stdout]   --> tests/ascent/src/lib.rs:50:9
[INFO] [stdout]    |
[INFO] [stdout] 50 | pub use ascent_macro_impl::{ascent_par, ascent_run_par};
[INFO] [stdout]    |         ^^^^^^^^^^^^^^^^^ use of unresolved module or unlinked crate `ascent_macro_impl`
[INFO] [stdout]    |
[INFO] [stdout] help: to make use of source file tests/ascent/src/ascent_macro_impl/mod.rs, use `mod ascent_macro_impl` in this file to declare the module
[INFO] [stdout]    |
[INFO] [stdout]  7 + mod ascent_macro_impl;
[INFO] [stdout]    |
[INFO] [stdout] 
[INFO] [stdout] 
[INFO] [stdout] For more information about this error, try `rustc --explain E0432`.
[INFO] [stdout] 
[INFO] [stderr] error: could not compile `ascent` (lib) due to 3 previous errors
[INFO] running `Command { std: "docker" "inspect" "571a949eaa285c70837f308a36d72f5619e939ca886acd9350684fedab2e9d2b", kill_on_drop: false }`
[INFO] running `Command { std: "docker" "rm" "-f" "571a949eaa285c70837f308a36d72f5619e939ca886acd9350684fedab2e9d2b", kill_on_drop: false }`
[INFO] [stdout] 571a949eaa285c70837f308a36d72f5619e939ca886acd9350684fedab2e9d2b
