[INFO] cloning repository https://github.com/Speedeke/SPEED-OS-v1
[INFO] running `Command { std: "git" "-c" "credential.helper=" "-c" "credential.helper=/workspace/cargo-home/bin/git-credential-null" "clone" "--bare" "https://github.com/Speedeke/SPEED-OS-v1" "/workspace/cache/git-repos/https%3A%2F%2Fgithub.com%2FSpeedeke%2FSPEED-OS-v1", kill_on_drop: false }`
[INFO] [stderr] Cloning into bare repository '/workspace/cache/git-repos/https%3A%2F%2Fgithub.com%2FSpeedeke%2FSPEED-OS-v1'...
[INFO] running `Command { std: "git" "rev-parse" "HEAD", kill_on_drop: false }`
[INFO] [stdout] d756de332d650aca5bc1a12e58d3421e507bbf54
[INFO] checking Speedeke/SPEED-OS-v1 against 3154cc1a3e6424e44f438a95007d043ed5ceaaf6+rustflags=-Znext-solver=coherence for pr-133502-30
[INFO] running `Command { std: "git" "clone" "/workspace/cache/git-repos/https%3A%2F%2Fgithub.com%2FSpeedeke%2FSPEED-OS-v1" "/workspace/builds/worker-5-tc1/source", kill_on_drop: false }`
[INFO] [stderr] Cloning into '/workspace/builds/worker-5-tc1/source'...
[INFO] [stderr] done.
[INFO] removed /workspace/builds/worker-5-tc1/source/.cargo/config.toml
[INFO] removed /workspace/builds/worker-5-tc1/source/rust-toolchain.toml
[INFO] started tweaking git repo https://github.com/Speedeke/SPEED-OS-v1
[INFO] removed 0 missing tests
[INFO] finished tweaking git repo https://github.com/Speedeke/SPEED-OS-v1
[INFO] tweaked toml for git repo https://github.com/Speedeke/SPEED-OS-v1 written to /workspace/builds/worker-5-tc1/source/Cargo.toml
[INFO] validating manifest of git repo https://github.com/Speedeke/SPEED-OS-v1 on toolchain 3154cc1a3e6424e44f438a95007d043ed5ceaaf6
[INFO] running `Command { std: CARGO_HOME="/workspace/cargo-home" RUSTUP_HOME="/workspace/rustup-home" "/workspace/cargo-home/bin/cargo" "+3154cc1a3e6424e44f438a95007d043ed5ceaaf6" "metadata" "--manifest-path" "Cargo.toml" "--no-deps", kill_on_drop: false }`
[INFO] crate git repo https://github.com/Speedeke/SPEED-OS-v1 already has a lockfile, it will not be regenerated
[INFO] running `Command { std: CARGO_HOME="/workspace/cargo-home" RUSTUP_HOME="/workspace/rustup-home" "/workspace/cargo-home/bin/cargo" "+3154cc1a3e6424e44f438a95007d043ed5ceaaf6" "fetch" "--manifest-path" "Cargo.toml", kill_on_drop: false }`
[INFO] [stderr]     Updating crates.io index
[INFO] [stderr]  Downloading crates ...
[INFO] [stderr]   Downloaded volatile v0.2.7
[INFO] [stderr]   Downloaded volatile v0.4.6
[INFO] [stderr]   Downloaded pic8259 v0.10.4
[INFO] [stderr]   Downloaded uart_16550 v0.2.19
[INFO] [stderr]   Downloaded x86_64 v0.14.13
[INFO] [stderr]   Downloaded bootloader_api v0.11.15
[INFO] [stderr]   Downloaded conquer-once v0.4.0
[INFO] [stderr]   Downloaded linked_list_allocator v0.9.1
[INFO] [stderr]   Downloaded spinning_top v0.2.5
[INFO] [stderr]   Downloaded conquer-util v0.3.0
[INFO] [stderr]   Downloaded pc-keyboard v0.7.0
[INFO] [stderr]   Downloaded noto-sans-mono-bitmap v0.3.2
[INFO] running `Command { std: "docker" "create" "-v" "/var/lib/crater-agent-workspace/builds/worker-5-tc1/source:/opt/rustwide/workdir:ro,Z" "-v" "/var/lib/crater-agent-workspace/builds/worker-5-tc1/target:/opt/rustwide/target:rw,Z" "-v" "/var/lib/crater-agent-workspace/cargo-home:/opt/rustwide/cargo-home:ro,Z" "-v" "/var/lib/crater-agent-workspace/rustup-home:/opt/rustwide/rustup-home:ro,Z" "-m" "1610612736" "--network" "none" "ghcr.io/rust-lang/crates-build-env/linux@sha256:77db811e55d90add9212f6832c23229e3de5f1c1f9905e8cb07319ea15df73ac" "sleep" "infinity", kill_on_drop: false }`
[INFO] [stdout] 08898d3797d801eaed03e9fc0f8ceecf12ff1759c5da3578469844313a8e89cf
[INFO] running `Command { std: "docker" "start" "08898d3797d801eaed03e9fc0f8ceecf12ff1759c5da3578469844313a8e89cf", kill_on_drop: false }`
[INFO] running `Command { std: "docker" "inspect" "08898d3797d801eaed03e9fc0f8ceecf12ff1759c5da3578469844313a8e89cf", kill_on_drop: false }`
[INFO] running `Command { std: "docker" "exec" "-e" "SOURCE_DIR=/opt/rustwide/workdir" "-e" "CARGO_HOME=/opt/rustwide/cargo-home" "-e" "RUSTUP_HOME=/opt/rustwide/rustup-home" "-e" "CARGO_TARGET_DIR=/opt/rustwide/target" "-w" "/opt/rustwide/workdir" "--user" "0:0" "08898d3797d801eaed03e9fc0f8ceecf12ff1759c5da3578469844313a8e89cf" "/opt/rustwide/cargo-home/bin/cargo" "+3154cc1a3e6424e44f438a95007d043ed5ceaaf6" "metadata" "--no-deps" "--format-version=1", kill_on_drop: false }`
[INFO] running `Command { std: "docker" "inspect" "08898d3797d801eaed03e9fc0f8ceecf12ff1759c5da3578469844313a8e89cf", kill_on_drop: false }`
[INFO] running `Command { std: "docker" "exec" "-e" "SOURCE_DIR=/opt/rustwide/workdir" "-e" "CARGO_HOME=/opt/rustwide/cargo-home" "-e" "RUSTUP_HOME=/opt/rustwide/rustup-home" "-e" "CARGO_TARGET_DIR=/opt/rustwide/target" "-e" "CARGO_INCREMENTAL=0" "-e" "RUST_BACKTRACE=full" "-e" "RUSTFLAGS=--cap-lints=forbid -Znext-solver=coherence" "-e" "RUSTDOCFLAGS=--cap-lints=forbid" "-w" "/opt/rustwide/workdir" "--user" "0:0" "08898d3797d801eaed03e9fc0f8ceecf12ff1759c5da3578469844313a8e89cf" "/opt/rustwide/cargo-home/bin/cargo" "+3154cc1a3e6424e44f438a95007d043ed5ceaaf6" "check" "--frozen" "--all" "--all-targets" "--message-format=json", kill_on_drop: false }`
[INFO] [stderr]    Compiling rustversion v1.0.23
[INFO] [stderr]     Checking bit_field v0.10.3
[INFO] [stderr]    Compiling crossbeam-utils v0.8.22
[INFO] [stderr]     Checking volatile v0.4.6
[INFO] [stderr]     Checking bitflags v2.13.0
[INFO] [stderr]    Compiling bootloader_api v0.11.15
[INFO] [stderr]     Checking futures-core v0.3.32
[INFO] [stderr]     Checking spinning_top v0.2.5
[INFO] [stderr]     Checking conquer-util v0.3.0
[INFO] [stderr]     Checking pin-project-lite v0.2.17
[INFO] [stderr]    Compiling speed_os v0.1.0 (/opt/rustwide/workdir)
[INFO] [stderr]     Checking futures-task v0.3.32
[INFO] [stderr]     Checking slab v0.4.12
[INFO] [stderr]     Checking spin v0.9.8
[INFO] [stderr]     Checking conquer-once v0.4.0
[INFO] [stderr]     Checking lazy_static v1.5.0
[INFO] [stderr]     Checking linked_list_allocator v0.9.1
[INFO] [stderr]     Checking speedui v0.1.0 (/opt/rustwide/workdir/speedui)
[INFO] [stderr]     Checking futures-util v0.3.32
[INFO] [stderr]     Checking noto-sans-mono-bitmap v0.3.2
[INFO] [stderr]     Checking speedhttp v0.1.0 (/opt/rustwide/workdir/speedhttp)
[INFO] [stderr]     Checking spin v0.5.2
[INFO] [stderr]     Checking volatile v0.2.7
[INFO] [stderr]     Checking pc-keyboard v0.7.0
[INFO] [stderr]     Checking crossbeam-queue v0.3.13
[INFO] [stderr]     Checking x86_64 v0.14.13
[INFO] [stdout] error[E0046]: not all trait items implemented, missing: `forward_overflowing`, `backward_overflowing`
[INFO] [stdout]    --> /opt/rustwide/cargo-home/registry/src/index.crates.io-1949cf8c6b5b557f/x86_64-0.14.13/src/addr.rs:386:1
[INFO] [stdout]     |
[INFO] [stdout] 386 | impl Step for VirtAddr {
[INFO] [stdout]     | ^^^^^^^^^^^^^^^^^^^^^^ missing `forward_overflowing`, `backward_overflowing` in implementation
[INFO] [stdout]     |
[INFO] [stdout]     = help: implement the missing item: `fn forward_overflowing(_: Self, _: usize) -> (Self, bool) { todo!() }`
[INFO] [stdout]     = help: implement the missing item: `fn backward_overflowing(_: Self, _: usize) -> (Self, bool) { todo!() }`
[INFO] [stdout] 
[INFO] [stdout] 
[INFO] [stdout] error[E0046]: not all trait items implemented, missing: `forward_overflowing`, `backward_overflowing`
[INFO] [stdout]    --> /opt/rustwide/cargo-home/registry/src/index.crates.io-1949cf8c6b5b557f/x86_64-0.14.13/src/structures/paging/page.rs:283:1
[INFO] [stdout]     |
[INFO] [stdout] 283 | impl<S: PageSize> Step for Page<S> {
[INFO] [stdout]     | ^^^^^^^^^^^^^^^^^^^^^^^^^^^^^^^^^^ missing `forward_overflowing`, `backward_overflowing` in implementation
[INFO] [stdout]     |
[INFO] [stdout]     = help: implement the missing item: `fn forward_overflowing(_: Self, _: usize) -> (Self, bool) { todo!() }`
[INFO] [stdout]     = help: implement the missing item: `fn backward_overflowing(_: Self, _: usize) -> (Self, bool) { todo!() }`
[INFO] [stdout] 
[INFO] [stdout] 
[INFO] [stdout] For more information about this error, try `rustc --explain E0046`.
[INFO] [stdout] 
[INFO] [stderr] error: could not compile `x86_64` (lib) due to 2 previous errors
[INFO] [stderr] warning: build failed, waiting for other jobs to finish...
[INFO] [stderr] error: failed to run custom build command for `speed_os v0.1.0 (/opt/rustwide/workdir)`
[INFO] [stderr] note: To improve backtraces for build dependencies, set the CARGO_PROFILE_DEV_BUILD_OVERRIDE_DEBUG=true environment variable to enable debug information generation.
[INFO] [stderr] 
[INFO] [stderr] Caused by:
[INFO] [stderr]   process didn't exit successfully: `/opt/rustwide/target/debug/build/speed_os/545589412f03e9fa/out/build_script_build` (exit status: 101)
[INFO] [stderr]   --- stdout
[INFO] [stderr]   cargo:rerun-if-changed=build.rs
[INFO] [stderr]   cargo:rerun-if-changed=userland/src
[INFO] [stderr]   cargo:rerun-if-changed=userland/Cargo.toml
[INFO] [stderr]   cargo:rerun-if-changed=userland/build.rs
[INFO] [stderr]   cargo:rerun-if-changed=userland/speedos.ld
[INFO] [stderr]   cargo:rerun-if-changed=userland/.cargo/config.toml
[INFO] [stderr]   cargo:rerun-if-changed=speedhttp/src
[INFO] [stderr]   cargo:rerun-if-changed=speedhtml/src
[INFO] [stderr]   cargo:rerun-if-changed=speedcss/src
[INFO] [stderr]   cargo:rerun-if-env-changed=SPEEDOS_OHNE_USERLAND
[INFO] [stderr]   cargo:rerun-if-env-changed=SOURCE_DATE_EPOCH
[INFO] [stderr]   cargo:rustc-env=SPEEDOS_BAU_EPOCHE_S=845001498
[INFO] [stderr]   cargo:rerun-if-changed=assets/ca-bundle.pem
[INFO] [stderr]   cargo:rerun-if-changed=assets/testbilder
[INFO] [stderr]   cargo:rerun-if-changed=assets/testseiten/cern-theproject.html
[INFO] [stderr]   cargo:rerun-if-changed=assets/testseiten/wikipedia-betriebssystem.html
[INFO] [stderr]   cargo:rerun-if-changed=assets/testseiten/stiltest.html
[INFO] [stderr]   cargo:rerun-if-changed=assets/testseiten/stiltest.css
[INFO] [stderr]   cargo:rerun-if-changed=assets/testseiten/stiltest-basis.css
[INFO] [stderr]   cargo:rerun-if-changed=assets/testseiten/stiltest-tief.css
[INFO] [stderr]   cargo:rerun-if-changed=assets/testseiten/stilgrenze.html
[INFO] [stderr] 
[INFO] [stderr]   --- stderr
[INFO] [stderr]   [build] CA-Buendel eingebettet: /opt/rustwide/workdir/assets/ca-bundle.pem (186446 Byte)
[INFO] [stderr]   [build] 17 Testbilder eingebettet (156584 Byte).
[INFO] [stderr]   [build] Testseite cern-theproject.html eingebettet (2217 Byte).
[INFO] [stderr]   [build] Testseite wikipedia-betriebssystem.html eingebettet (300157 Byte).
[INFO] [stderr]   [build] Testseite stiltest.html eingebettet (3388 Byte).
[INFO] [stderr]   [build] Testseite stiltest.css eingebettet (1477 Byte).
[INFO] [stderr]   [build] Testseite stiltest-basis.css eingebettet (1103 Byte).
[INFO] [stderr]   [build] Testseite stiltest-tief.css eingebettet (670 Byte).
[INFO] [stderr]   [build] Testseite stilgrenze.html eingebettet (1619 Byte).
[INFO] [stderr]       Updating crates.io index
[INFO] [stderr]   warning: spurious network error (3 tries remaining): [6] Could not resolve hostname (Could not resolve host: index.crates.io)
[INFO] [stderr]   warning: spurious network error (3 tries remaining): [6] Could not resolve hostname (Could not resolve host: index.crates.io)
[INFO] [stderr]   warning: spurious network error (2 tries remaining): [6] Could not resolve hostname (Could not resolve host: index.crates.io)
[INFO] [stderr]   warning: spurious network error (2 tries remaining): [6] Could not resolve hostname (Could not resolve host: index.crates.io)
[INFO] [stderr]   warning: spurious network error (1 try remaining): [6] Could not resolve hostname (Could not resolve host: index.crates.io)
[INFO] [stderr]   warning: spurious network error (1 try remaining): [6] Could not resolve hostname (Could not resolve host: index.crates.io)
[INFO] [stderr]   error: failed to get `rustls-rustcrypto` as a dependency of package `libspeed v0.1.0 (/opt/rustwide/workdir/userland)`
[INFO] [stderr] 
[INFO] [stderr]   Caused by:
[INFO] [stderr]     failed to load source for dependency `rustls-rustcrypto`
[INFO] [stderr] 
[INFO] [stderr]   Caused by:
[INFO] [stderr]     unable to update registry `crates-io`
[INFO] [stderr] 
[INFO] [stderr]   Caused by:
[INFO] [stderr]     download of ru/st/rustls-rustcrypto failed
[INFO] [stderr] 
[INFO] [stderr]   Caused by:
[INFO] [stderr]     [6] Could not resolve hostname (Could not resolve host: index.crates.io)
[INFO] [stderr] 
[INFO] [stderr] 
[INFO] [stderr]   thread 'main' (188) panicked at build.rs:185:9:
[INFO] [stderr]   Der Bau der User-Programme in userland/ ist fehlgeschlagen (Exit Some(101)). Der Kernel wird NICHT gebaut — lieber ein klarer Fehler als ein SpeedOS ohne Programme.
[INFO] [stderr]   stack backtrace:
[INFO] [stderr]      0:     0x62adae5d0231 - std[3164a59e47d3bde]::backtrace_rs::backtrace::libunwind::trace
[INFO] [stderr]                                  at /rustc/3154cc1a3e6424e44f438a95007d043ed5ceaaf6/library/std/src/../../backtrace/src/backtrace/libunwind.rs:117:9
[INFO] [stderr]      1:     0x62adae5d0231 - std[3164a59e47d3bde]::backtrace_rs::backtrace::trace_unsynchronized::<std[3164a59e47d3bde]::sys::backtrace::_print_fmt::{closure#1}>
[INFO] [stderr]                                  at /rustc/3154cc1a3e6424e44f438a95007d043ed5ceaaf6/library/std/src/../../backtrace/src/backtrace/mod.rs:66:14
[INFO] [stderr]      2:     0x62adae5d0231 - std[3164a59e47d3bde]::sys::backtrace::_print_fmt
[INFO] [stderr]                                  at /rustc/3154cc1a3e6424e44f438a95007d043ed5ceaaf6/library/std/src/sys/backtrace.rs:74:9
[INFO] [stderr]      3:     0x62adae5d0231 - <<std[3164a59e47d3bde]::sys::backtrace::BacktraceLock>::print::DisplayBacktrace as core[934024a1e6126fb4]::fmt::Display>::fmt
[INFO] [stderr]                                  at /rustc/3154cc1a3e6424e44f438a95007d043ed5ceaaf6/library/std/src/sys/backtrace.rs:44:26
[INFO] [stderr]      4:     0x62adae5e183a - <core[934024a1e6126fb4]::fmt::rt::Argument>::fmt
[INFO] [stderr]                                  at /rustc/3154cc1a3e6424e44f438a95007d043ed5ceaaf6/library/core/src/fmt/rt.rs:152:76
[INFO] [stderr]      5:     0x62adae5e183a - core[934024a1e6126fb4]::fmt::write
[INFO] [stderr]      6:     0x62adae5d418c - core[934024a1e6126fb4]::io::write::default_write_fmt::<std[3164a59e47d3bde]::sys::stdio::unix::Stderr>
[INFO] [stderr]                                  at /rustc/3154cc1a3e6424e44f438a95007d043ed5ceaaf6/library/core/src/io/write.rs:402:11
[INFO] [stderr]      7:     0x62adae5d418c - <std[3164a59e47d3bde]::sys::stdio::unix::Stderr as core[934024a1e6126fb4]::io::write::Write>::write_fmt
[INFO] [stderr]                                  at /rustc/3154cc1a3e6424e44f438a95007d043ed5ceaaf6/library/core/src/io/write.rs:335:13
[INFO] [stderr]      8:     0x62adae5b0826 - <std[3164a59e47d3bde]::sys::backtrace::BacktraceLock>::print
[INFO] [stderr]                                  at /rustc/3154cc1a3e6424e44f438a95007d043ed5ceaaf6/library/std/src/sys/backtrace.rs:47:9
[INFO] [stderr]      9:     0x62adae5b0826 - std[3164a59e47d3bde]::panicking::default_hook::{closure#0}
[INFO] [stderr]                                  at /rustc/3154cc1a3e6424e44f438a95007d043ed5ceaaf6/library/std/src/panicking.rs:289:27
[INFO] [stderr]     10:     0x62adae5cade1 - std[3164a59e47d3bde]::panicking::default_hook
[INFO] [stderr]                                  at /rustc/3154cc1a3e6424e44f438a95007d043ed5ceaaf6/library/std/src/panicking.rs:316:9
[INFO] [stderr]     11:     0x62adae5caf9b - std[3164a59e47d3bde]::panicking::panic_with_hook
[INFO] [stderr]                                  at /rustc/3154cc1a3e6424e44f438a95007d043ed5ceaaf6/library/std/src/panicking.rs:811:13
[INFO] [stderr]     12:     0x62adae5b08d2 - std[3164a59e47d3bde]::panicking::panic_handler::{closure#0}
[INFO] [stderr]                                  at /rustc/3154cc1a3e6424e44f438a95007d043ed5ceaaf6/library/std/src/panicking.rs:685:13
[INFO] [stderr]     13:     0x62adae5a9659 - std[3164a59e47d3bde]::sys::backtrace::__rust_end_short_backtrace::<std[3164a59e47d3bde]::panicking::panic_handler::{closure#0}, !>
[INFO] [stderr]                                  at /rustc/3154cc1a3e6424e44f438a95007d043ed5ceaaf6/library/std/src/sys/backtrace.rs:182:18
[INFO] [stderr]     14:     0x62adae5b109d - __rustc[2e7b49d4226056d3]::rust_begin_unwind
[INFO] [stderr]                                  at /rustc/3154cc1a3e6424e44f438a95007d043ed5ceaaf6/library/std/src/panicking.rs:676:5
[INFO] [stderr]     15:     0x62adae5e1fac - core[934024a1e6126fb4]::panicking::panic_fmt
[INFO] [stderr]                                  at /rustc/3154cc1a3e6424e44f438a95007d043ed5ceaaf6/library/core/src/panicking.rs:80:14
[INFO] [stderr]     16:     0x62adae597c0f - build_script_build[18af7ee3c68d71fc]::userland_bauen
[INFO] [stderr]     17:     0x62adae599138 - build_script_build[18af7ee3c68d71fc]::main
[INFO] [stderr]     18:     0x62adae59d403 - <fn() as core[934024a1e6126fb4]::ops::function::FnOnce<()>>::call_once
[INFO] [stderr]     19:     0x62adae596786 - std[3164a59e47d3bde]::sys::backtrace::__rust_begin_short_backtrace::<fn(), ()>
[INFO] [stderr]     20:     0x62adae596bf9 - std[3164a59e47d3bde]::rt::lang_start::<()>::{closure#0}
[INFO] [stderr]     21:     0x62adae5ca258 - <&dyn core[934024a1e6126fb4]::ops::function::Fn<(), Output = i32> + core[934024a1e6126fb4]::marker::Sync + core[934024a1e6126fb4]::panic::unwind_safe::RefUnwindSafe as core[934024a1e6126fb4]::ops::function::FnOnce<()>>::call_once
[INFO] [stderr]                                  at /rustc/3154cc1a3e6424e44f438a95007d043ed5ceaaf6/library/core/src/ops/function.rs:287:21
[INFO] [stderr]     22:     0x62adae5ca258 - std[3164a59e47d3bde]::panicking::catch_unwind::do_call::<&dyn core[934024a1e6126fb4]::ops::function::Fn<(), Output = i32> + core[934024a1e6126fb4]::marker::Sync + core[934024a1e6126fb4]::panic::unwind_safe::RefUnwindSafe, i32>
[INFO] [stderr]                                  at /rustc/3154cc1a3e6424e44f438a95007d043ed5ceaaf6/library/std/src/panicking.rs:573:43
[INFO] [stderr]     23:     0x62adae5ca258 - std[3164a59e47d3bde]::panicking::catch_unwind::<i32, &dyn core[934024a1e6126fb4]::ops::function::Fn<(), Output = i32> + core[934024a1e6126fb4]::marker::Sync + core[934024a1e6126fb4]::panic::unwind_safe::RefUnwindSafe>
[INFO] [stderr]                                  at /rustc/3154cc1a3e6424e44f438a95007d043ed5ceaaf6/library/std/src/panicking.rs:541:19
[INFO] [stderr]     24:     0x62adae5ca258 - std[3164a59e47d3bde]::panic::catch_unwind::<&dyn core[934024a1e6126fb4]::ops::function::Fn<(), Output = i32> + core[934024a1e6126fb4]::marker::Sync + core[934024a1e6126fb4]::panic::unwind_safe::RefUnwindSafe, i32>
[INFO] [stderr]                                  at /rustc/3154cc1a3e6424e44f438a95007d043ed5ceaaf6/library/std/src/panic.rs:359:14
[INFO] [stderr]     25:     0x62adae5ca258 - std[3164a59e47d3bde]::rt::lang_start_internal::{closure#0}
[INFO] [stderr]                                  at /rustc/3154cc1a3e6424e44f438a95007d043ed5ceaaf6/library/std/src/rt.rs:175:24
[INFO] [stderr]     26:     0x62adae5ca258 - std[3164a59e47d3bde]::panicking::catch_unwind::do_call::<std[3164a59e47d3bde]::rt::lang_start_internal::{closure#0}, isize>
[INFO] [stderr]                                  at /rustc/3154cc1a3e6424e44f438a95007d043ed5ceaaf6/library/std/src/panicking.rs:573:43
[INFO] [stderr]     27:     0x62adae5ca258 - std[3164a59e47d3bde]::panicking::catch_unwind::<isize, std[3164a59e47d3bde]::rt::lang_start_internal::{closure#0}>
[INFO] [stderr]                                  at /rustc/3154cc1a3e6424e44f438a95007d043ed5ceaaf6/library/std/src/panicking.rs:541:19
[INFO] [stderr]     28:     0x62adae5ca258 - std[3164a59e47d3bde]::panic::catch_unwind::<std[3164a59e47d3bde]::rt::lang_start_internal::{closure#0}, isize>
[INFO] [stderr]                                  at /rustc/3154cc1a3e6424e44f438a95007d043ed5ceaaf6/library/std/src/panic.rs:359:14
[INFO] [stderr]     29:     0x62adae5ca258 - std[3164a59e47d3bde]::rt::lang_start_internal
[INFO] [stderr]                                  at /rustc/3154cc1a3e6424e44f438a95007d043ed5ceaaf6/library/std/src/rt.rs:171:5
[INFO] [stderr]     30:     0x62adae596251 - std[3164a59e47d3bde]::rt::lang_start::<()>
[INFO] [stderr]     31:     0x62adae59d7d5 - main
[INFO] [stderr]     32:     0x7c58d28c1601 - <unknown>
[INFO] [stderr]     33:     0x7c58d28c1718 - __libc_start_main
[INFO] [stderr]     34:     0x62adae594625 - _start
[INFO] [stderr]     35:                0x0 - <unknown>
[INFO] running `Command { std: "docker" "inspect" "08898d3797d801eaed03e9fc0f8ceecf12ff1759c5da3578469844313a8e89cf", kill_on_drop: false }`
[INFO] running `Command { std: "docker" "rm" "-f" "08898d3797d801eaed03e9fc0f8ceecf12ff1759c5da3578469844313a8e89cf", kill_on_drop: false }`
[INFO] [stdout] 08898d3797d801eaed03e9fc0f8ceecf12ff1759c5da3578469844313a8e89cf
