[INFO] cloning repository https://github.com/SpectreAX/SizeTrail
[INFO] running `Command { std: "git" "-c" "credential.helper=" "-c" "credential.helper=/workspace/cargo-home/bin/git-credential-null" "clone" "--bare" "https://github.com/SpectreAX/SizeTrail" "/workspace/cache/git-repos/https%3A%2F%2Fgithub.com%2FSpectreAX%2FSizeTrail", kill_on_drop: false }`
[INFO] [stderr] Cloning into bare repository '/workspace/cache/git-repos/https%3A%2F%2Fgithub.com%2FSpectreAX%2FSizeTrail'...
[INFO] running `Command { std: "git" "rev-parse" "HEAD", kill_on_drop: false }`
[INFO] [stdout] 9313c832c4e775e90a4ed0eed72f11cf26af3ad7
[INFO] checking SpectreAX/SizeTrail against 3154cc1a3e6424e44f438a95007d043ed5ceaaf6 for pr-133502-30
[INFO] running `Command { std: "git" "clone" "/workspace/cache/git-repos/https%3A%2F%2Fgithub.com%2FSpectreAX%2FSizeTrail" "/workspace/builds/worker-7-tc2/source", kill_on_drop: false }`
[INFO] [stderr] Cloning into '/workspace/builds/worker-7-tc2/source'...
[INFO] [stderr] done.
[INFO] removed /workspace/builds/worker-7-tc2/source/.cargo/config.toml
[INFO] removed /workspace/builds/worker-7-tc2/source/rust-toolchain.toml
[INFO] started tweaking git repo https://github.com/SpectreAX/SizeTrail
[INFO] finished tweaking git repo https://github.com/SpectreAX/SizeTrail
[INFO] tweaked toml for git repo https://github.com/SpectreAX/SizeTrail written to /workspace/builds/worker-7-tc2/source/Cargo.toml
[INFO] validating manifest of git repo https://github.com/SpectreAX/SizeTrail on toolchain 3154cc1a3e6424e44f438a95007d043ed5ceaaf6
[INFO] running `Command { std: CARGO_HOME="/workspace/cargo-home" RUSTUP_HOME="/workspace/rustup-home" "/workspace/cargo-home/bin/cargo" "+3154cc1a3e6424e44f438a95007d043ed5ceaaf6" "metadata" "--manifest-path" "Cargo.toml" "--no-deps", kill_on_drop: false }`
[INFO] crate git repo https://github.com/SpectreAX/SizeTrail already has a lockfile, it will not be regenerated
[INFO] running `Command { std: CARGO_HOME="/workspace/cargo-home" RUSTUP_HOME="/workspace/rustup-home" "/workspace/cargo-home/bin/cargo" "+3154cc1a3e6424e44f438a95007d043ed5ceaaf6" "fetch" "--manifest-path" "Cargo.toml", kill_on_drop: false }`
[INFO] running `Command { std: "docker" "create" "-v" "/var/lib/crater-agent-workspace/builds/worker-7-tc2/source:/opt/rustwide/workdir:ro,Z" "-v" "/var/lib/crater-agent-workspace/builds/worker-7-tc2/target:/opt/rustwide/target:rw,Z" "-v" "/var/lib/crater-agent-workspace/cargo-home:/opt/rustwide/cargo-home:ro,Z" "-v" "/var/lib/crater-agent-workspace/rustup-home:/opt/rustwide/rustup-home:ro,Z" "-m" "1610612736" "--network" "none" "ghcr.io/rust-lang/crates-build-env/linux@sha256:77db811e55d90add9212f6832c23229e3de5f1c1f9905e8cb07319ea15df73ac" "sleep" "infinity", kill_on_drop: false }`
[INFO] [stdout] 240c217681fba3239a9c11dd496e0ec155421409dcf73f334566c1b9637cf5f2
[INFO] running `Command { std: "docker" "start" "240c217681fba3239a9c11dd496e0ec155421409dcf73f334566c1b9637cf5f2", kill_on_drop: false }`
[INFO] running `Command { std: "docker" "inspect" "240c217681fba3239a9c11dd496e0ec155421409dcf73f334566c1b9637cf5f2", kill_on_drop: false }`
[INFO] running `Command { std: "docker" "exec" "-e" "SOURCE_DIR=/opt/rustwide/workdir" "-e" "CARGO_HOME=/opt/rustwide/cargo-home" "-e" "RUSTUP_HOME=/opt/rustwide/rustup-home" "-e" "CARGO_TARGET_DIR=/opt/rustwide/target" "-w" "/opt/rustwide/workdir" "--user" "0:0" "240c217681fba3239a9c11dd496e0ec155421409dcf73f334566c1b9637cf5f2" "/opt/rustwide/cargo-home/bin/cargo" "+3154cc1a3e6424e44f438a95007d043ed5ceaaf6" "metadata" "--no-deps" "--format-version=1", kill_on_drop: false }`
[INFO] running `Command { std: "docker" "inspect" "240c217681fba3239a9c11dd496e0ec155421409dcf73f334566c1b9637cf5f2", kill_on_drop: false }`
[INFO] running `Command { std: "docker" "exec" "-e" "SOURCE_DIR=/opt/rustwide/workdir" "-e" "CARGO_HOME=/opt/rustwide/cargo-home" "-e" "RUSTUP_HOME=/opt/rustwide/rustup-home" "-e" "CARGO_TARGET_DIR=/opt/rustwide/target" "-e" "CARGO_INCREMENTAL=0" "-e" "RUST_BACKTRACE=full" "-e" "RUSTFLAGS=--cap-lints=forbid" "-e" "RUSTDOCFLAGS=--cap-lints=forbid" "-w" "/opt/rustwide/workdir" "--user" "0:0" "240c217681fba3239a9c11dd496e0ec155421409dcf73f334566c1b9637cf5f2" "/opt/rustwide/cargo-home/bin/cargo" "+3154cc1a3e6424e44f438a95007d043ed5ceaaf6" "check" "--frozen" "--all" "--all-targets" "--message-format=json", kill_on_drop: false }`
[INFO] [stderr]    Compiling proc-macro2 v1.0.107
[INFO] [stderr]    Compiling quote v1.0.47
[INFO] [stderr]     Checking toml_datetime v0.7.5+spec-1.1.0
[INFO] [stderr]     Checking serde_spanned v1.1.1
[INFO] [stderr]     Checking predicates-core v1.0.10
[INFO] [stderr]     Checking winnow v0.7.15
[INFO] [stderr]     Checking difflib v0.4.0
[INFO] [stderr]    Compiling assert_cmd v2.2.2
[INFO] [stderr]     Checking termtree v0.5.1
[INFO] [stderr]     Checking regex-automata v0.4.18
[INFO] [stderr]     Checking wait-timeout v0.2.1
[INFO] [stderr]     Checking clap v4.6.6
[INFO] [stderr]     Checking serde_json v1.0.151
[INFO] [stderr]     Checking xattr v1.6.1
[INFO] [stderr]     Checking clap_complete v4.6.9
[INFO] [stderr]     Checking predicates-tree v1.0.13
[INFO] [stderr]     Checking predicates v3.1.4
[INFO] [stderr]    Compiling syn v3.0.4
[INFO] [stderr]     Checking bstr v1.13.1
[INFO] [stderr]     Checking toml v0.9.12+spec-1.1.0
[INFO] [stderr]    Compiling serde_derive v1.0.229
[INFO] [stderr]     Checking serde v1.0.229
[INFO] [stderr]     Checking sizetrail v1.2.0 (/opt/rustwide/workdir)
[INFO] [stdout] error[E0433]: cannot find `macos` in `os`
[INFO] [stdout]  --> src/fsx/mod.rs:5:14
[INFO] [stdout]   |
[INFO] [stdout] 5 | use std::os::macos::fs::MetadataExt as MacMetadataExt;
[INFO] [stdout]   |              ^^^^^ could not find `macos` in `os`
[INFO] [stdout]   |
[INFO] [stdout] note: found an item that was configured out
[INFO] [stdout]  --> /rustc/3154cc1a3e6424e44f438a95007d043ed5ceaaf6/library/std/src/os/mod.rs:118:6
[INFO] [stdout]   |
[INFO] [stdout]   = note: the item is gated behind the `macos` feature
[INFO] [stdout] 
[INFO] [stdout] 
[INFO] [stdout] error[E0455]: link kind `framework` is only supported on Apple targets
[INFO] [stdout]    --> src/fsx/sys.rs:104:40
[INFO] [stdout]     |
[INFO] [stdout] 104 | #[link(name = "CoreFoundation", kind = "framework")]
[INFO] [stdout]     |                                        ^^^^^^^^^^^
[INFO] [stdout] 
[INFO] [stdout] 
[INFO] [stdout] error[E0433]: cannot find `macos` in `os`
[INFO] [stdout]  --> src/fsx/mod.rs:5:14
[INFO] [stdout]   |
[INFO] [stdout] 5 | use std::os::macos::fs::MetadataExt as MacMetadataExt;
[INFO] [stdout]   |              ^^^^^ could not find `macos` in `os`
[INFO] [stdout]   |
[INFO] [stdout] note: found an item that was configured out
[INFO] [stdout]  --> /rustc/3154cc1a3e6424e44f438a95007d043ed5ceaaf6/library/std/src/os/mod.rs:118:6
[INFO] [stdout]   |
[INFO] [stdout]   = note: the item is gated behind the `macos` feature
[INFO] [stdout] 
[INFO] [stdout] 
[INFO] [stdout] error[E0455]: link kind `framework` is only supported on Apple targets
[INFO] [stdout]    --> src/fsx/sys.rs:104:40
[INFO] [stdout]     |
[INFO] [stdout] 104 | #[link(name = "CoreFoundation", kind = "framework")]
[INFO] [stdout]     |                                        ^^^^^^^^^^^
[INFO] [stdout] 
[INFO] [stdout] 
[INFO] [stdout] error[E0599]: no method named `st_flags` found for struct `Metadata` in the current scope
[INFO] [stdout]    --> src/fsx/mod.rs:184:33
[INFO] [stdout]     |
[INFO] [stdout] 184 |         let dataless = metadata.st_flags() & 0x4000_0000 != 0;
[INFO] [stdout]     |                                 ^^^^^^^^ method not found in `Metadata`
[INFO] [stdout] 
[INFO] [stdout] 
[INFO] [stdout] error[E0599]: no method named `st_flags` found for struct `Metadata` in the current scope
[INFO] [stdout]    --> src/fsx/mod.rs:212:33
[INFO] [stdout]     |
[INFO] [stdout] 212 |             bsd_flags: metadata.st_flags(),
[INFO] [stdout]     |                                 ^^^^^^^^ method not found in `Metadata`
[INFO] [stdout] 
[INFO] [stdout] 
[INFO] [stdout] error[E0599]: no method named `st_flags` found for struct `Metadata` in the current scope
[INFO] [stdout]    --> src/fsx/mod.rs:184:33
[INFO] [stdout]     |
[INFO] [stdout] 184 |         let dataless = metadata.st_flags() & 0x4000_0000 != 0;
[INFO] [stdout]     |                                 ^^^^^^^^ method not found in `Metadata`
[INFO] [stdout] 
[INFO] [stdout] 
[INFO] [stdout] error[E0599]: no method named `st_flags` found for struct `Metadata` in the current scope
[INFO] [stdout]    --> src/fsx/mod.rs:212:33
[INFO] [stdout]     |
[INFO] [stdout] 212 |             bsd_flags: metadata.st_flags(),
[INFO] [stdout]     |                                 ^^^^^^^^ method not found in `Metadata`
[INFO] [stdout] 
[INFO] [stdout] 
[INFO] [stdout] Some errors have detailed explanations: E0433, E0455, E0599.
[INFO] [stdout] 
[INFO] [stdout] For more information about an error, try `rustc --explain E0433`.
[INFO] [stdout] 
[INFO] [stderr] error: could not compile `sizetrail` (lib) due to 4 previous errors
[INFO] [stderr] warning: build failed, waiting for other jobs to finish...
[INFO] [stdout] Some errors have detailed explanations: E0433, E0455, E0599.
[INFO] [stdout] 
[INFO] [stdout] For more information about an error, try `rustc --explain E0433`.
[INFO] [stdout] 
[INFO] [stderr] error: could not compile `sizetrail` (lib test) due to 4 previous errors
[INFO] running `Command { std: "docker" "inspect" "240c217681fba3239a9c11dd496e0ec155421409dcf73f334566c1b9637cf5f2", kill_on_drop: false }`
[INFO] running `Command { std: "docker" "rm" "-f" "240c217681fba3239a9c11dd496e0ec155421409dcf73f334566c1b9637cf5f2", kill_on_drop: false }`
[INFO] [stdout] 240c217681fba3239a9c11dd496e0ec155421409dcf73f334566c1b9637cf5f2
