[INFO] cloning repository https://github.com/Sosisska123/key-switcher
[INFO] running `Command { std: "git" "-c" "credential.helper=" "-c" "credential.helper=/workspace/cargo-home/bin/git-credential-null" "clone" "--bare" "https://github.com/Sosisska123/key-switcher" "/workspace/cache/git-repos/https%3A%2F%2Fgithub.com%2FSosisska123%2Fkey-switcher", kill_on_drop: false }`
[INFO] [stderr] Cloning into bare repository '/workspace/cache/git-repos/https%3A%2F%2Fgithub.com%2FSosisska123%2Fkey-switcher'...
[INFO] running `Command { std: "git" "rev-parse" "HEAD", kill_on_drop: false }`
[INFO] [stdout] 168136f2c4471b2dfda5e8af02d0f527b8666e66
[INFO] checking Sosisska123/key-switcher against 3154cc1a3e6424e44f438a95007d043ed5ceaaf6 for pr-133502-30
[INFO] running `Command { std: "git" "clone" "/workspace/cache/git-repos/https%3A%2F%2Fgithub.com%2FSosisska123%2Fkey-switcher" "/workspace/builds/worker-2-tc2/source", kill_on_drop: false }`
[INFO] [stderr] Cloning into '/workspace/builds/worker-2-tc2/source'...
[INFO] [stderr] done.
[INFO] started tweaking git repo https://github.com/Sosisska123/key-switcher
[INFO] finished tweaking git repo https://github.com/Sosisska123/key-switcher
[INFO] tweaked toml for git repo https://github.com/Sosisska123/key-switcher written to /workspace/builds/worker-2-tc2/source/Cargo.toml
[INFO] validating manifest of git repo https://github.com/Sosisska123/key-switcher on toolchain 3154cc1a3e6424e44f438a95007d043ed5ceaaf6
[INFO] running `Command { std: CARGO_HOME="/workspace/cargo-home" RUSTUP_HOME="/workspace/rustup-home" "/workspace/cargo-home/bin/cargo" "+3154cc1a3e6424e44f438a95007d043ed5ceaaf6" "metadata" "--manifest-path" "Cargo.toml" "--no-deps", kill_on_drop: false }`
[INFO] crate git repo https://github.com/Sosisska123/key-switcher already has a lockfile, it will not be regenerated
[INFO] running `Command { std: CARGO_HOME="/workspace/cargo-home" RUSTUP_HOME="/workspace/rustup-home" "/workspace/cargo-home/bin/cargo" "+3154cc1a3e6424e44f438a95007d043ed5ceaaf6" "fetch" "--manifest-path" "Cargo.toml", kill_on_drop: false }`
[INFO] running `Command { std: "docker" "create" "-v" "/var/lib/crater-agent-workspace/builds/worker-2-tc2/source:/opt/rustwide/workdir:ro,Z" "-v" "/var/lib/crater-agent-workspace/builds/worker-2-tc2/target:/opt/rustwide/target:rw,Z" "-v" "/var/lib/crater-agent-workspace/cargo-home:/opt/rustwide/cargo-home:ro,Z" "-v" "/var/lib/crater-agent-workspace/rustup-home:/opt/rustwide/rustup-home:ro,Z" "-m" "1610612736" "--network" "none" "ghcr.io/rust-lang/crates-build-env/linux@sha256:77db811e55d90add9212f6832c23229e3de5f1c1f9905e8cb07319ea15df73ac" "sleep" "infinity", kill_on_drop: false }`
[INFO] [stdout] 55fd8a0ad96915f3fce4640e4649dc96e283d07bc99a163c1adbe03017c57cff
[INFO] running `Command { std: "docker" "start" "55fd8a0ad96915f3fce4640e4649dc96e283d07bc99a163c1adbe03017c57cff", kill_on_drop: false }`
[INFO] running `Command { std: "docker" "inspect" "55fd8a0ad96915f3fce4640e4649dc96e283d07bc99a163c1adbe03017c57cff", kill_on_drop: false }`
[INFO] running `Command { std: "docker" "exec" "-e" "SOURCE_DIR=/opt/rustwide/workdir" "-e" "CARGO_HOME=/opt/rustwide/cargo-home" "-e" "RUSTUP_HOME=/opt/rustwide/rustup-home" "-e" "CARGO_TARGET_DIR=/opt/rustwide/target" "-w" "/opt/rustwide/workdir" "--user" "0:0" "55fd8a0ad96915f3fce4640e4649dc96e283d07bc99a163c1adbe03017c57cff" "/opt/rustwide/cargo-home/bin/cargo" "+3154cc1a3e6424e44f438a95007d043ed5ceaaf6" "metadata" "--no-deps" "--format-version=1", kill_on_drop: false }`
[INFO] running `Command { std: "docker" "inspect" "55fd8a0ad96915f3fce4640e4649dc96e283d07bc99a163c1adbe03017c57cff", kill_on_drop: false }`
[INFO] running `Command { std: "docker" "exec" "-e" "SOURCE_DIR=/opt/rustwide/workdir" "-e" "CARGO_HOME=/opt/rustwide/cargo-home" "-e" "RUSTUP_HOME=/opt/rustwide/rustup-home" "-e" "CARGO_TARGET_DIR=/opt/rustwide/target" "-e" "CARGO_INCREMENTAL=0" "-e" "RUST_BACKTRACE=full" "-e" "RUSTFLAGS=--cap-lints=forbid" "-e" "RUSTDOCFLAGS=--cap-lints=forbid" "-w" "/opt/rustwide/workdir" "--user" "0:0" "55fd8a0ad96915f3fce4640e4649dc96e283d07bc99a163c1adbe03017c57cff" "/opt/rustwide/cargo-home/bin/cargo" "+3154cc1a3e6424e44f438a95007d043ed5ceaaf6" "check" "--frozen" "--all" "--all-targets" "--message-format=json", kill_on_drop: false }`
[INFO] [stderr]    Compiling cc v1.3.0
[INFO] [stderr]     Checking futures-core v0.3.33
[INFO] [stderr]    Compiling crossbeam-utils v0.8.22
[INFO] [stderr]    Compiling serde_core v1.0.229
[INFO] [stderr]    Compiling toml_parser v1.1.2+spec-1.1.0
[INFO] [stderr]    Compiling quick-xml v0.39.4
[INFO] [stderr]     Checking futures-io v0.3.33
[INFO] [stderr]    Compiling syn v2.0.119
[INFO] [stderr]    Compiling syn v3.0.2
[INFO] [stderr]     Checking wayland-sys v0.31.11
[INFO] [stderr]     Checking errno v0.3.14
[INFO] [stderr]     Checking rustix v0.38.44
[INFO] [stderr]     Checking memmap2 v0.9.11
[INFO] [stderr]    Compiling zerocopy v0.8.54
[INFO] [stderr]     Checking bytemuck v1.25.2
[INFO] [stderr]     Checking signal-hook-registry v1.4.8
[INFO] [stderr]     Checking ordered-stream v0.2.0
[INFO] [stderr]     Checking futures-lite v2.6.1
[INFO] [stderr]     Checking piper v0.2.5
[INFO] [stderr]     Checking async-broadcast v0.7.2
[INFO] [stderr]     Checking uuid v1.24.0
[INFO] [stderr]     Checking x11rb-protocol v0.13.2
[INFO] [stderr]    Compiling thiserror v2.0.19
[INFO] [stderr]     Checking clap_builder v4.6.2
[INFO] [stderr]     Checking tiny-skia-path v0.11.4
[INFO] [stderr]     Checking concurrent-queue v2.5.0
[INFO] [stderr]    Compiling x11-dl v2.21.0
[INFO] [stderr]     Checking xkbcommon v0.9.0
[INFO] [stderr]    Compiling toml_edit v0.25.13+spec-1.1.0
[INFO] [stderr]    Compiling wayland-scanner v0.31.10
[INFO] [stderr]     Checking async-channel v2.5.0
[INFO] [stderr]     Checking async-io v2.6.0
[INFO] [stderr]     Checking async-executor v1.14.0
[INFO] [stderr]     Checking tiny-skia v0.11.4
[INFO] [stderr]     Checking blocking v1.6.2
[INFO] [stderr]     Checking xkbcommon-dl v0.4.2
[INFO] [stderr]     Checking async-signal v0.2.14
[INFO] [stderr]     Checking async-process v2.5.0
[INFO] [stderr]    Compiling wayland-backend v0.3.15
[INFO] [stderr]    Compiling proc-macro-crate v3.5.0
[INFO] [stderr]     Checking wayland-csd-frame v0.3.0
[INFO] [stderr]     Checking wayland-client v0.31.14
[INFO] [stderr]     Checking wayland-protocols v0.32.13
[INFO] [stderr]     Checking wayland-cursor v0.31.14
[INFO] [stderr]    Compiling serde_derive v1.0.229
[INFO] [stderr]    Compiling async-trait v0.1.91
[INFO] [stderr]    Compiling serde_repr v0.1.21
[INFO] [stderr]    Compiling thiserror-impl v2.0.19
[INFO] [stderr]    Compiling clap_derive v4.6.4
[INFO] [stderr]     Checking clap v4.6.4
[INFO] [stderr]    Compiling enumflags2_derive v0.7.12
[INFO] [stderr]    Compiling thiserror-impl v1.0.69
[INFO] [stderr]    Compiling tracing-attributes v0.1.31
[INFO] [stderr]    Compiling async-recursion v1.1.1
[INFO] [stderr]     Checking thiserror v1.0.69
[INFO] [stderr]     Checking calloop v0.13.0
[INFO] [stderr]    Compiling serde v1.0.229
[INFO] [stderr]     Checking ahash v0.8.12
[INFO] [stderr]     Checking tracing v0.1.44
[INFO] [stderr]     Checking calloop-wayland-source v0.3.0
[INFO] [stderr]    Compiling zvariant_utils v3.5.0
[INFO] [stderr]    Compiling enumflags2 v0.7.12
[INFO] [stderr]    Compiling zvariant_derive v5.13.1
[INFO] [stderr]    Compiling zvariant v5.13.1
[INFO] [stderr]     Checking wayland-protocols-wlr v0.3.12
[INFO] [stderr]     Checking wayland-protocols-plasma v0.3.12
[INFO] [stderr]     Checking smithay-client-toolkit v0.19.2
[INFO] [stderr]     Checking zbus_names v4.3.4
[INFO] [stderr]     Checking sctk-adwaita v0.10.1
[INFO] [stderr]     Checking x11rb v0.13.2
[INFO] [stderr]    Compiling zbus_macros v5.18.0
[INFO] [stderr]     Checking enigo v0.6.1
[INFO] [stderr]     Checking winit v0.30.13
[INFO] [stderr]     Checking zbus v5.18.0
[INFO] [stderr]     Checking fcitx5-dbus v0.1.4
[INFO] [stderr]     Checking im-switch v0.1.0
[INFO] [stderr]     Checking key_switcher v0.1.0 (/opt/rustwide/workdir/key_switcher)
[INFO] [stdout] error[E0599]: no variant, associated function, or constant named `A` found for enum `enigo::Key` in the current scope
[INFO] [stdout]    --> key_switcher/src/events/key.rs:309:38
[INFO] [stdout]     |
[INFO] [stdout] 309 |             Key::A => Ok(enigo::Key::A),
[INFO] [stdout]     |                                      ^ variant, associated function, or constant not found in `enigo::Key`
[INFO] [stdout] 
[INFO] [stdout] 
[INFO] [stdout] error[E0599]: no variant, associated function, or constant named `B` found for enum `enigo::Key` in the current scope
[INFO] [stdout]    --> key_switcher/src/events/key.rs:310:38
[INFO] [stdout]     |
[INFO] [stdout] 310 |             Key::B => Ok(enigo::Key::B),
[INFO] [stdout]     |                                      ^ variant, associated function, or constant not found in `enigo::Key`
[INFO] [stdout] 
[INFO] [stdout] 
[INFO] [stdout] error[E0599]: no variant, associated function, or constant named `C` found for enum `enigo::Key` in the current scope
[INFO] [stdout]    --> key_switcher/src/events/key.rs:311:38
[INFO] [stdout]     |
[INFO] [stdout] 311 |             Key::C => Ok(enigo::Key::C),
[INFO] [stdout]     |                                      ^ variant, associated function, or constant not found in `enigo::Key`
[INFO] [stdout] 
[INFO] [stdout] 
[INFO] [stdout] error[E0599]: no variant, associated function, or constant named `D` found for enum `enigo::Key` in the current scope
[INFO] [stdout]    --> key_switcher/src/events/key.rs:312:38
[INFO] [stdout]     |
[INFO] [stdout] 312 |             Key::D => Ok(enigo::Key::D),
[INFO] [stdout]     |                                      ^ variant, associated function, or constant not found in `enigo::Key`
[INFO] [stdout] 
[INFO] [stdout] 
[INFO] [stdout] error[E0599]: no variant, associated function, or constant named `E` found for enum `enigo::Key` in the current scope
[INFO] [stdout]    --> key_switcher/src/events/key.rs:313:38
[INFO] [stdout]     |
[INFO] [stdout] 313 |             Key::E => Ok(enigo::Key::E),
[INFO] [stdout]     |                                      ^ variant, associated function, or constant not found in `enigo::Key`
[INFO] [stdout] 
[INFO] [stdout] 
[INFO] [stdout] error[E0599]: no variant, associated function, or constant named `F` found for enum `enigo::Key` in the current scope
[INFO] [stdout]    --> key_switcher/src/events/key.rs:314:38
[INFO] [stdout]     |
[INFO] [stdout] 314 |             Key::F => Ok(enigo::Key::F),
[INFO] [stdout]     |                                      ^ variant, associated function, or constant not found in `enigo::Key`
[INFO] [stdout]     |
[INFO] [stdout] help: there is a variant with a similar name
[INFO] [stdout]     |
[INFO] [stdout] 314 |             Key::F => Ok(enigo::Key::F1),
[INFO] [stdout]     |                                       +
[INFO] [stdout] 
[INFO] [stdout] 
[INFO] [stdout] error[E0599]: no variant, associated function, or constant named `G` found for enum `enigo::Key` in the current scope
[INFO] [stdout]    --> key_switcher/src/events/key.rs:315:38
[INFO] [stdout]     |
[INFO] [stdout] 315 |             Key::G => Ok(enigo::Key::G),
[INFO] [stdout]     |                                      ^ variant, associated function, or constant not found in `enigo::Key`
[INFO] [stdout] 
[INFO] [stdout] 
[INFO] [stdout] error[E0599]: no variant, associated function, or constant named `H` found for enum `enigo::Key` in the current scope
[INFO] [stdout]    --> key_switcher/src/events/key.rs:316:38
[INFO] [stdout]     |
[INFO] [stdout] 316 |             Key::H => Ok(enigo::Key::H),
[INFO] [stdout]     |                                      ^ variant, associated function, or constant not found in `enigo::Key`
[INFO] [stdout] 
[INFO] [stdout] 
[INFO] [stdout] error[E0599]: no variant, associated function, or constant named `I` found for enum `enigo::Key` in the current scope
[INFO] [stdout]    --> key_switcher/src/events/key.rs:317:38
[INFO] [stdout]     |
[INFO] [stdout] 317 |             Key::I => Ok(enigo::Key::I),
[INFO] [stdout]     |                                      ^ variant, associated function, or constant not found in `enigo::Key`
[INFO] [stdout] 
[INFO] [stdout] 
[INFO] [stdout] error[E0599]: no variant, associated function, or constant named `J` found for enum `enigo::Key` in the current scope
[INFO] [stdout]    --> key_switcher/src/events/key.rs:318:38
[INFO] [stdout]     |
[INFO] [stdout] 318 |             Key::J => Ok(enigo::Key::J),
[INFO] [stdout]     |                                      ^ variant, associated function, or constant not found in `enigo::Key`
[INFO] [stdout] 
[INFO] [stdout] 
[INFO] [stdout] error[E0599]: no variant, associated function, or constant named `K` found for enum `enigo::Key` in the current scope
[INFO] [stdout]    --> key_switcher/src/events/key.rs:319:38
[INFO] [stdout]     |
[INFO] [stdout] 319 |             Key::K => Ok(enigo::Key::K),
[INFO] [stdout]     |                                      ^ variant, associated function, or constant not found in `enigo::Key`
[INFO] [stdout] 
[INFO] [stdout] 
[INFO] [stdout] error[E0599]: no variant, associated function, or constant named `L` found for enum `enigo::Key` in the current scope
[INFO] [stdout]    --> key_switcher/src/events/key.rs:320:38
[INFO] [stdout]     |
[INFO] [stdout] 320 |             Key::L => Ok(enigo::Key::L),
[INFO] [stdout]     |                                      ^ variant, associated function, or constant not found in `enigo::Key`
[INFO] [stdout] 
[INFO] [stdout] 
[INFO] [stdout] error[E0599]: no variant, associated function, or constant named `M` found for enum `enigo::Key` in the current scope
[INFO] [stdout]    --> key_switcher/src/events/key.rs:321:38
[INFO] [stdout]     |
[INFO] [stdout] 321 |             Key::M => Ok(enigo::Key::M),
[INFO] [stdout]     |                                      ^ variant, associated function, or constant not found in `enigo::Key`
[INFO] [stdout] 
[INFO] [stdout] 
[INFO] [stdout] error[E0599]: no variant, associated function, or constant named `N` found for enum `enigo::Key` in the current scope
[INFO] [stdout]    --> key_switcher/src/events/key.rs:322:38
[INFO] [stdout]     |
[INFO] [stdout] 322 |             Key::N => Ok(enigo::Key::N),
[INFO] [stdout]     |                                      ^ variant, associated function, or constant not found in `enigo::Key`
[INFO] [stdout] 
[INFO] [stdout] 
[INFO] [stdout] error[E0599]: no variant, associated function, or constant named `O` found for enum `enigo::Key` in the current scope
[INFO] [stdout]    --> key_switcher/src/events/key.rs:323:38
[INFO] [stdout]     |
[INFO] [stdout] 323 |             Key::O => Ok(enigo::Key::O),
[INFO] [stdout]     |                                      ^ variant, associated function, or constant not found in `enigo::Key`
[INFO] [stdout] 
[INFO] [stdout] 
[INFO] [stdout] error[E0599]: no variant, associated function, or constant named `P` found for enum `enigo::Key` in the current scope
[INFO] [stdout]    --> key_switcher/src/events/key.rs:324:38
[INFO] [stdout]     |
[INFO] [stdout] 324 |             Key::P => Ok(enigo::Key::P),
[INFO] [stdout]     |                                      ^ variant, associated function, or constant not found in `enigo::Key`
[INFO] [stdout] 
[INFO] [stdout] 
[INFO] [stdout] error[E0599]: no variant, associated function, or constant named `Q` found for enum `enigo::Key` in the current scope
[INFO] [stdout]    --> key_switcher/src/events/key.rs:325:38
[INFO] [stdout]     |
[INFO] [stdout] 325 |             Key::Q => Ok(enigo::Key::Q),
[INFO] [stdout]     |                                      ^ variant, associated function, or constant not found in `enigo::Key`
[INFO] [stdout] 
[INFO] [stdout] 
[INFO] [stdout] error[E0599]: no variant, associated function, or constant named `R` found for enum `enigo::Key` in the current scope
[INFO] [stdout]    --> key_switcher/src/events/key.rs:326:38
[INFO] [stdout]     |
[INFO] [stdout] 326 |             Key::R => Ok(enigo::Key::R),
[INFO] [stdout]     |                                      ^ variant, associated function, or constant not found in `enigo::Key`
[INFO] [stdout] 
[INFO] [stdout] 
[INFO] [stdout] error[E0599]: no variant, associated function, or constant named `S` found for enum `enigo::Key` in the current scope
[INFO] [stdout]    --> key_switcher/src/events/key.rs:327:38
[INFO] [stdout]     |
[INFO] [stdout] 327 |             Key::S => Ok(enigo::Key::S),
[INFO] [stdout]     |                                      ^ variant, associated function, or constant not found in `enigo::Key`
[INFO] [stdout] 
[INFO] [stdout] 
[INFO] [stdout] error[E0599]: no variant, associated function, or constant named `T` found for enum `enigo::Key` in the current scope
[INFO] [stdout]    --> key_switcher/src/events/key.rs:328:38
[INFO] [stdout]     |
[INFO] [stdout] 328 |             Key::T => Ok(enigo::Key::T),
[INFO] [stdout]     |                                      ^ variant, associated function, or constant not found in `enigo::Key`
[INFO] [stdout] 
[INFO] [stdout] 
[INFO] [stdout] error[E0599]: no variant, associated function, or constant named `U` found for enum `enigo::Key` in the current scope
[INFO] [stdout]    --> key_switcher/src/events/key.rs:329:38
[INFO] [stdout]     |
[INFO] [stdout] 329 |             Key::U => Ok(enigo::Key::U),
[INFO] [stdout]     |                                      ^ variant, associated function, or constant not found in `enigo::Key`
[INFO] [stdout] 
[INFO] [stdout] 
[INFO] [stdout] error[E0599]: no variant, associated function, or constant named `V` found for enum `enigo::Key` in the current scope
[INFO] [stdout]    --> key_switcher/src/events/key.rs:330:38
[INFO] [stdout]     |
[INFO] [stdout] 330 |             Key::V => Ok(enigo::Key::V),
[INFO] [stdout]     |                                      ^ variant, associated function, or constant not found in `enigo::Key`
[INFO] [stdout] 
[INFO] [stdout] 
[INFO] [stdout] error[E0599]: no variant, associated function, or constant named `W` found for enum `enigo::Key` in the current scope
[INFO] [stdout]    --> key_switcher/src/events/key.rs:331:38
[INFO] [stdout]     |
[INFO] [stdout] 331 |             Key::W => Ok(enigo::Key::W),
[INFO] [stdout]     |                                      ^ variant, associated function, or constant not found in `enigo::Key`
[INFO] [stdout] 
[INFO] [stdout] 
[INFO] [stdout] error[E0599]: no variant, associated function, or constant named `X` found for enum `enigo::Key` in the current scope
[INFO] [stdout]    --> key_switcher/src/events/key.rs:332:38
[INFO] [stdout]     |
[INFO] [stdout] 332 |             Key::X => Ok(enigo::Key::X),
[INFO] [stdout]     |                                      ^ variant, associated function, or constant not found in `enigo::Key`
[INFO] [stdout] 
[INFO] [stdout] 
[INFO] [stdout] error[E0599]: no variant, associated function, or constant named `Y` found for enum `enigo::Key` in the current scope
[INFO] [stdout]    --> key_switcher/src/events/key.rs:333:38
[INFO] [stdout]     |
[INFO] [stdout] 333 |             Key::Y => Ok(enigo::Key::Y),
[INFO] [stdout]     |                                      ^ variant, associated function, or constant not found in `enigo::Key`
[INFO] [stdout] 
[INFO] [stdout] 
[INFO] [stdout] error[E0599]: no variant, associated function, or constant named `Z` found for enum `enigo::Key` in the current scope
[INFO] [stdout]    --> key_switcher/src/events/key.rs:334:38
[INFO] [stdout]     |
[INFO] [stdout] 334 |             Key::Z => Ok(enigo::Key::Z),
[INFO] [stdout]     |                                      ^ variant, associated function, or constant not found in `enigo::Key`
[INFO] [stdout] 
[INFO] [stdout] 
[INFO] [stdout] error[E0599]: no variant, associated function, or constant named `Num0` found for enum `enigo::Key` in the current scope
[INFO] [stdout]    --> key_switcher/src/events/key.rs:335:43
[INFO] [stdout]     |
[INFO] [stdout] 335 |             Key::Digit0 => Ok(enigo::Key::Num0),
[INFO] [stdout]     |                                           ^^^^ variant, associated function, or constant not found in `enigo::Key`
[INFO] [stdout] 
[INFO] [stdout] 
[INFO] [stdout] error[E0599]: no variant, associated function, or constant named `Num1` found for enum `enigo::Key` in the current scope
[INFO] [stdout]    --> key_switcher/src/events/key.rs:336:43
[INFO] [stdout]     |
[INFO] [stdout] 336 |             Key::Digit1 => Ok(enigo::Key::Num1),
[INFO] [stdout]     |                                           ^^^^ variant, associated function, or constant not found in `enigo::Key`
[INFO] [stdout] 
[INFO] [stdout] 
[INFO] [stdout] error[E0599]: no variant, associated function, or constant named `Num2` found for enum `enigo::Key` in the current scope
[INFO] [stdout]    --> key_switcher/src/events/key.rs:337:43
[INFO] [stdout]     |
[INFO] [stdout] 337 |             Key::Digit2 => Ok(enigo::Key::Num2),
[INFO] [stdout]     |                                           ^^^^ variant, associated function, or constant not found in `enigo::Key`
[INFO] [stdout] 
[INFO] [stdout] 
[INFO] [stdout] error[E0599]: no variant, associated function, or constant named `Num3` found for enum `enigo::Key` in the current scope
[INFO] [stdout]    --> key_switcher/src/events/key.rs:338:43
[INFO] [stdout]     |
[INFO] [stdout] 338 |             Key::Digit3 => Ok(enigo::Key::Num3),
[INFO] [stdout]     |                                           ^^^^ variant, associated function, or constant not found in `enigo::Key`
[INFO] [stdout] 
[INFO] [stdout] 
[INFO] [stdout] error[E0599]: no variant, associated function, or constant named `Num4` found for enum `enigo::Key` in the current scope
[INFO] [stdout]    --> key_switcher/src/events/key.rs:339:43
[INFO] [stdout]     |
[INFO] [stdout] 339 |             Key::Digit4 => Ok(enigo::Key::Num4),
[INFO] [stdout]     |                                           ^^^^ variant, associated function, or constant not found in `enigo::Key`
[INFO] [stdout] 
[INFO] [stdout] 
[INFO] [stdout] error[E0599]: no variant, associated function, or constant named `Num5` found for enum `enigo::Key` in the current scope
[INFO] [stdout]    --> key_switcher/src/events/key.rs:340:43
[INFO] [stdout]     |
[INFO] [stdout] 340 |             Key::Digit5 => Ok(enigo::Key::Num5),
[INFO] [stdout]     |                                           ^^^^ variant, associated function, or constant not found in `enigo::Key`
[INFO] [stdout] 
[INFO] [stdout] 
[INFO] [stdout] error[E0599]: no variant, associated function, or constant named `Num6` found for enum `enigo::Key` in the current scope
[INFO] [stdout]    --> key_switcher/src/events/key.rs:341:43
[INFO] [stdout]     |
[INFO] [stdout] 341 |             Key::Digit6 => Ok(enigo::Key::Num6),
[INFO] [stdout]     |                                           ^^^^ variant, associated function, or constant not found in `enigo::Key`
[INFO] [stdout] 
[INFO] [stdout] 
[INFO] [stdout] error[E0599]: no variant, associated function, or constant named `Num7` found for enum `enigo::Key` in the current scope
[INFO] [stdout]    --> key_switcher/src/events/key.rs:342:43
[INFO] [stdout]     |
[INFO] [stdout] 342 |             Key::Digit7 => Ok(enigo::Key::Num7),
[INFO] [stdout]     |                                           ^^^^ variant, associated function, or constant not found in `enigo::Key`
[INFO] [stdout] 
[INFO] [stdout] 
[INFO] [stdout] error[E0599]: no variant, associated function, or constant named `Num8` found for enum `enigo::Key` in the current scope
[INFO] [stdout]    --> key_switcher/src/events/key.rs:343:43
[INFO] [stdout]     |
[INFO] [stdout] 343 |             Key::Digit8 => Ok(enigo::Key::Num8),
[INFO] [stdout]     |                                           ^^^^ variant, associated function, or constant not found in `enigo::Key`
[INFO] [stdout] 
[INFO] [stdout] 
[INFO] [stdout] error[E0599]: no variant, associated function, or constant named `Num9` found for enum `enigo::Key` in the current scope
[INFO] [stdout]    --> key_switcher/src/events/key.rs:344:43
[INFO] [stdout]     |
[INFO] [stdout] 344 |             Key::Digit9 => Ok(enigo::Key::Num9),
[INFO] [stdout]     |                                           ^^^^ variant, associated function, or constant not found in `enigo::Key`
[INFO] [stdout] 
[INFO] [stdout] 
[INFO] [stdout] error[E0599]: no variant, associated function, or constant named `OEM1` found for enum `enigo::Key` in the current scope
[INFO] [stdout]    --> key_switcher/src/events/key.rs:345:46
[INFO] [stdout]     |
[INFO] [stdout] 345 |             Key::Semicolon => Ok(enigo::Key::OEM1),
[INFO] [stdout]     |                                              ^^^^ variant, associated function, or constant not found in `enigo::Key`
[INFO] [stdout] 
[INFO] [stdout] 
[INFO] [stdout] error[E0599]: no variant, associated function, or constant named `OEM2` found for enum `enigo::Key` in the current scope
[INFO] [stdout]    --> key_switcher/src/events/key.rs:346:42
[INFO] [stdout]     |
[INFO] [stdout] 346 |             Key::Slash => Ok(enigo::Key::OEM2),
[INFO] [stdout]     |                                          ^^^^ variant, associated function, or constant not found in `enigo::Key`
[INFO] [stdout] 
[INFO] [stdout] 
[INFO] [stdout] error[E0599]: no variant, associated function, or constant named `OEM3` found for enum `enigo::Key` in the current scope
[INFO] [stdout]    --> key_switcher/src/events/key.rs:347:46
[INFO] [stdout]     |
[INFO] [stdout] 347 |             Key::Backquote => Ok(enigo::Key::OEM3),
[INFO] [stdout]     |                                              ^^^^ variant, associated function, or constant not found in `enigo::Key`
[INFO] [stdout] 
[INFO] [stdout] 
[INFO] [stdout] error[E0599]: no variant, associated function, or constant named `OEM4` found for enum `enigo::Key` in the current scope
[INFO] [stdout]    --> key_switcher/src/events/key.rs:348:48
[INFO] [stdout]     |
[INFO] [stdout] 348 |             Key::BracketLeft => Ok(enigo::Key::OEM4),
[INFO] [stdout]     |                                                ^^^^ variant, associated function, or constant not found in `enigo::Key`
[INFO] [stdout] 
[INFO] [stdout] 
[INFO] [stdout] error[E0599]: no variant, associated function, or constant named `OEM5` found for enum `enigo::Key` in the current scope
[INFO] [stdout]    --> key_switcher/src/events/key.rs:349:46
[INFO] [stdout]     |
[INFO] [stdout] 349 |             Key::Backslash => Ok(enigo::Key::OEM5),
[INFO] [stdout]     |                                              ^^^^ variant, associated function, or constant not found in `enigo::Key`
[INFO] [stdout] 
[INFO] [stdout] 
[INFO] [stdout] error[E0599]: no variant, associated function, or constant named `OEM6` found for enum `enigo::Key` in the current scope
[INFO] [stdout]    --> key_switcher/src/events/key.rs:350:49
[INFO] [stdout]     |
[INFO] [stdout] 350 |             Key::BracketRight => Ok(enigo::Key::OEM6),
[INFO] [stdout]     |                                                 ^^^^ variant, associated function, or constant not found in `enigo::Key`
[INFO] [stdout] 
[INFO] [stdout] 
[INFO] [stdout] error[E0599]: no variant, associated function, or constant named `OEM7` found for enum `enigo::Key` in the current scope
[INFO] [stdout]    --> key_switcher/src/events/key.rs:351:42
[INFO] [stdout]     |
[INFO] [stdout] 351 |             Key::Quote => Ok(enigo::Key::OEM7),
[INFO] [stdout]     |                                          ^^^^ variant, associated function, or constant not found in `enigo::Key`
[INFO] [stdout] 
[INFO] [stdout] 
[INFO] [stdout] error[E0599]: no variant, associated function, or constant named `OEMComma` found for enum `enigo::Key` in the current scope
[INFO] [stdout]    --> key_switcher/src/events/key.rs:352:42
[INFO] [stdout]     |
[INFO] [stdout] 352 |             Key::Comma => Ok(enigo::Key::OEMComma),
[INFO] [stdout]     |                                          ^^^^^^^^ variant, associated function, or constant not found in `enigo::Key`
[INFO] [stdout] 
[INFO] [stdout] 
[INFO] [stdout] error[E0599]: no variant, associated function, or constant named `OEMPlus` found for enum `enigo::Key` in the current scope
[INFO] [stdout]    --> key_switcher/src/events/key.rs:353:42
[INFO] [stdout]     |
[INFO] [stdout] 353 |             Key::Equal => Ok(enigo::Key::OEMPlus),
[INFO] [stdout]     |                                          ^^^^^^^ variant, associated function, or constant not found in `enigo::Key`
[INFO] [stdout] 
[INFO] [stdout] 
[INFO] [stdout] error[E0599]: no variant, associated function, or constant named `OEMMinus` found for enum `enigo::Key` in the current scope
[INFO] [stdout]    --> key_switcher/src/events/key.rs:354:42
[INFO] [stdout]     |
[INFO] [stdout] 354 |             Key::Minus => Ok(enigo::Key::OEMMinus),
[INFO] [stdout]     |                                          ^^^^^^^^ variant, associated function, or constant not found in `enigo::Key`
[INFO] [stdout] 
[INFO] [stdout] 
[INFO] [stdout] error[E0599]: no variant, associated function, or constant named `OEMPeriod` found for enum `enigo::Key` in the current scope
[INFO] [stdout]    --> key_switcher/src/events/key.rs:355:43
[INFO] [stdout]     |
[INFO] [stdout] 355 |             Key::Period => Ok(enigo::Key::OEMPeriod),
[INFO] [stdout]     |                                           ^^^^^^^^^ variant, associated function, or constant not found in `enigo::Key`
[INFO] [stdout] 
[INFO] [stdout] 
[INFO] [stdout] For more information about this error, try `rustc --explain E0599`.
[INFO] [stdout] 
[INFO] [stderr] error: could not compile `key_switcher` (lib) due to 47 previous errors
[INFO] running `Command { std: "docker" "inspect" "55fd8a0ad96915f3fce4640e4649dc96e283d07bc99a163c1adbe03017c57cff", kill_on_drop: false }`
[INFO] running `Command { std: "docker" "rm" "-f" "55fd8a0ad96915f3fce4640e4649dc96e283d07bc99a163c1adbe03017c57cff", kill_on_drop: false }`
[INFO] [stdout] 55fd8a0ad96915f3fce4640e4649dc96e283d07bc99a163c1adbe03017c57cff
