[INFO] cloning repository https://github.com/Sorbiers/privater
[INFO] running `Command { std: "git" "-c" "credential.helper=" "-c" "credential.helper=/workspace/cargo-home/bin/git-credential-null" "clone" "--bare" "https://github.com/Sorbiers/privater" "/workspace/cache/git-repos/https%3A%2F%2Fgithub.com%2FSorbiers%2Fprivater", kill_on_drop: false }`
[INFO] [stderr] Cloning into bare repository '/workspace/cache/git-repos/https%3A%2F%2Fgithub.com%2FSorbiers%2Fprivater'...
[INFO] running `Command { std: "git" "rev-parse" "HEAD", kill_on_drop: false }`
[INFO] [stdout] 06eb35d968b57fcba1a5691d8f552252ec697e39
[INFO] checking Sorbiers/privater against 3154cc1a3e6424e44f438a95007d043ed5ceaaf6 for pr-133502-30
[INFO] running `Command { std: "git" "clone" "/workspace/cache/git-repos/https%3A%2F%2Fgithub.com%2FSorbiers%2Fprivater" "/workspace/builds/worker-0-tc2/source", kill_on_drop: false }`
[INFO] [stderr] Cloning into '/workspace/builds/worker-0-tc2/source'...
[INFO] [stderr] done.
[INFO] started tweaking git repo https://github.com/Sorbiers/privater
[INFO] finished tweaking git repo https://github.com/Sorbiers/privater
[INFO] tweaked toml for git repo https://github.com/Sorbiers/privater written to /workspace/builds/worker-0-tc2/source/Cargo.toml
[INFO] validating manifest of git repo https://github.com/Sorbiers/privater on toolchain 3154cc1a3e6424e44f438a95007d043ed5ceaaf6
[INFO] running `Command { std: CARGO_HOME="/workspace/cargo-home" RUSTUP_HOME="/workspace/rustup-home" "/workspace/cargo-home/bin/cargo" "+3154cc1a3e6424e44f438a95007d043ed5ceaaf6" "metadata" "--manifest-path" "Cargo.toml" "--no-deps", kill_on_drop: false }`
[INFO] crate git repo https://github.com/Sorbiers/privater already has a lockfile, it will not be regenerated
[INFO] running `Command { std: CARGO_HOME="/workspace/cargo-home" RUSTUP_HOME="/workspace/rustup-home" "/workspace/cargo-home/bin/cargo" "+3154cc1a3e6424e44f438a95007d043ed5ceaaf6" "fetch" "--manifest-path" "Cargo.toml", kill_on_drop: false }`
[INFO] running `Command { std: "docker" "create" "-v" "/var/lib/crater-agent-workspace/builds/worker-0-tc2/source:/opt/rustwide/workdir:ro,Z" "-v" "/var/lib/crater-agent-workspace/builds/worker-0-tc2/target:/opt/rustwide/target:rw,Z" "-v" "/var/lib/crater-agent-workspace/cargo-home:/opt/rustwide/cargo-home:ro,Z" "-v" "/var/lib/crater-agent-workspace/rustup-home:/opt/rustwide/rustup-home:ro,Z" "-m" "1610612736" "--network" "none" "ghcr.io/rust-lang/crates-build-env/linux@sha256:77db811e55d90add9212f6832c23229e3de5f1c1f9905e8cb07319ea15df73ac" "sleep" "infinity", kill_on_drop: false }`
[INFO] [stdout] 6047be2eaa264e0242e061f05fa53965b08721466e5959769020af1f5edd0c98
[INFO] running `Command { std: "docker" "start" "6047be2eaa264e0242e061f05fa53965b08721466e5959769020af1f5edd0c98", kill_on_drop: false }`
[INFO] running `Command { std: "docker" "inspect" "6047be2eaa264e0242e061f05fa53965b08721466e5959769020af1f5edd0c98", kill_on_drop: false }`
[INFO] running `Command { std: "docker" "exec" "-e" "SOURCE_DIR=/opt/rustwide/workdir" "-e" "CARGO_HOME=/opt/rustwide/cargo-home" "-e" "RUSTUP_HOME=/opt/rustwide/rustup-home" "-e" "CARGO_TARGET_DIR=/opt/rustwide/target" "-w" "/opt/rustwide/workdir" "--user" "0:0" "6047be2eaa264e0242e061f05fa53965b08721466e5959769020af1f5edd0c98" "/opt/rustwide/cargo-home/bin/cargo" "+3154cc1a3e6424e44f438a95007d043ed5ceaaf6" "metadata" "--no-deps" "--format-version=1", kill_on_drop: false }`
[INFO] running `Command { std: "docker" "inspect" "6047be2eaa264e0242e061f05fa53965b08721466e5959769020af1f5edd0c98", kill_on_drop: false }`
[INFO] running `Command { std: "docker" "exec" "-e" "SOURCE_DIR=/opt/rustwide/workdir" "-e" "CARGO_HOME=/opt/rustwide/cargo-home" "-e" "RUSTUP_HOME=/opt/rustwide/rustup-home" "-e" "CARGO_TARGET_DIR=/opt/rustwide/target" "-e" "CARGO_INCREMENTAL=0" "-e" "RUST_BACKTRACE=full" "-e" "RUSTFLAGS=--cap-lints=forbid" "-e" "RUSTDOCFLAGS=--cap-lints=forbid" "-w" "/opt/rustwide/workdir" "--user" "0:0" "6047be2eaa264e0242e061f05fa53965b08721466e5959769020af1f5edd0c98" "/opt/rustwide/cargo-home/bin/cargo" "+3154cc1a3e6424e44f438a95007d043ed5ceaaf6" "check" "--frozen" "--all" "--all-targets" "--message-format=json", kill_on_drop: false }`
[INFO] [stderr]    Compiling syn v3.0.3
[INFO] [stderr]    Compiling serde_core v1.0.229
[INFO] [stderr]     Checking rand_core v0.6.4
[INFO] [stderr]     Checking mio v1.2.2
[INFO] [stderr]    Compiling zerocopy v0.8.55
[INFO] [stderr]    Compiling crossbeam-epoch v0.9.20
[INFO] [stderr]     Checking futures-util v0.3.33
[INFO] [stderr]     Checking miniz_oxide v0.8.9
[INFO] [stderr]    Compiling cpufeatures v0.3.0
[INFO] [stderr]     Checking zlib-rs v0.6.6
[INFO] [stderr]     Checking crypto-common v0.1.7
[INFO] [stderr]     Checking digest v0.10.7
[INFO] [stderr]    Compiling sha2 v0.11.0
[INFO] [stderr]    Compiling crossbeam-deque v0.8.7
[INFO] [stderr]    Compiling num-traits v0.2.19
[INFO] [stderr]     Checking http-body-util v0.1.4
[INFO] [stderr]     Checking futures-channel v0.3.33
[INFO] [stderr]    Compiling multer v3.1.0
[INFO] [stderr]     Checking bitflags v2.13.1
[INFO] [stderr]     Checking cipher v0.4.4
[INFO] [stderr]     Checking regex-automata v0.4.16
[INFO] [stderr]     Checking flate2 v1.1.9
[INFO] [stderr]    Compiling rust-embed-utils v8.12.0
[INFO] [stderr]     Checking universal-hash v0.5.1
[INFO] [stderr]     Checking fdeflate v0.3.7
[INFO] [stderr]     Checking quick-error v2.0.1
[INFO] [stderr]     Checking pxfm v0.1.30
[INFO] [stderr]     Checking spin v0.9.9
[INFO] [stderr]     Checking zune-core v0.5.1
[INFO] [stderr]     Checking byteorder-lite v0.1.0
[INFO] [stderr]     Checking weezl v0.1.12
[INFO] [stderr]     Checking clap_builder v4.6.5
[INFO] [stderr]     Checking gif v0.14.2
[INFO] [stderr]     Checking poly1305 v0.8.0
[INFO] [stderr]     Checking image-webp v0.2.4
[INFO] [stderr]     Checking password-hash v0.5.0
[INFO] [stderr]     Checking serde_json v1.0.151
[INFO] [stderr]     Checking matchers v0.2.0
[INFO] [stderr]     Checking serde_path_to_error v0.1.20
[INFO] [stderr]     Checking zune-jpeg v0.5.15
[INFO] [stderr]     Checking zopfli v0.8.3
[INFO] [stderr]     Checking png v0.18.1
[INFO] [stderr]     Checking rayon-core v1.13.0
[INFO] [stderr]    Compiling rust-embed-impl v8.12.0
[INFO] [stderr]     Checking chacha20 v0.9.1
[INFO] [stderr]     Checking axum-core v0.5.6
[INFO] [stderr]     Checking hmac v0.12.1
[INFO] [stderr]     Checking blake2 v0.10.6
[INFO] [stderr]     Checking aead v0.5.2
[INFO] [stderr]    Compiling displaydoc v0.2.7
[INFO] [stderr]    Compiling tokio-macros v2.7.2
[INFO] [stderr]    Compiling serde_derive v1.0.229
[INFO] [stderr]    Compiling clap_derive v4.6.4
[INFO] [stderr]     Checking rtoolbox v0.0.5
[INFO] [stderr]     Checking bytemuck v1.25.2
[INFO] [stderr]     Checking moxcms v0.8.1
[INFO] [stderr]     Checking ppv-lite86 v0.2.21
[INFO] [stderr]     Checking either v1.17.0
[INFO] [stderr]     Checking tokio v1.53.1
[INFO] [stderr]     Checking tinystr v0.8.3
[INFO] [stderr]     Checking zerotrie v0.2.4
[INFO] [stderr]     Checking icu_collections v2.2.0
[INFO] [stderr]     Checking icu_locale_core v2.2.0
[INFO] [stderr]     Checking rand_chacha v0.9.0
[INFO] [stderr]     Checking rand v0.9.5
[INFO] [stderr]     Checking rayon v1.12.0
[INFO] [stderr]     Checking icu_provider v2.2.0
[INFO] [stderr]     Checking tracing-subscriber v0.3.23
[INFO] [stderr]     Checking clap v4.6.5
[INFO] [stderr]     Checking rpassword v7.5.4
[INFO] [stderr]     Checking icu_properties v2.2.0
[INFO] [stderr]     Checking icu_normalizer v2.2.0
[INFO] [stderr]     Checking rust-embed v8.12.0
[INFO] [stderr]     Checking argon2 v0.5.3
[INFO] [stderr]     Checking chacha20poly1305 v0.10.1
[INFO] [stderr]     Checking hkdf v0.12.4
[INFO] [stderr]     Checking zip v4.6.1
[INFO] [stderr]     Checking tower-http v0.6.11
[INFO] [stderr]     Checking sha2 v0.10.9
[INFO] [stderr]     Checking glob v0.3.4
[INFO] [stderr]     Checking idna_adapter v1.2.2
[INFO] [stderr]     Checking idna v1.1.0
[INFO] [stderr]     Checking serde v1.0.229
[INFO] [stderr]     Checking url v2.5.8
[INFO] [stderr]     Checking serde_urlencoded v0.7.1
[INFO] [stderr]     Checking webbrowser v1.2.2
[INFO] [stderr]     Checking image v0.25.10
[INFO] [stderr]     Checking hyper v1.11.0
[INFO] [stderr]     Checking tower v0.5.3
[INFO] [stderr]     Checking hyper-util v0.1.20
[INFO] [stderr]     Checking axum v0.8.9
[INFO] [stderr]     Checking privater v3.1.0 (/opt/rustwide/workdir)
[INFO] [stdout] error: #[derive(RustEmbed)] folder '/opt/rustwide/workdir/frontend/dist' does not exist. cwd: '/opt/rustwide/workdir'
[INFO] [stdout]   --> src/main.rs:82:1
[INFO] [stdout]    |
[INFO] [stdout] 82 | / #[folder = "frontend/dist"]
[INFO] [stdout] 83 | | struct Frontend;
[INFO] [stdout]    | |________________^
[INFO] [stdout] 
[INFO] [stdout] 
[INFO] [stdout] error: #[derive(RustEmbed)] folder '/opt/rustwide/workdir/frontend/dist' does not exist. cwd: '/opt/rustwide/workdir'
[INFO] [stdout]   --> src/main.rs:82:1
[INFO] [stdout]    |
[INFO] [stdout] 82 | / #[folder = "frontend/dist"]
[INFO] [stdout] 83 | | struct Frontend;
[INFO] [stdout]    | |________________^
[INFO] [stdout] 
[INFO] [stdout] 
[INFO] [stdout] error[E0599]: no associated function or constant named `get` found for struct `Frontend` in the current scope
[INFO] [stdout]     --> src/main.rs:1730:21
[INFO] [stdout]      |
[INFO] [stdout]   83 | struct Frontend;
[INFO] [stdout]      | --------------- associated function or constant `get` not found for this struct
[INFO] [stdout] ...
[INFO] [stdout] 1730 |     match Frontend::get(path).or_else(|| Frontend::get("index.html")) {
[INFO] [stdout]      |                     ^^^ associated function or constant not found in `Frontend`
[INFO] [stdout]      |
[INFO] [stdout]      = help: items from traits can only be used if the trait is implemented and in scope
[INFO] [stdout]      = note: the following traits define an item `get`, perhaps you need to implement one of them:
[INFO] [stdout]              candidate #1: `Embed`
[INFO] [stdout]              candidate #2: `SliceIndex`
[INFO] [stdout]              candidate #3: `icu_collections::codepointtrie::cptrie::TypedCodePointTrie`
[INFO] [stdout]              candidate #4: `icu_properties::names::PropertyEnumToValueNameLookup`
[INFO] [stdout]              candidate #5: `icu_provider::baked::DataStore`
[INFO] [stdout] 
[INFO] [stdout] 
[INFO] [stdout] error[E0599]: no associated function or constant named `get` found for struct `Frontend` in the current scope
[INFO] [stdout]     --> src/main.rs:1730:52
[INFO] [stdout]      |
[INFO] [stdout]   83 | struct Frontend;
[INFO] [stdout]      | --------------- associated function or constant `get` not found for this struct
[INFO] [stdout] ...
[INFO] [stdout] 1730 |     match Frontend::get(path).or_else(|| Frontend::get("index.html")) {
[INFO] [stdout]      |                                                    ^^^ associated function or constant not found in `Frontend`
[INFO] [stdout]      |
[INFO] [stdout]      = help: items from traits can only be used if the trait is implemented and in scope
[INFO] [stdout]      = note: the following traits define an item `get`, perhaps you need to implement one of them:
[INFO] [stdout]              candidate #1: `Embed`
[INFO] [stdout]              candidate #2: `SliceIndex`
[INFO] [stdout]              candidate #3: `icu_collections::codepointtrie::cptrie::TypedCodePointTrie`
[INFO] [stdout]              candidate #4: `icu_properties::names::PropertyEnumToValueNameLookup`
[INFO] [stdout]              candidate #5: `icu_provider::baked::DataStore`
[INFO] [stdout] 
[INFO] [stdout] 
[INFO] [stdout] error[E0599]: no associated function or constant named `get` found for struct `Frontend` in the current scope
[INFO] [stdout]     --> src/main.rs:1730:21
[INFO] [stdout]      |
[INFO] [stdout]   83 | struct Frontend;
[INFO] [stdout]      | --------------- associated function or constant `get` not found for this struct
[INFO] [stdout] ...
[INFO] [stdout] 1730 |     match Frontend::get(path).or_else(|| Frontend::get("index.html")) {
[INFO] [stdout]      |                     ^^^ associated function or constant not found in `Frontend`
[INFO] [stdout]      |
[INFO] [stdout]      = help: items from traits can only be used if the trait is implemented and in scope
[INFO] [stdout]      = note: the following traits define an item `get`, perhaps you need to implement one of them:
[INFO] [stdout]              candidate #1: `Embed`
[INFO] [stdout]              candidate #2: `SliceIndex`
[INFO] [stdout]              candidate #3: `icu_collections::codepointtrie::cptrie::TypedCodePointTrie`
[INFO] [stdout]              candidate #4: `icu_properties::names::PropertyEnumToValueNameLookup`
[INFO] [stdout]              candidate #5: `icu_provider::baked::DataStore`
[INFO] [stdout] 
[INFO] [stdout] 
[INFO] [stdout] error[E0599]: no associated function or constant named `get` found for struct `Frontend` in the current scope
[INFO] [stdout]     --> src/main.rs:1730:52
[INFO] [stdout]      |
[INFO] [stdout]   83 | struct Frontend;
[INFO] [stdout]      | --------------- associated function or constant `get` not found for this struct
[INFO] [stdout] ...
[INFO] [stdout] 1730 |     match Frontend::get(path).or_else(|| Frontend::get("index.html")) {
[INFO] [stdout]      |                                                    ^^^ associated function or constant not found in `Frontend`
[INFO] [stdout]      |
[INFO] [stdout]      = help: items from traits can only be used if the trait is implemented and in scope
[INFO] [stdout]      = note: the following traits define an item `get`, perhaps you need to implement one of them:
[INFO] [stdout]              candidate #1: `Embed`
[INFO] [stdout]              candidate #2: `SliceIndex`
[INFO] [stdout]              candidate #3: `icu_collections::codepointtrie::cptrie::TypedCodePointTrie`
[INFO] [stdout]              candidate #4: `icu_properties::names::PropertyEnumToValueNameLookup`
[INFO] [stdout]              candidate #5: `icu_provider::baked::DataStore`
[INFO] [stdout] 
[INFO] [stdout] 
[INFO] [stdout] For more information about this error, try `rustc --explain E0599`.
[INFO] [stdout] 
[INFO] [stderr] error: could not compile `privater` (bin "privater") due to 3 previous errors
[INFO] [stderr] warning: build failed, waiting for other jobs to finish...
[INFO] [stdout] For more information about this error, try `rustc --explain E0599`.
[INFO] [stdout] 
[INFO] [stderr] error: could not compile `privater` (bin "privater" test) due to 3 previous errors
[INFO] [stderr] warning: unused dependency `base64`
[INFO] [stderr]  --> Cargo.toml:4:1
[INFO] [stderr]   |
[INFO] [stderr] 4 | base64 = "0.22"
[INFO] [stderr]   | ^^^^^^^^^^^^^^^
[INFO] [stderr]   |
[INFO] [stderr]   = note: `cargo::unused_dependencies` is set to `warn` by default
[INFO] [stderr] help: consider removing the dependency on `base64`
[INFO] [stderr] warning: `privater` (manifest) generated 1 warning
[INFO] running `Command { std: "docker" "inspect" "6047be2eaa264e0242e061f05fa53965b08721466e5959769020af1f5edd0c98", kill_on_drop: false }`
[INFO] running `Command { std: "docker" "rm" "-f" "6047be2eaa264e0242e061f05fa53965b08721466e5959769020af1f5edd0c98", kill_on_drop: false }`
[INFO] [stdout] 6047be2eaa264e0242e061f05fa53965b08721466e5959769020af1f5edd0c98
