[INFO] cloning repository https://github.com/SnowSquire/twitch-siphon
[INFO] running `Command { std: "git" "-c" "credential.helper=" "-c" "credential.helper=/workspace/cargo-home/bin/git-credential-null" "clone" "--bare" "https://github.com/SnowSquire/twitch-siphon" "/workspace/cache/git-repos/https%3A%2F%2Fgithub.com%2FSnowSquire%2Ftwitch-siphon", kill_on_drop: false }`
[INFO] [stderr] Cloning into bare repository '/workspace/cache/git-repos/https%3A%2F%2Fgithub.com%2FSnowSquire%2Ftwitch-siphon'...
[INFO] running `Command { std: "git" "rev-parse" "HEAD", kill_on_drop: false }`
[INFO] [stdout] 85491796bd2675b52df8d679a2ecd323763ae2fd
[INFO] checking SnowSquire/twitch-siphon against 3154cc1a3e6424e44f438a95007d043ed5ceaaf6+rustflags=-Znext-solver=coherence for pr-133502-30
[INFO] running `Command { std: "git" "clone" "/workspace/cache/git-repos/https%3A%2F%2Fgithub.com%2FSnowSquire%2Ftwitch-siphon" "/workspace/builds/worker-3-tc1/source", kill_on_drop: false }`
[INFO] [stderr] Cloning into '/workspace/builds/worker-3-tc1/source'...
[INFO] [stderr] done.
[INFO] started tweaking git repo https://github.com/SnowSquire/twitch-siphon
[INFO] finished tweaking git repo https://github.com/SnowSquire/twitch-siphon
[INFO] tweaked toml for git repo https://github.com/SnowSquire/twitch-siphon written to /workspace/builds/worker-3-tc1/source/Cargo.toml
[INFO] validating manifest of git repo https://github.com/SnowSquire/twitch-siphon on toolchain 3154cc1a3e6424e44f438a95007d043ed5ceaaf6
[INFO] running `Command { std: CARGO_HOME="/workspace/cargo-home" RUSTUP_HOME="/workspace/rustup-home" "/workspace/cargo-home/bin/cargo" "+3154cc1a3e6424e44f438a95007d043ed5ceaaf6" "metadata" "--manifest-path" "Cargo.toml" "--no-deps", kill_on_drop: false }`
[INFO] crate git repo https://github.com/SnowSquire/twitch-siphon already has a lockfile, it will not be regenerated
[INFO] running `Command { std: CARGO_HOME="/workspace/cargo-home" RUSTUP_HOME="/workspace/rustup-home" "/workspace/cargo-home/bin/cargo" "+3154cc1a3e6424e44f438a95007d043ed5ceaaf6" "fetch" "--manifest-path" "Cargo.toml", kill_on_drop: false }`
[INFO] [stderr] warning: missing `[lints]` to inherit `[workspace.lints]`
[INFO] [stderr]    --> Cargo.toml
[INFO] [stderr]     = note: `cargo::missing_lints_inheritance` is set to `warn` by default
[INFO] [stderr] help: to inherit `workspace.lints, add:
[INFO] [stderr]     |
[INFO] [stderr] 134 ~ priority = -1
[INFO] [stderr] 135 + [lints]
[INFO] [stderr] 136 + workspace = true
[INFO] [stderr]     |
[INFO] [stderr] help: to clarify your intent to not inherit, add:
[INFO] [stderr]     |
[INFO] [stderr] 134 ~ priority = -1
[INFO] [stderr] 135 + [lints]
[INFO] [stderr]     |
[INFO] [stderr] warning: `siphon` (manifest) generated 1 warning
[INFO] [stderr]     Updating crates.io index
[INFO] [stderr]  Downloading crates ...
[INFO] [stderr]   Downloaded slint-build v1.18.1
[INFO] [stderr]   Downloaded resvg v0.48.1
[INFO] [stderr]   Downloaded rowan v0.17.0
[INFO] [stderr]   Downloaded tauri-winrt-notification v0.8.1
[INFO] [stderr]   Downloaded vtable-macro v0.5.0
[INFO] [stderr]   Downloaded imagesize v0.15.0
[INFO] [stderr]   Downloaded vtable v0.5.0
[INFO] [stderr]   Downloaded slint-macros v1.18.1
[INFO] [stderr]   Downloaded fontique v0.11.1
[INFO] [stderr]   Downloaded i-slint-renderer-software v1.18.1
[INFO] [stderr]   Downloaded fontdb v0.24.0
[INFO] [stderr]   Downloaded usvg v0.48.1
[INFO] [stderr]   Downloaded slint v1.18.1
[INFO] [stderr]   Downloaded i-slint-common v1.18.1
[INFO] [stderr]   Downloaded parley_data v0.11.1
[INFO] [stderr]   Downloaded i-slint-core v1.18.1
[INFO] [stderr]   Downloaded parley v0.11.1
[INFO] [stderr]   Downloaded i-slint-compiler v1.18.1
[INFO] [stderr]   Downloaded i-slint-core-macros v1.18.1
[INFO] [stderr]   Downloaded i-slint-backend-selector v1.18.1
[INFO] [stderr]   Downloaded i-slint-renderer-femtovg v1.18.1
[INFO] [stderr]   Downloaded femtovg v0.27.0
[INFO] [stderr]   Downloaded i-slint-backend-winit v1.18.1
[INFO] [stderr]   Downloaded glow v0.18.0
[INFO] [stderr]   Downloaded write-fonts v0.50.0
[INFO] [stderr]   Downloaded i-slint-renderer-skia v1.18.1
[INFO] [stderr]   Downloaded skia-bindings v0.153.3
[INFO] [stderr]   Downloaded skia-safe v0.153.3
[INFO] [stderr]   Downloaded libseat v0.2.4
[INFO] [stderr]   Downloaded libseat-sys v0.2.0
[INFO] [stderr]   Downloaded i-slint-backend-testing v1.18.1
[INFO] [stderr]   Downloaded i-slint-backend-linuxkms v1.18.1
[INFO] [stderr]   Downloaded cyper v0.9.0
[INFO] [stderr]   Downloaded synchrony v0.1.9
[INFO] [stderr]   Downloaded kanal v0.1.1
[INFO] [stderr]   Downloaded local-event v0.1.3
[INFO] [stderr]   Downloaded compio-ws v0.4.0
[INFO] [stderr]   Downloaded cyper-core v0.9.0
[INFO] [stderr]   Downloaded compio v0.19.2
[INFO] [stderr]   Downloaded compio-send-wrapper v0.7.2
[INFO] [stderr]   Downloaded compio-runtime v0.12.6
[INFO] [stderr]   Downloaded compio-log v0.2.1
[INFO] [stderr]   Downloaded compio-buf v0.8.3
[INFO] [stderr]   Downloaded compio-tls v0.10.0
[INFO] [stderr]   Downloaded compio-io v0.10.1
[INFO] [stderr]   Downloaded compio-net v0.12.5
[INFO] [stderr]   Downloaded compio-executor v0.1.4
[INFO] [stderr]   Downloaded compio-driver v0.12.5
[INFO] [stderr]   Downloaded app-single-instance v0.1.0
[INFO] [stderr]   Downloaded compio-fs v0.12.1
[INFO] [stderr]   Downloaded thin-cell v0.2.1
[INFO] [stderr]   Downloaded compio-quic v0.8.2
[INFO] [stderr]   Downloaded io-uring v0.7.15
[INFO] [stderr]   Downloaded mod_use v0.2.3
[INFO] [stderr]   Downloaded interprocess v2.4.4
[INFO] running `Command { std: "docker" "create" "-v" "/var/lib/crater-agent-workspace/builds/worker-3-tc1/source:/opt/rustwide/workdir:ro,Z" "-v" "/var/lib/crater-agent-workspace/builds/worker-3-tc1/target:/opt/rustwide/target:rw,Z" "-v" "/var/lib/crater-agent-workspace/cargo-home:/opt/rustwide/cargo-home:ro,Z" "-v" "/var/lib/crater-agent-workspace/rustup-home:/opt/rustwide/rustup-home:ro,Z" "-m" "1610612736" "--network" "none" "ghcr.io/rust-lang/crates-build-env/linux@sha256:77db811e55d90add9212f6832c23229e3de5f1c1f9905e8cb07319ea15df73ac" "sleep" "infinity", kill_on_drop: false }`
[INFO] [stdout] 890d6dd6dfe9a774d977c0f1366269f7d9855436fef01454a10db520b4dd01ad
[INFO] running `Command { std: "docker" "start" "890d6dd6dfe9a774d977c0f1366269f7d9855436fef01454a10db520b4dd01ad", kill_on_drop: false }`
[INFO] running `Command { std: "docker" "inspect" "890d6dd6dfe9a774d977c0f1366269f7d9855436fef01454a10db520b4dd01ad", kill_on_drop: false }`
[INFO] running `Command { std: "docker" "exec" "-e" "SOURCE_DIR=/opt/rustwide/workdir" "-e" "CARGO_HOME=/opt/rustwide/cargo-home" "-e" "RUSTUP_HOME=/opt/rustwide/rustup-home" "-e" "CARGO_TARGET_DIR=/opt/rustwide/target" "-w" "/opt/rustwide/workdir" "--user" "0:0" "890d6dd6dfe9a774d977c0f1366269f7d9855436fef01454a10db520b4dd01ad" "/opt/rustwide/cargo-home/bin/cargo" "+3154cc1a3e6424e44f438a95007d043ed5ceaaf6" "metadata" "--no-deps" "--format-version=1", kill_on_drop: false }`
[INFO] running `Command { std: "docker" "inspect" "890d6dd6dfe9a774d977c0f1366269f7d9855436fef01454a10db520b4dd01ad", kill_on_drop: false }`
[INFO] running `Command { std: "docker" "exec" "-e" "SOURCE_DIR=/opt/rustwide/workdir" "-e" "CARGO_HOME=/opt/rustwide/cargo-home" "-e" "RUSTUP_HOME=/opt/rustwide/rustup-home" "-e" "CARGO_TARGET_DIR=/opt/rustwide/target" "-e" "CARGO_INCREMENTAL=0" "-e" "RUST_BACKTRACE=full" "-e" "RUSTFLAGS=--cap-lints=forbid -Znext-solver=coherence" "-e" "RUSTDOCFLAGS=--cap-lints=forbid" "-w" "/opt/rustwide/workdir" "--user" "0:0" "890d6dd6dfe9a774d977c0f1366269f7d9855436fef01454a10db520b4dd01ad" "/opt/rustwide/cargo-home/bin/cargo" "+3154cc1a3e6424e44f438a95007d043ed5ceaaf6" "check" "--frozen" "--all" "--all-targets" "--message-format=json", kill_on_drop: false }`
[INFO] [stderr] warning: missing `[lints]` to inherit `[workspace.lints]`
[INFO] [stderr]    --> Cargo.toml
[INFO] [stderr]     = note: `cargo::missing_lints_inheritance` is set to `warn` by default
[INFO] [stderr] help: to inherit `workspace.lints, add:
[INFO] [stderr]     |
[INFO] [stderr] 134 ~ priority = -1
[INFO] [stderr] 135 + [lints]
[INFO] [stderr] 136 + workspace = true
[INFO] [stderr]     |
[INFO] [stderr] help: to clarify your intent to not inherit, add:
[INFO] [stderr]     |
[INFO] [stderr] 134 ~ priority = -1
[INFO] [stderr] 135 + [lints]
[INFO] [stderr]     |
[INFO] [stderr] warning: `siphon` (manifest) generated 1 warning
[INFO] [stderr]    Compiling portable-atomic v1.15.0
[INFO] [stderr]    Compiling libc v0.2.186
[INFO] [stderr]    Compiling syn v3.0.3
[INFO] [stderr]    Compiling syn v2.0.119
[INFO] [stderr]    Compiling rustix v1.1.4
[INFO] [stderr]     Checking linux-raw-sys v0.12.1
[INFO] [stderr]    Compiling hashbrown v0.17.1
[INFO] [stderr]    Compiling toml_writer v1.1.2+spec-1.1.0
[INFO] [stderr]    Compiling crossbeam-utils v0.8.23
[INFO] [stderr]     Checking futures-sink v0.3.34
[INFO] [stderr]     Checking futures-channel v0.3.33
[INFO] [stderr]    Compiling stable_deref_trait v1.2.1
[INFO] [stderr]     Checking writeable v0.6.4
[INFO] [stderr]    Compiling icu_locale_fallback_data v2.3.0
[INFO] [stderr]    Compiling smallvec v1.15.2
[INFO] [stderr]    Compiling indexmap v2.14.0
[INFO] [stderr]     Checking once_cell v1.21.4
[INFO] [stderr]     Checking tracing-core v0.1.36
[INFO] [stderr]     Checking litemap v0.8.3
[INFO] [stderr]     Checking wayland-sys v0.31.11
[INFO] [stderr]     Checking concurrent-queue v2.5.0
[INFO] [stderr]    Compiling wayland-backend v0.3.17
[INFO] [stderr]    Compiling icu_decimal_data v2.3.0
[INFO] [stderr]     Checking futures-lite v2.6.1
[INFO] [stderr]    Compiling toml_edit v0.25.13+spec-1.1.0
[INFO] [stderr]    Compiling unicode-segmentation v1.13.3
[INFO] [stderr]    Compiling pulldown-cmark v0.13.4
[INFO] [stderr]    Compiling wayland-scanner v0.31.11
[INFO] [stderr]     Checking errno v0.3.14
[INFO] [stderr]    Compiling convert_case v0.10.0
[INFO] [stderr]    Compiling pastey v0.2.3
[INFO] [stderr]     Checking signal-hook-registry v1.4.8
[INFO] [stderr]    Compiling proc-macro-crate v3.5.0
[INFO] [stderr]     Checking getrandom v0.3.4
[INFO] [stderr]     Checking async-channel v2.5.0
[INFO] [stderr]     Checking memmap2 v0.9.11
[INFO] [stderr]     Checking blocking v1.7.0
[INFO] [stderr]     Checking async-executor v1.14.0
[INFO] [stderr]    Compiling polycool v0.4.0
[INFO] [stderr]    Compiling ring v0.17.14
[INFO] [stderr]    Compiling kurbo v0.13.1
[INFO] [stderr]    Compiling png v0.18.1
[INFO] [stderr]    Compiling byteorder-lite v0.1.0
[INFO] [stderr]    Compiling tinyvec v1.13.3
[INFO] [stderr]    Compiling zune-core v0.5.3
[INFO] [stderr]    Compiling fontdb v0.24.0
[INFO] [stderr]    Compiling synstructure v0.13.2
[INFO] [stderr]    Compiling zune-jpeg v0.5.15
[INFO] [stderr]    Compiling svgtypes v0.16.1
[INFO] [stderr]    Compiling yeslogic-fontconfig-sys v6.0.1
[INFO] [stderr]    Compiling num-traits v0.2.19
[INFO] [stderr]    Compiling dlib v0.5.3
[INFO] [stderr]     Checking getrandom v0.2.17
[INFO] [stderr]    Compiling roxmltree v0.21.1
[INFO] [stderr]    Compiling quick-error v2.0.1
[INFO] [stderr]    Compiling base64 v0.23.1
[INFO] [stderr]    Compiling xml-rs v0.8.29
[INFO] [stderr]     Checking local-event v0.1.3
[INFO] [stderr]    Compiling imagesize v0.15.0
[INFO] [stderr]     Checking polling v3.11.0
[INFO] [stderr]    Compiling gif v0.14.2
[INFO] [stderr]     Checking async-io v2.6.0
[INFO] [stderr]    Compiling image-webp v0.2.4
[INFO] [stderr]    Compiling bytemuck_derive v1.12.1
[INFO] [stderr]    Compiling zerofrom-derive v0.1.7
[INFO] [stderr]    Compiling yoke-derive v0.8.2
[INFO] [stderr]    Compiling displaydoc v0.2.7
[INFO] [stderr]    Compiling zerovec-derive v0.11.6
[INFO] [stderr]    Compiling serde_derive v1.0.229
[INFO] [stderr]    Compiling tracing-attributes v0.1.31
[INFO] [stderr]    Compiling futures-macro v0.3.33
[INFO] [stderr]     Checking bytemuck v1.25.2
[INFO] [stderr]     Checking zerofrom v0.1.8
[INFO] [stderr]    Compiling enumflags2_derive v0.7.12
[INFO] [stderr]     Checking yoke v0.8.3
[INFO] [stderr]    Compiling thiserror-impl v2.0.20
[INFO] [stderr]     Checking zerovec v0.11.8
[INFO] [stderr]     Checking tracing v0.1.44
[INFO] [stderr]     Checking zerotrie v0.2.5
[INFO] [stderr]     Checking futures-util v0.3.33
[INFO] [stderr]    Compiling font-types v0.12.5
[INFO] [stderr]    Compiling derive_more-impl v2.1.1
[INFO] [stderr]    Compiling read-fonts v0.41.0
[INFO] [stderr]     Checking tinystr v0.8.4
[INFO] [stderr]     Checking icu_locale_core v2.3.0
[INFO] [stderr]     Checking potential_utf v0.1.6
[INFO] [stderr]     Checking icu_collections v2.3.0
[INFO] [stderr]     Checking thiserror v2.0.20
[INFO] [stderr]     Checking wayland-client v0.31.15
[INFO] [stderr]     Checking icu_provider v2.3.1
[INFO] [stderr]     Checking async-signal v0.2.14
[INFO] [stderr]     Checking async-process v2.5.0
[INFO] [stderr]    Compiling async-recursion v1.1.1
[INFO] [stderr]    Compiling serde v1.0.229
[INFO] [stderr]    Compiling zvariant_utils v4.2.0
[INFO] [stderr]    Compiling zcheapstr v1.1.0
[INFO] [stderr]    Compiling enumflags2 v0.7.12
[INFO] [stderr]    Compiling serde_repr v0.1.21
[INFO] [stderr]    Compiling async-trait v0.1.92
[INFO] [stderr]     Checking icu_properties v2.3.0
[INFO] [stderr]    Compiling tiny-skia-path v0.12.0
[INFO] [stderr]    Compiling strum_macros v0.28.0
[INFO] [stderr]     Checking wayland-protocols v0.32.13
[INFO] [stderr]     Checking icu_normalizer v2.3.0
[INFO] [stderr]    Compiling zvariant_derive v5.15.0
[INFO] [stderr]    Compiling tiny-skia v0.12.0
[INFO] [stderr]    Compiling icu_locale_fallback v2.3.0
[INFO] [stderr]    Compiling zvariant v5.15.0
[INFO] [stderr]     Checking synchrony v0.1.9
[INFO] [stderr]    Compiling rgb v0.8.53
[INFO] [stderr]    Compiling fixed_decimal v0.7.2
[INFO] [stderr]    Compiling thiserror-impl v1.0.69
[INFO] [stderr]     Checking skrifa v0.44.0
[INFO] [stderr]    Compiling zbus_names v4.3.4
[INFO] [stderr]    Compiling harfrust v0.12.0
[INFO] [stderr]    Compiling zbus_macros v5.19.0
[INFO] [stderr]    Compiling zbus_xml v5.2.1
[INFO] [stderr]    Compiling gl_generator v0.14.0
[INFO] [stderr]     Checking accesskit v0.24.1
[INFO] [stderr]     Checking socket2 v0.6.5
[INFO] [stderr]    Compiling rustls v0.23.43
[INFO] [stderr]    Compiling parlance v0.1.0
[INFO] [stderr]    Compiling linebender_resource_handle v0.1.1
[INFO] [stderr]    Compiling crossbeam-epoch v0.9.21
[INFO] [stderr]    Compiling fontique v0.11.1
[INFO] [stderr]    Compiling icu_decimal v2.3.0
[INFO] [stderr]     Checking wayland-protocols-wlr v0.3.12
[INFO] [stderr]    Compiling usvg v0.48.1
[INFO] [stderr]     Checking zbus v5.19.0
[INFO] [stderr]     Checking thiserror v1.0.69
[INFO] [stderr]    Compiling zbus-lockstep v0.5.2
[INFO] [stderr]    Compiling derive_more v2.1.1
[INFO] [stderr]     Checking rustls-webpki v0.103.14
[INFO] [stderr]     Checking compio-buf v0.8.3
[INFO] [stderr]    Compiling io-uring v0.7.15
[INFO] [stderr]    Compiling icu_segmenter_data v2.3.0
[INFO] [stderr]    Compiling resvg v0.48.1
[INFO] [stderr]    Compiling htmlparser v0.2.1
[INFO] [stderr]    Compiling crossbeam-deque v0.8.8
[INFO] [stderr]     Checking lyon_geom v1.0.19
[INFO] [stderr]    Compiling i-slint-common v1.18.1
[INFO] [stderr]    Compiling zbus-lockstep-macros v0.5.2
[INFO] [stderr]     Checking calloop v0.13.0
[INFO] [stderr]     Checking compio-log v0.2.1
[INFO] [stderr]    Compiling euclid v0.22.14
[INFO] [stderr]     Checking gethostname v1.1.0
[INFO] [stderr]     Checking crossbeam-queue v0.3.14
[INFO] [stderr]    Compiling compio-driver v0.12.5
[INFO] [stderr]     Checking compio-send-wrapper v0.7.2
[INFO] [stderr]     Checking wayland-cursor v0.31.14
[INFO] [stderr]     Checking wayland-csd-frame v0.3.0
[INFO] [stderr]     Checking x11rb v0.13.2
[INFO] [stderr]     Checking calloop-wayland-source v0.3.0
[INFO] [stderr]     Checking flume v0.12.0
[INFO] [stderr]    Compiling idna_adapter v1.2.2
[INFO] [stderr]     Checking lyon_path v1.0.19
[INFO] [stderr]     Checking x11-dl v2.21.0
[INFO] [stderr]     Checking atspi-common v0.13.0
[INFO] [stderr]     Checking compio-io v0.10.1
[INFO] [stderr]     Checking thin-cell v0.2.1
[INFO] [stderr]     Checking tiny-skia-path v0.11.4
[INFO] [stderr]    Compiling snafu-derive v0.8.9
[INFO] [stderr]    Compiling const-field-offset-macro v0.2.1
[INFO] [stderr]     Checking rand_core v0.9.5
[INFO] [stderr]    Compiling rspolib v0.1.2
[INFO] [stderr]    Compiling pxfm v0.1.30
[INFO] [stderr]     Checking mod_use v0.2.3
[INFO] [stderr]     Checking moxcms v0.8.1
[INFO] [stderr]     Checking swash v0.2.10
[INFO] [stderr]     Checking rand_chacha v0.9.0
[INFO] [stderr]     Checking const-field-offset v0.2.1
[INFO] [stderr]     Checking tiny-skia v0.11.4
[INFO] [stderr]     Checking icu_segmenter v2.3.0
[INFO] [stderr]    Compiling rayon-core v1.13.0
[INFO] [stderr]    Compiling snafu v0.8.9
[INFO] [stderr]    Compiling idna v1.1.0
[INFO] [stderr]     Checking smithay-client-toolkit v0.19.2
[INFO] [stderr]    Compiling phf_macros v0.13.1
[INFO] [stderr]     Checking compio-executor v0.1.4
[INFO] [stderr]    Compiling glutin_egl_sys v0.7.1
[INFO] [stderr]    Compiling glutin_glx_sys v0.6.1
[INFO] [stderr]     Checking parley_data v0.11.1
[INFO] [stderr]    Compiling pin-project-internal v1.1.13
[INFO] [stderr]    Compiling num_enum_derive v0.7.6
[INFO] [stderr]    Compiling vtable-macro v0.5.0
[INFO] [stderr]    Compiling memoffset v0.9.1
[INFO] [stderr]    Compiling winit v0.30.13
[INFO] [stderr]     Checking task-local v0.1.1
[INFO] [stderr]    Compiling zeno v0.3.3
[INFO] [stderr]    Compiling i-slint-compiler v1.18.1
[INFO] [stderr]    Compiling unicode-linebreak v0.1.5
[INFO] [stderr]     Checking fixedbitset v0.5.7
[INFO] [stderr]    Compiling anstyle v1.0.14
[INFO] [stderr]    Compiling yazi v0.2.1
[INFO] [stderr]    Compiling natord v1.0.9
[INFO] [stderr]     Checking pin-project v1.1.13
[INFO] [stderr]     Checking petgraph v0.8.3
[INFO] [stderr]    Compiling rowan v0.17.0
[INFO] [stderr]    Compiling annotate-snippets v0.12.16
[INFO] [stderr]     Checking image v0.25.10
[INFO] [stderr]    Compiling num_enum v0.7.6
[INFO] [stderr]     Checking ksni v0.3.6
[INFO] [stderr]     Checking vtable v0.5.0
[INFO] [stderr]     Checking phf v0.13.1
[INFO] [stderr]     Checking sctk-adwaita v0.10.1
[INFO] [stderr]     Checking parley v0.11.1
[INFO] [stderr]     Checking compio-runtime v0.12.6
[INFO] [stderr]     Checking atspi-proxies v0.13.0
[INFO] [stderr]    Compiling lyon_extra v1.1.0
[INFO] [stderr]    Compiling url v2.5.8
[INFO] [stderr]    Compiling rayon v1.12.0
[INFO] [stderr]     Checking ahash v0.8.12
[INFO] [stderr]    Compiling i-slint-core-macros v1.18.1
[INFO] [stderr]     Checking rand v0.9.5
[INFO] [stderr]    Compiling itertools v0.15.0
[INFO] [stderr]     Checking lyon_algorithms v1.0.21
[INFO] [stderr]     Checking xkbcommon-dl v0.4.2
[INFO] [stderr]     Checking wayland-protocols-plasma v0.3.12
[INFO] [stderr]     Checking windows-result v0.4.1
[INFO] [stderr]     Checking windows-strings v0.5.1
[INFO] [stderr]     Checking accesskit_consumer v0.38.0
[INFO] [stderr]    Compiling strum v0.28.0
[INFO] [stderr]    Compiling windows-interface v0.59.3
[INFO] [stderr]    Compiling windows-implement v0.60.2
[INFO] [stderr]     Checking taffy v0.10.1
[INFO] [stderr]    Compiling tiny-xlib v0.2.5
[INFO] [stderr]    Compiling typed-index-collections v3.5.0
[INFO] [stderr]     Checking sys-locale v0.3.2
[INFO] [stderr]    Compiling smol_str v0.3.6
[INFO] [stderr]     Checking tungstenite v0.29.0
[INFO] [stderr]     Checking tree_magic_mini v3.2.2
[INFO] [stderr]     Checking windows-core v0.62.2
[INFO] [stderr]     Checking i-slint-core v1.18.1
[INFO] [stderr]     Checking accesskit_atspi_common v0.19.1
[INFO] [stderr]     Checking atspi v0.29.0
[INFO] [stderr]     Checking parking_lot_core v0.9.12
[INFO] [stderr]     Checking futures-rustls v0.26.0
[INFO] [stderr]     Checking mio v1.2.3
[INFO] [stderr]     Checking os_pipe v1.2.3
[INFO] [stderr]    Compiling compio-fs v0.12.1
[INFO] [stderr]     Checking glow v0.18.0
[INFO] [stderr]    Compiling windows_x86_64_gnu v0.52.6
[INFO] [stderr]     Checking wl-clipboard-rs v0.9.4
[INFO] [stderr]     Checking tokio v1.53.1
[INFO] [stderr]     Checking compio-tls v0.10.0
[INFO] [stderr]     Checking parking_lot v0.12.5
[INFO] [stderr]     Checking accesskit_unix v0.22.1
[INFO] [stderr]     Checking glutin v0.32.3
[INFO] [stderr]     Checking femtovg v0.27.0
[INFO] [stderr]     Checking async-tungstenite v0.34.1
[INFO] [stderr]     Checking rustls-platform-verifier v0.7.0
[INFO] [stderr]     Checking compio-net v0.12.5
[INFO] [stderr]     Checking futures-executor v0.3.33
[INFO] [stderr]    Compiling i-slint-backend-winit v1.18.1
[INFO] [stderr]     Checking regex-automata v0.4.18
[INFO] [stderr]     Checking futures v0.3.33
[INFO] [stderr]     Checking glutin-winit v0.5.0
[INFO] [stderr]     Checking compio-ws v0.4.0
[INFO] [stderr]     Checking arboard v3.6.1
[INFO] [stderr]     Checking hyper v1.11.1
[INFO] [stderr]     Checking softbuffer v0.4.8
[INFO] [stderr]     Checking webbrowser v1.2.4
[INFO] [stderr]    Compiling i-slint-backend-selector v1.18.1
[INFO] [stderr]    Compiling multiversion-macros v0.9.0
[INFO] [stderr]     Checking accesskit_winit v0.33.2
[INFO] [stderr]     Checking windows-future v0.3.2
[INFO] [stderr]     Checking compio v0.19.2
[INFO] [stderr]     Checking regex v1.13.1
[INFO] [stderr]     Checking windows-targets v0.52.6
[INFO] [stderr]     Checking windows-numerics v0.3.1
[INFO] [stderr]     Checking windows-collections v0.3.2
[INFO] [stderr]    Compiling async-stream-impl v0.3.6
[INFO] [stderr]     Checking is-docker v0.2.0
[INFO] [stderr]    Compiling cyper v0.9.0
[INFO] [stdout] error[E0425]: cannot find type `IMarshal` in module `windows_core::imp`
[INFO] [stdout]   --> /opt/rustwide/cargo-home/registry/src/index.crates.io-1949cf8c6b5b557f/windows-future-0.3.2/src/bindings.rs:87:51
[INFO] [stdout]    |
[INFO] [stdout] 87 |             } else if *iid == <windows_core::imp::IMarshal as windows_core::Interface>::IID {
[INFO] [stdout]    |                                                   ^^^^^^^^ not found in `windows_core::imp`
[INFO] [stdout] 
[INFO] [stdout] 
[INFO] [stdout] error[E0425]: cannot find function `marshaler` in module `windows_core::imp`
[INFO] [stdout]   --> /opt/rustwide/cargo-home/registry/src/index.crates.io-1949cf8c6b5b557f/windows-future-0.3.2/src/bindings.rs:89:43
[INFO] [stdout]    |
[INFO] [stdout] 89 |                 return windows_core::imp::marshaler(
[INFO] [stdout]    |                                           ^^^^^^^^^ not found in `windows_core::imp`
[INFO] [stdout] 
[INFO] [stdout] 
[INFO] [stdout] error[E0425]: cannot find type `IMarshal` in module `windows_core::imp`
[INFO] [stdout]    --> /opt/rustwide/cargo-home/registry/src/index.crates.io-1949cf8c6b5b557f/windows-future-0.3.2/src/bindings.rs:255:51
[INFO] [stdout]     |
[INFO] [stdout] 255 |             } else if *iid == <windows_core::imp::IMarshal as windows_core::Interface>::IID {
[INFO] [stdout]     |                                                   ^^^^^^^^ not found in `windows_core::imp`
[INFO] [stdout] 
[INFO] [stdout] 
[INFO] [stdout] error[E0425]: cannot find function `marshaler` in module `windows_core::imp`
[INFO] [stdout]    --> /opt/rustwide/cargo-home/registry/src/index.crates.io-1949cf8c6b5b557f/windows-future-0.3.2/src/bindings.rs:257:43
[INFO] [stdout]     |
[INFO] [stdout] 257 |                 return windows_core::imp::marshaler(
[INFO] [stdout]     |                                           ^^^^^^^^^ not found in `windows_core::imp`
[INFO] [stdout] 
[INFO] [stdout] 
[INFO] [stdout] error[E0425]: cannot find type `IMarshal` in module `windows_core::imp`
[INFO] [stdout]    --> /opt/rustwide/cargo-home/registry/src/index.crates.io-1949cf8c6b5b557f/windows-future-0.3.2/src/bindings.rs:422:364
[INFO] [stdout]     |
[INFO] [stdout] 422 | ... _ } else if * iid == < windows_core::imp::IMarshal as windows_core::Interface >::IID { ( * this ) . count . add_ref ( ) ; retur...
[INFO] [stdout]     |                                               ^^^^^^^^ not found in `windows_core::imp`
[INFO] [stdout] 
[INFO] [stdout] 
[INFO] [stdout] error[E0425]: cannot find function `marshaler` in module `windows_core::imp`
[INFO] [stdout]    --> /opt/rustwide/cargo-home/registry/src/index.crates.io-1949cf8c6b5b557f/windows-future-0.3.2/src/bindings.rs:422:470
[INFO] [stdout]     |
[INFO] [stdout] 422 | ... . add_ref ( ) ; return windows_core::imp::marshaler ( core::mem::transmute ( & mut ( * this ) . vtable as * mut _ as * mut core...
[INFO] [stdout]     |                                               ^^^^^^^^^ not found in `windows_core::imp`
[INFO] [stdout] 
[INFO] [stdout] 
[INFO] [stdout] error[E0425]: cannot find type `IMarshal` in module `windows_core::imp`
[INFO] [stdout]    --> /opt/rustwide/cargo-home/registry/src/index.crates.io-1949cf8c6b5b557f/windows-future-0.3.2/src/bindings.rs:572:51
[INFO] [stdout]     |
[INFO] [stdout] 572 |             } else if *iid == <windows_core::imp::IMarshal as windows_core::Interface>::IID {
[INFO] [stdout]     |                                                   ^^^^^^^^ not found in `windows_core::imp`
[INFO] [stdout] 
[INFO] [stdout] 
[INFO] [stdout] error[E0425]: cannot find function `marshaler` in module `windows_core::imp`
[INFO] [stdout]    --> /opt/rustwide/cargo-home/registry/src/index.crates.io-1949cf8c6b5b557f/windows-future-0.3.2/src/bindings.rs:574:43
[INFO] [stdout]     |
[INFO] [stdout] 574 |                 return windows_core::imp::marshaler(
[INFO] [stdout]     |                                           ^^^^^^^^^ not found in `windows_core::imp`
[INFO] [stdout] 
[INFO] [stdout] 
[INFO] [stdout] error[E0425]: cannot find type `IMarshal` in module `windows_core::imp`
[INFO] [stdout]    --> /opt/rustwide/cargo-home/registry/src/index.crates.io-1949cf8c6b5b557f/windows-future-0.3.2/src/bindings.rs:752:364
[INFO] [stdout]     |
[INFO] [stdout] 752 | ... _ } else if * iid == < windows_core::imp::IMarshal as windows_core::Interface >::IID { ( * this ) . count . add_ref ( ) ; retur...
[INFO] [stdout]     |                                               ^^^^^^^^ not found in `windows_core::imp`
[INFO] [stdout] 
[INFO] [stdout] 
[INFO] [stdout] error[E0425]: cannot find function `marshaler` in module `windows_core::imp`
[INFO] [stdout]    --> /opt/rustwide/cargo-home/registry/src/index.crates.io-1949cf8c6b5b557f/windows-future-0.3.2/src/bindings.rs:752:470
[INFO] [stdout]     |
[INFO] [stdout] 752 | ... . add_ref ( ) ; return windows_core::imp::marshaler ( core::mem::transmute ( & mut ( * this ) . vtable as * mut _ as * mut core...
[INFO] [stdout]     |                                               ^^^^^^^^^ not found in `windows_core::imp`
[INFO] [stdout] 
[INFO] [stdout] 
[INFO] [stdout] error[E0425]: cannot find type `IMarshal` in module `windows_core::imp`
[INFO] [stdout]    --> /opt/rustwide/cargo-home/registry/src/index.crates.io-1949cf8c6b5b557f/windows-future-0.3.2/src/bindings.rs:927:377
[INFO] [stdout]     |
[INFO] [stdout] 927 | ... _ } else if * iid == < windows_core::imp::IMarshal as windows_core::Interface >::IID { ( * this ) . count . add_ref ( ) ; retur...
[INFO] [stdout]     |                                               ^^^^^^^^ not found in `windows_core::imp`
[INFO] [stdout] 
[INFO] [stdout] 
[INFO] [stdout] error[E0425]: cannot find function `marshaler` in module `windows_core::imp`
[INFO] [stdout]    --> /opt/rustwide/cargo-home/registry/src/index.crates.io-1949cf8c6b5b557f/windows-future-0.3.2/src/bindings.rs:927:483
[INFO] [stdout]     |
[INFO] [stdout] 927 | ... . add_ref ( ) ; return windows_core::imp::marshaler ( core::mem::transmute ( & mut ( * this ) . vtable as * mut _ as * mut core...
[INFO] [stdout]     |                                               ^^^^^^^^^ not found in `windows_core::imp`
[INFO] [stdout] 
[INFO] [stdout] 
[INFO] [stdout] error[E0425]: cannot find function `submit` in crate `windows_threading`
[INFO] [stdout]    --> /opt/rustwide/cargo-home/registry/src/index.crates.io-1949cf8c6b5b557f/windows-future-0.3.2/src/async_spawn.rs:264:28
[INFO] [stdout]     |
[INFO] [stdout] 264 |         windows_threading::submit(move || {
[INFO] [stdout]     |                            ^^^^^^ not found in `windows_threading`
[INFO] [stdout] 
[INFO] [stdout] 
[INFO] [stdout] error[E0425]: cannot find function `submit` in crate `windows_threading`
[INFO] [stdout]    --> /opt/rustwide/cargo-home/registry/src/index.crates.io-1949cf8c6b5b557f/windows-future-0.3.2/src/async_spawn.rs:281:28
[INFO] [stdout]     |
[INFO] [stdout] 281 |         windows_threading::submit(move || {
[INFO] [stdout]     |                            ^^^^^^ not found in `windows_threading`
[INFO] [stdout] 
[INFO] [stdout] 
[INFO] [stdout] error[E0425]: cannot find function `submit` in crate `windows_threading`
[INFO] [stdout]    --> /opt/rustwide/cargo-home/registry/src/index.crates.io-1949cf8c6b5b557f/windows-future-0.3.2/src/async_spawn.rs:298:28
[INFO] [stdout]     |
[INFO] [stdout] 298 |         windows_threading::submit(move || {
[INFO] [stdout]     |                            ^^^^^^ not found in `windows_threading`
[INFO] [stdout] 
[INFO] [stdout] 
[INFO] [stdout] error[E0425]: cannot find function `submit` in crate `windows_threading`
[INFO] [stdout]    --> /opt/rustwide/cargo-home/registry/src/index.crates.io-1949cf8c6b5b557f/windows-future-0.3.2/src/async_spawn.rs:315:28
[INFO] [stdout]     |
[INFO] [stdout] 315 |         windows_threading::submit(move || {
[INFO] [stdout]     |                            ^^^^^^ not found in `windows_threading`
[INFO] [stdout] 
[INFO] [stdout] 
[INFO] [stderr]     Checking send_wrapper v0.6.0
[INFO] [stderr]    Compiling doctest-file v1.1.1
[INFO] [stderr]     Checking jiff-core v0.1.0
[INFO] [stderr]     Checking anstream v1.0.0
[INFO] [stdout] For more information about this error, try `rustc --explain E0425`.
[INFO] [stdout] 
[INFO] [stderr] error: could not compile `windows-future` (lib) due to 16 previous errors
[INFO] [stderr] warning: build failed, waiting for other jobs to finish...
[INFO] running `Command { std: "docker" "inspect" "890d6dd6dfe9a774d977c0f1366269f7d9855436fef01454a10db520b4dd01ad", kill_on_drop: false }`
[INFO] running `Command { std: "docker" "rm" "-f" "890d6dd6dfe9a774d977c0f1366269f7d9855436fef01454a10db520b4dd01ad", kill_on_drop: false }`
[INFO] [stdout] 890d6dd6dfe9a774d977c0f1366269f7d9855436fef01454a10db520b4dd01ad
