[INFO] cloning repository https://github.com/Sisyphus-seeker/wxcli-windows
[INFO] running `Command { std: "git" "-c" "credential.helper=" "-c" "credential.helper=/workspace/cargo-home/bin/git-credential-null" "clone" "--bare" "https://github.com/Sisyphus-seeker/wxcli-windows" "/workspace/cache/git-repos/https%3A%2F%2Fgithub.com%2FSisyphus-seeker%2Fwxcli-windows", kill_on_drop: false }`
[INFO] [stderr] Cloning into bare repository '/workspace/cache/git-repos/https%3A%2F%2Fgithub.com%2FSisyphus-seeker%2Fwxcli-windows'...
[INFO] running `Command { std: "git" "rev-parse" "HEAD", kill_on_drop: false }`
[INFO] [stdout] 81f59e38262442d6a1b835644bff789301ce588a
[INFO] checking Sisyphus-seeker/wxcli-windows against 3154cc1a3e6424e44f438a95007d043ed5ceaaf6 for pr-133502-30
[INFO] running `Command { std: "git" "clone" "/workspace/cache/git-repos/https%3A%2F%2Fgithub.com%2FSisyphus-seeker%2Fwxcli-windows" "/workspace/builds/worker-5-tc2/source", kill_on_drop: false }`
[INFO] [stderr] Cloning into '/workspace/builds/worker-5-tc2/source'...
[INFO] [stderr] done.
[INFO] started tweaking git repo https://github.com/Sisyphus-seeker/wxcli-windows
[INFO] finished tweaking git repo https://github.com/Sisyphus-seeker/wxcli-windows
[INFO] tweaked toml for git repo https://github.com/Sisyphus-seeker/wxcli-windows written to /workspace/builds/worker-5-tc2/source/Cargo.toml
[INFO] validating manifest of git repo https://github.com/Sisyphus-seeker/wxcli-windows on toolchain 3154cc1a3e6424e44f438a95007d043ed5ceaaf6
[INFO] running `Command { std: CARGO_HOME="/workspace/cargo-home" RUSTUP_HOME="/workspace/rustup-home" "/workspace/cargo-home/bin/cargo" "+3154cc1a3e6424e44f438a95007d043ed5ceaaf6" "metadata" "--manifest-path" "Cargo.toml" "--no-deps", kill_on_drop: false }`
[INFO] crate git repo https://github.com/Sisyphus-seeker/wxcli-windows already has a lockfile, it will not be regenerated
[INFO] running `Command { std: CARGO_HOME="/workspace/cargo-home" RUSTUP_HOME="/workspace/rustup-home" "/workspace/cargo-home/bin/cargo" "+3154cc1a3e6424e44f438a95007d043ed5ceaaf6" "fetch" "--manifest-path" "Cargo.toml", kill_on_drop: false }`
[INFO] [stderr] warning: unused field `description` in `workspace.package`
[INFO] [stderr]   --> Cargo.toml:18:1
[INFO] [stderr]    |
[INFO] [stderr] 18 | description = "Windows-compatible local WeChat database decryption and query tool"
[INFO] [stderr]    | ^^^^^^^^^^^
[INFO] [stderr]    |
[INFO] [stderr]    = note: `cargo::unused_workspace_package_fields` is set to `warn` by default
[INFO] [stderr] help: consider removing the field `workspace.package.description`
[INFO] [stderr] warning: unused field `license` in `workspace.package`
[INFO] [stderr]   --> Cargo.toml:20:1
[INFO] [stderr]    |
[INFO] [stderr] 20 | license = "MIT"
[INFO] [stderr]    | ^^^^^^^
[INFO] [stderr]    |
[INFO] [stderr] help: consider removing the field `workspace.package.license`
[INFO] [stderr] warning: unused field `repository` in `workspace.package`
[INFO] [stderr]   --> Cargo.toml:21:1
[INFO] [stderr]    |
[INFO] [stderr] 21 | repository = "https://github.com/Sisyphus-seeker/wxcli-windows"
[INFO] [stderr]    | ^^^^^^^^^^
[INFO] [stderr]    |
[INFO] [stderr] help: consider removing the field `workspace.package.repository`
[INFO] [stderr] warning: workspace (manifest) generated 3 warnings
[INFO] running `Command { std: "docker" "create" "-v" "/var/lib/crater-agent-workspace/builds/worker-5-tc2/source:/opt/rustwide/workdir:ro,Z" "-v" "/var/lib/crater-agent-workspace/builds/worker-5-tc2/target:/opt/rustwide/target:rw,Z" "-v" "/var/lib/crater-agent-workspace/cargo-home:/opt/rustwide/cargo-home:ro,Z" "-v" "/var/lib/crater-agent-workspace/rustup-home:/opt/rustwide/rustup-home:ro,Z" "-m" "1610612736" "--network" "none" "ghcr.io/rust-lang/crates-build-env/linux@sha256:77db811e55d90add9212f6832c23229e3de5f1c1f9905e8cb07319ea15df73ac" "sleep" "infinity", kill_on_drop: false }`
[INFO] [stdout] 3165f2805d119036ca82b1bee03e3467ec53b3cb0c7b17f2831601f7460d6a10
[INFO] running `Command { std: "docker" "start" "3165f2805d119036ca82b1bee03e3467ec53b3cb0c7b17f2831601f7460d6a10", kill_on_drop: false }`
[INFO] running `Command { std: "docker" "inspect" "3165f2805d119036ca82b1bee03e3467ec53b3cb0c7b17f2831601f7460d6a10", kill_on_drop: false }`
[INFO] running `Command { std: "docker" "exec" "-e" "SOURCE_DIR=/opt/rustwide/workdir" "-e" "CARGO_HOME=/opt/rustwide/cargo-home" "-e" "RUSTUP_HOME=/opt/rustwide/rustup-home" "-e" "CARGO_TARGET_DIR=/opt/rustwide/target" "-w" "/opt/rustwide/workdir" "--user" "0:0" "3165f2805d119036ca82b1bee03e3467ec53b3cb0c7b17f2831601f7460d6a10" "/opt/rustwide/cargo-home/bin/cargo" "+3154cc1a3e6424e44f438a95007d043ed5ceaaf6" "metadata" "--no-deps" "--format-version=1", kill_on_drop: false }`
[INFO] running `Command { std: "docker" "inspect" "3165f2805d119036ca82b1bee03e3467ec53b3cb0c7b17f2831601f7460d6a10", kill_on_drop: false }`
[INFO] running `Command { std: "docker" "exec" "-e" "SOURCE_DIR=/opt/rustwide/workdir" "-e" "CARGO_HOME=/opt/rustwide/cargo-home" "-e" "RUSTUP_HOME=/opt/rustwide/rustup-home" "-e" "CARGO_TARGET_DIR=/opt/rustwide/target" "-e" "CARGO_INCREMENTAL=0" "-e" "RUST_BACKTRACE=full" "-e" "RUSTFLAGS=--cap-lints=forbid" "-e" "RUSTDOCFLAGS=--cap-lints=forbid" "-w" "/opt/rustwide/workdir" "--user" "0:0" "3165f2805d119036ca82b1bee03e3467ec53b3cb0c7b17f2831601f7460d6a10" "/opt/rustwide/cargo-home/bin/cargo" "+3154cc1a3e6424e44f438a95007d043ed5ceaaf6" "check" "--frozen" "--all" "--all-targets" "--message-format=json", kill_on_drop: false }`
[INFO] [stderr] warning: unused field `description` in `workspace.package`
[INFO] [stderr]   --> Cargo.toml:18:1
[INFO] [stderr]    |
[INFO] [stderr] 18 | description = "Windows-compatible local WeChat database decryption and query tool"
[INFO] [stderr]    | ^^^^^^^^^^^
[INFO] [stderr]    |
[INFO] [stderr]    = note: `cargo::unused_workspace_package_fields` is set to `warn` by default
[INFO] [stderr] help: consider removing the field `workspace.package.description`
[INFO] [stderr] warning: unused field `license` in `workspace.package`
[INFO] [stderr]   --> Cargo.toml:20:1
[INFO] [stderr]    |
[INFO] [stderr] 20 | license = "MIT"
[INFO] [stderr]    | ^^^^^^^
[INFO] [stderr]    |
[INFO] [stderr] help: consider removing the field `workspace.package.license`
[INFO] [stderr] warning: unused field `repository` in `workspace.package`
[INFO] [stderr]   --> Cargo.toml:21:1
[INFO] [stderr]    |
[INFO] [stderr] 21 | repository = "https://github.com/Sisyphus-seeker/wxcli-windows"
[INFO] [stderr]    | ^^^^^^^^^^
[INFO] [stderr]    |
[INFO] [stderr] help: consider removing the field `workspace.package.repository`
[INFO] [stderr] warning: workspace (manifest) generated 3 warnings
[INFO] [stderr]    Compiling serde_core v1.0.229
[INFO] [stderr]     Checking bytes v1.11.1
[INFO] [stderr]     Checking smallvec v1.15.1
[INFO] [stderr]    Compiling syn v2.0.117
[INFO] [stderr]    Compiling jobserver v0.1.34
[INFO] [stderr]    Compiling syn v3.0.3
[INFO] [stderr]     Checking bitflags v2.12.1
[INFO] [stderr]     Checking crypto-common v0.1.7
[INFO] [stderr]     Checking hybrid-array v0.4.12
[INFO] [stderr]     Checking memchr v2.8.1
[INFO] [stderr]     Checking digest v0.10.7
[INFO] [stderr]    Compiling cc v1.2.63
[INFO] [stderr]     Checking log v0.4.32
[INFO] [stderr]     Checking sha2 v0.10.9
[INFO] [stderr]     Checking hmac v0.12.1
[INFO] [stderr]     Checking cpubits v0.1.1
[INFO] [stderr]    Compiling getrandom v0.4.2
[INFO] [stderr]     Checking rustix v1.1.4
[INFO] [stderr]     Checking pbkdf2 v0.12.2
[INFO] [stderr]     Checking mio v1.2.1
[INFO] [stderr]     Checking md5 v0.8.1
[INFO] [stderr]     Checking socket2 v0.6.4
[INFO] [stderr]     Checking block-padding v0.4.2
[INFO] [stderr]     Checking inout v0.2.2
[INFO] [stderr]     Checking crypto-common v0.2.2
[INFO] [stderr]    Compiling anyhow v1.0.104
[INFO] [stderr]     Checking aho-corasick v1.1.4
[INFO] [stderr]    Compiling num-traits v0.2.19
[INFO] [stderr]     Checking dirs-sys v0.5.0
[INFO] [stderr]     Checking dirs v6.0.0
[INFO] [stderr]     Checking cipher v0.5.2
[INFO] [stderr]     Checking winnow v1.0.3
[INFO] [stderr]     Checking cbc v0.2.1
[INFO] [stderr]     Checking aes v0.9.2
[INFO] [stderr]     Checking regex-automata v0.4.14
[INFO] [stderr]     Checking toml_parser v1.1.2+spec-1.1.0
[INFO] [stderr]    Compiling libsqlite3-sys v0.38.0
[INFO] [stderr]    Compiling zstd-sys v2.0.16+zstd.1.5.7
[INFO] [stderr]     Checking tempfile v3.27.0
[INFO] [stderr]    Compiling either v1.16.0
[INFO] [stderr]     Checking serde_spanned v1.1.1
[INFO] [stderr]     Checking toml_datetime v1.1.1+spec-1.1.0
[INFO] [stderr]    Compiling itertools v0.14.0
[INFO] [stderr]     Checking serde_json v1.0.150
[INFO] [stderr]     Checking toml v1.1.2+spec-1.1.0
[INFO] [stderr]     Checking block-padding v0.3.3
[INFO] [stderr]     Checking inout v0.1.4
[INFO] [stderr]     Checking http v1.4.1
[INFO] [stderr]     Checking cipher v0.4.4
[INFO] [stderr]     Checking ecb v0.1.2
[INFO] [stderr]    Compiling vergen-lib v10.0.2
[INFO] [stderr]    Compiling serde_derive v1.0.229
[INFO] [stderr]    Compiling ring v0.17.14
[INFO] [stderr]     Checking regex v1.12.3
[INFO] [stderr]    Compiling synstructure v0.13.2
[INFO] [stderr]    Compiling darling_core v0.20.11
[INFO] [stderr]    Compiling prettyplease v0.2.37
[INFO] [stderr]     Checking http-body v1.0.1
[INFO] [stderr]     Checking console v0.16.3
[INFO] [stderr]     Checking zeroize v1.8.2
[INFO] [stderr]     Checking similar v2.7.0
[INFO] [stderr]     Checking rustls-pki-types v1.14.1
[INFO] [stderr]     Checking parking_lot_core v0.9.12
[INFO] [stderr]    Compiling vergen v10.0.2
[INFO] [stderr]     Checking inotify-sys v0.1.5
[INFO] [stderr]    Compiling num_threads v0.1.7
[INFO] [stderr]    Compiling deranged v0.5.8
[INFO] [stderr]    Compiling thiserror-impl v2.0.18
[INFO] [stderr]    Compiling tokio-macros v2.7.0
[INFO] [stderr]     Checking tokio v1.52.3
[INFO] [stderr]     Checking thiserror v2.0.18
[INFO] [stderr]    Compiling prost-derive v0.14.4
[INFO] [stderr]     Checking wx-decrypt v0.7.8 (/opt/rustwide/workdir/crates/wx-decrypt)
[INFO] [stderr]    Compiling zerofrom-derive v0.1.7
[INFO] [stderr]    Compiling yoke-derive v0.8.2
[INFO] [stderr]     Checking serde v1.0.229
[INFO] [stderr]     Checking chrono v0.4.45
[INFO] [stderr]     Checking wx-paths v0.7.8 (/opt/rustwide/workdir/crates/wx-paths)
[INFO] [stderr]    Compiling zerovec-derive v0.11.3
[INFO] [stderr]     Checking zerofrom v0.1.8
[INFO] [stderr]     Checking yoke v0.8.3
[INFO] [stderr]    Compiling displaydoc v0.2.6
[INFO] [stderr]     Checking prost v0.14.4
[INFO] [stderr]    Compiling darling_macro v0.20.11
[INFO] [stderr]    Compiling tracing-attributes v0.1.31
[INFO] [stderr]    Compiling darling v0.20.11
[INFO] [stderr]    Compiling bon-macros v3.9.3
[INFO] [stderr]    Compiling futures-macro v0.3.32
[INFO] [stderr]     Checking zerotrie v0.2.4
[INFO] [stderr]     Checking insta v1.47.2
[INFO] [stderr]     Checking zerovec v0.11.6
[INFO] [stderr]     Checking futures-util v0.3.32
[INFO] [stderr]     Checking tracing v0.1.44
[INFO] [stderr]     Checking tinystr v0.8.3
[INFO] [stderr]     Checking icu_locale_core v2.2.0
[INFO] [stderr]     Checking potential_utf v0.1.5
[INFO] [stderr]     Checking icu_collections v2.2.0
[INFO] [stderr]    Compiling powerfmt v0.2.0
[INFO] [stderr]    Compiling time v0.3.55
[INFO] [stderr]     Checking dashmap v6.2.1
[INFO] [stderr]     Checking rust-stemmers v1.2.0
[INFO] [stderr]     Checking icu_provider v2.2.0
[INFO] [stderr]     Checking icu_properties v2.2.0
[INFO] [stderr]     Checking icu_normalizer v2.2.0
[INFO] [stderr]     Checking rayon v1.12.0
[INFO] [stderr]     Checking inotify v0.11.2
[INFO] [stderr]    Compiling vergen-gitcl v10.0.2
[INFO] [stderr]     Checking notify-types v2.1.0
[INFO] [stderr]     Checking getrandom v0.2.17
[INFO] [stderr]    Compiling mime_guess v2.0.5
[INFO] [stderr]     Checking idna_adapter v1.2.2
[INFO] [stderr]     Checking notify v8.2.0
[INFO] [stderr]     Checking rusqlite v0.40.0
[INFO] [stderr]     Checking http-body-util v0.1.3
[INFO] [stderr]     Checking futures-channel v0.3.32
[INFO] [stderr]     Checking sync_wrapper v1.0.2
[INFO] [stderr]    Compiling rustls v0.23.40
[INFO] [stderr]     Checking hyper v1.10.1
[INFO] [stderr]     Checking tokio-util v0.7.18
[INFO] [stderr]     Checking wx-keychain v0.7.8 (/opt/rustwide/workdir/crates/wx-keychain)
[INFO] [stderr]     Checking idna v1.1.0
[INFO] [stderr]     Checking webpki-roots v1.0.7
[INFO] [stdout] error[E0433]: cannot find `windows` in the crate root
[INFO] [stdout]   --> crates/wx-keychain/src/process.rs:90:22
[INFO] [stdout]    |
[INFO] [stdout] 90 |     let pid = crate::windows::find_weixin_pid()?;
[INFO] [stdout]    |                      ^^^^^^^ could not find `windows` in the crate root
[INFO] [stdout]    |
[INFO] [stdout] note: found an item that was configured out
[INFO] [stdout]   --> crates/wx-keychain/src/lib.rs:9:9
[INFO] [stdout]    |
[INFO] [stdout]  8 | #[cfg(windows)]
[INFO] [stdout]    |       ------- the item is gated here
[INFO] [stdout]  9 | pub mod windows;
[INFO] [stdout]    |         ^^^^^^^
[INFO] [stdout] 
[INFO] [stdout] 
[INFO] [stdout] error[E0433]: cannot find `windows` in the crate root
[INFO] [stdout]    --> crates/wx-keychain/src/process.rs:108:12
[INFO] [stdout]     |
[INFO] [stdout] 108 |     crate::windows::installed_weixin_version()
[INFO] [stdout]     |            ^^^^^^^ could not find `windows` in the crate root
[INFO] [stdout]     |
[INFO] [stdout] note: found an item that was configured out
[INFO] [stdout]    --> crates/wx-keychain/src/lib.rs:9:9
[INFO] [stdout]     |
[INFO] [stdout]   8 | #[cfg(windows)]
[INFO] [stdout]     |       ------- the item is gated here
[INFO] [stdout]   9 | pub mod windows;
[INFO] [stdout]     |         ^^^^^^^
[INFO] [stdout] 
[INFO] [stdout] 
[INFO] [stdout] error[E0433]: cannot find `windows` in the crate root
[INFO] [stdout]    --> crates/wx-keychain/src/process.rs:120:12
[INFO] [stdout]     |
[INFO] [stdout] 120 |     crate::windows::find_xwechat_files_root(ap.home()).ok_or_else(|| {
[INFO] [stdout]     |            ^^^^^^^ could not find `windows` in the crate root
[INFO] [stdout]     |
[INFO] [stdout] note: found an item that was configured out
[INFO] [stdout]    --> crates/wx-keychain/src/lib.rs:9:9
[INFO] [stdout]     |
[INFO] [stdout]   8 | #[cfg(windows)]
[INFO] [stdout]     |       ------- the item is gated here
[INFO] [stdout]   9 | pub mod windows;
[INFO] [stdout]     |         ^^^^^^^
[INFO] [stdout] 
[INFO] [stdout] 
[INFO] [stdout] error[E0433]: cannot find `windows` in the crate root
[INFO] [stdout]    --> crates/wx-keychain/src/process.rs:171:12
[INFO] [stdout]     |
[INFO] [stdout] 171 |     crate::windows::find_weixin_pid().is_ok()
[INFO] [stdout]     |            ^^^^^^^ could not find `windows` in the crate root
[INFO] [stdout]     |
[INFO] [stdout] note: found an item that was configured out
[INFO] [stdout]    --> crates/wx-keychain/src/lib.rs:9:9
[INFO] [stdout]     |
[INFO] [stdout]   8 | #[cfg(windows)]
[INFO] [stdout]     |       ------- the item is gated here
[INFO] [stdout]   9 | pub mod windows;
[INFO] [stdout]     |         ^^^^^^^
[INFO] [stdout] 
[INFO] [stdout] 
[INFO] [stderr]    Compiling clap_derive v4.6.4
[INFO] [stdout] error[E0433]: cannot find `windows` in the crate root
[INFO] [stdout]   --> crates/wx-keychain/src/lib.rs:43:12
[INFO] [stdout]    |
[INFO] [stdout] 43 |     crate::windows::preflight_checks()
[INFO] [stdout]    |            ^^^^^^^ could not find `windows` in the crate root
[INFO] [stdout]    |
[INFO] [stdout] note: found an item that was configured out
[INFO] [stdout]   --> crates/wx-keychain/src/lib.rs:9:9
[INFO] [stdout]    |
[INFO] [stdout]  8 | #[cfg(windows)]
[INFO] [stdout]    |       ------- the item is gated here
[INFO] [stdout]  9 | pub mod windows;
[INFO] [stdout]    |         ^^^^^^^
[INFO] [stdout] 
[INFO] [stdout] 
[INFO] [stderr]     Checking webpki-roots v0.26.11
[INFO] [stderr]     Checking rustls-webpki v0.103.13
[INFO] [stderr]     Checking url v2.5.8
[INFO] [stderr]     Checking clap_builder v4.6.2
[INFO] [stderr]    Compiling bon v3.9.3
[INFO] [stdout] For more information about this error, try `rustc --explain E0433`.
[INFO] [stdout] 
[INFO] [stderr] error: could not compile `wx-keychain` (lib) due to 5 previous errors
[INFO] [stderr] warning: build failed, waiting for other jobs to finish...
[INFO] running `Command { std: "docker" "inspect" "3165f2805d119036ca82b1bee03e3467ec53b3cb0c7b17f2831601f7460d6a10", kill_on_drop: false }`
[INFO] running `Command { std: "docker" "rm" "-f" "3165f2805d119036ca82b1bee03e3467ec53b3cb0c7b17f2831601f7460d6a10", kill_on_drop: false }`
[INFO] [stdout] 3165f2805d119036ca82b1bee03e3467ec53b3cb0c7b17f2831601f7460d6a10
