[INFO] cloning repository https://github.com/SirLion02/web-tui
[INFO] running `Command { std: "git" "-c" "credential.helper=" "-c" "credential.helper=/workspace/cargo-home/bin/git-credential-null" "clone" "--bare" "https://github.com/SirLion02/web-tui" "/workspace/cache/git-repos/https%3A%2F%2Fgithub.com%2FSirLion02%2Fweb-tui", kill_on_drop: false }`
[INFO] [stderr] Cloning into bare repository '/workspace/cache/git-repos/https%3A%2F%2Fgithub.com%2FSirLion02%2Fweb-tui'...
[INFO] running `Command { std: "git" "rev-parse" "HEAD", kill_on_drop: false }`
[INFO] [stdout] f3edc2c0f9fd661b5f030e5bc3235a6c7dfd52c5
[INFO] checking SirLion02/web-tui against 3154cc1a3e6424e44f438a95007d043ed5ceaaf6+rustflags=-Znext-solver=coherence for pr-133502-30
[INFO] running `Command { std: "git" "clone" "/workspace/cache/git-repos/https%3A%2F%2Fgithub.com%2FSirLion02%2Fweb-tui" "/workspace/builds/worker-3-tc1/source", kill_on_drop: false }`
[INFO] [stderr] Cloning into '/workspace/builds/worker-3-tc1/source'...
[INFO] [stderr] done.
[INFO] started tweaking git repo https://github.com/SirLion02/web-tui
[INFO] finished tweaking git repo https://github.com/SirLion02/web-tui
[INFO] tweaked toml for git repo https://github.com/SirLion02/web-tui written to /workspace/builds/worker-3-tc1/source/Cargo.toml
[INFO] validating manifest of git repo https://github.com/SirLion02/web-tui on toolchain 3154cc1a3e6424e44f438a95007d043ed5ceaaf6
[INFO] running `Command { std: CARGO_HOME="/workspace/cargo-home" RUSTUP_HOME="/workspace/rustup-home" "/workspace/cargo-home/bin/cargo" "+3154cc1a3e6424e44f438a95007d043ed5ceaaf6" "metadata" "--manifest-path" "Cargo.toml" "--no-deps", kill_on_drop: false }`
[INFO] crate git repo https://github.com/SirLion02/web-tui already has a lockfile, it will not be regenerated
[INFO] running `Command { std: CARGO_HOME="/workspace/cargo-home" RUSTUP_HOME="/workspace/rustup-home" "/workspace/cargo-home/bin/cargo" "+3154cc1a3e6424e44f438a95007d043ed5ceaaf6" "fetch" "--manifest-path" "Cargo.toml", kill_on_drop: false }`
[INFO] running `Command { std: "docker" "create" "-v" "/var/lib/crater-agent-workspace/builds/worker-3-tc1/source:/opt/rustwide/workdir:ro,Z" "-v" "/var/lib/crater-agent-workspace/builds/worker-3-tc1/target:/opt/rustwide/target:rw,Z" "-v" "/var/lib/crater-agent-workspace/cargo-home:/opt/rustwide/cargo-home:ro,Z" "-v" "/var/lib/crater-agent-workspace/rustup-home:/opt/rustwide/rustup-home:ro,Z" "-m" "1610612736" "--network" "none" "ghcr.io/rust-lang/crates-build-env/linux@sha256:77db811e55d90add9212f6832c23229e3de5f1c1f9905e8cb07319ea15df73ac" "sleep" "infinity", kill_on_drop: false }`
[INFO] [stdout] 7345eceb3c3f9660f0bd707486f14bb8477043969b554ba313da0889eafab4dd
[INFO] running `Command { std: "docker" "start" "7345eceb3c3f9660f0bd707486f14bb8477043969b554ba313da0889eafab4dd", kill_on_drop: false }`
[INFO] running `Command { std: "docker" "inspect" "7345eceb3c3f9660f0bd707486f14bb8477043969b554ba313da0889eafab4dd", kill_on_drop: false }`
[INFO] running `Command { std: "docker" "exec" "-e" "SOURCE_DIR=/opt/rustwide/workdir" "-e" "CARGO_HOME=/opt/rustwide/cargo-home" "-e" "RUSTUP_HOME=/opt/rustwide/rustup-home" "-e" "CARGO_TARGET_DIR=/opt/rustwide/target" "-w" "/opt/rustwide/workdir" "--user" "0:0" "7345eceb3c3f9660f0bd707486f14bb8477043969b554ba313da0889eafab4dd" "/opt/rustwide/cargo-home/bin/cargo" "+3154cc1a3e6424e44f438a95007d043ed5ceaaf6" "metadata" "--no-deps" "--format-version=1", kill_on_drop: false }`
[INFO] running `Command { std: "docker" "inspect" "7345eceb3c3f9660f0bd707486f14bb8477043969b554ba313da0889eafab4dd", kill_on_drop: false }`
[INFO] running `Command { std: "docker" "exec" "-e" "SOURCE_DIR=/opt/rustwide/workdir" "-e" "CARGO_HOME=/opt/rustwide/cargo-home" "-e" "RUSTUP_HOME=/opt/rustwide/rustup-home" "-e" "CARGO_TARGET_DIR=/opt/rustwide/target" "-e" "CARGO_INCREMENTAL=0" "-e" "RUST_BACKTRACE=full" "-e" "RUSTFLAGS=--cap-lints=forbid -Znext-solver=coherence" "-e" "RUSTDOCFLAGS=--cap-lints=forbid" "-w" "/opt/rustwide/workdir" "--user" "0:0" "7345eceb3c3f9660f0bd707486f14bb8477043969b554ba313da0889eafab4dd" "/opt/rustwide/cargo-home/bin/cargo" "+3154cc1a3e6424e44f438a95007d043ed5ceaaf6" "check" "--frozen" "--all" "--all-targets" "--message-format=json", kill_on_drop: false }`
[INFO] [stderr]     Checking smallvec v1.16.1
[INFO] [stderr]    Compiling serde v1.0.229
[INFO] [stderr]     Checking futures-task v0.3.34
[INFO] [stderr]     Checking tracing v0.1.44
[INFO] [stderr]    Compiling syn v3.0.5
[INFO] [stderr]     Checking parking_lot_core v0.9.12
[INFO] [stderr]     Checking futures-util v0.3.34
[INFO] [stderr]     Checking axum-core v0.5.6
[INFO] [stderr]     Checking parking_lot v0.12.5
[INFO] [stderr]     Checking serde_urlencoded v0.7.1
[INFO] [stderr]    Compiling tokio-macros v2.7.2
[INFO] [stderr]     Checking tokio v1.53.1
[INFO] [stderr]     Checking hyper v1.11.1
[INFO] [stderr]     Checking tower v0.5.3
[INFO] [stderr]     Checking hyper-util v0.1.20
[INFO] [stderr]     Checking axum v0.8.9
[INFO] [stderr]     Checking nyoba-axum v0.1.0 (/opt/rustwide/workdir)
[INFO] [stdout] error[E0428]: the name `json` is defined multiple times
[INFO] [stdout]   --> src/main.rs:24:1
[INFO] [stdout]    |
[INFO] [stdout] 20 | async fn json() -> Json<serde_json::Value> {
[INFO] [stdout]    | ------------------------------------------ previous definition of the value `json` here
[INFO] [stdout] ...
[INFO] [stdout] 24 | async fn json() -> Html<&'static str> {
[INFO] [stdout]    | ^^^^^^^^^^^^^^^^^^^^^^^^^^^^^^^^^^^^^ `json` redefined here
[INFO] [stdout]    |
[INFO] [stdout]    = note: `json` must be defined only once in the value namespace of this module
[INFO] [stdout] 
[INFO] [stdout] 
[INFO] [stdout] error[E0433]: cannot find module or crate `serde_json` in this scope
[INFO] [stdout]   --> src/main.rs:21:10
[INFO] [stdout]    |
[INFO] [stdout] 21 |     Json(serde_json::json!({ "message" : "hello" }))
[INFO] [stdout]    |          ^^^^^^^^^^ use of unresolved module or unlinked crate `serde_json`
[INFO] [stdout] 
[INFO] [stdout] 
[INFO] [stdout] error[E0428]: the name `json` is defined multiple times
[INFO] [stdout]   --> src/main.rs:24:1
[INFO] [stdout]    |
[INFO] [stdout] 20 | async fn json() -> Json<serde_json::Value> {
[INFO] [stdout]    | ------------------------------------------ previous definition of the value `json` here
[INFO] [stdout] ...
[INFO] [stdout] 24 | async fn json() -> Html<&'static str> {
[INFO] [stdout]    | ^^^^^^^^^^^^^^^^^^^^^^^^^^^^^^^^^^^^^ `json` redefined here
[INFO] [stdout]    |
[INFO] [stdout]    = note: `json` must be defined only once in the value namespace of this module
[INFO] [stdout] 
[INFO] [stdout] 
[INFO] [stdout] error[E0433]: cannot find module or crate `serde_json` in this scope
[INFO] [stdout]   --> src/main.rs:21:10
[INFO] [stdout]    |
[INFO] [stdout] 21 |     Json(serde_json::json!({ "message" : "hello" }))
[INFO] [stdout]    |          ^^^^^^^^^^ use of unresolved module or unlinked crate `serde_json`
[INFO] [stdout] 
[INFO] [stdout] 
[INFO] [stdout] error[E0283]: type annotations needed
[INFO] [stdout]    --> src/main.rs:35:23
[INFO] [stdout]     |
[INFO] [stdout]  35 |     let user_routes = Router::new()
[INFO] [stdout]     |                       ^^^^^^^^^^^ cannot infer type of the type parameter `S` declared on the struct `Router`
[INFO] [stdout]     |
[INFO] [stdout]     = note: the type must implement `Clone`
[INFO] [stdout]     = note: the type must also implement `Send`
[INFO] [stdout]     = note: the type must also implement `Sync`
[INFO] [stdout] note: required by a bound in `Router::<S>::new`
[INFO] [stdout]    --> /opt/rustwide/cargo-home/registry/src/index.crates.io-1949cf8c6b5b557f/axum-0.8.9/src/routing/mod.rs:140:8
[INFO] [stdout]     |
[INFO] [stdout] 138 | impl<S> Router<S>
[INFO] [stdout] 139 | where
[INFO] [stdout] 140 |     S: Clone + Send + Sync + 'static,
[INFO] [stdout]     |        ^^^^^ required by this bound in `Router::<S>::new`
[INFO] [stdout] ...
[INFO] [stdout] 146 |     pub fn new() -> Self {
[INFO] [stdout]     |
[INFO] [stdout] note: required by a bound in `Router::<S>::new`
[INFO] [stdout]    --> /opt/rustwide/cargo-home/registry/src/index.crates.io-1949cf8c6b5b557f/axum-0.8.9/src/routing/mod.rs:140:16
[INFO] [stdout]     |
[INFO] [stdout] 138 | impl<S> Router<S>
[INFO] [stdout] 139 | where
[INFO] [stdout] 140 |     S: Clone + Send + Sync + 'static,
[INFO] [stdout]     |                ^^^^ required by this bound in `Router::<S>::new`
[INFO] [stdout] ...
[INFO] [stdout] 146 |     pub fn new() -> Self {
[INFO] [stdout]     |
[INFO] [stdout] note: required by a bound in `Router::<S>::new`
[INFO] [stdout]    --> /opt/rustwide/cargo-home/registry/src/index.crates.io-1949cf8c6b5b557f/axum-0.8.9/src/routing/mod.rs:140:23
[INFO] [stdout]     |
[INFO] [stdout] 138 | impl<S> Router<S>
[INFO] [stdout] 139 | where
[INFO] [stdout] 140 |     S: Clone + Send + Sync + 'static,
[INFO] [stdout]     |                       ^^^^ required by this bound in `Router::<S>::new`
[INFO] [stdout] ...
[INFO] [stdout] 146 |     pub fn new() -> Self {
[INFO] [stdout]     |
[INFO] [stdout] help: consider specifying a concrete type for the type parameter `S`
[INFO] [stdout]     |
[INFO] [stdout]  35 |     let user_routes = Router::</* Type */>::new()
[INFO] [stdout]     |                             ++++++++++++++
[INFO] [stdout] 
[INFO] [stdout] 
[INFO] [stdout] error[E0283]: type annotations needed
[INFO] [stdout]    --> src/main.rs:35:23
[INFO] [stdout]     |
[INFO] [stdout]  35 |     let user_routes = Router::new()
[INFO] [stdout]     |                       ^^^^^^^^^^^ cannot infer type of the type parameter `S` declared on the struct `Router`
[INFO] [stdout]     |
[INFO] [stdout]     = note: the type must implement `Clone`
[INFO] [stdout]     = note: the type must also implement `Send`
[INFO] [stdout]     = note: the type must also implement `Sync`
[INFO] [stdout] note: required by a bound in `Router::<S>::new`
[INFO] [stdout]    --> /opt/rustwide/cargo-home/registry/src/index.crates.io-1949cf8c6b5b557f/axum-0.8.9/src/routing/mod.rs:140:8
[INFO] [stdout]     |
[INFO] [stdout] 138 | impl<S> Router<S>
[INFO] [stdout] 139 | where
[INFO] [stdout] 140 |     S: Clone + Send + Sync + 'static,
[INFO] [stdout]     |        ^^^^^ required by this bound in `Router::<S>::new`
[INFO] [stdout] ...
[INFO] [stdout] 146 |     pub fn new() -> Self {
[INFO] [stdout]     |
[INFO] [stdout] note: required by a bound in `Router::<S>::new`
[INFO] [stdout]    --> /opt/rustwide/cargo-home/registry/src/index.crates.io-1949cf8c6b5b557f/axum-0.8.9/src/routing/mod.rs:140:16
[INFO] [stdout]     |
[INFO] [stdout] 138 | impl<S> Router<S>
[INFO] [stdout] 139 | where
[INFO] [stdout] 140 |     S: Clone + Send + Sync + 'static,
[INFO] [stdout]     |                ^^^^ required by this bound in `Router::<S>::new`
[INFO] [stdout] ...
[INFO] [stdout] 146 |     pub fn new() -> Self {
[INFO] [stdout]     |
[INFO] [stdout] note: required by a bound in `Router::<S>::new`
[INFO] [stdout]    --> /opt/rustwide/cargo-home/registry/src/index.crates.io-1949cf8c6b5b557f/axum-0.8.9/src/routing/mod.rs:140:23
[INFO] [stdout]     |
[INFO] [stdout] 138 | impl<S> Router<S>
[INFO] [stdout] 139 | where
[INFO] [stdout] 140 |     S: Clone + Send + Sync + 'static,
[INFO] [stdout]     |                       ^^^^ required by this bound in `Router::<S>::new`
[INFO] [stdout] ...
[INFO] [stdout] 146 |     pub fn new() -> Self {
[INFO] [stdout]     |
[INFO] [stdout] help: consider specifying a concrete type for the type parameter `S`
[INFO] [stdout]     |
[INFO] [stdout]  35 |     let user_routes = Router::</* Type */>::new()
[INFO] [stdout]     |                             ++++++++++++++
[INFO] [stdout] 
[INFO] [stdout] 
[INFO] [stdout] error[E0433]: cannot find module or crate `serde_json` in this scope
[INFO] [stdout]   --> src/main.rs:20:25
[INFO] [stdout]    |
[INFO] [stdout] 20 | async fn json() -> Json<serde_json::Value> {
[INFO] [stdout]    |                         ^^^^^^^^^^ use of unresolved module or unlinked crate `serde_json`
[INFO] [stdout]    |
[INFO] [stdout]    = help: if you wanted to use a crate named `serde_json`, use `cargo add serde_json` to add it to your `Cargo.toml`
[INFO] [stdout] 
[INFO] [stdout] 
[INFO] [stdout] error[E0433]: cannot find module or crate `serde_json` in this scope
[INFO] [stdout]   --> src/main.rs:20:25
[INFO] [stdout]    |
[INFO] [stdout] 20 | async fn json() -> Json<serde_json::Value> {
[INFO] [stdout]    |                         ^^^^^^^^^^ use of unresolved module or unlinked crate `serde_json`
[INFO] [stdout]    |
[INFO] [stdout]    = help: if you wanted to use a crate named `serde_json`, use `cargo add serde_json` to add it to your `Cargo.toml`
[INFO] [stdout] 
[INFO] [stdout] 
[INFO] [stdout] Some errors have detailed explanations: E0283, E0428, E0433.
[INFO] [stdout] 
[INFO] [stdout] For more information about an error, try `rustc --explain E0283`.
[INFO] [stdout] 
[INFO] [stdout] Some errors have detailed explanations: E0283, E0428, E0433.
[INFO] [stdout] 
[INFO] [stdout] For more information about an error, try `rustc --explain E0283`.
[INFO] [stdout] 
[INFO] [stderr] error: could not compile `nyoba-axum` (bin "nyoba-axum" test) due to 4 previous errors
[INFO] [stderr] warning: build failed, waiting for other jobs to finish...
[INFO] [stderr] error: could not compile `nyoba-axum` (bin "nyoba-axum") due to 4 previous errors
[INFO] running `Command { std: "docker" "inspect" "7345eceb3c3f9660f0bd707486f14bb8477043969b554ba313da0889eafab4dd", kill_on_drop: false }`
[INFO] running `Command { std: "docker" "rm" "-f" "7345eceb3c3f9660f0bd707486f14bb8477043969b554ba313da0889eafab4dd", kill_on_drop: false }`
[INFO] [stdout] 7345eceb3c3f9660f0bd707486f14bb8477043969b554ba313da0889eafab4dd
