[INFO] cloning repository https://github.com/Shio-T0/heavenly-restriction
[INFO] running `Command { std: "git" "-c" "credential.helper=" "-c" "credential.helper=/workspace/cargo-home/bin/git-credential-null" "clone" "--bare" "https://github.com/Shio-T0/heavenly-restriction" "/workspace/cache/git-repos/https%3A%2F%2Fgithub.com%2FShio-T0%2Fheavenly-restriction", kill_on_drop: false }`
[INFO] [stderr] Cloning into bare repository '/workspace/cache/git-repos/https%3A%2F%2Fgithub.com%2FShio-T0%2Fheavenly-restriction'...
[INFO] running `Command { std: "git" "rev-parse" "HEAD", kill_on_drop: false }`
[INFO] [stdout] 56dccd6d809b3071770ba0dc8baf51fdb0d5238c
[INFO] checking Shio-T0/heavenly-restriction against 3154cc1a3e6424e44f438a95007d043ed5ceaaf6+rustflags=-Znext-solver=coherence for pr-133502-30
[INFO] running `Command { std: "git" "clone" "/workspace/cache/git-repos/https%3A%2F%2Fgithub.com%2FShio-T0%2Fheavenly-restriction" "/workspace/builds/worker-0-tc1/source", kill_on_drop: false }`
[INFO] [stderr] Cloning into '/workspace/builds/worker-0-tc1/source'...
[INFO] [stderr] done.
[INFO] started tweaking git repo https://github.com/Shio-T0/heavenly-restriction
[INFO] finished tweaking git repo https://github.com/Shio-T0/heavenly-restriction
[INFO] tweaked toml for git repo https://github.com/Shio-T0/heavenly-restriction written to /workspace/builds/worker-0-tc1/source/Cargo.toml
[INFO] validating manifest of git repo https://github.com/Shio-T0/heavenly-restriction on toolchain 3154cc1a3e6424e44f438a95007d043ed5ceaaf6
[INFO] running `Command { std: CARGO_HOME="/workspace/cargo-home" RUSTUP_HOME="/workspace/rustup-home" "/workspace/cargo-home/bin/cargo" "+3154cc1a3e6424e44f438a95007d043ed5ceaaf6" "metadata" "--manifest-path" "Cargo.toml" "--no-deps", kill_on_drop: false }`
[INFO] crate git repo https://github.com/Shio-T0/heavenly-restriction already has a lockfile, it will not be regenerated
[INFO] running `Command { std: CARGO_HOME="/workspace/cargo-home" RUSTUP_HOME="/workspace/rustup-home" "/workspace/cargo-home/bin/cargo" "+3154cc1a3e6424e44f438a95007d043ed5ceaaf6" "fetch" "--manifest-path" "Cargo.toml", kill_on_drop: false }`
[INFO] [stderr] warning: crates/hr-runtime/Cargo.toml: `package.edition` is unspecified, defaulting to `2015` while the latest is `2024`
[INFO] [stderr] warning: missing `[lints]` to inherit `[workspace.lints]`
[INFO] [stderr]  --> crates/hr-runtime/Cargo.toml
[INFO] [stderr]   = note: `cargo::missing_lints_inheritance` is set to `warn` by default
[INFO] [stderr] help: to inherit `workspace.lints, add:
[INFO] [stderr]   |
[INFO] [stderr] 4 ~ version = "0.1.0"
[INFO] [stderr] 5 + [lints]
[INFO] [stderr] 6 + workspace = true
[INFO] [stderr]   |
[INFO] [stderr] help: to clarify your intent to not inherit, add:
[INFO] [stderr]   |
[INFO] [stderr] 4 ~ version = "0.1.0"
[INFO] [stderr] 5 + [lints]
[INFO] [stderr]   |
[INFO] [stderr] warning: `hr-runtime` (manifest) generated 2 warnings
[INFO] [stderr] warning: crates/broadcast/Cargo.toml: `package.edition` is unspecified, defaulting to `2015` while the latest is `2024`
[INFO] [stderr] warning: missing `[lints]` to inherit `[workspace.lints]`
[INFO] [stderr]  --> crates/broadcast/Cargo.toml
[INFO] [stderr]   = note: `cargo::missing_lints_inheritance` is set to `warn` by default
[INFO] [stderr] help: to inherit `workspace.lints, add:
[INFO] [stderr]   |
[INFO] [stderr] 4 ~ version = "0.1.0"
[INFO] [stderr] 5 + [lints]
[INFO] [stderr] 6 + workspace = true
[INFO] [stderr]   |
[INFO] [stderr] help: to clarify your intent to not inherit, add:
[INFO] [stderr]   |
[INFO] [stderr] 4 ~ version = "0.1.0"
[INFO] [stderr] 5 + [lints]
[INFO] [stderr]   |
[INFO] [stderr] warning: `broadcast` (manifest) generated 2 warnings
[INFO] [stderr] warning: crates/hr-confine/Cargo.toml: `package.edition` is unspecified, defaulting to `2015` while the latest is `2024`
[INFO] [stderr] warning: missing `[lints]` to inherit `[workspace.lints]`
[INFO] [stderr]  --> crates/hr-confine/Cargo.toml
[INFO] [stderr]   = note: `cargo::missing_lints_inheritance` is set to `warn` by default
[INFO] [stderr] help: to inherit `workspace.lints, add:
[INFO] [stderr]   |
[INFO] [stderr] 4 ~ version = "0.1.0"
[INFO] [stderr] 5 + [lints]
[INFO] [stderr] 6 + workspace = true
[INFO] [stderr]   |
[INFO] [stderr] help: to clarify your intent to not inherit, add:
[INFO] [stderr]   |
[INFO] [stderr] 4 ~ version = "0.1.0"
[INFO] [stderr] 5 + [lints]
[INFO] [stderr]   |
[INFO] [stderr] warning: `hr-confine` (manifest) generated 2 warnings
[INFO] [stderr] warning: crates/hr-core/Cargo.toml: `package.edition` is unspecified, defaulting to `2015` while the latest is `2024`
[INFO] [stderr] warning: missing `[lints]` to inherit `[workspace.lints]`
[INFO] [stderr]  --> crates/hr-core/Cargo.toml
[INFO] [stderr]   = note: `cargo::missing_lints_inheritance` is set to `warn` by default
[INFO] [stderr] help: to inherit `workspace.lints, add:
[INFO] [stderr]   |
[INFO] [stderr] 4 ~ version = "0.1.0"
[INFO] [stderr] 5 + [lints]
[INFO] [stderr] 6 + workspace = true
[INFO] [stderr]   |
[INFO] [stderr] help: to clarify your intent to not inherit, add:
[INFO] [stderr]   |
[INFO] [stderr] 4 ~ version = "0.1.0"
[INFO] [stderr] 5 + [lints]
[INFO] [stderr]   |
[INFO] [stderr] warning: `hr-core` (manifest) generated 2 warnings
[INFO] [stderr] warning: crates/hr-launch/Cargo.toml: `package.edition` is unspecified, defaulting to `2015` while the latest is `2024`
[INFO] [stderr] warning: missing `[lints]` to inherit `[workspace.lints]`
[INFO] [stderr]  --> crates/hr-launch/Cargo.toml
[INFO] [stderr]   = note: `cargo::missing_lints_inheritance` is set to `warn` by default
[INFO] [stderr] help: to inherit `workspace.lints, add:
[INFO] [stderr]   |
[INFO] [stderr] 4 ~ version = "0.1.0"
[INFO] [stderr] 5 + [lints]
[INFO] [stderr] 6 + workspace = true
[INFO] [stderr]   |
[INFO] [stderr] help: to clarify your intent to not inherit, add:
[INFO] [stderr]   |
[INFO] [stderr] 4 ~ version = "0.1.0"
[INFO] [stderr] 5 + [lints]
[INFO] [stderr]   |
[INFO] [stderr] warning: `hr-launch` (manifest) generated 2 warnings
[INFO] [stderr] warning: crates/hr-store/Cargo.toml: `package.edition` is unspecified, defaulting to `2015` while the latest is `2024`
[INFO] [stderr] warning: missing `[lints]` to inherit `[workspace.lints]`
[INFO] [stderr]  --> crates/hr-store/Cargo.toml
[INFO] [stderr]   = note: `cargo::missing_lints_inheritance` is set to `warn` by default
[INFO] [stderr] help: to inherit `workspace.lints, add:
[INFO] [stderr]   |
[INFO] [stderr] 3 ~ version = "0.1.0"
[INFO] [stderr] 4 + [lints]
[INFO] [stderr] 5 + workspace = true
[INFO] [stderr]   |
[INFO] [stderr] help: to clarify your intent to not inherit, add:
[INFO] [stderr]   |
[INFO] [stderr] 3 ~ version = "0.1.0"
[INFO] [stderr] 4 + [lints]
[INFO] [stderr]   |
[INFO] [stderr] warning: `hr-store` (manifest) generated 2 warnings
[INFO] [stderr] warning: crates/hr-ports/Cargo.toml: `package.edition` is unspecified, defaulting to `2015` while the latest is `2024`
[INFO] [stderr] warning: missing `[lints]` to inherit `[workspace.lints]`
[INFO] [stderr]  --> crates/hr-ports/Cargo.toml
[INFO] [stderr]   = note: `cargo::missing_lints_inheritance` is set to `warn` by default
[INFO] [stderr] help: to inherit `workspace.lints, add:
[INFO] [stderr]   |
[INFO] [stderr] 3 ~ version = "0.1.0"
[INFO] [stderr] 4 + [lints]
[INFO] [stderr] 5 + workspace = true
[INFO] [stderr]   |
[INFO] [stderr] help: to clarify your intent to not inherit, add:
[INFO] [stderr]   |
[INFO] [stderr] 3 ~ version = "0.1.0"
[INFO] [stderr] 4 + [lints]
[INFO] [stderr]   |
[INFO] [stderr] warning: `hr-ports` (manifest) generated 2 warnings
[INFO] [stderr]     Updating crates.io index
[INFO] [stderr]  Downloading crates ...
[INFO] [stderr]   Downloaded tauri-plugin-log v2.9.0
[INFO] [stderr]   Downloaded android_logger v0.15.1
[INFO] running `Command { std: "docker" "create" "-v" "/var/lib/crater-agent-workspace/builds/worker-0-tc1/source:/opt/rustwide/workdir:ro,Z" "-v" "/var/lib/crater-agent-workspace/builds/worker-0-tc1/target:/opt/rustwide/target:rw,Z" "-v" "/var/lib/crater-agent-workspace/cargo-home:/opt/rustwide/cargo-home:ro,Z" "-v" "/var/lib/crater-agent-workspace/rustup-home:/opt/rustwide/rustup-home:ro,Z" "-m" "1610612736" "--network" "none" "ghcr.io/rust-lang/crates-build-env/linux@sha256:77db811e55d90add9212f6832c23229e3de5f1c1f9905e8cb07319ea15df73ac" "sleep" "infinity", kill_on_drop: false }`
[INFO] [stdout] 4960b179771da45717bee8fd1343f8410d12591f60765efff96e7c062a07ff8a
[INFO] running `Command { std: "docker" "start" "4960b179771da45717bee8fd1343f8410d12591f60765efff96e7c062a07ff8a", kill_on_drop: false }`
[INFO] running `Command { std: "docker" "inspect" "4960b179771da45717bee8fd1343f8410d12591f60765efff96e7c062a07ff8a", kill_on_drop: false }`
[INFO] running `Command { std: "docker" "exec" "-e" "SOURCE_DIR=/opt/rustwide/workdir" "-e" "CARGO_HOME=/opt/rustwide/cargo-home" "-e" "RUSTUP_HOME=/opt/rustwide/rustup-home" "-e" "CARGO_TARGET_DIR=/opt/rustwide/target" "-w" "/opt/rustwide/workdir" "--user" "0:0" "4960b179771da45717bee8fd1343f8410d12591f60765efff96e7c062a07ff8a" "/opt/rustwide/cargo-home/bin/cargo" "+3154cc1a3e6424e44f438a95007d043ed5ceaaf6" "metadata" "--no-deps" "--format-version=1", kill_on_drop: false }`
[INFO] running `Command { std: "docker" "inspect" "4960b179771da45717bee8fd1343f8410d12591f60765efff96e7c062a07ff8a", kill_on_drop: false }`
[INFO] running `Command { std: "docker" "exec" "-e" "SOURCE_DIR=/opt/rustwide/workdir" "-e" "CARGO_HOME=/opt/rustwide/cargo-home" "-e" "RUSTUP_HOME=/opt/rustwide/rustup-home" "-e" "CARGO_TARGET_DIR=/opt/rustwide/target" "-e" "CARGO_INCREMENTAL=0" "-e" "RUST_BACKTRACE=full" "-e" "RUSTFLAGS=--cap-lints=forbid -Znext-solver=coherence" "-e" "RUSTDOCFLAGS=--cap-lints=forbid" "-w" "/opt/rustwide/workdir" "--user" "0:0" "4960b179771da45717bee8fd1343f8410d12591f60765efff96e7c062a07ff8a" "/opt/rustwide/cargo-home/bin/cargo" "+3154cc1a3e6424e44f438a95007d043ed5ceaaf6" "check" "--frozen" "--all" "--all-targets" "--message-format=json", kill_on_drop: false }`
[INFO] [stderr] warning: crates/hr-store/Cargo.toml: `package.edition` is unspecified, defaulting to `2015` while the latest is `2024`
[INFO] [stderr] warning: missing `[lints]` to inherit `[workspace.lints]`
[INFO] [stderr]  --> crates/hr-store/Cargo.toml
[INFO] [stderr]   = note: `cargo::missing_lints_inheritance` is set to `warn` by default
[INFO] [stderr] help: to inherit `workspace.lints, add:
[INFO] [stderr]   |
[INFO] [stderr] 3 ~ version = "0.1.0"
[INFO] [stderr] 4 + [lints]
[INFO] [stderr] 5 + workspace = true
[INFO] [stderr]   |
[INFO] [stderr] help: to clarify your intent to not inherit, add:
[INFO] [stderr]   |
[INFO] [stderr] 3 ~ version = "0.1.0"
[INFO] [stderr] 4 + [lints]
[INFO] [stderr]   |
[INFO] [stderr] warning: `hr-store` (manifest) generated 2 warnings
[INFO] [stderr] warning: crates/hr-ports/Cargo.toml: `package.edition` is unspecified, defaulting to `2015` while the latest is `2024`
[INFO] [stderr] warning: missing `[lints]` to inherit `[workspace.lints]`
[INFO] [stderr]  --> crates/hr-ports/Cargo.toml
[INFO] [stderr]   = note: `cargo::missing_lints_inheritance` is set to `warn` by default
[INFO] [stderr] help: to inherit `workspace.lints, add:
[INFO] [stderr]   |
[INFO] [stderr] 3 ~ version = "0.1.0"
[INFO] [stderr] 4 + [lints]
[INFO] [stderr] 5 + workspace = true
[INFO] [stderr]   |
[INFO] [stderr] help: to clarify your intent to not inherit, add:
[INFO] [stderr]   |
[INFO] [stderr] 3 ~ version = "0.1.0"
[INFO] [stderr] 4 + [lints]
[INFO] [stderr]   |
[INFO] [stderr] warning: `hr-ports` (manifest) generated 2 warnings
[INFO] [stderr] warning: crates/hr-runtime/Cargo.toml: `package.edition` is unspecified, defaulting to `2015` while the latest is `2024`
[INFO] [stderr] warning: missing `[lints]` to inherit `[workspace.lints]`
[INFO] [stderr]  --> crates/hr-runtime/Cargo.toml
[INFO] [stderr]   = note: `cargo::missing_lints_inheritance` is set to `warn` by default
[INFO] [stderr] help: to inherit `workspace.lints, add:
[INFO] [stderr]   |
[INFO] [stderr] 4 ~ version = "0.1.0"
[INFO] [stderr] 5 + [lints]
[INFO] [stderr] 6 + workspace = true
[INFO] [stderr]   |
[INFO] [stderr] help: to clarify your intent to not inherit, add:
[INFO] [stderr]   |
[INFO] [stderr] 4 ~ version = "0.1.0"
[INFO] [stderr] 5 + [lints]
[INFO] [stderr]   |
[INFO] [stderr] warning: `hr-runtime` (manifest) generated 2 warnings
[INFO] [stderr] warning: crates/hr-confine/Cargo.toml: `package.edition` is unspecified, defaulting to `2015` while the latest is `2024`
[INFO] [stderr] warning: missing `[lints]` to inherit `[workspace.lints]`
[INFO] [stderr]  --> crates/hr-confine/Cargo.toml
[INFO] [stderr]   = note: `cargo::missing_lints_inheritance` is set to `warn` by default
[INFO] [stderr] help: to inherit `workspace.lints, add:
[INFO] [stderr]   |
[INFO] [stderr] 4 ~ version = "0.1.0"
[INFO] [stderr] 5 + [lints]
[INFO] [stderr] 6 + workspace = true
[INFO] [stderr]   |
[INFO] [stderr] help: to clarify your intent to not inherit, add:
[INFO] [stderr]   |
[INFO] [stderr] 4 ~ version = "0.1.0"
[INFO] [stderr] 5 + [lints]
[INFO] [stderr]   |
[INFO] [stderr] warning: `hr-confine` (manifest) generated 2 warnings
[INFO] [stderr] warning: crates/broadcast/Cargo.toml: `package.edition` is unspecified, defaulting to `2015` while the latest is `2024`
[INFO] [stderr] warning: missing `[lints]` to inherit `[workspace.lints]`
[INFO] [stderr]  --> crates/broadcast/Cargo.toml
[INFO] [stderr]   = note: `cargo::missing_lints_inheritance` is set to `warn` by default
[INFO] [stderr] help: to inherit `workspace.lints, add:
[INFO] [stderr]   |
[INFO] [stderr] 4 ~ version = "0.1.0"
[INFO] [stderr] 5 + [lints]
[INFO] [stderr] 6 + workspace = true
[INFO] [stderr]   |
[INFO] [stderr] help: to clarify your intent to not inherit, add:
[INFO] [stderr]   |
[INFO] [stderr] 4 ~ version = "0.1.0"
[INFO] [stderr] 5 + [lints]
[INFO] [stderr]   |
[INFO] [stderr] warning: `broadcast` (manifest) generated 2 warnings
[INFO] [stderr] warning: crates/hr-launch/Cargo.toml: `package.edition` is unspecified, defaulting to `2015` while the latest is `2024`
[INFO] [stderr] warning: missing `[lints]` to inherit `[workspace.lints]`
[INFO] [stderr]  --> crates/hr-launch/Cargo.toml
[INFO] [stderr]   = note: `cargo::missing_lints_inheritance` is set to `warn` by default
[INFO] [stderr] help: to inherit `workspace.lints, add:
[INFO] [stderr]   |
[INFO] [stderr] 4 ~ version = "0.1.0"
[INFO] [stderr] 5 + [lints]
[INFO] [stderr] 6 + workspace = true
[INFO] [stderr]   |
[INFO] [stderr] help: to clarify your intent to not inherit, add:
[INFO] [stderr]   |
[INFO] [stderr] 4 ~ version = "0.1.0"
[INFO] [stderr] 5 + [lints]
[INFO] [stderr]   |
[INFO] [stderr] warning: `hr-launch` (manifest) generated 2 warnings
[INFO] [stderr] warning: crates/hr-core/Cargo.toml: `package.edition` is unspecified, defaulting to `2015` while the latest is `2024`
[INFO] [stderr] warning: missing `[lints]` to inherit `[workspace.lints]`
[INFO] [stderr]  --> crates/hr-core/Cargo.toml
[INFO] [stderr]   = note: `cargo::missing_lints_inheritance` is set to `warn` by default
[INFO] [stderr] help: to inherit `workspace.lints, add:
[INFO] [stderr]   |
[INFO] [stderr] 4 ~ version = "0.1.0"
[INFO] [stderr] 5 + [lints]
[INFO] [stderr] 6 + workspace = true
[INFO] [stderr]   |
[INFO] [stderr] help: to clarify your intent to not inherit, add:
[INFO] [stderr]   |
[INFO] [stderr] 4 ~ version = "0.1.0"
[INFO] [stderr] 5 + [lints]
[INFO] [stderr]   |
[INFO] [stderr] warning: `hr-core` (manifest) generated 2 warnings
[INFO] [stderr]    Compiling syn v3.0.3
[INFO] [stderr]    Compiling zerovec-derive v0.11.3
[INFO] [stderr]    Compiling litemap v0.8.2
[INFO] [stderr]    Compiling writeable v0.6.3
[INFO] [stderr]    Compiling icu_properties_data v2.2.0
[INFO] [stderr]    Compiling icu_normalizer_data v2.2.0
[INFO] [stderr]    Compiling web_atoms v0.2.6
[INFO] [stderr]    Compiling uuid v1.24.0
[INFO] [stderr]    Compiling cssparser v0.36.0
[INFO] [stderr]    Compiling toml v1.1.4+spec-1.1.0
[INFO] [stderr]    Compiling gtk v0.18.2
[INFO] [stderr]     Checking num_threads v0.1.7
[INFO] [stderr]     Checking time v0.3.55
[INFO] [stderr]    Compiling crc32fast v1.5.0
[INFO] [stderr]    Compiling cfb v0.7.3
[INFO] [stderr]     Checking log v0.4.33
[INFO] [stderr]    Compiling markup5ever v0.38.0
[INFO] [stderr]    Compiling selectors v0.36.1
[INFO] [stderr]    Compiling zerovec v0.11.6
[INFO] [stderr]    Compiling html5ever v0.38.0
[INFO] [stderr]    Compiling infer v0.19.0
[INFO] [stderr]    Compiling embed-resource v3.0.11
[INFO] [stderr]    Compiling tauri-winres v0.3.6
[INFO] [stderr]     Checking potential_utf v0.1.5
[INFO] [stderr]    Compiling flate2 v1.1.9
[INFO] [stderr]     Checking fern v0.7.1
[INFO] [stderr]     Checking chrono v0.4.45
[INFO] [stderr]    Compiling dom_query v0.27.0
[INFO] [stderr]    Compiling png v0.17.16
[INFO] [stderr]     Checking cookie v0.18.2
[INFO] [stderr]     Checking hr-core v0.1.0 (/opt/rustwide/workdir/crates/hr-core)
[INFO] [stderr]     Checking hr-ports v0.1.0 (/opt/rustwide/workdir/crates/hr-ports)
[INFO] [stdout] warning: struct `WeeklyPlan` is never constructed
[INFO] [stdout]  --> crates/hr-core/src/plan.rs:1:8
[INFO] [stdout]   |
[INFO] [stdout] 1 | struct WeeklyPlan {}
[INFO] [stdout]   |        ^^^^^^^^^^
[INFO] [stdout]   |
[INFO] [stdout]   = note: `#[warn(dead_code)]` (part of `#[warn(unused)]`) on by default
[INFO] [stdout] 
[INFO] [stdout] 
[INFO] [stderr]     Checking hr-runtime v0.1.0 (/opt/rustwide/workdir/crates/hr-runtime)
[INFO] [stdout] warning: struct `Session` is never constructed
[INFO] [stdout]  --> crates/hr-core/src/session.rs:1:12
[INFO] [stdout]   |
[INFO] [stdout] 1 | pub struct Session {
[INFO] [stdout]   |            ^^^^^^^
[INFO] [stdout] 
[INFO] [stdout] 
[INFO] [stderr]     Checking broadcast v0.1.0 (/opt/rustwide/workdir/crates/broadcast)
[INFO] [stdout] warning: unused import: `fmt::Write`
[INFO] [stdout]  --> crates/broadcast/src/sender.rs:1:23
[INFO] [stdout]   |
[INFO] [stdout] 1 | use std::{ffi::OsStr, fmt::Write, process::Command};
[INFO] [stdout]   |                       ^^^^^^^^^^
[INFO] [stdout]   |
[INFO] [stdout]   = note: `#[warn(unused_imports)]` (part of `#[warn(unused)]`) on by default
[INFO] [stdout] 
[INFO] [stdout] 
[INFO] [stdout] warning: unused import: `error::BroadcastError`
[INFO] [stdout]  --> crates/broadcast/src/lib.rs:4:5
[INFO] [stdout]   |
[INFO] [stdout] 4 | use error::BroadcastError;
[INFO] [stdout]   |     ^^^^^^^^^^^^^^^^^^^^^
[INFO] [stdout] 
[INFO] [stdout] 
[INFO] [stdout] warning: unused import: `sender::Sender`
[INFO] [stdout]  --> crates/broadcast/src/lib.rs:5:5
[INFO] [stdout]   |
[INFO] [stdout] 5 | use sender::Sender;
[INFO] [stdout]   |     ^^^^^^^^^^^^^^
[INFO] [stdout] 
[INFO] [stdout] 
[INFO] [stdout] error: expected one of `!`, `(`, `+`, `,`, `::`, `<`, or `>`, found `)`
[INFO] [stdout]  --> crates/hr-runtime/src/handle.rs:9:91
[INFO] [stdout]   |
[INFO] [stdout] 9 |     pub fn new(receiver: mpsc::Receiver<Request>, events: broadcast::Sender<SchedulerEvent) -> Self {
[INFO] [stdout]   |                                                                                           ^ expected one of 7 possible tokens
[INFO] [stdout]   |
[INFO] [stdout] help: you might have meant to end the type parameters here
[INFO] [stdout]   |
[INFO] [stdout] 9 |     pub fn new(receiver: mpsc::Receiver<Request>, events: broadcast::Sender<SchedulerEvent>) -> Self {
[INFO] [stdout]   |                                                                                           +
[INFO] [stdout] 
[INFO] [stdout] 
[INFO] [stdout] warning: enum `BroadcastError` is never used
[INFO] [stdout]  --> crates/broadcast/src/error.rs:1:10
[INFO] [stdout]   |
[INFO] [stdout] 1 | pub enum BroadcastError {
[INFO] [stdout]   |          ^^^^^^^^^^^^^^
[INFO] [stdout]   |
[INFO] [stdout]   = note: `#[warn(dead_code)]` (part of `#[warn(unused)]`) on by default
[INFO] [stdout] 
[INFO] [stdout] 
[INFO] [stdout] warning: struct `Sender` is never constructed
[INFO] [stdout]  --> crates/broadcast/src/sender.rs:6:12
[INFO] [stdout]   |
[INFO] [stdout] 6 | pub struct Sender<T>
[INFO] [stdout]   |            ^^^^^^
[INFO] [stdout] 
[INFO] [stdout] 
[INFO] [stdout] warning: associated items `new`, `send`, and `replace` are never used
[INFO] [stdout]   --> crates/broadcast/src/sender.rs:18:12
[INFO] [stdout]    |
[INFO] [stdout] 13 | impl<T: AsRef<OsStr>> Sender<T> {
[INFO] [stdout]    | ------------------------------- associated items in this implementation
[INFO] [stdout] ...
[INFO] [stdout] 18 |     pub fn new(item: Option<T>) -> Self {
[INFO] [stdout]    |            ^^^
[INFO] [stdout] ...
[INFO] [stdout] 21 |     pub fn send(self) -> Result<(), BroadcastError> {
[INFO] [stdout]    |            ^^^^
[INFO] [stdout] ...
[INFO] [stdout] 32 |     pub fn replace(mut self, item: Option<T>) {
[INFO] [stdout]    |            ^^^^^^^
[INFO] [stdout] 
[INFO] [stdout] 
[INFO] [stdout] warning: struct `WeeklyPlan` is never constructed
[INFO] [stdout]  --> crates/hr-core/src/plan.rs:1:8
[INFO] [stdout]   |
[INFO] [stdout] 1 | struct WeeklyPlan {}
[INFO] [stdout]   |        ^^^^^^^^^^
[INFO] [stdout]   |
[INFO] [stdout]   = note: `#[warn(dead_code)]` (part of `#[warn(unused)]`) on by default
[INFO] [stdout] 
[INFO] [stdout] 
[INFO] [stdout] warning: struct `Session` is never constructed
[INFO] [stdout]  --> crates/hr-core/src/session.rs:1:12
[INFO] [stdout]   |
[INFO] [stdout] 1 | pub struct Session {
[INFO] [stdout]   |            ^^^^^^^
[INFO] [stdout] 
[INFO] [stdout] 
[INFO] [stderr]     Checking hr-launch v0.1.0 (/opt/rustwide/workdir/crates/hr-launch)
[INFO] [stdout] error: expected one of `!`, `(`, `+`, `,`, `::`, `<`, or `>`, found `)`
[INFO] [stdout]  --> crates/hr-runtime/src/handle.rs:9:91
[INFO] [stdout]   |
[INFO] [stdout] 9 |     pub fn new(receiver: mpsc::Receiver<Request>, events: broadcast::Sender<SchedulerEvent) -> Self {
[INFO] [stdout]   |                                                                                           ^ expected one of 7 possible tokens
[INFO] [stdout]   |
[INFO] [stdout] help: you might have meant to end the type parameters here
[INFO] [stdout]   |
[INFO] [stdout] 9 |     pub fn new(receiver: mpsc::Receiver<Request>, events: broadcast::Sender<SchedulerEvent>) -> Self {
[INFO] [stdout]   |                                                                                           +
[INFO] [stdout] 
[INFO] [stdout] 
[INFO] [stdout] error[E0425]: cannot find type `Request` in this scope
[INFO] [stdout]  --> crates/hr-runtime/src/handle.rs:5:30
[INFO] [stdout]   |
[INFO] [stdout] 5 |     receiver: mpsc::Receiver<Request>,
[INFO] [stdout]   |                              ^^^^^^^ not found in this scope
[INFO] [stdout]   |
[INFO] [stdout] help: consider importing one of these structs
[INFO] [stdout]   |
[INFO] [stdout] 1 + use std::error::Request;
[INFO] [stdout]   |
[INFO] [stdout] 1 + use Request;
[INFO] [stdout]   |
[INFO] [stdout] 
[INFO] [stdout] 
[INFO] [stdout] error[E0425]: cannot find type `SchedulerEvent` in this scope
[INFO] [stdout]  --> crates/hr-runtime/src/handle.rs:6:31
[INFO] [stdout]   |
[INFO] [stdout] 6 |     events: broadcast::Sender<SchedulerEvent>,
[INFO] [stdout]   |                               ^^^^^^^^^^^^^^ not found in this scope
[INFO] [stdout]   |
[INFO] [stdout] help: you might be missing a type parameter
[INFO] [stdout]   |
[INFO] [stdout] 4 | pub struct SchedulerHandle<SchedulerEvent> {
[INFO] [stdout]   |                           ++++++++++++++++
[INFO] [stdout] 
[INFO] [stdout] 
[INFO] [stdout] error[E0425]: cannot find type `Request` in this scope
[INFO] [stdout]  --> crates/hr-runtime/src/handle.rs:9:41
[INFO] [stdout]   |
[INFO] [stdout] 9 |     pub fn new(receiver: mpsc::Receiver<Request>, events: broadcast::Sender<SchedulerEvent) -> Self {
[INFO] [stdout]   |                                         ^^^^^^^ not found in this scope
[INFO] [stdout]   |
[INFO] [stdout] help: consider importing one of these structs
[INFO] [stdout]   |
[INFO] [stdout] 1 + use std::error::Request;
[INFO] [stdout]   |
[INFO] [stdout] 1 + use Request;
[INFO] [stdout]   |
[INFO] [stdout] 
[INFO] [stdout] 
[INFO] [stdout] error[E0425]: cannot find value `events` in this scope
[INFO] [stdout]   --> crates/hr-runtime/src/handle.rs:12:13
[INFO] [stdout]    |
[INFO] [stdout]  6 |     events: broadcast::Sender<SchedulerEvent>,
[INFO] [stdout]    |     ------ a field by that name exists in `Self`
[INFO] [stdout] ...
[INFO] [stdout] 12 |             events
[INFO] [stdout]    |             ^^^^^^
[INFO] [stdout] 
[INFO] [stdout] 
[INFO] [stdout] error[E0425]: cannot find type `WeeklyPlan` in this scope
[INFO] [stdout]  --> crates/hr-runtime/src/scheduler.rs:8:11
[INFO] [stdout]   |
[INFO] [stdout] 8 |     plan: WeeklyPlan,
[INFO] [stdout]   |           ^^^^^^^^^^ not found in this scope
[INFO] [stdout] 
[INFO] [stdout] 
[INFO] [stdout] error[E0425]: cannot find type `SchedulerEvent` in this scope
[INFO] [stdout]   --> crates/hr-runtime/src/scheduler.rs:16:31
[INFO] [stdout]    |
[INFO] [stdout] 16 |     events: broadcast::Sender<SchedulerEvent>,
[INFO] [stdout]    |                               ^^^^^^^^^^^^^^ not found in this scope
[INFO] [stdout]    |
[INFO] [stdout] help: you might be missing a type parameter
[INFO] [stdout]    |
[INFO] [stdout]  7 | pub struct Scheduler<L, C, S, SchedulerEvent> {
[INFO] [stdout]    |                             ++++++++++++++++
[INFO] [stdout] 
[INFO] [stdout] 
[INFO] [stdout] error[E0425]: cannot find type `WeeklyPlan` in this scope
[INFO] [stdout]   --> crates/hr-runtime/src/scheduler.rs:19:18
[INFO] [stdout]    |
[INFO] [stdout] 19 |     fn new(plan: WeeklyPlan, launcher: L, container: C, store: S) -> (Self, SchedulerHandle) {
[INFO] [stdout]    |                  ^^^^^^^^^^ not found in this scope
[INFO] [stdout] 
[INFO] [stdout] 
[INFO] [stdout] error[E0433]: cannot find module or crate `broadcast` in this scope
[INFO] [stdout]   --> crates/hr-runtime/src/scheduler.rs:29:25
[INFO] [stdout]    |
[INFO] [stdout] 29 |                 events: broadcast::Sender::new(),
[INFO] [stdout]    |                         ^^^^^^^^^ use of unresolved module or unlinked crate `broadcast`
[INFO] [stdout]    |
[INFO] [stdout]    = help: if you wanted to use a crate named `broadcast`, use `cargo add broadcast` to add it to your `Cargo.toml`
[INFO] [stdout] help: consider importing one of these structs
[INFO] [stdout]    |
[INFO] [stdout]  1 + use std::sync::mpmc::Sender;
[INFO] [stdout]    |
[INFO] [stdout]  1 + use std::sync::oneshot::Sender;
[INFO] [stdout]    |
[INFO] [stdout]  1 + use scheduler::mpsc::Sender;
[INFO] [stdout]    |
[INFO] [stdout] help: if you import `Sender`, refer to it directly
[INFO] [stdout]    |
[INFO] [stdout] 29 -                 events: broadcast::Sender::new(),
[INFO] [stdout] 29 +                 events: Sender::new(),
[INFO] [stdout]    |
[INFO] [stdout] 
[INFO] [stdout] 
[INFO] [stdout] warning: unused import: `scheduler::Scheduler`
[INFO] [stdout]  --> crates/hr-runtime/src/lib.rs:9:5
[INFO] [stdout]   |
[INFO] [stdout] 9 | use scheduler::Scheduler;
[INFO] [stdout]   |     ^^^^^^^^^^^^^^^^^^^^
[INFO] [stdout]   |
[INFO] [stdout]   = note: `#[warn(unused_imports)]` (part of `#[warn(unused)]`) on by default
[INFO] [stdout] 
[INFO] [stdout] 
[INFO] [stdout] error[E0425]: cannot find type `Request` in this scope
[INFO] [stdout]  --> crates/hr-runtime/src/handle.rs:5:30
[INFO] [stdout]   |
[INFO] [stdout] 5 |     receiver: mpsc::Receiver<Request>,
[INFO] [stdout]   |                              ^^^^^^^ not found in this scope
[INFO] [stdout]   |
[INFO] [stdout] help: consider importing one of these structs
[INFO] [stdout]   |
[INFO] [stdout] 1 + use std::error::Request;
[INFO] [stdout]   |
[INFO] [stdout] 1 + use Request;
[INFO] [stdout]   |
[INFO] [stdout] 
[INFO] [stdout] 
[INFO] [stdout] error[E0425]: cannot find type `SchedulerEvent` in this scope
[INFO] [stdout]  --> crates/hr-runtime/src/handle.rs:6:31
[INFO] [stdout]   |
[INFO] [stdout] 6 |     events: broadcast::Sender<SchedulerEvent>,
[INFO] [stdout]   |                               ^^^^^^^^^^^^^^ not found in this scope
[INFO] [stdout]   |
[INFO] [stdout] help: you might be missing a type parameter
[INFO] [stdout]   |
[INFO] [stdout] 4 | pub struct SchedulerHandle<SchedulerEvent> {
[INFO] [stdout]   |                           ++++++++++++++++
[INFO] [stdout] 
[INFO] [stdout] 
[INFO] [stdout] error[E0425]: cannot find type `Request` in this scope
[INFO] [stdout]  --> crates/hr-runtime/src/handle.rs:9:41
[INFO] [stdout]   |
[INFO] [stdout] 9 |     pub fn new(receiver: mpsc::Receiver<Request>, events: broadcast::Sender<SchedulerEvent) -> Self {
[INFO] [stdout]   |                                         ^^^^^^^ not found in this scope
[INFO] [stdout]   |
[INFO] [stdout] help: consider importing one of these structs
[INFO] [stdout]   |
[INFO] [stdout] 1 + use std::error::Request;
[INFO] [stdout]   |
[INFO] [stdout] 1 + use Request;
[INFO] [stdout]   |
[INFO] [stdout] 
[INFO] [stdout] 
[INFO] [stdout] error[E0425]: cannot find value `events` in this scope
[INFO] [stdout]   --> crates/hr-runtime/src/handle.rs:12:13
[INFO] [stdout]    |
[INFO] [stdout]  6 |     events: broadcast::Sender<SchedulerEvent>,
[INFO] [stdout]    |     ------ a field by that name exists in `Self`
[INFO] [stdout] ...
[INFO] [stdout] 12 |             events
[INFO] [stdout]    |             ^^^^^^
[INFO] [stdout] 
[INFO] [stdout] 
[INFO] [stdout] error[E0425]: cannot find type `WeeklyPlan` in this scope
[INFO] [stdout]  --> crates/hr-runtime/src/scheduler.rs:8:11
[INFO] [stdout]   |
[INFO] [stdout] 8 |     plan: WeeklyPlan,
[INFO] [stdout]   |           ^^^^^^^^^^ not found in this scope
[INFO] [stdout] 
[INFO] [stdout] 
[INFO] [stdout] error[E0425]: cannot find type `SchedulerEvent` in this scope
[INFO] [stdout]   --> crates/hr-runtime/src/scheduler.rs:16:31
[INFO] [stdout]    |
[INFO] [stdout] 16 |     events: broadcast::Sender<SchedulerEvent>,
[INFO] [stdout]    |                               ^^^^^^^^^^^^^^ not found in this scope
[INFO] [stdout]    |
[INFO] [stdout] help: you might be missing a type parameter
[INFO] [stdout]    |
[INFO] [stdout]  7 | pub struct Scheduler<L, C, S, SchedulerEvent> {
[INFO] [stdout]    |                             ++++++++++++++++
[INFO] [stdout] 
[INFO] [stdout] 
[INFO] [stdout] error[E0425]: cannot find type `WeeklyPlan` in this scope
[INFO] [stdout]   --> crates/hr-runtime/src/scheduler.rs:19:18
[INFO] [stdout]    |
[INFO] [stdout] 19 |     fn new(plan: WeeklyPlan, launcher: L, container: C, store: S) -> (Self, SchedulerHandle) {
[INFO] [stdout]    |                  ^^^^^^^^^^ not found in this scope
[INFO] [stdout] 
[INFO] [stdout] 
[INFO] [stdout] error[E0433]: cannot find module or crate `broadcast` in this scope
[INFO] [stdout]   --> crates/hr-runtime/src/scheduler.rs:29:25
[INFO] [stdout]    |
[INFO] [stdout] 29 |                 events: broadcast::Sender::new(),
[INFO] [stdout]    |                         ^^^^^^^^^ use of unresolved module or unlinked crate `broadcast`
[INFO] [stdout]    |
[INFO] [stdout]    = help: if you wanted to use a crate named `broadcast`, use `cargo add broadcast` to add it to your `Cargo.toml`
[INFO] [stdout] help: consider importing one of these structs
[INFO] [stdout]    |
[INFO] [stdout]  1 + use std::sync::mpmc::Sender;
[INFO] [stdout]    |
[INFO] [stdout]  1 + use std::sync::oneshot::Sender;
[INFO] [stdout]    |
[INFO] [stdout]  1 + use scheduler::mpsc::Sender;
[INFO] [stdout]    |
[INFO] [stdout] help: if you import `Sender`, refer to it directly
[INFO] [stdout]    |
[INFO] [stdout] 29 -                 events: broadcast::Sender::new(),
[INFO] [stdout] 29 +                 events: Sender::new(),
[INFO] [stdout]    |
[INFO] [stdout] 
[INFO] [stdout] 
[INFO] [stdout] warning: unused import: `scheduler::Scheduler`
[INFO] [stdout]  --> crates/hr-runtime/src/lib.rs:9:5
[INFO] [stdout]   |
[INFO] [stdout] 9 | use scheduler::Scheduler;
[INFO] [stdout]   |     ^^^^^^^^^^^^^^^^^^^^
[INFO] [stdout]   |
[INFO] [stdout]   = note: `#[warn(unused_imports)]` (part of `#[warn(unused)]`) on by default
[INFO] [stdout] 
[INFO] [stdout] 
[INFO] [stdout] error[E0277]: the trait bound `std::sync::mpsc::Receiver<message::Request>: Default` is not satisfied
[INFO] [stdout]   --> crates/hr-runtime/src/scheduler.rs:15:5
[INFO] [stdout]    |
[INFO] [stdout]  6 | #[derive(Default)]
[INFO] [stdout]    |          ------- in this derive macro expansion
[INFO] [stdout] ...
[INFO] [stdout] 15 |     requests: mpsc::Receiver<Request>,
[INFO] [stdout]    |     ^^^^^^^^^^^^^^^^^^^^^^^^^^^^^^^^^ the trait `Default` is not implemented for `std::sync::mpsc::Receiver<message::Request>`
[INFO] [stdout] 
[INFO] [stdout] 
[INFO] [stdout] error: cannot construct `SchedulerHandle` with struct literal syntax due to private fields
[INFO] [stdout]   --> crates/hr-runtime/src/scheduler.rs:31:13
[INFO] [stdout]    |
[INFO] [stdout] 31 |             SchedulerHandle {},
[INFO] [stdout]    |             ^^^^^^^^^^^^^^^
[INFO] [stdout]    |
[INFO] [stdout]    = note: private fields `receiver` and `events` that were not provided
[INFO] [stdout] help: you might have meant to use the `new` associated function
[INFO] [stdout]    |
[INFO] [stdout] 31 -             SchedulerHandle {},
[INFO] [stdout] 31 +             SchedulerHandle::new(_, _),
[INFO] [stdout]    |
[INFO] [stdout] help: consider using the `Default` trait
[INFO] [stdout]    |
[INFO] [stdout] 31 -             SchedulerHandle {},
[INFO] [stdout] 31 +             <SchedulerHandle as std::default::Default>::default(),
[INFO] [stdout]    |
[INFO] [stdout] 
[INFO] [stdout] 
[INFO] [stdout] error[E0433]: cannot find module or crate `broadcast` in this scope
[INFO] [stdout]  --> crates/hr-runtime/src/handle.rs:6:13
[INFO] [stdout]   |
[INFO] [stdout] 6 |     events: broadcast::Sender<SchedulerEvent>,
[INFO] [stdout]   |             ^^^^^^^^^ use of unresolved module or unlinked crate `broadcast`
[INFO] [stdout]   |
[INFO] [stdout]   = help: if you wanted to use a crate named `broadcast`, use `cargo add broadcast` to add it to your `Cargo.toml`
[INFO] [stdout] 
[INFO] [stdout] 
[INFO] [stdout] error[E0433]: cannot find module or crate `broadcast` in this scope
[INFO] [stdout]   --> crates/hr-runtime/src/scheduler.rs:16:13
[INFO] [stdout]    |
[INFO] [stdout] 16 |     events: broadcast::Sender<SchedulerEvent>,
[INFO] [stdout]    |             ^^^^^^^^^ use of unresolved module or unlinked crate `broadcast`
[INFO] [stdout]    |
[INFO] [stdout]    = help: if you wanted to use a crate named `broadcast`, use `cargo add broadcast` to add it to your `Cargo.toml`
[INFO] [stdout] 
[INFO] [stdout] 
[INFO] [stdout] Some errors have detailed explanations: E0277, E0425, E0433.
[INFO] [stdout] 
[INFO] [stdout] For more information about an error, try `rustc --explain E0277`.
[INFO] [stdout] 
[INFO] [stderr] error: could not compile `hr-runtime` (lib) due to 13 previous errors; 1 warning emitted
[INFO] [stderr] warning: build failed, waiting for other jobs to finish...
[INFO] [stdout] error[E0277]: the trait bound `std::sync::mpsc::Receiver<message::Request>: Default` is not satisfied
[INFO] [stdout]   --> crates/hr-runtime/src/scheduler.rs:15:5
[INFO] [stdout]    |
[INFO] [stdout]  6 | #[derive(Default)]
[INFO] [stdout]    |          ------- in this derive macro expansion
[INFO] [stdout] ...
[INFO] [stdout] 15 |     requests: mpsc::Receiver<Request>,
[INFO] [stdout]    |     ^^^^^^^^^^^^^^^^^^^^^^^^^^^^^^^^^ the trait `Default` is not implemented for `std::sync::mpsc::Receiver<message::Request>`
[INFO] [stdout] 
[INFO] [stdout] 
[INFO] [stdout] error: cannot construct `SchedulerHandle` with struct literal syntax due to private fields
[INFO] [stdout]   --> crates/hr-runtime/src/scheduler.rs:31:13
[INFO] [stdout]    |
[INFO] [stdout] 31 |             SchedulerHandle {},
[INFO] [stdout]    |             ^^^^^^^^^^^^^^^
[INFO] [stdout]    |
[INFO] [stdout]    = note: private fields `receiver` and `events` that were not provided
[INFO] [stdout] help: you might have meant to use the `new` associated function
[INFO] [stdout]    |
[INFO] [stdout] 31 -             SchedulerHandle {},
[INFO] [stdout] 31 +             SchedulerHandle::new(_, _),
[INFO] [stdout]    |
[INFO] [stdout] help: consider using the `Default` trait
[INFO] [stdout]    |
[INFO] [stdout] 31 -             SchedulerHandle {},
[INFO] [stdout] 31 +             <SchedulerHandle as std::default::Default>::default(),
[INFO] [stdout]    |
[INFO] [stdout] 
[INFO] [stdout] 
[INFO] [stdout] error[E0433]: cannot find module or crate `broadcast` in this scope
[INFO] [stdout]  --> crates/hr-runtime/src/handle.rs:6:13
[INFO] [stdout]   |
[INFO] [stdout] 6 |     events: broadcast::Sender<SchedulerEvent>,
[INFO] [stdout]   |             ^^^^^^^^^ use of unresolved module or unlinked crate `broadcast`
[INFO] [stdout]   |
[INFO] [stdout]   = help: if you wanted to use a crate named `broadcast`, use `cargo add broadcast` to add it to your `Cargo.toml`
[INFO] [stdout] 
[INFO] [stdout] 
[INFO] [stdout] error[E0433]: cannot find module or crate `broadcast` in this scope
[INFO] [stdout]   --> crates/hr-runtime/src/scheduler.rs:16:13
[INFO] [stdout]    |
[INFO] [stdout] 16 |     events: broadcast::Sender<SchedulerEvent>,
[INFO] [stdout]    |             ^^^^^^^^^ use of unresolved module or unlinked crate `broadcast`
[INFO] [stdout]    |
[INFO] [stdout]    = help: if you wanted to use a crate named `broadcast`, use `cargo add broadcast` to add it to your `Cargo.toml`
[INFO] [stdout] 
[INFO] [stdout] 
[INFO] [stdout] Some errors have detailed explanations: E0277, E0425, E0433.
[INFO] [stdout] 
[INFO] [stdout] For more information about an error, try `rustc --explain E0277`.
[INFO] [stdout] 
[INFO] [stderr] error: could not compile `hr-runtime` (lib test) due to 13 previous errors; 1 warning emitted
[INFO] running `Command { std: "docker" "inspect" "4960b179771da45717bee8fd1343f8410d12591f60765efff96e7c062a07ff8a", kill_on_drop: false }`
[INFO] running `Command { std: "docker" "rm" "-f" "4960b179771da45717bee8fd1343f8410d12591f60765efff96e7c062a07ff8a", kill_on_drop: false }`
[INFO] [stdout] 4960b179771da45717bee8fd1343f8410d12591f60765efff96e7c062a07ff8a
