[INFO] cloning repository https://github.com/ShingChimTse/Lumen-Browser
[INFO] running `Command { std: "git" "-c" "credential.helper=" "-c" "credential.helper=/workspace/cargo-home/bin/git-credential-null" "clone" "--bare" "https://github.com/ShingChimTse/Lumen-Browser" "/workspace/cache/git-repos/https%3A%2F%2Fgithub.com%2FShingChimTse%2FLumen-Browser", kill_on_drop: false }`
[INFO] [stderr] Cloning into bare repository '/workspace/cache/git-repos/https%3A%2F%2Fgithub.com%2FShingChimTse%2FLumen-Browser'...
[INFO] running `Command { std: "git" "rev-parse" "HEAD", kill_on_drop: false }`
[INFO] [stdout] ef3194b89c178f8c06fb692a1d0da407eea6bb82
[INFO] checking ShingChimTse/Lumen-Browser against 3154cc1a3e6424e44f438a95007d043ed5ceaaf6+rustflags=-Znext-solver=coherence for pr-133502-30
[INFO] running `Command { std: "git" "clone" "/workspace/cache/git-repos/https%3A%2F%2Fgithub.com%2FShingChimTse%2FLumen-Browser" "/workspace/builds/worker-0-tc1/source", kill_on_drop: false }`
[INFO] [stderr] Cloning into '/workspace/builds/worker-0-tc1/source'...
[INFO] [stderr] done.
[INFO] started tweaking git repo https://github.com/ShingChimTse/Lumen-Browser
[INFO] finished tweaking git repo https://github.com/ShingChimTse/Lumen-Browser
[INFO] tweaked toml for git repo https://github.com/ShingChimTse/Lumen-Browser written to /workspace/builds/worker-0-tc1/source/Cargo.toml
[INFO] validating manifest of git repo https://github.com/ShingChimTse/Lumen-Browser on toolchain 3154cc1a3e6424e44f438a95007d043ed5ceaaf6
[INFO] running `Command { std: CARGO_HOME="/workspace/cargo-home" RUSTUP_HOME="/workspace/rustup-home" "/workspace/cargo-home/bin/cargo" "+3154cc1a3e6424e44f438a95007d043ed5ceaaf6" "metadata" "--manifest-path" "Cargo.toml" "--no-deps", kill_on_drop: false }`
[INFO] crate git repo https://github.com/ShingChimTse/Lumen-Browser already has a lockfile, it will not be regenerated
[INFO] running `Command { std: CARGO_HOME="/workspace/cargo-home" RUSTUP_HOME="/workspace/rustup-home" "/workspace/cargo-home/bin/cargo" "+3154cc1a3e6424e44f438a95007d043ed5ceaaf6" "fetch" "--manifest-path" "Cargo.toml", kill_on_drop: false }`
[INFO] [stderr]  Downloading crates ...
[INFO] [stderr]   Downloaded wry v0.56.0
[INFO] [stderr]   Downloaded dom_query v0.28.0
[INFO] [stderr]   Downloaded tao v0.36.0
[INFO] running `Command { std: "docker" "create" "-v" "/var/lib/crater-agent-workspace/builds/worker-0-tc1/source:/opt/rustwide/workdir:ro,Z" "-v" "/var/lib/crater-agent-workspace/builds/worker-0-tc1/target:/opt/rustwide/target:rw,Z" "-v" "/var/lib/crater-agent-workspace/cargo-home:/opt/rustwide/cargo-home:ro,Z" "-v" "/var/lib/crater-agent-workspace/rustup-home:/opt/rustwide/rustup-home:ro,Z" "-m" "1610612736" "--network" "none" "ghcr.io/rust-lang/crates-build-env/linux@sha256:77db811e55d90add9212f6832c23229e3de5f1c1f9905e8cb07319ea15df73ac" "sleep" "infinity", kill_on_drop: false }`
[INFO] [stdout] bb68616b2cf0affd0ec73519aa557f3365ec635a25daa5f77fd631f6b34e643d
[INFO] running `Command { std: "docker" "start" "bb68616b2cf0affd0ec73519aa557f3365ec635a25daa5f77fd631f6b34e643d", kill_on_drop: false }`
[INFO] running `Command { std: "docker" "inspect" "bb68616b2cf0affd0ec73519aa557f3365ec635a25daa5f77fd631f6b34e643d", kill_on_drop: false }`
[INFO] running `Command { std: "docker" "exec" "-e" "SOURCE_DIR=/opt/rustwide/workdir" "-e" "CARGO_HOME=/opt/rustwide/cargo-home" "-e" "RUSTUP_HOME=/opt/rustwide/rustup-home" "-e" "CARGO_TARGET_DIR=/opt/rustwide/target" "-w" "/opt/rustwide/workdir" "--user" "0:0" "bb68616b2cf0affd0ec73519aa557f3365ec635a25daa5f77fd631f6b34e643d" "/opt/rustwide/cargo-home/bin/cargo" "+3154cc1a3e6424e44f438a95007d043ed5ceaaf6" "metadata" "--no-deps" "--format-version=1", kill_on_drop: false }`
[INFO] running `Command { std: "docker" "inspect" "bb68616b2cf0affd0ec73519aa557f3365ec635a25daa5f77fd631f6b34e643d", kill_on_drop: false }`
[INFO] running `Command { std: "docker" "exec" "-e" "SOURCE_DIR=/opt/rustwide/workdir" "-e" "CARGO_HOME=/opt/rustwide/cargo-home" "-e" "RUSTUP_HOME=/opt/rustwide/rustup-home" "-e" "CARGO_TARGET_DIR=/opt/rustwide/target" "-e" "CARGO_INCREMENTAL=0" "-e" "RUST_BACKTRACE=full" "-e" "RUSTFLAGS=--cap-lints=forbid -Znext-solver=coherence" "-e" "RUSTDOCFLAGS=--cap-lints=forbid" "-w" "/opt/rustwide/workdir" "--user" "0:0" "bb68616b2cf0affd0ec73519aa557f3365ec635a25daa5f77fd631f6b34e643d" "/opt/rustwide/cargo-home/bin/cargo" "+3154cc1a3e6424e44f438a95007d043ed5ceaaf6" "check" "--frozen" "--all" "--all-targets" "--message-format=json", kill_on_drop: false }`
[INFO] [stderr]    Compiling serde_core v1.0.229
[INFO] [stderr]    Compiling serde v1.0.229
[INFO] [stderr]    Compiling winnow v0.5.40
[INFO] [stderr]    Compiling target-lexicon v0.12.16
[INFO] [stderr]    Compiling smallvec v1.15.2
[INFO] [stderr]    Compiling syn v1.0.109
[INFO] [stderr]    Compiling proc-macro-error-attr v1.0.4
[INFO] [stderr]    Compiling proc-macro-error v1.0.4
[INFO] [stderr]     Checking futures-core v0.3.33
[INFO] [stderr]     Checking futures-task v0.3.33
[INFO] [stderr]     Checking slab v0.4.12
[INFO] [stderr]    Compiling syn v2.0.119
[INFO] [stderr]    Compiling syn v3.0.3
[INFO] [stderr]     Checking bitflags v2.13.1
[INFO] [stderr]    Compiling gio v0.18.4
[INFO] [stderr]     Checking futures-io v0.3.33
[INFO] [stderr]     Checking futures-channel v0.3.33
[INFO] [stderr]     Checking windows-link v0.1.3
[INFO] [stderr]     Checking litemap v0.8.2
[INFO] [stderr]     Checking writeable v0.6.3
[INFO] [stderr]    Compiling icu_normalizer_data v2.2.0
[INFO] [stderr]    Compiling icu_properties_data v2.2.0
[INFO] [stderr]    Compiling x11 v2.21.0
[INFO] [stderr]    Compiling field-offset v0.3.6
[INFO] [stderr]     Checking windows-result v0.3.4
[INFO] [stderr]     Checking windows-strings v0.4.2
[INFO] [stderr]    Compiling gtk v0.18.2
[INFO] [stderr]    Compiling x11-dl v2.21.0
[INFO] [stderr]    Compiling libdbus-sys v0.2.7
[INFO] [stderr]    Compiling time-core v0.1.9
[INFO] [stderr]    Compiling crossbeam-utils v0.8.22
[INFO] [stderr]    Compiling num-conv v0.2.2
[INFO] [stderr]    Compiling cookie v0.18.1
[INFO] [stderr]    Compiling thiserror v2.0.19
[INFO] [stderr]     Checking deranged v0.5.8
[INFO] [stderr]     Checking parking_lot_core v0.9.12
[INFO] [stderr]     Checking form_urlencoded v1.2.2
[INFO] [stderr]     Checking windows-threading v0.1.0
[INFO] [stderr]    Compiling wry v0.56.0
[INFO] [stderr]     Checking raw-window-handle v0.6.2
[INFO] [stderr]     Checking dpi v0.1.2
[INFO] [stderr]    Compiling time-macros v0.2.32
[INFO] [stderr]     Checking parking_lot v0.12.5
[INFO] [stderr]    Compiling cfg-expr v0.15.8
[INFO] [stderr]     Checking http v1.5.0
[INFO] [stderr]     Checking dbus v0.9.12
[INFO] [stderr]     Checking zmij v1.0.23
[INFO] [stderr]     Checking crossbeam-channel v0.5.16
[INFO] [stderr]     Checking log v0.4.33
[INFO] [stderr]     Checking time v0.3.55
[INFO] [stderr]    Compiling displaydoc v0.2.7
[INFO] [stderr]    Compiling thiserror-impl v2.0.19
[INFO] [stderr]    Compiling serde_derive v1.0.229
[INFO] [stderr]    Compiling toml_datetime v0.6.3
[INFO] [stderr]    Compiling serde_spanned v0.6.9
[INFO] [stderr]     Checking serde_json v1.0.151
[INFO] [stderr]    Compiling toml_edit v0.20.2
[INFO] [stderr]    Compiling toml_edit v0.19.15
[INFO] [stderr]    Compiling synstructure v0.13.2
[INFO] [stderr]    Compiling futures-macro v0.3.33
[INFO] [stderr]    Compiling thiserror-impl v1.0.69
[INFO] [stderr]    Compiling zerovec-derive v0.11.3
[INFO] [stderr]    Compiling windows-interface v0.59.3
[INFO] [stderr]    Compiling windows-implement v0.60.2
[INFO] [stderr]    Compiling dlopen2_derive v0.4.3
[INFO] [stderr]    Compiling zerofrom-derive v0.1.7
[INFO] [stderr]    Compiling yoke-derive v0.8.2
[INFO] [stderr]    Compiling proc-macro-crate v1.3.1
[INFO] [stderr]     Checking dlopen2 v0.8.2
[INFO] [stderr]     Checking windows-core v0.61.2
[INFO] [stderr]     Checking futures-util v0.3.33
[INFO] [stderr]    Compiling gtk3-macros v0.18.2
[INFO] [stderr]    Compiling toml v0.8.2
[INFO] [stderr]    Compiling proc-macro-crate v2.0.2
[INFO] [stderr]     Checking thiserror v1.0.69
[INFO] [stderr]     Checking windows-collections v0.2.0
[INFO] [stderr]     Checking windows-numerics v0.2.0
[INFO] [stderr]     Checking windows-future v0.2.1
[INFO] [stderr]     Checking zerofrom v0.1.8
[INFO] [stdout] error[E0425]: cannot find type `IMarshal` in module `windows_core::imp`
[INFO] [stdout]   --> /opt/rustwide/cargo-home/registry/src/index.crates.io-1949cf8c6b5b557f/windows-future-0.2.1/src/bindings.rs:89:51
[INFO] [stdout]    |
[INFO] [stdout] 89 |             } else if *iid == <windows_core::imp::IMarshal as windows_core::Interface>::IID {
[INFO] [stdout]    |                                                   ^^^^^^^^ not found in `windows_core::imp`
[INFO] [stdout] 
[INFO] [stdout] 
[INFO] [stdout] error[E0425]: cannot find function `marshaler` in module `windows_core::imp`
[INFO] [stdout]   --> /opt/rustwide/cargo-home/registry/src/index.crates.io-1949cf8c6b5b557f/windows-future-0.2.1/src/bindings.rs:91:43
[INFO] [stdout]    |
[INFO] [stdout] 91 |                 return windows_core::imp::marshaler(
[INFO] [stdout]    |                                           ^^^^^^^^^ not found in `windows_core::imp`
[INFO] [stdout] 
[INFO] [stdout] 
[INFO] [stdout] error[E0425]: cannot find type `IMarshal` in module `windows_core::imp`
[INFO] [stdout]    --> /opt/rustwide/cargo-home/registry/src/index.crates.io-1949cf8c6b5b557f/windows-future-0.2.1/src/bindings.rs:257:51
[INFO] [stdout]     |
[INFO] [stdout] 257 |             } else if *iid == <windows_core::imp::IMarshal as windows_core::Interface>::IID {
[INFO] [stdout]     |                                                   ^^^^^^^^ not found in `windows_core::imp`
[INFO] [stdout] 
[INFO] [stdout] 
[INFO] [stdout] error[E0425]: cannot find function `marshaler` in module `windows_core::imp`
[INFO] [stdout]    --> /opt/rustwide/cargo-home/registry/src/index.crates.io-1949cf8c6b5b557f/windows-future-0.2.1/src/bindings.rs:259:43
[INFO] [stdout]     |
[INFO] [stdout] 259 |                 return windows_core::imp::marshaler(
[INFO] [stdout]     |                                           ^^^^^^^^^ not found in `windows_core::imp`
[INFO] [stdout] 
[INFO] [stdout] 
[INFO] [stdout] error[E0425]: cannot find type `IMarshal` in module `windows_core::imp`
[INFO] [stdout]    --> /opt/rustwide/cargo-home/registry/src/index.crates.io-1949cf8c6b5b557f/windows-future-0.2.1/src/bindings.rs:424:364
[INFO] [stdout]     |
[INFO] [stdout] 424 | ... _ } else if * iid == < windows_core::imp::IMarshal as windows_core::Interface >::IID { ( * this ) . count . add_ref ( ) ; retur...
[INFO] [stdout]     |                                               ^^^^^^^^ not found in `windows_core::imp`
[INFO] [stdout] 
[INFO] [stdout] 
[INFO] [stdout] error[E0425]: cannot find function `marshaler` in module `windows_core::imp`
[INFO] [stdout]    --> /opt/rustwide/cargo-home/registry/src/index.crates.io-1949cf8c6b5b557f/windows-future-0.2.1/src/bindings.rs:424:470
[INFO] [stdout]     |
[INFO] [stdout] 424 | ... . add_ref ( ) ; return windows_core::imp::marshaler ( core::mem::transmute ( & mut ( * this ) . vtable as * mut _ as * mut core...
[INFO] [stdout]     |                                               ^^^^^^^^^ not found in `windows_core::imp`
[INFO] [stdout] 
[INFO] [stdout] 
[INFO] [stdout] error[E0425]: cannot find type `IMarshal` in module `windows_core::imp`
[INFO] [stdout]    --> /opt/rustwide/cargo-home/registry/src/index.crates.io-1949cf8c6b5b557f/windows-future-0.2.1/src/bindings.rs:583:51
[INFO] [stdout]     |
[INFO] [stdout] 583 |             } else if *iid == <windows_core::imp::IMarshal as windows_core::Interface>::IID {
[INFO] [stdout]     |                                                   ^^^^^^^^ not found in `windows_core::imp`
[INFO] [stdout] 
[INFO] [stdout] 
[INFO] [stdout] error[E0425]: cannot find function `marshaler` in module `windows_core::imp`
[INFO] [stdout]    --> /opt/rustwide/cargo-home/registry/src/index.crates.io-1949cf8c6b5b557f/windows-future-0.2.1/src/bindings.rs:585:43
[INFO] [stdout]     |
[INFO] [stdout] 585 |                 return windows_core::imp::marshaler(
[INFO] [stdout]     |                                           ^^^^^^^^^ not found in `windows_core::imp`
[INFO] [stdout] 
[INFO] [stdout] 
[INFO] [stdout] error[E0425]: cannot find type `IMarshal` in module `windows_core::imp`
[INFO] [stdout]    --> /opt/rustwide/cargo-home/registry/src/index.crates.io-1949cf8c6b5b557f/windows-future-0.2.1/src/bindings.rs:763:364
[INFO] [stdout]     |
[INFO] [stdout] 763 | ... _ } else if * iid == < windows_core::imp::IMarshal as windows_core::Interface >::IID { ( * this ) . count . add_ref ( ) ; retur...
[INFO] [stdout]     |                                               ^^^^^^^^ not found in `windows_core::imp`
[INFO] [stdout] 
[INFO] [stdout] 
[INFO] [stdout] error[E0425]: cannot find function `marshaler` in module `windows_core::imp`
[INFO] [stdout]    --> /opt/rustwide/cargo-home/registry/src/index.crates.io-1949cf8c6b5b557f/windows-future-0.2.1/src/bindings.rs:763:470
[INFO] [stdout]     |
[INFO] [stdout] 763 | ... . add_ref ( ) ; return windows_core::imp::marshaler ( core::mem::transmute ( & mut ( * this ) . vtable as * mut _ as * mut core...
[INFO] [stdout]     |                                               ^^^^^^^^^ not found in `windows_core::imp`
[INFO] [stdout] 
[INFO] [stdout] 
[INFO] [stdout] error[E0425]: cannot find type `IMarshal` in module `windows_core::imp`
[INFO] [stdout]    --> /opt/rustwide/cargo-home/registry/src/index.crates.io-1949cf8c6b5b557f/windows-future-0.2.1/src/bindings.rs:938:377
[INFO] [stdout]     |
[INFO] [stdout] 938 | ... _ } else if * iid == < windows_core::imp::IMarshal as windows_core::Interface >::IID { ( * this ) . count . add_ref ( ) ; retur...
[INFO] [stdout]     |                                               ^^^^^^^^ not found in `windows_core::imp`
[INFO] [stdout] 
[INFO] [stdout] 
[INFO] [stdout] error[E0425]: cannot find function `marshaler` in module `windows_core::imp`
[INFO] [stdout]    --> /opt/rustwide/cargo-home/registry/src/index.crates.io-1949cf8c6b5b557f/windows-future-0.2.1/src/bindings.rs:938:483
[INFO] [stdout]     |
[INFO] [stdout] 938 | ... . add_ref ( ) ; return windows_core::imp::marshaler ( core::mem::transmute ( & mut ( * this ) . vtable as * mut _ as * mut core...
[INFO] [stdout]     |                                               ^^^^^^^^^ not found in `windows_core::imp`
[INFO] [stdout] 
[INFO] [stdout] 
[INFO] [stderr]     Checking yoke v0.8.3
[INFO] [stderr]    Compiling system-deps v6.2.2
[INFO] [stderr]    Compiling glib-macros v0.18.5
[INFO] [stdout] For more information about this error, try `rustc --explain E0425`.
[INFO] [stdout] 
[INFO] [stderr] error: could not compile `windows-future` (lib) due to 12 previous errors
[INFO] [stderr] warning: build failed, waiting for other jobs to finish...
[INFO] running `Command { std: "docker" "inspect" "bb68616b2cf0affd0ec73519aa557f3365ec635a25daa5f77fd631f6b34e643d", kill_on_drop: false }`
[INFO] running `Command { std: "docker" "rm" "-f" "bb68616b2cf0affd0ec73519aa557f3365ec635a25daa5f77fd631f6b34e643d", kill_on_drop: false }`
[INFO] [stdout] bb68616b2cf0affd0ec73519aa557f3365ec635a25daa5f77fd631f6b34e643d
