[INFO] cloning repository https://github.com/Shin-gema/rynth
[INFO] running `Command { std: "git" "-c" "credential.helper=" "-c" "credential.helper=/workspace/cargo-home/bin/git-credential-null" "clone" "--bare" "https://github.com/Shin-gema/rynth" "/workspace/cache/git-repos/https%3A%2F%2Fgithub.com%2FShin-gema%2Frynth", kill_on_drop: false }`
[INFO] [stderr] Cloning into bare repository '/workspace/cache/git-repos/https%3A%2F%2Fgithub.com%2FShin-gema%2Frynth'...
[INFO] running `Command { std: "git" "rev-parse" "HEAD", kill_on_drop: false }`
[INFO] [stdout] a999e8b32b11133473d8a407f0ee6208fc3cc320
[INFO] checking Shin-gema/rynth against 3154cc1a3e6424e44f438a95007d043ed5ceaaf6+rustflags=-Znext-solver=coherence for pr-133502-30
[INFO] running `Command { std: "git" "clone" "/workspace/cache/git-repos/https%3A%2F%2Fgithub.com%2FShin-gema%2Frynth" "/workspace/builds/worker-4-tc1/source", kill_on_drop: false }`
[INFO] [stderr] Cloning into '/workspace/builds/worker-4-tc1/source'...
[INFO] [stderr] done.
[INFO] started tweaking git repo https://github.com/Shin-gema/rynth
[INFO] finished tweaking git repo https://github.com/Shin-gema/rynth
[INFO] tweaked toml for git repo https://github.com/Shin-gema/rynth written to /workspace/builds/worker-4-tc1/source/Cargo.toml
[INFO] validating manifest of git repo https://github.com/Shin-gema/rynth on toolchain 3154cc1a3e6424e44f438a95007d043ed5ceaaf6
[INFO] running `Command { std: CARGO_HOME="/workspace/cargo-home" RUSTUP_HOME="/workspace/rustup-home" "/workspace/cargo-home/bin/cargo" "+3154cc1a3e6424e44f438a95007d043ed5ceaaf6" "metadata" "--manifest-path" "Cargo.toml" "--no-deps", kill_on_drop: false }`
[INFO] crate git repo https://github.com/Shin-gema/rynth already has a lockfile, it will not be regenerated
[INFO] running `Command { std: CARGO_HOME="/workspace/cargo-home" RUSTUP_HOME="/workspace/rustup-home" "/workspace/cargo-home/bin/cargo" "+3154cc1a3e6424e44f438a95007d043ed5ceaaf6" "fetch" "--manifest-path" "Cargo.toml", kill_on_drop: false }`
[INFO] [stderr]     Updating crates.io index
[INFO] [stderr]  Downloading crates ...
[INFO] [stderr]   Downloaded endian-type v0.2.0
[INFO] [stderr]   Downloaded nibble_vec v0.1.0
[INFO] [stderr]   Downloaded radix_trie v0.3.0
[INFO] [stderr]   Downloaded rustyline v18.0.1
[INFO] [stderr]   Downloaded cpal v0.18.1
[INFO] running `Command { std: "docker" "create" "-v" "/var/lib/crater-agent-workspace/builds/worker-4-tc1/source:/opt/rustwide/workdir:ro,Z" "-v" "/var/lib/crater-agent-workspace/builds/worker-4-tc1/target:/opt/rustwide/target:rw,Z" "-v" "/var/lib/crater-agent-workspace/cargo-home:/opt/rustwide/cargo-home:ro,Z" "-v" "/var/lib/crater-agent-workspace/rustup-home:/opt/rustwide/rustup-home:ro,Z" "-m" "1610612736" "--network" "none" "ghcr.io/rust-lang/crates-build-env/linux@sha256:77db811e55d90add9212f6832c23229e3de5f1c1f9905e8cb07319ea15df73ac" "sleep" "infinity", kill_on_drop: false }`
[INFO] [stdout] a4c5fad262cc46ed64eb191c3eb489e46bc62a2338b62929a4fe0b6722e673ed
[INFO] running `Command { std: "docker" "start" "a4c5fad262cc46ed64eb191c3eb489e46bc62a2338b62929a4fe0b6722e673ed", kill_on_drop: false }`
[INFO] running `Command { std: "docker" "inspect" "a4c5fad262cc46ed64eb191c3eb489e46bc62a2338b62929a4fe0b6722e673ed", kill_on_drop: false }`
[INFO] running `Command { std: "docker" "exec" "-e" "SOURCE_DIR=/opt/rustwide/workdir" "-e" "CARGO_HOME=/opt/rustwide/cargo-home" "-e" "RUSTUP_HOME=/opt/rustwide/rustup-home" "-e" "CARGO_TARGET_DIR=/opt/rustwide/target" "-w" "/opt/rustwide/workdir" "--user" "0:0" "a4c5fad262cc46ed64eb191c3eb489e46bc62a2338b62929a4fe0b6722e673ed" "/opt/rustwide/cargo-home/bin/cargo" "+3154cc1a3e6424e44f438a95007d043ed5ceaaf6" "metadata" "--no-deps" "--format-version=1", kill_on_drop: false }`
[INFO] running `Command { std: "docker" "inspect" "a4c5fad262cc46ed64eb191c3eb489e46bc62a2338b62929a4fe0b6722e673ed", kill_on_drop: false }`
[INFO] running `Command { std: "docker" "exec" "-e" "SOURCE_DIR=/opt/rustwide/workdir" "-e" "CARGO_HOME=/opt/rustwide/cargo-home" "-e" "RUSTUP_HOME=/opt/rustwide/rustup-home" "-e" "CARGO_TARGET_DIR=/opt/rustwide/target" "-e" "CARGO_INCREMENTAL=0" "-e" "RUST_BACKTRACE=full" "-e" "RUSTFLAGS=--cap-lints=forbid -Znext-solver=coherence" "-e" "RUSTDOCFLAGS=--cap-lints=forbid" "-w" "/opt/rustwide/workdir" "--user" "0:0" "a4c5fad262cc46ed64eb191c3eb489e46bc62a2338b62929a4fe0b6722e673ed" "/opt/rustwide/cargo-home/bin/cargo" "+3154cc1a3e6424e44f438a95007d043ed5ceaaf6" "check" "--frozen" "--all" "--all-targets" "--message-format=json", kill_on_drop: false }`
[INFO] [stderr]    Compiling alsa-sys v0.4.0
[INFO] [stderr]     Checking smallvec v1.15.2
[INFO] [stderr]    Compiling cpal v0.18.1
[INFO] [stderr]     Checking endian-type v0.2.0
[INFO] [stderr]    Compiling nix v0.31.3
[INFO] [stderr]     Checking log v0.4.33
[INFO] [stderr]     Checking dasp_sample v0.11.0
[INFO] [stderr]     Checking arc-swap v1.9.2
[INFO] [stderr]     Checking nibble_vec v0.1.0
[INFO] [stderr]     Checking radix_trie v0.3.0
[INFO] [stderr]     Checking alsa v0.11.0
[INFO] [stderr]     Checking rustyline v18.0.1
[INFO] [stderr]     Checking Rynth v0.1.0 (/opt/rustwide/workdir)
[INFO] [stdout] error[E0433]: cannot find `Oscillator` in `oscillator`
[INFO] [stdout]    --> src/engine/mod.rs:147:25
[INFO] [stdout]     |
[INFO] [stdout] 147 |             oscillator::Oscillator::default(),
[INFO] [stdout]     |                         ^^^^^^^^^^ could not find `Oscillator` in `oscillator`
[INFO] [stdout] 
[INFO] [stdout] 
[INFO] [stdout] error[E0433]: cannot find `Enveloppe` in `enveloppe`
[INFO] [stdout]    --> src/engine/mod.rs:149:24
[INFO] [stdout]     |
[INFO] [stdout] 149 |             enveloppe::Enveloppe::default(),
[INFO] [stdout]     |                        ^^^^^^^^^ could not find `Enveloppe` in `enveloppe`
[INFO] [stdout] 
[INFO] [stdout] 
[INFO] [stdout] error[E0433]: cannot find `Oscillator` in `oscillator`
[INFO] [stdout]    --> src/engine/mod.rs:177:25
[INFO] [stdout]     |
[INFO] [stdout] 177 |             oscillator::Oscillator::default(),
[INFO] [stdout]     |                         ^^^^^^^^^^ could not find `Oscillator` in `oscillator`
[INFO] [stdout] 
[INFO] [stdout] 
[INFO] [stdout] error[E0433]: cannot find `Enveloppe` in `enveloppe`
[INFO] [stdout]    --> src/engine/mod.rs:179:24
[INFO] [stdout]     |
[INFO] [stdout] 179 |             enveloppe::Enveloppe::default(),
[INFO] [stdout]     |                        ^^^^^^^^^ could not find `Enveloppe` in `enveloppe`
[INFO] [stdout] 
[INFO] [stdout] 
[INFO] [stdout] error[E0433]: cannot find `Filter` in `filter`
[INFO] [stdout]    --> src/engine/mod.rs:148:26
[INFO] [stdout]     |
[INFO] [stdout] 148 |             Some(filter::Filter::new(filter::FilterKind::Lowpass, 800.0)),
[INFO] [stdout]     |                          ^^^^^^ could not find `Filter` in `filter`
[INFO] [stdout]     |
[INFO] [stdout] help: consider importing this struct
[INFO] [stdout]     |
[INFO] [stdout] 142 +     use std::iter::Filter;
[INFO] [stdout]     |
[INFO] [stdout] help: if you import `Filter`, refer to it directly
[INFO] [stdout]     |
[INFO] [stdout] 148 -             Some(filter::Filter::new(filter::FilterKind::Lowpass, 800.0)),
[INFO] [stdout] 148 +             Some(Filter::new(filter::FilterKind::Lowpass, 800.0)),
[INFO] [stdout]     |
[INFO] [stdout] 
[INFO] [stdout] 
[INFO] [stdout] error[E0433]: cannot find type `Sequence` in this scope
[INFO] [stdout]    --> src/engine/mod.rs:186:21
[INFO] [stdout]     |
[INFO] [stdout] 186 |         let mut s = Sequence::default();
[INFO] [stdout]     |                     ^^^^^^^^ use of undeclared type `Sequence`
[INFO] [stdout]     |
[INFO] [stdout] help: consider importing this struct
[INFO] [stdout]     |
[INFO] [stdout] 142 +     use crate::engine::synth::Sequence;
[INFO] [stdout]     |
[INFO] [stdout] 
[INFO] [stdout] 
[INFO] [stdout] error[E0433]: cannot find type `Accidental` in this scope
[INFO] [stdout]    --> src/engine/mod.rs:187:58
[INFO] [stdout]     |
[INFO] [stdout] 187 |         s.steps[0] = note::Step::Note(note::NoteName::A, Accidental::Natural, 4);
[INFO] [stdout]     |                                                          ^^^^^^^^^^ use of undeclared type `Accidental`
[INFO] [stdout]     |
[INFO] [stdout] help: consider importing this enum
[INFO] [stdout]     |
[INFO] [stdout] 142 +     use crate::engine::note::Accidental;
[INFO] [stdout]     |
[INFO] [stdout] 
[INFO] [stdout] 
[INFO] [stdout] error[E0433]: cannot find type `Synth` in this scope
[INFO] [stdout]    --> src/engine/mod.rs:146:25
[INFO] [stdout]     |
[INFO] [stdout] 146 |         let mut synth = Synth::new(
[INFO] [stdout]     |                         ^^^^^ use of undeclared type `Synth`
[INFO] [stdout] 
[INFO] [stdout] 
[INFO] [stdout] error[E0433]: cannot find type `Engine` in this scope
[INFO] [stdout]    --> src/engine/mod.rs:167:20
[INFO] [stdout]     |
[INFO] [stdout] 167 |         assert_eq!(Engine::step_index(0, bpm), 0);
[INFO] [stdout]     |                    ^^^^^^ use of undeclared type `Engine`
[INFO] [stdout] 
[INFO] [stdout] 
[INFO] [stdout] error[E0433]: cannot find type `Engine` in this scope
[INFO] [stdout]    --> src/engine/mod.rs:168:20
[INFO] [stdout]     |
[INFO] [stdout] 168 |         assert_eq!(Engine::step_index(5511, bpm), 0); // juste avant la fin du pas 0
[INFO] [stdout]     |                    ^^^^^^ use of undeclared type `Engine`
[INFO] [stdout] 
[INFO] [stdout] 
[INFO] [stdout] error[E0433]: cannot find type `Engine` in this scope
[INFO] [stdout]    --> src/engine/mod.rs:169:20
[INFO] [stdout]     |
[INFO] [stdout] 169 |         assert_eq!(Engine::step_index(5512, bpm), 1); // bascule au pas 1
[INFO] [stdout]     |                    ^^^^^^ use of undeclared type `Engine`
[INFO] [stdout] 
[INFO] [stdout] 
[INFO] [stdout] error[E0433]: cannot find type `Engine` in this scope
[INFO] [stdout]    --> src/engine/mod.rs:170:20
[INFO] [stdout]     |
[INFO] [stdout] 170 |         assert_eq!(Engine::step_index(5512 * 16, bpm), 0); // boucle après 16 pas
[INFO] [stdout]     |                    ^^^^^^ use of undeclared type `Engine`
[INFO] [stdout] 
[INFO] [stdout] 
[INFO] [stdout] error[E0433]: cannot find type `Engine` in this scope
[INFO] [stdout]    --> src/engine/mod.rs:175:26
[INFO] [stdout]     |
[INFO] [stdout] 175 |         let mut engine = Engine::default();
[INFO] [stdout]     |                          ^^^^^^ use of undeclared type `Engine`
[INFO] [stdout] 
[INFO] [stdout] 
[INFO] [stdout] error[E0433]: cannot find type `Synth` in this scope
[INFO] [stdout]    --> src/engine/mod.rs:176:25
[INFO] [stdout]     |
[INFO] [stdout] 176 |         let mut synth = Synth::new(
[INFO] [stdout]     |                         ^^^^^ use of undeclared type `Synth`
[INFO] [stdout] 
[INFO] [stdout] 
[INFO] [stdout] For more information about this error, try `rustc --explain E0433`.
[INFO] [stdout] 
[INFO] [stderr] error: could not compile `Rynth` (bin "Rynth" test) due to 14 previous errors
[INFO] [stderr] warning: build failed, waiting for other jobs to finish...
[INFO] running `Command { std: "docker" "inspect" "a4c5fad262cc46ed64eb191c3eb489e46bc62a2338b62929a4fe0b6722e673ed", kill_on_drop: false }`
[INFO] running `Command { std: "docker" "rm" "-f" "a4c5fad262cc46ed64eb191c3eb489e46bc62a2338b62929a4fe0b6722e673ed", kill_on_drop: false }`
[INFO] [stdout] a4c5fad262cc46ed64eb191c3eb489e46bc62a2338b62929a4fe0b6722e673ed
