[INFO] cloning repository https://github.com/ShadowDara/fluaterm
[INFO] running `Command { std: "git" "-c" "credential.helper=" "-c" "credential.helper=/workspace/cargo-home/bin/git-credential-null" "clone" "--bare" "https://github.com/ShadowDara/fluaterm" "/workspace/cache/git-repos/https%3A%2F%2Fgithub.com%2FShadowDara%2Ffluaterm", kill_on_drop: false }`
[INFO] [stderr] Cloning into bare repository '/workspace/cache/git-repos/https%3A%2F%2Fgithub.com%2FShadowDara%2Ffluaterm'...
[INFO] running `Command { std: "git" "rev-parse" "HEAD", kill_on_drop: false }`
[INFO] [stdout] cfac24674060713bb006e806bdee3b1624e17adb
[INFO] checking ShadowDara/fluaterm against 3154cc1a3e6424e44f438a95007d043ed5ceaaf6+rustflags=-Znext-solver=coherence for pr-133502-30
[INFO] running `Command { std: "git" "clone" "/workspace/cache/git-repos/https%3A%2F%2Fgithub.com%2FShadowDara%2Ffluaterm" "/workspace/builds/worker-0-tc1/source", kill_on_drop: false }`
[INFO] [stderr] Cloning into '/workspace/builds/worker-0-tc1/source'...
[INFO] [stderr] done.
[INFO] started tweaking git repo https://github.com/ShadowDara/fluaterm
[INFO] finished tweaking git repo https://github.com/ShadowDara/fluaterm
[INFO] tweaked toml for git repo https://github.com/ShadowDara/fluaterm written to /workspace/builds/worker-0-tc1/source/Cargo.toml
[INFO] validating manifest of git repo https://github.com/ShadowDara/fluaterm on toolchain 3154cc1a3e6424e44f438a95007d043ed5ceaaf6
[INFO] running `Command { std: CARGO_HOME="/workspace/cargo-home" RUSTUP_HOME="/workspace/rustup-home" "/workspace/cargo-home/bin/cargo" "+3154cc1a3e6424e44f438a95007d043ed5ceaaf6" "metadata" "--manifest-path" "Cargo.toml" "--no-deps", kill_on_drop: false }`
[INFO] crate git repo https://github.com/ShadowDara/fluaterm already has a lockfile, it will not be regenerated
[INFO] running `Command { std: CARGO_HOME="/workspace/cargo-home" RUSTUP_HOME="/workspace/rustup-home" "/workspace/cargo-home/bin/cargo" "+3154cc1a3e6424e44f438a95007d043ed5ceaaf6" "fetch" "--manifest-path" "Cargo.toml", kill_on_drop: false }`
[INFO] running `Command { std: "docker" "create" "-v" "/var/lib/crater-agent-workspace/builds/worker-0-tc1/source:/opt/rustwide/workdir:ro,Z" "-v" "/var/lib/crater-agent-workspace/builds/worker-0-tc1/target:/opt/rustwide/target:rw,Z" "-v" "/var/lib/crater-agent-workspace/cargo-home:/opt/rustwide/cargo-home:ro,Z" "-v" "/var/lib/crater-agent-workspace/rustup-home:/opt/rustwide/rustup-home:ro,Z" "-m" "1610612736" "--network" "none" "ghcr.io/rust-lang/crates-build-env/linux@sha256:77db811e55d90add9212f6832c23229e3de5f1c1f9905e8cb07319ea15df73ac" "sleep" "infinity", kill_on_drop: false }`
[INFO] [stdout] 64caa409b55f462042c7d62094058ab0b6381a125fc4cbcb76865115dab38c85
[INFO] running `Command { std: "docker" "start" "64caa409b55f462042c7d62094058ab0b6381a125fc4cbcb76865115dab38c85", kill_on_drop: false }`
[INFO] running `Command { std: "docker" "inspect" "64caa409b55f462042c7d62094058ab0b6381a125fc4cbcb76865115dab38c85", kill_on_drop: false }`
[INFO] running `Command { std: "docker" "exec" "-e" "SOURCE_DIR=/opt/rustwide/workdir" "-e" "CARGO_HOME=/opt/rustwide/cargo-home" "-e" "RUSTUP_HOME=/opt/rustwide/rustup-home" "-e" "CARGO_TARGET_DIR=/opt/rustwide/target" "-w" "/opt/rustwide/workdir" "--user" "0:0" "64caa409b55f462042c7d62094058ab0b6381a125fc4cbcb76865115dab38c85" "/opt/rustwide/cargo-home/bin/cargo" "+3154cc1a3e6424e44f438a95007d043ed5ceaaf6" "metadata" "--no-deps" "--format-version=1", kill_on_drop: false }`
[INFO] running `Command { std: "docker" "inspect" "64caa409b55f462042c7d62094058ab0b6381a125fc4cbcb76865115dab38c85", kill_on_drop: false }`
[INFO] running `Command { std: "docker" "exec" "-e" "SOURCE_DIR=/opt/rustwide/workdir" "-e" "CARGO_HOME=/opt/rustwide/cargo-home" "-e" "RUSTUP_HOME=/opt/rustwide/rustup-home" "-e" "CARGO_TARGET_DIR=/opt/rustwide/target" "-e" "CARGO_INCREMENTAL=0" "-e" "RUST_BACKTRACE=full" "-e" "RUSTFLAGS=--cap-lints=forbid -Znext-solver=coherence" "-e" "RUSTDOCFLAGS=--cap-lints=forbid" "-w" "/opt/rustwide/workdir" "--user" "0:0" "64caa409b55f462042c7d62094058ab0b6381a125fc4cbcb76865115dab38c85" "/opt/rustwide/cargo-home/bin/cargo" "+3154cc1a3e6424e44f438a95007d043ed5ceaaf6" "check" "--frozen" "--all" "--all-targets" "--message-format=json", kill_on_drop: false }`
[INFO] [stderr]     Checking fluaterm v0.2.3 (/opt/rustwide/workdir)
[INFO] [stdout] error[E0425]: cannot find value `BG_BLACK` in this scope
[INFO] [stdout]   --> src/functions.rs:42:23
[INFO] [stdout]    |
[INFO] [stdout] 42 |     format!("{}{}{}", BG_BLACK, input, END)
[INFO] [stdout]    |                       ^^^^^^^^ not found in this scope
[INFO] [stdout]    |
[INFO] [stdout] help: consider importing this constant
[INFO] [stdout]    |
[INFO] [stdout]  3 + use crate::BG_BLACK;
[INFO] [stdout]    |
[INFO] [stdout] 
[INFO] [stdout] 
[INFO] [stdout] error[E0425]: cannot find value `BG_RED` in this scope
[INFO] [stdout]   --> src/functions.rs:46:23
[INFO] [stdout]    |
[INFO] [stdout] 46 |     format!("{}{}{}", BG_RED, input, END)
[INFO] [stdout]    |                       ^^^^^^ not found in this scope
[INFO] [stdout]    |
[INFO] [stdout] help: consider importing this constant
[INFO] [stdout]    |
[INFO] [stdout]  3 + use crate::BG_RED;
[INFO] [stdout]    |
[INFO] [stdout] 
[INFO] [stdout] 
[INFO] [stdout] error[E0425]: cannot find value `BG_GREEN` in this scope
[INFO] [stdout]   --> src/functions.rs:50:23
[INFO] [stdout]    |
[INFO] [stdout] 50 |     format!("{}{}{}", BG_GREEN, input, END)
[INFO] [stdout]    |                       ^^^^^^^^ not found in this scope
[INFO] [stdout]    |
[INFO] [stdout] help: consider importing this constant
[INFO] [stdout]    |
[INFO] [stdout]  3 + use crate::BG_GREEN;
[INFO] [stdout]    |
[INFO] [stdout] 
[INFO] [stdout] 
[INFO] [stdout] error[E0425]: cannot find value `BG_YELLOW` in this scope
[INFO] [stdout]   --> src/functions.rs:54:23
[INFO] [stdout]    |
[INFO] [stdout] 54 |     format!("{}{}{}", BG_YELLOW, input, END)
[INFO] [stdout]    |                       ^^^^^^^^^ not found in this scope
[INFO] [stdout]    |
[INFO] [stdout] help: consider importing this constant
[INFO] [stdout]    |
[INFO] [stdout]  3 + use crate::BG_YELLOW;
[INFO] [stdout]    |
[INFO] [stdout] 
[INFO] [stdout] 
[INFO] [stdout] error[E0425]: cannot find value `BG_BLUE` in this scope
[INFO] [stdout]   --> src/functions.rs:58:23
[INFO] [stdout]    |
[INFO] [stdout] 58 |     format!("{}{}{}", BG_BLUE, input, END)
[INFO] [stdout]    |                       ^^^^^^^ not found in this scope
[INFO] [stdout]    |
[INFO] [stdout] help: consider importing this constant
[INFO] [stdout]    |
[INFO] [stdout]  3 + use crate::BG_BLUE;
[INFO] [stdout]    |
[INFO] [stdout] 
[INFO] [stdout] 
[INFO] [stdout] error[E0425]: cannot find value `BG_PURPLE` in this scope
[INFO] [stdout]   --> src/functions.rs:62:23
[INFO] [stdout]    |
[INFO] [stdout] 62 |     format!("{}{}{}", BG_PURPLE, input, END)
[INFO] [stdout]    |                       ^^^^^^^^^ not found in this scope
[INFO] [stdout]    |
[INFO] [stdout] help: consider importing this constant
[INFO] [stdout]    |
[INFO] [stdout]  3 + use crate::BG_PURPLE;
[INFO] [stdout]    |
[INFO] [stdout] 
[INFO] [stdout] 
[INFO] [stdout] error[E0425]: cannot find value `BG_CYAN` in this scope
[INFO] [stdout]   --> src/functions.rs:66:23
[INFO] [stdout]    |
[INFO] [stdout] 66 |     format!("{}{}{}", BG_CYAN, input, END)
[INFO] [stdout]    |                       ^^^^^^^ not found in this scope
[INFO] [stdout]    |
[INFO] [stdout] help: consider importing this constant
[INFO] [stdout]    |
[INFO] [stdout]  3 + use crate::BG_CYAN;
[INFO] [stdout]    |
[INFO] [stdout] 
[INFO] [stdout] 
[INFO] [stdout] error[E0425]: cannot find value `BG_WHITE` in this scope
[INFO] [stdout]   --> src/functions.rs:70:23
[INFO] [stdout]    |
[INFO] [stdout] 70 |     format!("{}{}{}", BG_WHITE, input, END)
[INFO] [stdout]    |                       ^^^^^^^^ not found in this scope
[INFO] [stdout]    |
[INFO] [stdout] help: consider importing this constant
[INFO] [stdout]    |
[INFO] [stdout]  3 + use crate::BG_WHITE;
[INFO] [stdout]    |
[INFO] [stdout] 
[INFO] [stdout] 
[INFO] [stdout] For more information about this error, try `rustc --explain E0425`.
[INFO] [stdout] 
[INFO] [stderr] error: could not compile `fluaterm` (lib) due to 8 previous errors
[INFO] [stderr] warning: build failed, waiting for other jobs to finish...
[INFO] [stdout] error[E0425]: cannot find value `BG_BLACK` in this scope
[INFO] [stdout]   --> src/functions.rs:42:23
[INFO] [stdout]    |
[INFO] [stdout] 42 |     format!("{}{}{}", BG_BLACK, input, END)
[INFO] [stdout]    |                       ^^^^^^^^ not found in this scope
[INFO] [stdout]    |
[INFO] [stdout] help: consider importing this constant
[INFO] [stdout]    |
[INFO] [stdout]  3 + use crate::BG_BLACK;
[INFO] [stdout]    |
[INFO] [stdout] 
[INFO] [stdout] 
[INFO] [stdout] error[E0425]: cannot find value `BG_RED` in this scope
[INFO] [stdout]   --> src/functions.rs:46:23
[INFO] [stdout]    |
[INFO] [stdout] 46 |     format!("{}{}{}", BG_RED, input, END)
[INFO] [stdout]    |                       ^^^^^^ not found in this scope
[INFO] [stdout]    |
[INFO] [stdout] help: consider importing this constant
[INFO] [stdout]    |
[INFO] [stdout]  3 + use crate::BG_RED;
[INFO] [stdout]    |
[INFO] [stdout] 
[INFO] [stdout] 
[INFO] [stdout] error[E0425]: cannot find value `BG_GREEN` in this scope
[INFO] [stdout]   --> src/functions.rs:50:23
[INFO] [stdout]    |
[INFO] [stdout] 50 |     format!("{}{}{}", BG_GREEN, input, END)
[INFO] [stdout]    |                       ^^^^^^^^ not found in this scope
[INFO] [stdout]    |
[INFO] [stdout] help: consider importing this constant
[INFO] [stdout]    |
[INFO] [stdout]  3 + use crate::BG_GREEN;
[INFO] [stdout]    |
[INFO] [stdout] 
[INFO] [stdout] 
[INFO] [stdout] error[E0425]: cannot find value `BG_YELLOW` in this scope
[INFO] [stdout]   --> src/functions.rs:54:23
[INFO] [stdout]    |
[INFO] [stdout] 54 |     format!("{}{}{}", BG_YELLOW, input, END)
[INFO] [stdout]    |                       ^^^^^^^^^ not found in this scope
[INFO] [stdout]    |
[INFO] [stdout] help: consider importing this constant
[INFO] [stdout]    |
[INFO] [stdout]  3 + use crate::BG_YELLOW;
[INFO] [stdout]    |
[INFO] [stdout] 
[INFO] [stdout] 
[INFO] [stdout] error[E0425]: cannot find value `BG_BLUE` in this scope
[INFO] [stdout]   --> src/functions.rs:58:23
[INFO] [stdout]    |
[INFO] [stdout] 58 |     format!("{}{}{}", BG_BLUE, input, END)
[INFO] [stdout]    |                       ^^^^^^^ not found in this scope
[INFO] [stdout]    |
[INFO] [stdout] help: consider importing this constant
[INFO] [stdout]    |
[INFO] [stdout]  3 + use crate::BG_BLUE;
[INFO] [stdout]    |
[INFO] [stdout] 
[INFO] [stdout] 
[INFO] [stdout] error[E0425]: cannot find value `BG_PURPLE` in this scope
[INFO] [stdout]   --> src/functions.rs:62:23
[INFO] [stdout]    |
[INFO] [stdout] 62 |     format!("{}{}{}", BG_PURPLE, input, END)
[INFO] [stdout]    |                       ^^^^^^^^^ not found in this scope
[INFO] [stdout]    |
[INFO] [stdout] help: consider importing this constant
[INFO] [stdout]    |
[INFO] [stdout]  3 + use crate::BG_PURPLE;
[INFO] [stdout]    |
[INFO] [stdout] 
[INFO] [stdout] 
[INFO] [stdout] error[E0425]: cannot find value `BG_CYAN` in this scope
[INFO] [stdout]   --> src/functions.rs:66:23
[INFO] [stdout]    |
[INFO] [stdout] 66 |     format!("{}{}{}", BG_CYAN, input, END)
[INFO] [stdout]    |                       ^^^^^^^ not found in this scope
[INFO] [stdout]    |
[INFO] [stdout] help: consider importing this constant
[INFO] [stdout]    |
[INFO] [stdout]  3 + use crate::BG_CYAN;
[INFO] [stdout]    |
[INFO] [stdout] 
[INFO] [stdout] 
[INFO] [stdout] error[E0425]: cannot find value `BG_WHITE` in this scope
[INFO] [stdout]   --> src/functions.rs:70:23
[INFO] [stdout]    |
[INFO] [stdout] 70 |     format!("{}{}{}", BG_WHITE, input, END)
[INFO] [stdout]    |                       ^^^^^^^^ not found in this scope
[INFO] [stdout]    |
[INFO] [stdout] help: consider importing this constant
[INFO] [stdout]    |
[INFO] [stdout]  3 + use crate::BG_WHITE;
[INFO] [stdout]    |
[INFO] [stdout] 
[INFO] [stdout] 
[INFO] [stdout] For more information about this error, try `rustc --explain E0425`.
[INFO] [stdout] 
[INFO] [stderr] error: could not compile `fluaterm` (lib test) due to 8 previous errors
[INFO] running `Command { std: "docker" "inspect" "64caa409b55f462042c7d62094058ab0b6381a125fc4cbcb76865115dab38c85", kill_on_drop: false }`
[INFO] running `Command { std: "docker" "rm" "-f" "64caa409b55f462042c7d62094058ab0b6381a125fc4cbcb76865115dab38c85", kill_on_drop: false }`
[INFO] [stdout] 64caa409b55f462042c7d62094058ab0b6381a125fc4cbcb76865115dab38c85
