[INFO] cloning repository https://github.com/ShadowBytess/LumiTerm
[INFO] running `Command { std: "git" "-c" "credential.helper=" "-c" "credential.helper=/workspace/cargo-home/bin/git-credential-null" "clone" "--bare" "https://github.com/ShadowBytess/LumiTerm" "/workspace/cache/git-repos/https%3A%2F%2Fgithub.com%2FShadowBytess%2FLumiTerm", kill_on_drop: false }`
[INFO] [stderr] Cloning into bare repository '/workspace/cache/git-repos/https%3A%2F%2Fgithub.com%2FShadowBytess%2FLumiTerm'...
[INFO] running `Command { std: "git" "rev-parse" "HEAD", kill_on_drop: false }`
[INFO] [stdout] 4c9d9c930fd3523bad8e216373afa684eadcb27f
[INFO] checking ShadowBytess/LumiTerm against 3154cc1a3e6424e44f438a95007d043ed5ceaaf6 for pr-133502-30
[INFO] running `Command { std: "git" "clone" "/workspace/cache/git-repos/https%3A%2F%2Fgithub.com%2FShadowBytess%2FLumiTerm" "/workspace/builds/worker-2-tc2/source", kill_on_drop: false }`
[INFO] [stderr] Cloning into '/workspace/builds/worker-2-tc2/source'...
[INFO] [stderr] done.
[INFO] started tweaking git repo https://github.com/ShadowBytess/LumiTerm
[INFO] finished tweaking git repo https://github.com/ShadowBytess/LumiTerm
[INFO] tweaked toml for git repo https://github.com/ShadowBytess/LumiTerm written to /workspace/builds/worker-2-tc2/source/Cargo.toml
[INFO] validating manifest of git repo https://github.com/ShadowBytess/LumiTerm on toolchain 3154cc1a3e6424e44f438a95007d043ed5ceaaf6
[INFO] running `Command { std: CARGO_HOME="/workspace/cargo-home" RUSTUP_HOME="/workspace/rustup-home" "/workspace/cargo-home/bin/cargo" "+3154cc1a3e6424e44f438a95007d043ed5ceaaf6" "metadata" "--manifest-path" "Cargo.toml" "--no-deps", kill_on_drop: false }`
[INFO] crate git repo https://github.com/ShadowBytess/LumiTerm already has a lockfile, it will not be regenerated
[INFO] running `Command { std: CARGO_HOME="/workspace/cargo-home" RUSTUP_HOME="/workspace/rustup-home" "/workspace/cargo-home/bin/cargo" "+3154cc1a3e6424e44f438a95007d043ed5ceaaf6" "fetch" "--manifest-path" "Cargo.toml", kill_on_drop: false }`
[INFO] running `Command { std: "docker" "create" "-v" "/var/lib/crater-agent-workspace/builds/worker-2-tc2/source:/opt/rustwide/workdir:ro,Z" "-v" "/var/lib/crater-agent-workspace/builds/worker-2-tc2/target:/opt/rustwide/target:rw,Z" "-v" "/var/lib/crater-agent-workspace/cargo-home:/opt/rustwide/cargo-home:ro,Z" "-v" "/var/lib/crater-agent-workspace/rustup-home:/opt/rustwide/rustup-home:ro,Z" "-m" "1610612736" "--network" "none" "ghcr.io/rust-lang/crates-build-env/linux@sha256:77db811e55d90add9212f6832c23229e3de5f1c1f9905e8cb07319ea15df73ac" "sleep" "infinity", kill_on_drop: false }`
[INFO] [stdout] dd9c901f43d6bd7dff6bc991f0af221585d96a0d764615cc1263551996bc443a
[INFO] running `Command { std: "docker" "start" "dd9c901f43d6bd7dff6bc991f0af221585d96a0d764615cc1263551996bc443a", kill_on_drop: false }`
[INFO] running `Command { std: "docker" "inspect" "dd9c901f43d6bd7dff6bc991f0af221585d96a0d764615cc1263551996bc443a", kill_on_drop: false }`
[INFO] running `Command { std: "docker" "exec" "-e" "SOURCE_DIR=/opt/rustwide/workdir" "-e" "CARGO_HOME=/opt/rustwide/cargo-home" "-e" "RUSTUP_HOME=/opt/rustwide/rustup-home" "-e" "CARGO_TARGET_DIR=/opt/rustwide/target" "-w" "/opt/rustwide/workdir" "--user" "0:0" "dd9c901f43d6bd7dff6bc991f0af221585d96a0d764615cc1263551996bc443a" "/opt/rustwide/cargo-home/bin/cargo" "+3154cc1a3e6424e44f438a95007d043ed5ceaaf6" "metadata" "--no-deps" "--format-version=1", kill_on_drop: false }`
[INFO] running `Command { std: "docker" "inspect" "dd9c901f43d6bd7dff6bc991f0af221585d96a0d764615cc1263551996bc443a", kill_on_drop: false }`
[INFO] running `Command { std: "docker" "exec" "-e" "SOURCE_DIR=/opt/rustwide/workdir" "-e" "CARGO_HOME=/opt/rustwide/cargo-home" "-e" "RUSTUP_HOME=/opt/rustwide/rustup-home" "-e" "CARGO_TARGET_DIR=/opt/rustwide/target" "-e" "CARGO_INCREMENTAL=0" "-e" "RUST_BACKTRACE=full" "-e" "RUSTFLAGS=--cap-lints=forbid" "-e" "RUSTDOCFLAGS=--cap-lints=forbid" "-w" "/opt/rustwide/workdir" "--user" "0:0" "dd9c901f43d6bd7dff6bc991f0af221585d96a0d764615cc1263551996bc443a" "/opt/rustwide/cargo-home/bin/cargo" "+3154cc1a3e6424e44f438a95007d043ed5ceaaf6" "check" "--frozen" "--all" "--all-targets" "--message-format=json", kill_on_drop: false }`
[INFO] [stderr]    Compiling rustix v1.1.4
[INFO] [stderr]    Compiling wayland-sys v0.31.11
[INFO] [stderr]    Compiling rustix v0.38.44
[INFO] [stderr]    Compiling drm-sys v0.8.1
[INFO] [stderr]    Compiling wayland-scanner v0.31.11
[INFO] [stderr]    Compiling syn v2.0.119
[INFO] [stderr]    Compiling syn v3.0.3
[INFO] [stderr]    Compiling memoffset v0.6.5
[INFO] [stderr]     Checking memmap2 v0.9.11
[INFO] [stderr]    Compiling drm-fourcc v2.2.0
[INFO] [stderr]     Checking xcursor v0.3.11
[INFO] [stderr]     Checking linux-raw-sys v0.9.4
[INFO] [stderr]    Compiling smithay-client-toolkit v0.18.1
[INFO] [stderr]     Checking ahash v0.8.12
[INFO] [stderr]     Checking owned_ttf_parser v0.25.1
[INFO] [stderr]     Checking ioctl-rs v0.1.6
[INFO] [stderr]     Checking serial-core v0.4.0
[INFO] [stderr]     Checking termios v0.2.2
[INFO] [stderr]    Compiling tiny-xlib v0.2.5
[INFO] [stderr]     Checking tracing-core v0.1.36
[INFO] [stderr]     Checking x11rb-protocol v0.13.2
[INFO] [stderr]     Checking ab_glyph v0.2.32
[INFO] [stderr]    Compiling winit v0.29.15
[INFO] [stderr]     Checking serial-unix v0.4.0
[INFO] [stderr]     Checking ctor v0.10.1
[INFO] [stderr]     Checking nix v0.25.1
[INFO] [stderr]     Checking x11-dl v2.21.0
[INFO] [stderr]     Checking xkbcommon-dl v0.4.2
[INFO] [stderr]     Checking serial v0.4.0
[INFO] [stderr]    Compiling vte_generate_state_changes v0.1.2
[INFO] [stderr]     Checking ttf-parser v0.20.0
[INFO] [stderr]     Checking smol_str v0.2.2
[INFO] [stderr]     Checking hashbrown v0.14.5
[INFO] [stderr]     Checking vte v0.13.1
[INFO] [stderr]     Checking tracing v0.1.44
[INFO] [stderr]     Checking fontdue v0.8.0
[INFO] [stderr]    Compiling thiserror-impl v1.0.69
[INFO] [stderr]    Compiling bytemuck_derive v1.12.0
[INFO] [stderr]     Checking thiserror v1.0.69
[INFO] [stderr]     Checking filedescriptor v0.8.3
[INFO] [stderr]     Checking bytemuck v1.25.2
[INFO] [stderr]     Checking tiny-skia-path v0.11.4
[INFO] [stderr]     Checking tiny-skia v0.11.4
[INFO] [stderr]     Checking portable-pty v0.8.1
[INFO] [stderr]     Checking wayland-backend v0.3.16
[INFO] [stderr]     Checking polling v3.11.0
[INFO] [stderr]     Checking gethostname v1.1.0
[INFO] [stderr]     Checking drm-ffi v0.9.1
[INFO] [stderr]     Checking calloop v0.12.4
[INFO] [stderr]     Checking drm v0.14.1
[INFO] [stderr]     Checking wayland-client v0.31.15
[INFO] [stderr]     Checking wayland-csd-frame v0.3.0
[INFO] [stderr]     Checking wayland-protocols v0.31.2
[INFO] [stderr]     Checking calloop-wayland-source v0.2.0
[INFO] [stderr]     Checking wayland-cursor v0.31.14
[INFO] [stderr]     Checking x11rb v0.13.2
[INFO] [stderr]     Checking wayland-protocols-wlr v0.2.0
[INFO] [stderr]     Checking wayland-protocols-plasma v0.2.0
[INFO] [stderr]     Checking softbuffer v0.4.8
[INFO] [stderr]     Checking sctk-adwaita v0.8.3
[INFO] [stderr]     Checking lumiterm v0.1.0 (/opt/rustwide/workdir)
[INFO] [stdout] error[E0433]: cannot find module or crate `arboard` in this scope
[INFO] [stdout]    --> src/main.rs:138:25
[INFO] [stdout]     |
[INFO] [stdout] 138 |     let mut clipboard = arboard::Clipboard::new().ok();
[INFO] [stdout]     |                         ^^^^^^^ use of unresolved module or unlinked crate `arboard`
[INFO] [stdout]     |
[INFO] [stdout]     = help: if you wanted to use a crate named `arboard`, use `cargo add arboard` to add it to your `Cargo.toml`
[INFO] [stdout] 
[INFO] [stdout] 
[INFO] [stdout] error[E0433]: cannot find module or crate `arboard` in this scope
[INFO] [stdout]    --> src/main.rs:138:25
[INFO] [stdout]     |
[INFO] [stdout] 138 |     let mut clipboard = arboard::Clipboard::new().ok();
[INFO] [stdout]     |                         ^^^^^^^ use of unresolved module or unlinked crate `arboard`
[INFO] [stdout]     |
[INFO] [stdout]     = help: if you wanted to use a crate named `arboard`, use `cargo add arboard` to add it to your `Cargo.toml`
[INFO] [stdout] 
[INFO] [stdout] 
[INFO] [stdout] error[E0433]: cannot find module or crate `arboard` in this scope
[INFO] [stdout]   --> src/main.rs:33:46
[INFO] [stdout]    |
[INFO] [stdout] 33 | fn clipboard_get_text(clipboard: &mut Option<arboard::Clipboard>) -> Option<String> {
[INFO] [stdout]    |                                              ^^^^^^^ use of unresolved module or unlinked crate `arboard`
[INFO] [stdout]    |
[INFO] [stdout]    = help: if you wanted to use a crate named `arboard`, use `cargo add arboard` to add it to your `Cargo.toml`
[INFO] [stdout] 
[INFO] [stdout] 
[INFO] [stdout] error[E0433]: cannot find module or crate `arboard` in this scope
[INFO] [stdout]   --> src/main.rs:50:46
[INFO] [stdout]    |
[INFO] [stdout] 50 | fn clipboard_set_text(clipboard: &mut Option<arboard::Clipboard>, text: String) {
[INFO] [stdout]    |                                              ^^^^^^^ use of unresolved module or unlinked crate `arboard`
[INFO] [stdout]    |
[INFO] [stdout]    = help: if you wanted to use a crate named `arboard`, use `cargo add arboard` to add it to your `Cargo.toml`
[INFO] [stdout] 
[INFO] [stdout] 
[INFO] [stdout] For more information about this error, try `rustc --explain E0433`.
[INFO] [stdout] 
[INFO] [stdout] error[E0433]: cannot find module or crate `arboard` in this scope
[INFO] [stdout]   --> src/main.rs:33:46
[INFO] [stdout]    |
[INFO] [stdout] 33 | fn clipboard_get_text(clipboard: &mut Option<arboard::Clipboard>) -> Option<String> {
[INFO] [stdout]    |                                              ^^^^^^^ use of unresolved module or unlinked crate `arboard`
[INFO] [stdout]    |
[INFO] [stdout]    = help: if you wanted to use a crate named `arboard`, use `cargo add arboard` to add it to your `Cargo.toml`
[INFO] [stdout] 
[INFO] [stdout] 
[INFO] [stdout] error[E0433]: cannot find module or crate `arboard` in this scope
[INFO] [stdout]   --> src/main.rs:50:46
[INFO] [stdout]    |
[INFO] [stdout] 50 | fn clipboard_set_text(clipboard: &mut Option<arboard::Clipboard>, text: String) {
[INFO] [stdout]    |                                              ^^^^^^^ use of unresolved module or unlinked crate `arboard`
[INFO] [stdout]    |
[INFO] [stdout]    = help: if you wanted to use a crate named `arboard`, use `cargo add arboard` to add it to your `Cargo.toml`
[INFO] [stdout] 
[INFO] [stdout] 
[INFO] [stdout] For more information about this error, try `rustc --explain E0433`.
[INFO] [stdout] 
[INFO] [stderr] error: could not compile `lumiterm` (bin "lumiterm" test) due to 3 previous errors
[INFO] [stderr] warning: build failed, waiting for other jobs to finish...
[INFO] [stderr] error: could not compile `lumiterm` (bin "lumiterm") due to 3 previous errors
[INFO] running `Command { std: "docker" "inspect" "dd9c901f43d6bd7dff6bc991f0af221585d96a0d764615cc1263551996bc443a", kill_on_drop: false }`
[INFO] running `Command { std: "docker" "rm" "-f" "dd9c901f43d6bd7dff6bc991f0af221585d96a0d764615cc1263551996bc443a", kill_on_drop: false }`
[INFO] [stdout] dd9c901f43d6bd7dff6bc991f0af221585d96a0d764615cc1263551996bc443a
