[INFO] cloning repository https://github.com/Seol-JY/toxideck
[INFO] running `Command { std: "git" "-c" "credential.helper=" "-c" "credential.helper=/workspace/cargo-home/bin/git-credential-null" "clone" "--bare" "https://github.com/Seol-JY/toxideck" "/workspace/cache/git-repos/https%3A%2F%2Fgithub.com%2FSeol-JY%2Ftoxideck", kill_on_drop: false }`
[INFO] [stderr] Cloning into bare repository '/workspace/cache/git-repos/https%3A%2F%2Fgithub.com%2FSeol-JY%2Ftoxideck'...
[INFO] running `Command { std: "git" "rev-parse" "HEAD", kill_on_drop: false }`
[INFO] [stdout] 16d0a909766dfe7a06659d88ab1ee22cd0aa3406
[INFO] checking Seol-JY/toxideck against 3154cc1a3e6424e44f438a95007d043ed5ceaaf6 for pr-133502-30
[INFO] running `Command { std: "git" "clone" "/workspace/cache/git-repos/https%3A%2F%2Fgithub.com%2FSeol-JY%2Ftoxideck" "/workspace/builds/worker-1-tc2/source", kill_on_drop: false }`
[INFO] [stderr] Cloning into '/workspace/builds/worker-1-tc2/source'...
[INFO] [stderr] done.
[INFO] started tweaking git repo https://github.com/Seol-JY/toxideck
[INFO] finished tweaking git repo https://github.com/Seol-JY/toxideck
[INFO] tweaked toml for git repo https://github.com/Seol-JY/toxideck written to /workspace/builds/worker-1-tc2/source/Cargo.toml
[INFO] validating manifest of git repo https://github.com/Seol-JY/toxideck on toolchain 3154cc1a3e6424e44f438a95007d043ed5ceaaf6
[INFO] running `Command { std: CARGO_HOME="/workspace/cargo-home" RUSTUP_HOME="/workspace/rustup-home" "/workspace/cargo-home/bin/cargo" "+3154cc1a3e6424e44f438a95007d043ed5ceaaf6" "metadata" "--manifest-path" "Cargo.toml" "--no-deps", kill_on_drop: false }`
[INFO] crate git repo https://github.com/Seol-JY/toxideck already has a lockfile, it will not be regenerated
[INFO] running `Command { std: CARGO_HOME="/workspace/cargo-home" RUSTUP_HOME="/workspace/rustup-home" "/workspace/cargo-home/bin/cargo" "+3154cc1a3e6424e44f438a95007d043ed5ceaaf6" "fetch" "--manifest-path" "Cargo.toml", kill_on_drop: false }`
[INFO] running `Command { std: "docker" "create" "-v" "/var/lib/crater-agent-workspace/builds/worker-1-tc2/source:/opt/rustwide/workdir:ro,Z" "-v" "/var/lib/crater-agent-workspace/builds/worker-1-tc2/target:/opt/rustwide/target:rw,Z" "-v" "/var/lib/crater-agent-workspace/cargo-home:/opt/rustwide/cargo-home:ro,Z" "-v" "/var/lib/crater-agent-workspace/rustup-home:/opt/rustwide/rustup-home:ro,Z" "-m" "1610612736" "--network" "none" "ghcr.io/rust-lang/crates-build-env/linux@sha256:77db811e55d90add9212f6832c23229e3de5f1c1f9905e8cb07319ea15df73ac" "sleep" "infinity", kill_on_drop: false }`
[INFO] [stdout] 3ecfa9b352523c59fe15eb2fd4d1bb8b3a9bd1a60c9f9de79c440fcf64dfcc13
[INFO] running `Command { std: "docker" "start" "3ecfa9b352523c59fe15eb2fd4d1bb8b3a9bd1a60c9f9de79c440fcf64dfcc13", kill_on_drop: false }`
[INFO] running `Command { std: "docker" "inspect" "3ecfa9b352523c59fe15eb2fd4d1bb8b3a9bd1a60c9f9de79c440fcf64dfcc13", kill_on_drop: false }`
[INFO] running `Command { std: "docker" "exec" "-e" "SOURCE_DIR=/opt/rustwide/workdir" "-e" "CARGO_HOME=/opt/rustwide/cargo-home" "-e" "RUSTUP_HOME=/opt/rustwide/rustup-home" "-e" "CARGO_TARGET_DIR=/opt/rustwide/target" "-w" "/opt/rustwide/workdir" "--user" "0:0" "3ecfa9b352523c59fe15eb2fd4d1bb8b3a9bd1a60c9f9de79c440fcf64dfcc13" "/opt/rustwide/cargo-home/bin/cargo" "+3154cc1a3e6424e44f438a95007d043ed5ceaaf6" "metadata" "--no-deps" "--format-version=1", kill_on_drop: false }`
[INFO] running `Command { std: "docker" "inspect" "3ecfa9b352523c59fe15eb2fd4d1bb8b3a9bd1a60c9f9de79c440fcf64dfcc13", kill_on_drop: false }`
[INFO] running `Command { std: "docker" "exec" "-e" "SOURCE_DIR=/opt/rustwide/workdir" "-e" "CARGO_HOME=/opt/rustwide/cargo-home" "-e" "RUSTUP_HOME=/opt/rustwide/rustup-home" "-e" "CARGO_TARGET_DIR=/opt/rustwide/target" "-e" "CARGO_INCREMENTAL=0" "-e" "RUST_BACKTRACE=full" "-e" "RUSTFLAGS=--cap-lints=forbid" "-e" "RUSTDOCFLAGS=--cap-lints=forbid" "-w" "/opt/rustwide/workdir" "--user" "0:0" "3ecfa9b352523c59fe15eb2fd4d1bb8b3a9bd1a60c9f9de79c440fcf64dfcc13" "/opt/rustwide/cargo-home/bin/cargo" "+3154cc1a3e6424e44f438a95007d043ed5ceaaf6" "check" "--frozen" "--all" "--all-targets" "--message-format=json", kill_on_drop: false }`
[INFO] [stderr]    Compiling serde_core v1.0.229
[INFO] [stderr]     Checking futures-task v0.3.34
[INFO] [stderr]     Checking slab v0.4.12
[INFO] [stderr]    Compiling syn v3.0.4
[INFO] [stderr]    Compiling hybrid-array v0.4.14
[INFO] [stderr]     Checking tracing v0.1.44
[INFO] [stderr]    Compiling const-oid v0.10.2
[INFO] [stderr]     Checking tracing-log v0.2.0
[INFO] [stderr]    Compiling mime v0.3.17
[INFO] [stderr]     Checking matchit v0.8.4
[INFO] [stderr]     Checking walkdir v2.5.0
[INFO] [stderr]     Checking axum-core v0.5.6
[INFO] [stderr]     Checking tracing-subscriber v0.3.23
[INFO] [stderr]    Compiling mime_guess v2.0.5
[INFO] [stderr]     Checking futures-util v0.3.34
[INFO] [stderr]    Compiling crypto-common v0.2.2
[INFO] [stderr]    Compiling block-buffer v0.12.1
[INFO] [stderr]     Checking digest v0.11.3
[INFO] [stderr]     Checking sha2 v0.11.0
[INFO] [stderr]     Checking rust-embed-utils v8.12.0
[INFO] [stderr]    Compiling rust-embed-impl v8.12.0
[INFO] [stderr]     Checking rust-embed v8.12.0
[INFO] [stderr]     Checking serde_path_to_error v0.1.20
[INFO] [stderr]     Checking serde_json v1.0.151
[INFO] [stderr]    Compiling zerovec-derive v0.11.6
[INFO] [stderr]    Compiling displaydoc v0.2.7
[INFO] [stderr]    Compiling tokio-macros v2.7.2
[INFO] [stderr]    Compiling serde_derive v1.0.229
[INFO] [stderr]     Checking zerotrie v0.2.5
[INFO] [stderr]     Checking tokio v1.53.1
[INFO] [stderr]     Checking zerovec v0.11.8
[INFO] [stderr]     Checking tinystr v0.8.4
[INFO] [stderr]     Checking potential_utf v0.1.6
[INFO] [stderr]     Checking icu_collections v2.3.0
[INFO] [stderr]     Checking icu_locale_core v2.3.0
[INFO] [stderr]     Checking serde v1.0.229
[INFO] [stderr]     Checking icu_provider v2.3.1
[INFO] [stderr]     Checking serde_urlencoded v0.7.1
[INFO] [stderr]     Checking icu_properties v2.3.0
[INFO] [stderr]     Checking icu_normalizer v2.3.0
[INFO] [stderr]     Checking tower v0.5.3
[INFO] [stderr]     Checking hyper v1.11.1
[INFO] [stderr]     Checking idna_adapter v1.2.2
[INFO] [stderr]     Checking idna v1.1.0
[INFO] [stderr]     Checking url v2.5.8
[INFO] [stderr]     Checking hyper-util v0.1.20
[INFO] [stderr]     Checking tower-http v0.6.11
[INFO] [stderr]     Checking axum v0.8.9
[INFO] [stderr]     Checking reqwest v0.13.4
[INFO] [stderr]     Checking toxideck-server v0.1.0 (/opt/rustwide/workdir/server)
[INFO] [stderr]     Checking mock-upstream v0.1.0 (/opt/rustwide/workdir/mock-upstream)
[INFO] [stdout] error: #[derive(RustEmbed)] folder '/opt/rustwide/workdir/server/../web/dist' does not exist. cwd: '/opt/rustwide/workdir'
[INFO] [stdout]   --> server/src/main.rs:18:1
[INFO] [stdout]    |
[INFO] [stdout] 18 | / /// UI build output. Absent on a fresh checkout; the relay still works without it.
[INFO] [stdout] 19 | | #[derive(RustEmbed)]
[INFO] [stdout] 20 | | #[folder = "../web/dist"]
[INFO] [stdout] 21 | | struct Assets;
[INFO] [stdout]    | |______________^
[INFO] [stdout] 
[INFO] [stdout] 
[INFO] [stdout] error: #[derive(RustEmbed)] folder '/opt/rustwide/workdir/server/../web/dist' does not exist. cwd: '/opt/rustwide/workdir'
[INFO] [stdout]   --> server/src/main.rs:18:1
[INFO] [stdout]    |
[INFO] [stdout] 18 | / /// UI build output. Absent on a fresh checkout; the relay still works without it.
[INFO] [stdout] 19 | | #[derive(RustEmbed)]
[INFO] [stdout] 20 | | #[folder = "../web/dist"]
[INFO] [stdout] 21 | | struct Assets;
[INFO] [stdout]    | |______________^
[INFO] [stdout] 
[INFO] [stdout] 
[INFO] [stdout] error[E0599]: no associated function or constant named `get` found for struct `Assets` in the current scope
[INFO] [stdout]    --> server/src/main.rs:114:33
[INFO] [stdout]     |
[INFO] [stdout]  21 | struct Assets;
[INFO] [stdout]     | ------------- associated function or constant `get` not found for this struct
[INFO] [stdout] ...
[INFO] [stdout] 114 |     if let Some(file) = Assets::get(path) {
[INFO] [stdout]     |                                 ^^^ associated function or constant not found in `Assets`
[INFO] [stdout]     |
[INFO] [stdout]     = help: items from traits can only be used if the trait is implemented and in scope
[INFO] [stdout]     = note: the following traits define an item `get`, perhaps you need to implement one of them:
[INFO] [stdout]             candidate #1: `Embed`
[INFO] [stdout]             candidate #2: `SliceIndex`
[INFO] [stdout]             candidate #3: `icu_collections::codepointtrie::cptrie::TypedCodePointTrie`
[INFO] [stdout]             candidate #4: `icu_properties::names::PropertyEnumToValueNameLookup`
[INFO] [stdout]             candidate #5: `icu_provider::baked::DataStore`
[INFO] [stdout] 
[INFO] [stdout] 
[INFO] [stdout] error[E0599]: no associated function or constant named `get` found for struct `Assets` in the current scope
[INFO] [stdout]    --> server/src/main.rs:123:19
[INFO] [stdout]     |
[INFO] [stdout]  21 | struct Assets;
[INFO] [stdout]     | ------------- associated function or constant `get` not found for this struct
[INFO] [stdout] ...
[INFO] [stdout] 123 |     match Assets::get("index.html") {
[INFO] [stdout]     |                   ^^^ associated function or constant not found in `Assets`
[INFO] [stdout]     |
[INFO] [stdout]     = help: items from traits can only be used if the trait is implemented and in scope
[INFO] [stdout]     = note: the following traits define an item `get`, perhaps you need to implement one of them:
[INFO] [stdout]             candidate #1: `Embed`
[INFO] [stdout]             candidate #2: `SliceIndex`
[INFO] [stdout]             candidate #3: `icu_collections::codepointtrie::cptrie::TypedCodePointTrie`
[INFO] [stdout]             candidate #4: `icu_properties::names::PropertyEnumToValueNameLookup`
[INFO] [stdout]             candidate #5: `icu_provider::baked::DataStore`
[INFO] [stdout] 
[INFO] [stdout] 
[INFO] [stdout] For more information about this error, try `rustc --explain E0599`.
[INFO] [stdout] 
[INFO] [stderr] error: could not compile `toxideck-server` (bin "toxideck" test) due to 3 previous errors
[INFO] [stderr] warning: build failed, waiting for other jobs to finish...
[INFO] [stdout] error[E0599]: no associated function or constant named `get` found for struct `Assets` in the current scope
[INFO] [stdout]    --> server/src/main.rs:114:33
[INFO] [stdout]     |
[INFO] [stdout]  21 | struct Assets;
[INFO] [stdout]     | ------------- associated function or constant `get` not found for this struct
[INFO] [stdout] ...
[INFO] [stdout] 114 |     if let Some(file) = Assets::get(path) {
[INFO] [stdout]     |                                 ^^^ associated function or constant not found in `Assets`
[INFO] [stdout]     |
[INFO] [stdout]     = help: items from traits can only be used if the trait is implemented and in scope
[INFO] [stdout]     = note: the following traits define an item `get`, perhaps you need to implement one of them:
[INFO] [stdout]             candidate #1: `Embed`
[INFO] [stdout]             candidate #2: `SliceIndex`
[INFO] [stdout]             candidate #3: `icu_collections::codepointtrie::cptrie::TypedCodePointTrie`
[INFO] [stdout]             candidate #4: `icu_properties::names::PropertyEnumToValueNameLookup`
[INFO] [stdout]             candidate #5: `icu_provider::baked::DataStore`
[INFO] [stdout] 
[INFO] [stdout] 
[INFO] [stdout] error[E0599]: no associated function or constant named `get` found for struct `Assets` in the current scope
[INFO] [stdout]    --> server/src/main.rs:123:19
[INFO] [stdout]     |
[INFO] [stdout]  21 | struct Assets;
[INFO] [stdout]     | ------------- associated function or constant `get` not found for this struct
[INFO] [stdout] ...
[INFO] [stdout] 123 |     match Assets::get("index.html") {
[INFO] [stdout]     |                   ^^^ associated function or constant not found in `Assets`
[INFO] [stdout]     |
[INFO] [stdout]     = help: items from traits can only be used if the trait is implemented and in scope
[INFO] [stdout]     = note: the following traits define an item `get`, perhaps you need to implement one of them:
[INFO] [stdout]             candidate #1: `Embed`
[INFO] [stdout]             candidate #2: `SliceIndex`
[INFO] [stdout]             candidate #3: `icu_collections::codepointtrie::cptrie::TypedCodePointTrie`
[INFO] [stdout]             candidate #4: `icu_properties::names::PropertyEnumToValueNameLookup`
[INFO] [stdout]             candidate #5: `icu_provider::baked::DataStore`
[INFO] [stdout] 
[INFO] [stdout] 
[INFO] [stdout] For more information about this error, try `rustc --explain E0599`.
[INFO] [stdout] 
[INFO] [stderr] error: could not compile `toxideck-server` (bin "toxideck") due to 3 previous errors
[INFO] running `Command { std: "docker" "inspect" "3ecfa9b352523c59fe15eb2fd4d1bb8b3a9bd1a60c9f9de79c440fcf64dfcc13", kill_on_drop: false }`
[INFO] running `Command { std: "docker" "rm" "-f" "3ecfa9b352523c59fe15eb2fd4d1bb8b3a9bd1a60c9f9de79c440fcf64dfcc13", kill_on_drop: false }`
[INFO] [stdout] 3ecfa9b352523c59fe15eb2fd4d1bb8b3a9bd1a60c9f9de79c440fcf64dfcc13
