[INFO] cloning repository https://github.com/SeifBoukerdenna/ShotVault
[INFO] running `Command { std: "git" "-c" "credential.helper=" "-c" "credential.helper=/workspace/cargo-home/bin/git-credential-null" "clone" "--bare" "https://github.com/SeifBoukerdenna/ShotVault" "/workspace/cache/git-repos/https%3A%2F%2Fgithub.com%2FSeifBoukerdenna%2FShotVault", kill_on_drop: false }`
[INFO] [stderr] Cloning into bare repository '/workspace/cache/git-repos/https%3A%2F%2Fgithub.com%2FSeifBoukerdenna%2FShotVault'...
[INFO] running `Command { std: "git" "rev-parse" "HEAD", kill_on_drop: false }`
[INFO] [stdout] f4eb83e0725e1040ec6a13ae9a81b0f4efa23030
[INFO] checking SeifBoukerdenna/ShotVault against 3154cc1a3e6424e44f438a95007d043ed5ceaaf6 for pr-133502-30
[INFO] running `Command { std: "git" "clone" "/workspace/cache/git-repos/https%3A%2F%2Fgithub.com%2FSeifBoukerdenna%2FShotVault" "/workspace/builds/worker-5-tc2/source", kill_on_drop: false }`
[INFO] [stderr] Cloning into '/workspace/builds/worker-5-tc2/source'...
[INFO] [stderr] done.
[INFO] started tweaking git repo https://github.com/SeifBoukerdenna/ShotVault
[INFO] finished tweaking git repo https://github.com/SeifBoukerdenna/ShotVault
[INFO] tweaked toml for git repo https://github.com/SeifBoukerdenna/ShotVault written to /workspace/builds/worker-5-tc2/source/Cargo.toml
[INFO] validating manifest of git repo https://github.com/SeifBoukerdenna/ShotVault on toolchain 3154cc1a3e6424e44f438a95007d043ed5ceaaf6
[INFO] running `Command { std: CARGO_HOME="/workspace/cargo-home" RUSTUP_HOME="/workspace/rustup-home" "/workspace/cargo-home/bin/cargo" "+3154cc1a3e6424e44f438a95007d043ed5ceaaf6" "metadata" "--manifest-path" "Cargo.toml" "--no-deps", kill_on_drop: false }`
[INFO] crate git repo https://github.com/SeifBoukerdenna/ShotVault already has a lockfile, it will not be regenerated
[INFO] running `Command { std: CARGO_HOME="/workspace/cargo-home" RUSTUP_HOME="/workspace/rustup-home" "/workspace/cargo-home/bin/cargo" "+3154cc1a3e6424e44f438a95007d043ed5ceaaf6" "fetch" "--manifest-path" "Cargo.toml", kill_on_drop: false }`
[INFO] running `Command { std: "docker" "create" "-v" "/var/lib/crater-agent-workspace/builds/worker-5-tc2/source:/opt/rustwide/workdir:ro,Z" "-v" "/var/lib/crater-agent-workspace/builds/worker-5-tc2/target:/opt/rustwide/target:rw,Z" "-v" "/var/lib/crater-agent-workspace/cargo-home:/opt/rustwide/cargo-home:ro,Z" "-v" "/var/lib/crater-agent-workspace/rustup-home:/opt/rustwide/rustup-home:ro,Z" "-m" "1610612736" "--network" "none" "ghcr.io/rust-lang/crates-build-env/linux@sha256:77db811e55d90add9212f6832c23229e3de5f1c1f9905e8cb07319ea15df73ac" "sleep" "infinity", kill_on_drop: false }`
[INFO] [stdout] f94582ddfa584c53c6f9ff769d42a16b957c398f4d990348afc4395f8f52447c
[INFO] running `Command { std: "docker" "start" "f94582ddfa584c53c6f9ff769d42a16b957c398f4d990348afc4395f8f52447c", kill_on_drop: false }`
[INFO] running `Command { std: "docker" "inspect" "f94582ddfa584c53c6f9ff769d42a16b957c398f4d990348afc4395f8f52447c", kill_on_drop: false }`
[INFO] running `Command { std: "docker" "exec" "-e" "SOURCE_DIR=/opt/rustwide/workdir" "-e" "CARGO_HOME=/opt/rustwide/cargo-home" "-e" "RUSTUP_HOME=/opt/rustwide/rustup-home" "-e" "CARGO_TARGET_DIR=/opt/rustwide/target" "-w" "/opt/rustwide/workdir" "--user" "0:0" "f94582ddfa584c53c6f9ff769d42a16b957c398f4d990348afc4395f8f52447c" "/opt/rustwide/cargo-home/bin/cargo" "+3154cc1a3e6424e44f438a95007d043ed5ceaaf6" "metadata" "--no-deps" "--format-version=1", kill_on_drop: false }`
[INFO] running `Command { std: "docker" "inspect" "f94582ddfa584c53c6f9ff769d42a16b957c398f4d990348afc4395f8f52447c", kill_on_drop: false }`
[INFO] running `Command { std: "docker" "exec" "-e" "SOURCE_DIR=/opt/rustwide/workdir" "-e" "CARGO_HOME=/opt/rustwide/cargo-home" "-e" "RUSTUP_HOME=/opt/rustwide/rustup-home" "-e" "CARGO_TARGET_DIR=/opt/rustwide/target" "-e" "CARGO_INCREMENTAL=0" "-e" "RUST_BACKTRACE=full" "-e" "RUSTFLAGS=--cap-lints=forbid" "-e" "RUSTDOCFLAGS=--cap-lints=forbid" "-w" "/opt/rustwide/workdir" "--user" "0:0" "f94582ddfa584c53c6f9ff769d42a16b957c398f4d990348afc4395f8f52447c" "/opt/rustwide/cargo-home/bin/cargo" "+3154cc1a3e6424e44f438a95007d043ed5ceaaf6" "check" "--frozen" "--all" "--all-targets" "--message-format=json", kill_on_drop: false }`
[INFO] [stderr]    Compiling proc-macro2 v1.0.107
[INFO] [stderr]    Compiling quote v1.0.47
[INFO] [stderr]     Checking bitflags v2.13.1
[INFO] [stderr]    Compiling inotify-sys v0.1.8
[INFO] [stderr]    Compiling serde_core v1.0.229
[INFO] [stderr]    Compiling nix v0.31.3
[INFO] [stderr]     Checking mio v1.2.1
[INFO] [stderr]    Compiling serde_json v1.0.151
[INFO] [stderr]     Checking notify-types v2.1.0
[INFO] [stderr]     Checking inotify v0.11.5
[INFO] [stderr]     Checking notify v8.2.0
[INFO] [stderr]    Compiling syn v3.0.3
[INFO] [stderr]     Checking ctrlc v3.5.2
[INFO] [stderr]     Checking uuid v1.25.0
[INFO] [stderr]    Compiling serde_derive v1.0.229
[INFO] [stderr]     Checking serde v1.0.229
[INFO] [stderr]     Checking chrono v0.4.45
[INFO] [stderr]     Checking shotvault v1.0.0 (/opt/rustwide/workdir)
[INFO] [stdout] error[E0433]: cannot find module or crate `objc2` in this scope
[INFO] [stdout]   --> src/bookmark.rs:15:5
[INFO] [stdout]    |
[INFO] [stdout] 15 | use objc2::rc::Retained;
[INFO] [stdout]    |     ^^^^^ use of unresolved module or unlinked crate `objc2`
[INFO] [stdout]    |
[INFO] [stdout]    = help: if you wanted to use a crate named `objc2`, use `cargo add objc2` to add it to your `Cargo.toml`
[INFO] [stdout] 
[INFO] [stdout] 
[INFO] [stdout] error[E0433]: cannot find module or crate `objc2` in this scope
[INFO] [stdout]   --> src/bookmark.rs:16:5
[INFO] [stdout]    |
[INFO] [stdout] 16 | use objc2::runtime::Bool;
[INFO] [stdout]    |     ^^^^^ use of unresolved module or unlinked crate `objc2`
[INFO] [stdout]    |
[INFO] [stdout]    = help: if you wanted to use a crate named `objc2`, use `cargo add objc2` to add it to your `Cargo.toml`
[INFO] [stdout] 
[INFO] [stdout] 
[INFO] [stdout] error[E0432]: unresolved import `objc2_foundation`
[INFO] [stdout]   --> src/bookmark.rs:17:5
[INFO] [stdout]    |
[INFO] [stdout] 17 | use objc2_foundation::{
[INFO] [stdout]    |     ^^^^^^^^^^^^^^^^ use of unresolved module or unlinked crate `objc2_foundation`
[INFO] [stdout]    |
[INFO] [stdout]    = help: if you wanted to use a crate named `objc2_foundation`, use `cargo add objc2_foundation` to add it to your `Cargo.toml`
[INFO] [stdout] 
[INFO] [stdout] 
[INFO] [stdout] error[E0432]: unresolved import `crate::reveal`
[INFO] [stdout]   --> src/commands.rs:17:25
[INFO] [stdout]    |
[INFO] [stdout] 17 |     rebuild, retention, reveal,
[INFO] [stdout]    |                         ^^^^^^ no `reveal` in the root
[INFO] [stdout]    |
[INFO] [stdout] note: found an item that was configured out
[INFO] [stdout]   --> src/lib.rs:41:9
[INFO] [stdout]    |
[INFO] [stdout] 40 | #[cfg(target_os = "macos")]
[INFO] [stdout]    |       ------------------- the item is gated behind the `macos` feature
[INFO] [stdout] 41 | pub mod reveal;
[INFO] [stdout]    |         ^^^^^^
[INFO] [stdout] 
[INFO] [stdout] 
[INFO] [stdout] error[E0433]: cannot find module or crate `objc2` in this scope
[INFO] [stdout]  --> src/ocr.rs:8:5
[INFO] [stdout]   |
[INFO] [stdout] 8 | use objc2::{AnyThread, rc::Retained};
[INFO] [stdout]   |     ^^^^^ use of unresolved module or unlinked crate `objc2`
[INFO] [stdout]   |
[INFO] [stdout]   = help: if you wanted to use a crate named `objc2`, use `cargo add objc2` to add it to your `Cargo.toml`
[INFO] [stdout] 
[INFO] [stdout] 
[INFO] [stdout] error[E0432]: unresolved import `objc2`
[INFO] [stdout]  --> src/ocr.rs:8:5
[INFO] [stdout]   |
[INFO] [stdout] 8 | use objc2::{AnyThread, rc::Retained};
[INFO] [stdout]   |     ^^^^^ use of unresolved module or unlinked crate `objc2`
[INFO] [stdout]   |
[INFO] [stdout]   = help: if you wanted to use a crate named `objc2`, use `cargo add objc2` to add it to your `Cargo.toml`
[INFO] [stdout] 
[INFO] [stdout] 
[INFO] [stdout] error[E0432]: unresolved import `objc2_foundation`
[INFO] [stdout]  --> src/ocr.rs:9:5
[INFO] [stdout]   |
[INFO] [stdout] 9 | use objc2_foundation::{NSArray, NSDictionary, NSString, NSURL};
[INFO] [stdout]   |     ^^^^^^^^^^^^^^^^ use of unresolved module or unlinked crate `objc2_foundation`
[INFO] [stdout]   |
[INFO] [stdout]   = help: if you wanted to use a crate named `objc2_foundation`, use `cargo add objc2_foundation` to add it to your `Cargo.toml`
[INFO] [stdout] 
[INFO] [stdout] 
[INFO] [stdout] error[E0433]: cannot find module or crate `objc2` in this scope
[INFO] [stdout]  --> src/ocr/error.rs:3:5
[INFO] [stdout]   |
[INFO] [stdout] 3 | use objc2::rc::Retained;
[INFO] [stdout]   |     ^^^^^ use of unresolved module or unlinked crate `objc2`
[INFO] [stdout]   |
[INFO] [stdout]   = help: if you wanted to use a crate named `objc2`, use `cargo add objc2` to add it to your `Cargo.toml`
[INFO] [stdout] 
[INFO] [stdout] 
[INFO] [stdout] error[E0432]: unresolved import `objc2_vision`
[INFO] [stdout]   --> src/ocr.rs:10:5
[INFO] [stdout]    |
[INFO] [stdout] 10 | use objc2_vision::{
[INFO] [stdout]    |     ^^^^^^^^^^^^ use of unresolved module or unlinked crate `objc2_vision`
[INFO] [stdout]    |
[INFO] [stdout]    = help: if you wanted to use a crate named `objc2_vision`, use `cargo add objc2_vision` to add it to your `Cargo.toml`
[INFO] [stdout] 
[INFO] [stdout] 
[INFO] [stdout] error[E0432]: unresolved import `objc2_foundation`
[INFO] [stdout]  --> src/ocr/error.rs:4:5
[INFO] [stdout]   |
[INFO] [stdout] 4 | use objc2_foundation::NSError;
[INFO] [stdout]   |     ^^^^^^^^^^^^^^^^ use of unresolved module or unlinked crate `objc2_foundation`
[INFO] [stdout]   |
[INFO] [stdout]   = help: if you wanted to use a crate named `objc2_foundation`, use `cargo add objc2_foundation` to add it to your `Cargo.toml`
[INFO] [stdout] 
[INFO] [stdout] 
[INFO] [stdout] error[E0433]: cannot find module or crate `objc2_app_kit` in this scope
[INFO] [stdout]   --> src/source.rs:25:29
[INFO] [stdout]    |
[INFO] [stdout] 25 |         let frontmost_app = objc2_app_kit::NSWorkspace::sharedWorkspace().frontmostApplication();
[INFO] [stdout]    |                             ^^^^^^^^^^^^^ use of unresolved module or unlinked crate `objc2_app_kit`
[INFO] [stdout]    |
[INFO] [stdout]    = help: if you wanted to use a crate named `objc2_app_kit`, use `cargo add objc2_app_kit` to add it to your `Cargo.toml`
[INFO] [stdout] 
[INFO] [stdout] 
[INFO] [stdout] error[E0433]: cannot find module or crate `objc2` in this scope
[INFO] [stdout]   --> src/bookmark.rs:15:5
[INFO] [stdout]    |
[INFO] [stdout] 15 | use objc2::rc::Retained;
[INFO] [stdout]    |     ^^^^^ use of unresolved module or unlinked crate `objc2`
[INFO] [stdout]    |
[INFO] [stdout]    = help: if you wanted to use a crate named `objc2`, use `cargo add objc2` to add it to your `Cargo.toml`
[INFO] [stdout] 
[INFO] [stdout] 
[INFO] [stdout] error[E0433]: cannot find module or crate `objc2` in this scope
[INFO] [stdout]   --> src/bookmark.rs:16:5
[INFO] [stdout]    |
[INFO] [stdout] 16 | use objc2::runtime::Bool;
[INFO] [stdout]    |     ^^^^^ use of unresolved module or unlinked crate `objc2`
[INFO] [stdout]    |
[INFO] [stdout]    = help: if you wanted to use a crate named `objc2`, use `cargo add objc2` to add it to your `Cargo.toml`
[INFO] [stdout] 
[INFO] [stdout] 
[INFO] [stdout] error[E0432]: unresolved import `objc2_foundation`
[INFO] [stdout]   --> src/bookmark.rs:17:5
[INFO] [stdout]    |
[INFO] [stdout] 17 | use objc2_foundation::{
[INFO] [stdout]    |     ^^^^^^^^^^^^^^^^ use of unresolved module or unlinked crate `objc2_foundation`
[INFO] [stdout]    |
[INFO] [stdout]    = help: if you wanted to use a crate named `objc2_foundation`, use `cargo add objc2_foundation` to add it to your `Cargo.toml`
[INFO] [stdout] 
[INFO] [stdout] 
[INFO] [stdout] error[E0432]: unresolved import `crate::reveal`
[INFO] [stdout]   --> src/commands.rs:17:25
[INFO] [stdout]    |
[INFO] [stdout] 17 |     rebuild, retention, reveal,
[INFO] [stdout]    |                         ^^^^^^ no `reveal` in the root
[INFO] [stdout]    |
[INFO] [stdout] note: found an item that was configured out
[INFO] [stdout]   --> src/lib.rs:41:9
[INFO] [stdout]    |
[INFO] [stdout] 40 | #[cfg(target_os = "macos")]
[INFO] [stdout]    |       ------------------- the item is gated behind the `macos` feature
[INFO] [stdout] 41 | pub mod reveal;
[INFO] [stdout]    |         ^^^^^^
[INFO] [stdout] 
[INFO] [stdout] 
[INFO] [stdout] error[E0433]: cannot find module or crate `objc2` in this scope
[INFO] [stdout]  --> src/ocr.rs:8:5
[INFO] [stdout]   |
[INFO] [stdout] 8 | use objc2::{AnyThread, rc::Retained};
[INFO] [stdout]   |     ^^^^^ use of unresolved module or unlinked crate `objc2`
[INFO] [stdout]   |
[INFO] [stdout]   = help: if you wanted to use a crate named `objc2`, use `cargo add objc2` to add it to your `Cargo.toml`
[INFO] [stdout] 
[INFO] [stdout] 
[INFO] [stdout] error[E0432]: unresolved import `objc2`
[INFO] [stdout]  --> src/ocr.rs:8:5
[INFO] [stdout]   |
[INFO] [stdout] 8 | use objc2::{AnyThread, rc::Retained};
[INFO] [stdout]   |     ^^^^^ use of unresolved module or unlinked crate `objc2`
[INFO] [stdout]   |
[INFO] [stdout]   = help: if you wanted to use a crate named `objc2`, use `cargo add objc2` to add it to your `Cargo.toml`
[INFO] [stdout] 
[INFO] [stdout] 
[INFO] [stdout] error[E0432]: unresolved import `objc2_foundation`
[INFO] [stdout]  --> src/ocr.rs:9:5
[INFO] [stdout]   |
[INFO] [stdout] 9 | use objc2_foundation::{NSArray, NSDictionary, NSString, NSURL};
[INFO] [stdout]   |     ^^^^^^^^^^^^^^^^ use of unresolved module or unlinked crate `objc2_foundation`
[INFO] [stdout]   |
[INFO] [stdout]   = help: if you wanted to use a crate named `objc2_foundation`, use `cargo add objc2_foundation` to add it to your `Cargo.toml`
[INFO] [stdout] 
[INFO] [stdout] 
[INFO] [stdout] error[E0433]: cannot find module or crate `objc2` in this scope
[INFO] [stdout]  --> src/ocr/error.rs:3:5
[INFO] [stdout]   |
[INFO] [stdout] 3 | use objc2::rc::Retained;
[INFO] [stdout]   |     ^^^^^ use of unresolved module or unlinked crate `objc2`
[INFO] [stdout]   |
[INFO] [stdout]   = help: if you wanted to use a crate named `objc2`, use `cargo add objc2` to add it to your `Cargo.toml`
[INFO] [stdout] 
[INFO] [stdout] 
[INFO] [stdout] error[E0432]: unresolved import `objc2_vision`
[INFO] [stdout]   --> src/ocr.rs:10:5
[INFO] [stdout]    |
[INFO] [stdout] 10 | use objc2_vision::{
[INFO] [stdout]    |     ^^^^^^^^^^^^ use of unresolved module or unlinked crate `objc2_vision`
[INFO] [stdout]    |
[INFO] [stdout]    = help: if you wanted to use a crate named `objc2_vision`, use `cargo add objc2_vision` to add it to your `Cargo.toml`
[INFO] [stdout] 
[INFO] [stdout] 
[INFO] [stdout] error[E0432]: unresolved import `objc2_foundation`
[INFO] [stdout]  --> src/ocr/error.rs:4:5
[INFO] [stdout]   |
[INFO] [stdout] 4 | use objc2_foundation::NSError;
[INFO] [stdout]   |     ^^^^^^^^^^^^^^^^ use of unresolved module or unlinked crate `objc2_foundation`
[INFO] [stdout]   |
[INFO] [stdout]   = help: if you wanted to use a crate named `objc2_foundation`, use `cargo add objc2_foundation` to add it to your `Cargo.toml`
[INFO] [stdout] 
[INFO] [stdout] 
[INFO] [stdout] error[E0433]: cannot find module or crate `objc2_app_kit` in this scope
[INFO] [stdout]   --> src/source.rs:25:29
[INFO] [stdout]    |
[INFO] [stdout] 25 |         let frontmost_app = objc2_app_kit::NSWorkspace::sharedWorkspace().frontmostApplication();
[INFO] [stdout]    |                             ^^^^^^^^^^^^^ use of unresolved module or unlinked crate `objc2_app_kit`
[INFO] [stdout]    |
[INFO] [stdout]    = help: if you wanted to use a crate named `objc2_app_kit`, use `cargo add objc2_app_kit` to add it to your `Cargo.toml`
[INFO] [stdout] 
[INFO] [stdout] 
[INFO] [stdout] Some errors have detailed explanations: E0432, E0433.
[INFO] [stdout] 
[INFO] [stdout] For more information about an error, try `rustc --explain E0432`.
[INFO] [stdout] 
[INFO] [stderr] error: could not compile `shotvault` (lib) due to 11 previous errors
[INFO] [stderr] warning: build failed, waiting for other jobs to finish...
[INFO] [stdout] Some errors have detailed explanations: E0432, E0433.
[INFO] [stdout] 
[INFO] [stdout] For more information about an error, try `rustc --explain E0432`.
[INFO] [stdout] 
[INFO] [stderr] error: could not compile `shotvault` (lib test) due to 11 previous errors
[INFO] running `Command { std: "docker" "inspect" "f94582ddfa584c53c6f9ff769d42a16b957c398f4d990348afc4395f8f52447c", kill_on_drop: false }`
[INFO] running `Command { std: "docker" "rm" "-f" "f94582ddfa584c53c6f9ff769d42a16b957c398f4d990348afc4395f8f52447c", kill_on_drop: false }`
[INFO] [stdout] f94582ddfa584c53c6f9ff769d42a16b957c398f4d990348afc4395f8f52447c
