[INFO] cloning repository https://github.com/SebastianSpeitel/aether
[INFO] running `Command { std: "git" "-c" "credential.helper=" "-c" "credential.helper=/workspace/cargo-home/bin/git-credential-null" "clone" "--bare" "https://github.com/SebastianSpeitel/aether" "/workspace/cache/git-repos/https%3A%2F%2Fgithub.com%2FSebastianSpeitel%2Faether", kill_on_drop: false }`
[INFO] [stderr] Cloning into bare repository '/workspace/cache/git-repos/https%3A%2F%2Fgithub.com%2FSebastianSpeitel%2Faether'...
[INFO] running `Command { std: "git" "rev-parse" "HEAD", kill_on_drop: false }`
[INFO] [stdout] babea35f88a6317c92b91d4701f35e918ecdeefa
[INFO] checking SebastianSpeitel/aether against 3154cc1a3e6424e44f438a95007d043ed5ceaaf6+rustflags=-Znext-solver=coherence for pr-133502-30
[INFO] running `Command { std: "git" "clone" "/workspace/cache/git-repos/https%3A%2F%2Fgithub.com%2FSebastianSpeitel%2Faether" "/workspace/builds/worker-2-tc1/source", kill_on_drop: false }`
[INFO] [stderr] Cloning into '/workspace/builds/worker-2-tc1/source'...
[INFO] [stderr] done.
[INFO] started tweaking git repo https://github.com/SebastianSpeitel/aether
[INFO] finished tweaking git repo https://github.com/SebastianSpeitel/aether
[INFO] tweaked toml for git repo https://github.com/SebastianSpeitel/aether written to /workspace/builds/worker-2-tc1/source/Cargo.toml
[INFO] validating manifest of git repo https://github.com/SebastianSpeitel/aether on toolchain 3154cc1a3e6424e44f438a95007d043ed5ceaaf6
[INFO] running `Command { std: CARGO_HOME="/workspace/cargo-home" RUSTUP_HOME="/workspace/rustup-home" "/workspace/cargo-home/bin/cargo" "+3154cc1a3e6424e44f438a95007d043ed5ceaaf6" "metadata" "--manifest-path" "Cargo.toml" "--no-deps", kill_on_drop: false }`
[INFO] running `Command { std: CARGO_HOME="/workspace/cargo-home" RUSTUP_HOME="/workspace/rustup-home" "/workspace/cargo-home/bin/cargo" "+3154cc1a3e6424e44f438a95007d043ed5ceaaf6" "generate-lockfile" "--manifest-path" "Cargo.toml", kill_on_drop: false }`
[INFO] [stderr]     Updating crates.io index
[INFO] [stderr]     Updating git repository `https://github.com/SebastianSpeitel/avr-hal`
[INFO] [stderr]      Locking 199 packages to highest compatible versions
[INFO] [stderr]       Adding svd-encoder v0.14.7 (available: v0.14.8)
[INFO] [stderr]       Adding svd-parser v0.14.9 (available: v0.14.10)
[INFO] [stderr]       Adding svd-rs v0.14.12 (available: v0.14.13)
[INFO] running `Command { std: CARGO_HOME="/workspace/cargo-home" RUSTUP_HOME="/workspace/rustup-home" "/workspace/cargo-home/bin/cargo" "+3154cc1a3e6424e44f438a95007d043ed5ceaaf6" "fetch" "--manifest-path" "Cargo.toml", kill_on_drop: false }`
[INFO] [stderr]  Downloading crates ...
[INFO] [stderr]   Downloaded cfg-if v1.0.5
[INFO] [stderr]   Downloaded rand_xorshift v0.5.0
[INFO] [stderr]   Downloaded wasm-bindgen-shared v0.2.129
[INFO] [stderr]   Downloaded yoke-derive v0.8.4
[INFO] [stderr]   Downloaded xmltree v0.11.0
[INFO] [stderr]   Downloaded avr-device-macros v0.9.0
[INFO] [stderr]   Downloaded embedded-storage v0.2.0
[INFO] [stderr]   Downloaded svd-encoder v0.14.7
[INFO] [stderr]   Downloaded ufmt-macros v0.3.0
[INFO] [stderr]   Downloaded wasm-bindgen-macro v0.2.129
[INFO] [stderr]   Downloaded unwrap-infallible v0.1.5
[INFO] [stderr]   Downloaded embedded-hal-bus v0.1.0
[INFO] [stderr]   Downloaded xmltree v0.10.3
[INFO] [stderr]   Downloaded find-msvc-tools v0.1.14
[INFO] [stderr]   Downloaded svd-parser v0.14.9
[INFO] [stderr]   Downloaded normpath v1.5.2
[INFO] [stderr]   Downloaded bare-metal v1.0.0
[INFO] [stderr]   Downloaded svd-rs v0.14.12
[INFO] [stderr]   Downloaded atdf2svd v0.5.1
[INFO] [stderr]   Downloaded either v1.19.0
[INFO] [stderr]   Downloaded arraydeque v0.5.1
[INFO] [stderr]   Downloaded commands v0.0.5
[INFO] [stderr]   Downloaded bit-set v0.11.1
[INFO] [stderr]   Downloaded smallvec v1.16.3
[INFO] [stderr]   Downloaded bit-vec v0.10.1
[INFO] [stderr]   Downloaded borsh-derive v1.8.1
[INFO] [stderr]   Downloaded toml_parser v1.1.5+spec-1.1.0
[INFO] [stderr]   Downloaded toml_datetime v1.1.2+spec-1.1.0
[INFO] [stderr]   Downloaded unicode-ident v1.0.26
[INFO] [stderr]   Downloaded wasm-bindgen v0.2.129
[INFO] [stderr]   Downloaded yaml-rust2 v0.10.4
[INFO] [stderr]   Downloaded toml_edit v0.25.17+spec-1.1.0
[INFO] [stderr]   Downloaded svdtools v0.5.0
[INFO] [stderr]   Downloaded svd2rust v0.37.1
[INFO] [stderr]   Downloaded js-sys v0.3.106
[INFO] [stderr]   Downloaded cc v1.7.0
[INFO] [stderr]   Downloaded wasm-bindgen-macro-support v0.2.129
[INFO] [stderr]   Downloaded proptest v1.12.0
[INFO] [stderr]   Downloaded zerocopy-derive v0.8.62
[INFO] [stderr]   Downloaded ufmt v0.2.0
[INFO] [stderr]   Downloaded serde_json v1.0.152
[INFO] [stderr]   Downloaded syn v3.0.7
[INFO] [stderr]   Downloaded rustix v1.1.5
[INFO] [stderr]   Downloaded zerocopy v0.8.62
[INFO] [stderr]   Downloaded encoding_rs v0.8.42
[INFO] [stderr]   Downloaded web-sys v0.3.106
[INFO] [stderr]   Downloaded libc v0.2.190
[INFO] [stderr]   Downloaded avr-device v0.9.0
[INFO] running `Command { std: "docker" "create" "-v" "/var/lib/crater-agent-workspace/builds/worker-2-tc1/source:/opt/rustwide/workdir:ro,Z" "-v" "/var/lib/crater-agent-workspace/builds/worker-2-tc1/target:/opt/rustwide/target:rw,Z" "-v" "/var/lib/crater-agent-workspace/cargo-home:/opt/rustwide/cargo-home:ro,Z" "-v" "/var/lib/crater-agent-workspace/rustup-home:/opt/rustwide/rustup-home:ro,Z" "-m" "1610612736" "--network" "none" "ghcr.io/rust-lang/crates-build-env/linux@sha256:77db811e55d90add9212f6832c23229e3de5f1c1f9905e8cb07319ea15df73ac" "sleep" "infinity", kill_on_drop: false }`
[INFO] [stdout] 716c78c16d5d126886c211cd1f708f3616d22f727f873abf9487f8f85c5c2f13
[INFO] running `Command { std: "docker" "start" "716c78c16d5d126886c211cd1f708f3616d22f727f873abf9487f8f85c5c2f13", kill_on_drop: false }`
[INFO] running `Command { std: "docker" "inspect" "716c78c16d5d126886c211cd1f708f3616d22f727f873abf9487f8f85c5c2f13", kill_on_drop: false }`
[INFO] running `Command { std: "docker" "exec" "-e" "SOURCE_DIR=/opt/rustwide/workdir" "-e" "CARGO_HOME=/opt/rustwide/cargo-home" "-e" "RUSTUP_HOME=/opt/rustwide/rustup-home" "-e" "CARGO_TARGET_DIR=/opt/rustwide/target" "-w" "/opt/rustwide/workdir" "--user" "0:0" "716c78c16d5d126886c211cd1f708f3616d22f727f873abf9487f8f85c5c2f13" "/opt/rustwide/cargo-home/bin/cargo" "+3154cc1a3e6424e44f438a95007d043ed5ceaaf6" "metadata" "--no-deps" "--format-version=1", kill_on_drop: false }`
[INFO] running `Command { std: "docker" "inspect" "716c78c16d5d126886c211cd1f708f3616d22f727f873abf9487f8f85c5c2f13", kill_on_drop: false }`
[INFO] running `Command { std: "docker" "exec" "-e" "SOURCE_DIR=/opt/rustwide/workdir" "-e" "CARGO_HOME=/opt/rustwide/cargo-home" "-e" "RUSTUP_HOME=/opt/rustwide/rustup-home" "-e" "CARGO_TARGET_DIR=/opt/rustwide/target" "-e" "CARGO_INCREMENTAL=0" "-e" "RUST_BACKTRACE=full" "-e" "RUSTFLAGS=--cap-lints=forbid -Znext-solver=coherence" "-e" "RUSTDOCFLAGS=--cap-lints=forbid" "-w" "/opt/rustwide/workdir" "--user" "0:0" "716c78c16d5d126886c211cd1f708f3616d22f727f873abf9487f8f85c5c2f13" "/opt/rustwide/cargo-home/bin/cargo" "+3154cc1a3e6424e44f438a95007d043ed5ceaaf6" "check" "--frozen" "--all" "--all-targets" "--message-format=json", kill_on_drop: false }`
[INFO] [stderr]     Checking aether-core v0.1.0 (/opt/rustwide/workdir/crates/core)
[INFO] [stderr]     Checking delta_encoding v0.1.0 (/opt/rustwide/workdir/crates/delta_encoding)
[INFO] [stderr]     Checking aether-platform v0.1.0 (/opt/rustwide/workdir/crates/platform)
[INFO] [stderr]     Checking aether-task v0.1.0 (/opt/rustwide/workdir/crates/task)
[INFO] [stdout] error[E0433]: cannot find module or crate `proptest` in this scope
[INFO] [stdout]    --> crates/delta_encoding/src/bitring.rs:193:9
[INFO] [stdout]     |
[INFO] [stdout] 193 |     use proptest::prelude::*;
[INFO] [stdout]     |         ^^^^^^^^ use of unresolved module or unlinked crate `proptest`
[INFO] [stdout]     |
[INFO] [stdout]     = help: if you wanted to use a crate named `proptest`, use `cargo add proptest` to add it to your `Cargo.toml`
[INFO] [stdout] 
[INFO] [stdout] 
[INFO] [stdout] error[E0433]: cannot find module or crate `proptest` in this scope
[INFO] [stdout]    --> crates/delta_encoding/src/encoding.rs:255:9
[INFO] [stdout]     |
[INFO] [stdout] 255 |     use proptest::prelude::*;
[INFO] [stdout]     |         ^^^^^^^^ use of unresolved module or unlinked crate `proptest`
[INFO] [stdout]     |
[INFO] [stdout]     = help: if you wanted to use a crate named `proptest`, use `cargo add proptest` to add it to your `Cargo.toml`
[INFO] [stdout] 
[INFO] [stdout] 
[INFO] [stdout] error[E0433]: cannot find module or crate `proptest` in this scope
[INFO] [stdout]    --> crates/delta_encoding/src/primitive.rs:282:9
[INFO] [stdout]     |
[INFO] [stdout] 282 |     use proptest::prelude::*;
[INFO] [stdout]     |         ^^^^^^^^ use of unresolved module or unlinked crate `proptest`
[INFO] [stdout]     |
[INFO] [stdout]     = help: if you wanted to use a crate named `proptest`, use `cargo add proptest` to add it to your `Cargo.toml`
[INFO] [stdout] 
[INFO] [stdout] 
[INFO] [stdout] error: cannot find macro `proptest` in this scope
[INFO] [stdout]    --> crates/delta_encoding/src/bitring.rs:196:5
[INFO] [stdout]     |
[INFO] [stdout] 196 |     proptest! {
[INFO] [stdout]     |     ^^^^^^^^
[INFO] [stdout] 
[INFO] [stdout] 
[INFO] [stdout] error: cannot find macro `proptest` in this scope
[INFO] [stdout]    --> crates/delta_encoding/src/encoding.rs:257:5
[INFO] [stdout]     |
[INFO] [stdout] 257 |     proptest! {
[INFO] [stdout]     |     ^^^^^^^^
[INFO] [stdout] 
[INFO] [stdout] 
[INFO] [stdout] error: cannot find macro `proptest` in this scope
[INFO] [stdout]    --> crates/delta_encoding/src/primitive.rs:284:5
[INFO] [stdout]     |
[INFO] [stdout] 284 |     proptest! {
[INFO] [stdout]     |     ^^^^^^^^
[INFO] [stdout] 
[INFO] [stdout] 
[INFO] [stdout] warning: unused import: `super::*`
[INFO] [stdout]    --> crates/delta_encoding/src/bitring.rs:192:9
[INFO] [stdout]     |
[INFO] [stdout] 192 |     use super::*;
[INFO] [stdout]     |         ^^^^^^^^
[INFO] [stdout]     |
[INFO] [stdout]     = note: `#[warn(unused_imports)]` (part of `#[warn(unused)]`) on by default
[INFO] [stdout] 
[INFO] [stdout] 
[INFO] [stdout] warning: unused import: `std::vec::Vec`
[INFO] [stdout]    --> crates/delta_encoding/src/bitring.rs:194:9
[INFO] [stdout]     |
[INFO] [stdout] 194 |     use std::vec::Vec;
[INFO] [stdout]     |         ^^^^^^^^^^^^^
[INFO] [stdout] 
[INFO] [stdout] 
[INFO] [stdout] warning: unused import: `super::*`
[INFO] [stdout]    --> crates/delta_encoding/src/encoding.rs:254:9
[INFO] [stdout]     |
[INFO] [stdout] 254 |     use super::*;
[INFO] [stdout]     |         ^^^^^^^^
[INFO] [stdout] 
[INFO] [stdout] 
[INFO] [stdout] warning: unused import: `super::*`
[INFO] [stdout]    --> crates/delta_encoding/src/primitive.rs:281:9
[INFO] [stdout]     |
[INFO] [stdout] 281 |     use super::*;
[INFO] [stdout]     |         ^^^^^^^^
[INFO] [stdout] 
[INFO] [stdout] 
[INFO] [stderr]     Checking aether-time v0.1.0 (/opt/rustwide/workdir/crates/time)
[INFO] [stdout] For more information about this error, try `rustc --explain E0433`.
[INFO] [stdout] 
[INFO] [stderr] error: could not compile `delta_encoding` (lib test) due to 6 previous errors; 4 warnings emitted
[INFO] running `Command { std: "docker" "inspect" "716c78c16d5d126886c211cd1f708f3616d22f727f873abf9487f8f85c5c2f13", kill_on_drop: false }`
[INFO] running `Command { std: "docker" "rm" "-f" "716c78c16d5d126886c211cd1f708f3616d22f727f873abf9487f8f85c5c2f13", kill_on_drop: false }`
[INFO] [stdout] 716c78c16d5d126886c211cd1f708f3616d22f727f873abf9487f8f85c5c2f13
