[INFO] cloning repository https://github.com/Sdeveandteam/rust-poc-lab
[INFO] running `Command { std: "git" "-c" "credential.helper=" "-c" "credential.helper=/workspace/cargo-home/bin/git-credential-null" "clone" "--bare" "https://github.com/Sdeveandteam/rust-poc-lab" "/workspace/cache/git-repos/https%3A%2F%2Fgithub.com%2FSdeveandteam%2Frust-poc-lab", kill_on_drop: false }`
[INFO] [stderr] Cloning into bare repository '/workspace/cache/git-repos/https%3A%2F%2Fgithub.com%2FSdeveandteam%2Frust-poc-lab'...
[INFO] running `Command { std: "git" "rev-parse" "HEAD", kill_on_drop: false }`
[INFO] [stdout] 1b29c7b12b4d0347d221c3eaeaac61fad593acb3
[INFO] checking Sdeveandteam/rust-poc-lab against 3154cc1a3e6424e44f438a95007d043ed5ceaaf6 for pr-133502-30
[INFO] running `Command { std: "git" "clone" "/workspace/cache/git-repos/https%3A%2F%2Fgithub.com%2FSdeveandteam%2Frust-poc-lab" "/workspace/builds/worker-2-tc2/source", kill_on_drop: false }`
[INFO] [stderr] Cloning into '/workspace/builds/worker-2-tc2/source'...
[INFO] [stderr] done.
[INFO] started tweaking git repo https://github.com/Sdeveandteam/rust-poc-lab
[INFO] finished tweaking git repo https://github.com/Sdeveandteam/rust-poc-lab
[INFO] tweaked toml for git repo https://github.com/Sdeveandteam/rust-poc-lab written to /workspace/builds/worker-2-tc2/source/Cargo.toml
[INFO] validating manifest of git repo https://github.com/Sdeveandteam/rust-poc-lab on toolchain 3154cc1a3e6424e44f438a95007d043ed5ceaaf6
[INFO] running `Command { std: CARGO_HOME="/workspace/cargo-home" RUSTUP_HOME="/workspace/rustup-home" "/workspace/cargo-home/bin/cargo" "+3154cc1a3e6424e44f438a95007d043ed5ceaaf6" "metadata" "--manifest-path" "Cargo.toml" "--no-deps", kill_on_drop: false }`
[INFO] crate git repo https://github.com/Sdeveandteam/rust-poc-lab already has a lockfile, it will not be regenerated
[INFO] running `Command { std: CARGO_HOME="/workspace/cargo-home" RUSTUP_HOME="/workspace/rustup-home" "/workspace/cargo-home/bin/cargo" "+3154cc1a3e6424e44f438a95007d043ed5ceaaf6" "fetch" "--manifest-path" "Cargo.toml", kill_on_drop: false }`
[INFO] [stderr]     Updating crates.io index
[INFO] [stderr]      Locking 5 packages to highest compatible versions
[INFO] [stderr]       Adding ascii v1.1.0
[INFO] [stderr]       Adding chunked_transfer v1.5.0
[INFO] [stderr]       Adding httpdate v1.0.3
[INFO] [stderr]       Adding log v0.4.34
[INFO] [stderr]       Adding tiny_http v0.12.0
[INFO] running `Command { std: "docker" "create" "-v" "/var/lib/crater-agent-workspace/builds/worker-2-tc2/source:/opt/rustwide/workdir:ro,Z" "-v" "/var/lib/crater-agent-workspace/builds/worker-2-tc2/target:/opt/rustwide/target:rw,Z" "-v" "/var/lib/crater-agent-workspace/cargo-home:/opt/rustwide/cargo-home:ro,Z" "-v" "/var/lib/crater-agent-workspace/rustup-home:/opt/rustwide/rustup-home:ro,Z" "-m" "1610612736" "--network" "none" "ghcr.io/rust-lang/crates-build-env/linux@sha256:77db811e55d90add9212f6832c23229e3de5f1c1f9905e8cb07319ea15df73ac" "sleep" "infinity", kill_on_drop: false }`
[INFO] [stdout] affea6af69d04ead5a7d24fb0c000e8c178220139c22108690de6cd3fd42907a
[INFO] running `Command { std: "docker" "start" "affea6af69d04ead5a7d24fb0c000e8c178220139c22108690de6cd3fd42907a", kill_on_drop: false }`
[INFO] running `Command { std: "docker" "inspect" "affea6af69d04ead5a7d24fb0c000e8c178220139c22108690de6cd3fd42907a", kill_on_drop: false }`
[INFO] running `Command { std: "docker" "exec" "-e" "SOURCE_DIR=/opt/rustwide/workdir" "-e" "CARGO_HOME=/opt/rustwide/cargo-home" "-e" "RUSTUP_HOME=/opt/rustwide/rustup-home" "-e" "CARGO_TARGET_DIR=/opt/rustwide/target" "-w" "/opt/rustwide/workdir" "--user" "0:0" "affea6af69d04ead5a7d24fb0c000e8c178220139c22108690de6cd3fd42907a" "/opt/rustwide/cargo-home/bin/cargo" "+3154cc1a3e6424e44f438a95007d043ed5ceaaf6" "metadata" "--no-deps" "--format-version=1", kill_on_drop: false }`
[INFO] running `Command { std: "docker" "inspect" "affea6af69d04ead5a7d24fb0c000e8c178220139c22108690de6cd3fd42907a", kill_on_drop: false }`
[INFO] running `Command { std: "docker" "exec" "-e" "SOURCE_DIR=/opt/rustwide/workdir" "-e" "CARGO_HOME=/opt/rustwide/cargo-home" "-e" "RUSTUP_HOME=/opt/rustwide/rustup-home" "-e" "CARGO_TARGET_DIR=/opt/rustwide/target" "-e" "CARGO_INCREMENTAL=0" "-e" "RUST_BACKTRACE=full" "-e" "RUSTFLAGS=--cap-lints=forbid" "-e" "RUSTDOCFLAGS=--cap-lints=forbid" "-w" "/opt/rustwide/workdir" "--user" "0:0" "affea6af69d04ead5a7d24fb0c000e8c178220139c22108690de6cd3fd42907a" "/opt/rustwide/cargo-home/bin/cargo" "+3154cc1a3e6424e44f438a95007d043ed5ceaaf6" "check" "--frozen" "--all" "--all-targets" "--message-format=json", kill_on_drop: false }`
[INFO] [stderr]     Checking log v0.4.34
[INFO] [stderr]     Checking chunked_transfer v1.5.0
[INFO] [stderr]     Checking ascii v1.1.0
[INFO] [stderr]     Checking tiny_http v0.12.0
[INFO] [stderr]     Checking c2_server v0.1.0 (/opt/rustwide/workdir)
[INFO] [stdout] error[E0433]: cannot find module or crate `rayon` in this scope
[INFO] [stdout]  --> src/main.rs:9:5
[INFO] [stdout]   |
[INFO] [stdout] 9 | use rayon::prelude::*; // Diperlukan untuk parallel iteration
[INFO] [stdout]   |     ^^^^^ use of unresolved module or unlinked crate `rayon`
[INFO] [stdout]   |
[INFO] [stdout]   = help: if you wanted to use a crate named `rayon`, use `cargo add rayon` to add it to your `Cargo.toml`
[INFO] [stdout] 
[INFO] [stdout] 
[INFO] [stdout] error[E0433]: cannot find module or crate `chacha20poly1305` in this scope
[INFO] [stdout]  --> src/main.rs:4:5
[INFO] [stdout]   |
[INFO] [stdout] 4 | use chacha20poly1305::{
[INFO] [stdout]   |     ^^^^^^^^^^^^^^^^ use of unresolved module or unlinked crate `chacha20poly1305`
[INFO] [stdout]   |
[INFO] [stdout]   = help: if you wanted to use a crate named `chacha20poly1305`, use `cargo add chacha20poly1305` to add it to your `Cargo.toml`
[INFO] [stdout] 
[INFO] [stdout] 
[INFO] [stdout] error[E0432]: unresolved import `chacha20poly1305`
[INFO] [stdout]  --> src/main.rs:4:5
[INFO] [stdout]   |
[INFO] [stdout] 4 | use chacha20poly1305::{
[INFO] [stdout]   |     ^^^^^^^^^^^^^^^^ use of unresolved module or unlinked crate `chacha20poly1305`
[INFO] [stdout]   |
[INFO] [stdout]   = help: if you wanted to use a crate named `chacha20poly1305`, use `cargo add chacha20poly1305` to add it to your `Cargo.toml`
[INFO] [stdout] 
[INFO] [stdout] 
[INFO] [stdout] error[E0432]: unresolved import `rand`
[INFO] [stdout]  --> src/main.rs:8:5
[INFO] [stdout]   |
[INFO] [stdout] 8 | use rand::RngCore;
[INFO] [stdout]   |     ^^^^ use of unresolved module or unlinked crate `rand`
[INFO] [stdout]   |
[INFO] [stdout]   = help: if you wanted to use a crate named `rand`, use `cargo add rand` to add it to your `Cargo.toml`
[INFO] [stdout] 
[INFO] [stdout] 
[INFO] [stdout] error[E0432]: unresolved import `rsa`
[INFO] [stdout]   --> src/main.rs:10:5
[INFO] [stdout]    |
[INFO] [stdout] 10 | use rsa::{Oaep, RsaPrivateKey, RsaPublicKey};
[INFO] [stdout]    |     ^^^ use of unresolved module or unlinked crate `rsa`
[INFO] [stdout]    |
[INFO] [stdout]    = help: if you wanted to use a crate named `rsa`, use `cargo add rsa` to add it to your `Cargo.toml`
[INFO] [stdout] 
[INFO] [stdout] 
[INFO] [stdout] error[E0432]: unresolved import `sha2`
[INFO] [stdout]   --> src/main.rs:11:5
[INFO] [stdout]    |
[INFO] [stdout] 11 | use sha2::Sha256;
[INFO] [stdout]    |     ^^^^ use of unresolved module or unlinked crate `sha2`
[INFO] [stdout]    |
[INFO] [stdout]    = help: if you wanted to use a crate named `sha2`, use `cargo add sha2` to add it to your `Cargo.toml`
[INFO] [stdout] 
[INFO] [stdout] 
[INFO] [stdout] error[E0432]: unresolved import `walkdir`
[INFO] [stdout]   --> src/main.rs:16:5
[INFO] [stdout]    |
[INFO] [stdout] 16 | use walkdir::WalkDir;
[INFO] [stdout]    |     ^^^^^^^ use of unresolved module or unlinked crate `walkdir`
[INFO] [stdout]    |
[INFO] [stdout]    = help: if you wanted to use a crate named `walkdir`, use `cargo add walkdir` to add it to your `Cargo.toml`
[INFO] [stdout] 
[INFO] [stdout] 
[INFO] [stdout] error[E0433]: cannot find module or crate `rayon` in this scope
[INFO] [stdout]  --> src/main.rs:9:5
[INFO] [stdout]   |
[INFO] [stdout] 9 | use rayon::prelude::*; // Diperlukan untuk parallel iteration
[INFO] [stdout]   |     ^^^^^ use of unresolved module or unlinked crate `rayon`
[INFO] [stdout]   |
[INFO] [stdout]   = help: if you wanted to use a crate named `rayon`, use `cargo add rayon` to add it to your `Cargo.toml`
[INFO] [stdout] 
[INFO] [stdout] 
[INFO] [stdout] error[E0433]: cannot find module or crate `chacha20poly1305` in this scope
[INFO] [stdout]  --> src/main.rs:4:5
[INFO] [stdout]   |
[INFO] [stdout] 4 | use chacha20poly1305::{
[INFO] [stdout]   |     ^^^^^^^^^^^^^^^^ use of unresolved module or unlinked crate `chacha20poly1305`
[INFO] [stdout]   |
[INFO] [stdout]   = help: if you wanted to use a crate named `chacha20poly1305`, use `cargo add chacha20poly1305` to add it to your `Cargo.toml`
[INFO] [stdout] 
[INFO] [stdout] 
[INFO] [stdout] error[E0432]: unresolved import `chacha20poly1305`
[INFO] [stdout]  --> src/main.rs:4:5
[INFO] [stdout]   |
[INFO] [stdout] 4 | use chacha20poly1305::{
[INFO] [stdout]   |     ^^^^^^^^^^^^^^^^ use of unresolved module or unlinked crate `chacha20poly1305`
[INFO] [stdout]   |
[INFO] [stdout]   = help: if you wanted to use a crate named `chacha20poly1305`, use `cargo add chacha20poly1305` to add it to your `Cargo.toml`
[INFO] [stdout] 
[INFO] [stdout] 
[INFO] [stdout] error[E0432]: unresolved import `rand`
[INFO] [stdout]  --> src/main.rs:8:5
[INFO] [stdout]   |
[INFO] [stdout] 8 | use rand::RngCore;
[INFO] [stdout]   |     ^^^^ use of unresolved module or unlinked crate `rand`
[INFO] [stdout]   |
[INFO] [stdout]   = help: if you wanted to use a crate named `rand`, use `cargo add rand` to add it to your `Cargo.toml`
[INFO] [stdout] 
[INFO] [stdout] 
[INFO] [stdout] error[E0432]: unresolved import `rsa`
[INFO] [stdout]   --> src/main.rs:10:5
[INFO] [stdout]    |
[INFO] [stdout] 10 | use rsa::{Oaep, RsaPrivateKey, RsaPublicKey};
[INFO] [stdout]    |     ^^^ use of unresolved module or unlinked crate `rsa`
[INFO] [stdout]    |
[INFO] [stdout]    = help: if you wanted to use a crate named `rsa`, use `cargo add rsa` to add it to your `Cargo.toml`
[INFO] [stdout] 
[INFO] [stdout] 
[INFO] [stdout] error[E0432]: unresolved import `sha2`
[INFO] [stdout]   --> src/main.rs:11:5
[INFO] [stdout]    |
[INFO] [stdout] 11 | use sha2::Sha256;
[INFO] [stdout]    |     ^^^^ use of unresolved module or unlinked crate `sha2`
[INFO] [stdout]    |
[INFO] [stdout]    = help: if you wanted to use a crate named `sha2`, use `cargo add sha2` to add it to your `Cargo.toml`
[INFO] [stdout] 
[INFO] [stdout] 
[INFO] [stdout] error[E0432]: unresolved import `walkdir`
[INFO] [stdout]   --> src/main.rs:16:5
[INFO] [stdout]    |
[INFO] [stdout] 16 | use walkdir::WalkDir;
[INFO] [stdout]    |     ^^^^^^^ use of unresolved module or unlinked crate `walkdir`
[INFO] [stdout]    |
[INFO] [stdout]    = help: if you wanted to use a crate named `walkdir`, use `cargo add walkdir` to add it to your `Cargo.toml`
[INFO] [stdout] 
[INFO] [stdout] 
[INFO] [stdout] error[E0433]: cannot find module or crate `rand` in this scope
[INFO] [stdout]   --> src/main.rs:19:19
[INFO] [stdout]    |
[INFO] [stdout] 19 |     let mut rng = rand::thread_rng();
[INFO] [stdout]    |                   ^^^^ use of unresolved module or unlinked crate `rand`
[INFO] [stdout]    |
[INFO] [stdout]    = help: if you wanted to use a crate named `rand`, use `cargo add rand` to add it to your `Cargo.toml`
[INFO] [stdout] 
[INFO] [stdout] 
[INFO] [stdout] error[E0433]: cannot find module or crate `rand` in this scope
[INFO] [stdout]   --> src/main.rs:32:5
[INFO] [stdout]    |
[INFO] [stdout] 32 |     rand::thread_rng().fill_bytes(&mut key_bytes);
[INFO] [stdout]    |     ^^^^ use of unresolved module or unlinked crate `rand`
[INFO] [stdout]    |
[INFO] [stdout]    = help: if you wanted to use a crate named `rand`, use `cargo add rand` to add it to your `Cargo.toml`
[INFO] [stdout] 
[INFO] [stdout] 
[INFO] [stdout] error[E0433]: cannot find module or crate `rand` in this scope
[INFO] [stdout]   --> src/main.rs:33:5
[INFO] [stdout]    |
[INFO] [stdout] 33 |     rand::thread_rng().fill_bytes(&mut nonce_bytes);
[INFO] [stdout]    |     ^^^^ use of unresolved module or unlinked crate `rand`
[INFO] [stdout]    |
[INFO] [stdout]    = help: if you wanted to use a crate named `rand`, use `cargo add rand` to add it to your `Cargo.toml`
[INFO] [stdout] 
[INFO] [stdout] 
[INFO] [stdout] error[E0433]: cannot find module or crate `rand` in this scope
[INFO] [stdout]   --> src/main.rs:41:19
[INFO] [stdout]    |
[INFO] [stdout] 41 |     let mut rng = rand::thread_rng();
[INFO] [stdout]    |                   ^^^^ use of unresolved module or unlinked crate `rand`
[INFO] [stdout]    |
[INFO] [stdout]    = help: if you wanted to use a crate named `rand`, use `cargo add rand` to add it to your `Cargo.toml`
[INFO] [stdout] 
[INFO] [stdout] 
[INFO] [stdout] error[E0433]: cannot find module or crate `rand` in this scope
[INFO] [stdout]   --> src/main.rs:19:19
[INFO] [stdout]    |
[INFO] [stdout] 19 |     let mut rng = rand::thread_rng();
[INFO] [stdout]    |                   ^^^^ use of unresolved module or unlinked crate `rand`
[INFO] [stdout]    |
[INFO] [stdout]    = help: if you wanted to use a crate named `rand`, use `cargo add rand` to add it to your `Cargo.toml`
[INFO] [stdout] 
[INFO] [stdout] 
[INFO] [stdout] error[E0433]: cannot find module or crate `rand` in this scope
[INFO] [stdout]   --> src/main.rs:32:5
[INFO] [stdout]    |
[INFO] [stdout] 32 |     rand::thread_rng().fill_bytes(&mut key_bytes);
[INFO] [stdout]    |     ^^^^ use of unresolved module or unlinked crate `rand`
[INFO] [stdout]    |
[INFO] [stdout]    = help: if you wanted to use a crate named `rand`, use `cargo add rand` to add it to your `Cargo.toml`
[INFO] [stdout] 
[INFO] [stdout] 
[INFO] [stdout] error[E0433]: cannot find module or crate `rand` in this scope
[INFO] [stdout]   --> src/main.rs:33:5
[INFO] [stdout]    |
[INFO] [stdout] 33 |     rand::thread_rng().fill_bytes(&mut nonce_bytes);
[INFO] [stdout]    |     ^^^^ use of unresolved module or unlinked crate `rand`
[INFO] [stdout]    |
[INFO] [stdout]    = help: if you wanted to use a crate named `rand`, use `cargo add rand` to add it to your `Cargo.toml`
[INFO] [stdout] 
[INFO] [stdout] 
[INFO] [stdout] error[E0433]: cannot find module or crate `rand` in this scope
[INFO] [stdout]   --> src/main.rs:41:19
[INFO] [stdout]    |
[INFO] [stdout] 41 |     let mut rng = rand::thread_rng();
[INFO] [stdout]    |                   ^^^^ use of unresolved module or unlinked crate `rand`
[INFO] [stdout]    |
[INFO] [stdout]    = help: if you wanted to use a crate named `rand`, use `cargo add rand` to add it to your `Cargo.toml`
[INFO] [stdout] 
[INFO] [stdout] 
[INFO] [stdout] error[E0061]: this method takes 0 arguments but 1 argument was supplied
[INFO] [stdout]    --> src/main.rs:135:90
[INFO] [stdout]     |
[INFO] [stdout] 135 |                     let _ = request.respond(Response::from_string("Gagal membaca file.").status_code(500));
[INFO] [stdout]     |                                                                                          ^^^^^^^^^^^ --- unexpected argument of type `{integer}`
[INFO] [stdout]     |
[INFO] [stdout] note: method defined here
[INFO] [stdout]    --> /opt/rustwide/cargo-home/registry/src/index.crates.io-1949cf8c6b5b557f/tiny_http-0.12.0/src/response.rs:457:12
[INFO] [stdout]     |
[INFO] [stdout] 457 |     pub fn status_code(&self) -> StatusCode {
[INFO] [stdout]     |            ^^^^^^^^^^^
[INFO] [stdout] help: remove the extra argument
[INFO] [stdout]     |
[INFO] [stdout] 135 -                     let _ = request.respond(Response::from_string("Gagal membaca file.").status_code(500));
[INFO] [stdout] 135 +                     let _ = request.respond(Response::from_string("Gagal membaca file.").status_code());
[INFO] [stdout]     |
[INFO] [stdout] 
[INFO] [stdout] 
[INFO] [stdout] error[E0308]: mismatched types
[INFO] [stdout]    --> src/main.rs:135:45
[INFO] [stdout]     |
[INFO] [stdout] 135 |                     let _ = request.respond(Response::from_string("Gagal membaca file.").status_code(500));
[INFO] [stdout]     |                                     ------- ^^^^^^^^^^^^^^^^^^^^^^^^^^^^^^^^^^^^^^^^^^^^^^^^^^^^^^^^^^^^^ expected `Response<_>`, found `StatusCode`
[INFO] [stdout]     |                                     |
[INFO] [stdout]     |                                     arguments to this method are incorrect
[INFO] [stdout]     |
[INFO] [stdout]     = note: expected struct `Response<_>`
[INFO] [stdout]                found struct `StatusCode`
[INFO] [stdout] note: method defined here
[INFO] [stdout]    --> /opt/rustwide/cargo-home/registry/src/index.crates.io-1949cf8c6b5b557f/tiny_http-0.12.0/src/request.rs:432:12
[INFO] [stdout]     |
[INFO] [stdout] 432 |     pub fn respond<R>(mut self, response: Response<R>) -> Result<(), IoError>
[INFO] [stdout]     |            ^^^^^^^
[INFO] [stdout] 
[INFO] [stdout] 
[INFO] [stdout] error[E0061]: this method takes 0 arguments but 1 argument was supplied
[INFO] [stdout]    --> src/main.rs:138:88
[INFO] [stdout]     |
[INFO] [stdout] 138 |                 let _ = request.respond(Response::from_string("File tidak ditemukan.").status_code(404));
[INFO] [stdout]     |                                                                                        ^^^^^^^^^^^ --- unexpected argument of type `{integer}`
[INFO] [stdout]     |
[INFO] [stdout] note: method defined here
[INFO] [stdout]    --> /opt/rustwide/cargo-home/registry/src/index.crates.io-1949cf8c6b5b557f/tiny_http-0.12.0/src/response.rs:457:12
[INFO] [stdout]     |
[INFO] [stdout] 457 |     pub fn status_code(&self) -> StatusCode {
[INFO] [stdout]     |            ^^^^^^^^^^^
[INFO] [stdout] help: remove the extra argument
[INFO] [stdout]     |
[INFO] [stdout] 138 -                 let _ = request.respond(Response::from_string("File tidak ditemukan.").status_code(404));
[INFO] [stdout] 138 +                 let _ = request.respond(Response::from_string("File tidak ditemukan.").status_code());
[INFO] [stdout]     |
[INFO] [stdout] 
[INFO] [stdout] 
[INFO] [stdout] error[E0308]: mismatched types
[INFO] [stdout]    --> src/main.rs:138:41
[INFO] [stdout]     |
[INFO] [stdout] 138 |                 let _ = request.respond(Response::from_string("File tidak ditemukan.").status_code(404));
[INFO] [stdout]     |                                 ------- ^^^^^^^^^^^^^^^^^^^^^^^^^^^^^^^^^^^^^^^^^^^^^^^^^^^^^^^^^^^^^^^ expected `Response<_>`, found `StatusCode`
[INFO] [stdout]     |                                 |
[INFO] [stdout]     |                                 arguments to this method are incorrect
[INFO] [stdout]     |
[INFO] [stdout]     = note: expected struct `Response<_>`
[INFO] [stdout]                found struct `StatusCode`
[INFO] [stdout] note: method defined here
[INFO] [stdout]    --> /opt/rustwide/cargo-home/registry/src/index.crates.io-1949cf8c6b5b557f/tiny_http-0.12.0/src/request.rs:432:12
[INFO] [stdout]     |
[INFO] [stdout] 432 |     pub fn respond<R>(mut self, response: Response<R>) -> Result<(), IoError>
[INFO] [stdout]     |            ^^^^^^^
[INFO] [stdout] 
[INFO] [stdout] 
[INFO] [stdout] error[E0061]: this method takes 0 arguments but 1 argument was supplied
[INFO] [stdout]    --> src/main.rs:141:76
[INFO] [stdout]     |
[INFO] [stdout] 141 |             let _ = request.respond(Response::from_string("404 Not Found").status_code(404));
[INFO] [stdout]     |                                                                            ^^^^^^^^^^^ --- unexpected argument of type `{integer}`
[INFO] [stdout]     |
[INFO] [stdout] note: method defined here
[INFO] [stdout]    --> /opt/rustwide/cargo-home/registry/src/index.crates.io-1949cf8c6b5b557f/tiny_http-0.12.0/src/response.rs:457:12
[INFO] [stdout]     |
[INFO] [stdout] 457 |     pub fn status_code(&self) -> StatusCode {
[INFO] [stdout]     |            ^^^^^^^^^^^
[INFO] [stdout] help: remove the extra argument
[INFO] [stdout]     |
[INFO] [stdout] 141 -             let _ = request.respond(Response::from_string("404 Not Found").status_code(404));
[INFO] [stdout] 141 +             let _ = request.respond(Response::from_string("404 Not Found").status_code());
[INFO] [stdout]     |
[INFO] [stdout] 
[INFO] [stdout] 
[INFO] [stdout] error[E0308]: mismatched types
[INFO] [stdout]    --> src/main.rs:141:37
[INFO] [stdout]     |
[INFO] [stdout] 141 |             let _ = request.respond(Response::from_string("404 Not Found").status_code(404));
[INFO] [stdout]     |                             ------- ^^^^^^^^^^^^^^^^^^^^^^^^^^^^^^^^^^^^^^^^^^^^^^^^^^^^^^^ expected `Response<_>`, found `StatusCode`
[INFO] [stdout]     |                             |
[INFO] [stdout]     |                             arguments to this method are incorrect
[INFO] [stdout]     |
[INFO] [stdout]     = note: expected struct `Response<_>`
[INFO] [stdout]                found struct `StatusCode`
[INFO] [stdout] note: method defined here
[INFO] [stdout]    --> /opt/rustwide/cargo-home/registry/src/index.crates.io-1949cf8c6b5b557f/tiny_http-0.12.0/src/request.rs:432:12
[INFO] [stdout]     |
[INFO] [stdout] 432 |     pub fn respond<R>(mut self, response: Response<R>) -> Result<(), IoError>
[INFO] [stdout]     |            ^^^^^^^
[INFO] [stdout] 
[INFO] [stdout] 
[INFO] [stdout] Some errors have detailed explanations: E0061, E0308, E0432, E0433.
[INFO] [stdout] 
[INFO] [stdout] For more information about an error, try `rustc --explain E0061`.
[INFO] [stdout] 
[INFO] [stderr] error: could not compile `c2_server` (bin "c2_server") due to 17 previous errors
[INFO] [stderr] warning: build failed, waiting for other jobs to finish...
[INFO] [stdout] error[E0061]: this method takes 0 arguments but 1 argument was supplied
[INFO] [stdout]    --> src/main.rs:135:90
[INFO] [stdout]     |
[INFO] [stdout] 135 |                     let _ = request.respond(Response::from_string("Gagal membaca file.").status_code(500));
[INFO] [stdout]     |                                                                                          ^^^^^^^^^^^ --- unexpected argument of type `{integer}`
[INFO] [stdout]     |
[INFO] [stdout] note: method defined here
[INFO] [stdout]    --> /opt/rustwide/cargo-home/registry/src/index.crates.io-1949cf8c6b5b557f/tiny_http-0.12.0/src/response.rs:457:12
[INFO] [stdout]     |
[INFO] [stdout] 457 |     pub fn status_code(&self) -> StatusCode {
[INFO] [stdout]     |            ^^^^^^^^^^^
[INFO] [stdout] help: remove the extra argument
[INFO] [stdout]     |
[INFO] [stdout] 135 -                     let _ = request.respond(Response::from_string("Gagal membaca file.").status_code(500));
[INFO] [stdout] 135 +                     let _ = request.respond(Response::from_string("Gagal membaca file.").status_code());
[INFO] [stdout]     |
[INFO] [stdout] 
[INFO] [stdout] 
[INFO] [stdout] error[E0308]: mismatched types
[INFO] [stdout]    --> src/main.rs:135:45
[INFO] [stdout]     |
[INFO] [stdout] 135 |                     let _ = request.respond(Response::from_string("Gagal membaca file.").status_code(500));
[INFO] [stdout]     |                                     ------- ^^^^^^^^^^^^^^^^^^^^^^^^^^^^^^^^^^^^^^^^^^^^^^^^^^^^^^^^^^^^^ expected `Response<_>`, found `StatusCode`
[INFO] [stdout]     |                                     |
[INFO] [stdout]     |                                     arguments to this method are incorrect
[INFO] [stdout]     |
[INFO] [stdout]     = note: expected struct `Response<_>`
[INFO] [stdout]                found struct `StatusCode`
[INFO] [stdout] note: method defined here
[INFO] [stdout]    --> /opt/rustwide/cargo-home/registry/src/index.crates.io-1949cf8c6b5b557f/tiny_http-0.12.0/src/request.rs:432:12
[INFO] [stdout]     |
[INFO] [stdout] 432 |     pub fn respond<R>(mut self, response: Response<R>) -> Result<(), IoError>
[INFO] [stdout]     |            ^^^^^^^
[INFO] [stdout] 
[INFO] [stdout] 
[INFO] [stdout] error[E0061]: this method takes 0 arguments but 1 argument was supplied
[INFO] [stdout]    --> src/main.rs:138:88
[INFO] [stdout]     |
[INFO] [stdout] 138 |                 let _ = request.respond(Response::from_string("File tidak ditemukan.").status_code(404));
[INFO] [stdout]     |                                                                                        ^^^^^^^^^^^ --- unexpected argument of type `{integer}`
[INFO] [stdout]     |
[INFO] [stdout] note: method defined here
[INFO] [stdout]    --> /opt/rustwide/cargo-home/registry/src/index.crates.io-1949cf8c6b5b557f/tiny_http-0.12.0/src/response.rs:457:12
[INFO] [stdout]     |
[INFO] [stdout] 457 |     pub fn status_code(&self) -> StatusCode {
[INFO] [stdout]     |            ^^^^^^^^^^^
[INFO] [stdout] help: remove the extra argument
[INFO] [stdout]     |
[INFO] [stdout] 138 -                 let _ = request.respond(Response::from_string("File tidak ditemukan.").status_code(404));
[INFO] [stdout] 138 +                 let _ = request.respond(Response::from_string("File tidak ditemukan.").status_code());
[INFO] [stdout]     |
[INFO] [stdout] 
[INFO] [stdout] 
[INFO] [stdout] error[E0308]: mismatched types
[INFO] [stdout]    --> src/main.rs:138:41
[INFO] [stdout]     |
[INFO] [stdout] 138 |                 let _ = request.respond(Response::from_string("File tidak ditemukan.").status_code(404));
[INFO] [stdout]     |                                 ------- ^^^^^^^^^^^^^^^^^^^^^^^^^^^^^^^^^^^^^^^^^^^^^^^^^^^^^^^^^^^^^^^ expected `Response<_>`, found `StatusCode`
[INFO] [stdout]     |                                 |
[INFO] [stdout]     |                                 arguments to this method are incorrect
[INFO] [stdout]     |
[INFO] [stdout]     = note: expected struct `Response<_>`
[INFO] [stdout]                found struct `StatusCode`
[INFO] [stdout] note: method defined here
[INFO] [stdout]    --> /opt/rustwide/cargo-home/registry/src/index.crates.io-1949cf8c6b5b557f/tiny_http-0.12.0/src/request.rs:432:12
[INFO] [stdout]     |
[INFO] [stdout] 432 |     pub fn respond<R>(mut self, response: Response<R>) -> Result<(), IoError>
[INFO] [stdout]     |            ^^^^^^^
[INFO] [stdout] 
[INFO] [stdout] 
[INFO] [stdout] error[E0061]: this method takes 0 arguments but 1 argument was supplied
[INFO] [stdout]    --> src/main.rs:141:76
[INFO] [stdout]     |
[INFO] [stdout] 141 |             let _ = request.respond(Response::from_string("404 Not Found").status_code(404));
[INFO] [stdout]     |                                                                            ^^^^^^^^^^^ --- unexpected argument of type `{integer}`
[INFO] [stdout]     |
[INFO] [stdout] note: method defined here
[INFO] [stdout]    --> /opt/rustwide/cargo-home/registry/src/index.crates.io-1949cf8c6b5b557f/tiny_http-0.12.0/src/response.rs:457:12
[INFO] [stdout]     |
[INFO] [stdout] 457 |     pub fn status_code(&self) -> StatusCode {
[INFO] [stdout]     |            ^^^^^^^^^^^
[INFO] [stdout] help: remove the extra argument
[INFO] [stdout]     |
[INFO] [stdout] 141 -             let _ = request.respond(Response::from_string("404 Not Found").status_code(404));
[INFO] [stdout] 141 +             let _ = request.respond(Response::from_string("404 Not Found").status_code());
[INFO] [stdout]     |
[INFO] [stdout] 
[INFO] [stdout] 
[INFO] [stdout] error[E0308]: mismatched types
[INFO] [stdout]    --> src/main.rs:141:37
[INFO] [stdout]     |
[INFO] [stdout] 141 |             let _ = request.respond(Response::from_string("404 Not Found").status_code(404));
[INFO] [stdout]     |                             ------- ^^^^^^^^^^^^^^^^^^^^^^^^^^^^^^^^^^^^^^^^^^^^^^^^^^^^^^^ expected `Response<_>`, found `StatusCode`
[INFO] [stdout]     |                             |
[INFO] [stdout]     |                             arguments to this method are incorrect
[INFO] [stdout]     |
[INFO] [stdout]     = note: expected struct `Response<_>`
[INFO] [stdout]                found struct `StatusCode`
[INFO] [stdout] note: method defined here
[INFO] [stdout]    --> /opt/rustwide/cargo-home/registry/src/index.crates.io-1949cf8c6b5b557f/tiny_http-0.12.0/src/request.rs:432:12
[INFO] [stdout]     |
[INFO] [stdout] 432 |     pub fn respond<R>(mut self, response: Response<R>) -> Result<(), IoError>
[INFO] [stdout]     |            ^^^^^^^
[INFO] [stdout] 
[INFO] [stdout] 
[INFO] [stdout] Some errors have detailed explanations: E0061, E0308, E0432, E0433.
[INFO] [stdout] 
[INFO] [stdout] For more information about an error, try `rustc --explain E0061`.
[INFO] [stdout] 
[INFO] [stderr] error: could not compile `c2_server` (bin "c2_server" test) due to 17 previous errors
[INFO] running `Command { std: "docker" "inspect" "affea6af69d04ead5a7d24fb0c000e8c178220139c22108690de6cd3fd42907a", kill_on_drop: false }`
[INFO] running `Command { std: "docker" "rm" "-f" "affea6af69d04ead5a7d24fb0c000e8c178220139c22108690de6cd3fd42907a", kill_on_drop: false }`
[INFO] [stdout] affea6af69d04ead5a7d24fb0c000e8c178220139c22108690de6cd3fd42907a
